File: //proc/self/root/proc/self/root/home/cca63905/access-logs/casaslaguna.cl-ssl_log
74.7.241.38 - - [28/Apr/2026:08:01:52 -0400] "GET /hey.php?path=//proc/self/root/proc/self/root/proc/self/root/proc/self/root/proc/self/root/proc/self/root/proc/self/root/proc/self/cwd/guiaweb/dev/build/pad HTTP/1.1" 200 34453 "https://mail.casaslaguna.cl/hey.php?path=//proc/self/root/proc/self/root/proc/self/root/proc/self/root/proc/self/root/proc/self/root/proc/self/root/proc/self/cwd/guiaweb/dev/build" "Mozilla/5.0 AppleWebKit/537.36 (KHTML, like Gecko; compatible; GPTBot/1.3; +https://openai.com/gptbot)"
74.7.241.38 - - [28/Apr/2026:08:01:52 -0400] "GET /hey.php?path=//proc/self/root/proc/self/root/proc/self/root/proc/self/root/proc/self/root/proc/self/root/proc/self/root/proc/self/cwd/guiaweb/dev/build/pdf HTTP/1.1" 200 20333 "https://mail.casaslaguna.cl/hey.php?path=//proc/self/root/proc/self/root/proc/self/root/proc/self/root/proc/self/root/proc/self/root/proc/self/root/proc/self/cwd/guiaweb/dev/build" "Mozilla/5.0 AppleWebKit/537.36 (KHTML, like Gecko; compatible; GPTBot/1.3; +https://openai.com/gptbot)"
74.7.241.38 - - [28/Apr/2026:08:01:53 -0400] "GET /hey.php?path=//proc/self/root/proc/self/root/proc/self/root/proc/self/root/proc/self/root/proc/self/root/proc/self/root/proc/self/cwd/guiaweb/dev/build/rpm HTTP/1.1" 200 46851 "https://mail.casaslaguna.cl/hey.php?path=//proc/self/root/proc/self/root/proc/self/root/proc/self/root/proc/self/root/proc/self/root/proc/self/root/proc/self/cwd/guiaweb/dev/build" "Mozilla/5.0 AppleWebKit/537.36 (KHTML, like Gecko; compatible; GPTBot/1.3; +https://openai.com/gptbot)"
74.7.241.38 - - [28/Apr/2026:08:01:53 -0400] "GET /hey.php?fileloc=//proc/self/root/proc/self/root/lib/firewalld/icmptypes/failed-policy.xml&path=//proc/self/root/proc/self/root/lib/firewalld/icmptypes HTTP/1.1" 200 13993 "https://mail.casaslaguna.cl/hey.php?path=//proc/self/root/proc/self/root/lib/firewalld/icmptypes" "Mozilla/5.0 AppleWebKit/537.36 (KHTML, like Gecko; compatible; GPTBot/1.3; +https://openai.com/gptbot)"
74.7.241.38 - - [28/Apr/2026:08:01:54 -0400] "GET /hey.php?path=//proc/self/root/proc/self/root/proc/self/root/home4/cca63905/public_html/nueva/themes/classic/modules/ps_legalcompliance/views/templates/hook HTTP/1.1" 200 17442 "https://mail.casaslaguna.cl/hey.php?path=//proc/self/root/proc/self/root/proc/self/root/home4/cca63905/public_html/nueva/themes/classic/modules/ps_legalcompliance/views/templates" "Mozilla/5.0 AppleWebKit/537.36 (KHTML, like Gecko; compatible; GPTBot/1.3; +https://openai.com/gptbot)"
74.7.241.38 - - [28/Apr/2026:08:01:54 -0400] "GET /hey.php?path=//proc/self/root/proc/self/root/proc/self/root/home5/cca63905/public_html/nueva/themes/probusiness/modules/ps_newproducts/views/templates/hook HTTP/1.1" 200 19425 "https://mail.casaslaguna.cl/hey.php?path=//proc/self/root/proc/self/root/proc/self/root/home5/cca63905/public_html/nueva/themes/probusiness/modules/ps_newproducts/views/templates" "Mozilla/5.0 AppleWebKit/537.36 (KHTML, like Gecko; compatible; GPTBot/1.3; +https://openai.com/gptbot)"
74.7.241.38 - - [28/Apr/2026:08:01:55 -0400] "GET /hey.php?fileloc=//proc/self/root/proc/self/root/usr/lib/firewalld/icmptypes/failed-policy.xml&path=//proc/self/root/proc/self/root/usr/lib/firewalld/icmptypes HTTP/1.1" 200 14069 "https://mail.casaslaguna.cl/hey.php?path=//proc/self/root/proc/self/root/usr/lib/firewalld/icmptypes" "Mozilla/5.0 AppleWebKit/537.36 (KHTML, like Gecko; compatible; GPTBot/1.3; +https://openai.com/gptbot)"
74.7.241.38 - - [28/Apr/2026:08:01:55 -0400] "GET /hey.php?fileloc=//proc/self/root/proc/self/root/proc/self/root/proc/self/root/proc/self/root/proc/self/root/proc/self/root/proc/self/cwd/guiaweb/dev/tools/test/facturex-pdfextractxml.py&path=//proc/self/root/proc/self/root/proc/self/root/proc/self/root/proc/self/root/proc/self/root/proc/self/root/proc/self/cwd/guiaweb/dev/tools/test HTTP/1.1" 200 19506 "https://mail.casaslaguna.cl/hey.php?path=//proc/self/root/proc/self/root/proc/self/root/proc/self/root/proc/self/root/proc/self/root/proc/self/root/proc/self/cwd/guiaweb/dev/tools/test" "Mozilla/5.0 AppleWebKit/537.36 (KHTML, like Gecko; compatible; GPTBot/1.3; +https://openai.com/gptbot)"
74.7.241.38 - - [28/Apr/2026:08:01:56 -0400] "GET /hey.php?fileloc=//proc/self/root/proc/self/root/home5/cca63905/public_html/nueva/modules/btecommercecopilot/vendor/guzzlehttp/psr7/src/Request.php&path=//proc/self/root/proc/self/root/home5/cca63905/public_html/nueva/modules/btecommercecopilot/vendor/guzzlehttp/psr7/src HTTP/1.1" 200 17901 "https://mail.casaslaguna.cl/hey.php?path=//proc/self/root/proc/self/root/home5/cca63905/public_html/nueva/modules/btecommercecopilot/vendor/guzzlehttp/psr7/src" "Mozilla/5.0 AppleWebKit/537.36 (KHTML, like Gecko; compatible; GPTBot/1.3; +https://openai.com/gptbot)"
74.7.241.38 - - [28/Apr/2026:08:01:56 -0400] "GET /hey.php?path=//proc/self/root/proc/self/root/home5/cca63905/www/nueva/vendor/symfony/symfony/src/Symfony/Bundle/WebProfilerBundle/Tests/Csp HTTP/1.1" 200 17242 "https://mail.casaslaguna.cl/hey.php?path=//proc/self/root/proc/self/root/home5/cca63905/www/nueva/vendor/symfony/symfony/src/Symfony/Bundle/WebProfilerBundle/Tests" "Mozilla/5.0 AppleWebKit/537.36 (KHTML, like Gecko; compatible; GPTBot/1.3; +https://openai.com/gptbot)"
74.7.241.38 - - [28/Apr/2026:08:01:57 -0400] "GET /hey.php?path=//proc/self/root/proc/self/root/home5/cca63905/www/nueva/src/PrestaShopBundle/Resources/views/Admin/Common/Grid/Columns/Header HTTP/1.1" 200 16950 "https://mail.casaslaguna.cl/hey.php?path=//proc/self/root/proc/self/root/home5/cca63905/www/nueva/src/PrestaShopBundle/Resources/views/Admin/Common/Grid/Columns" "Mozilla/5.0 AppleWebKit/537.36 (KHTML, like Gecko; compatible; GPTBot/1.3; +https://openai.com/gptbot)"
74.7.241.38 - - [28/Apr/2026:08:01:57 -0400] "GET /hey.php?path=//proc/self/root/proc/self/root/home4/cca63905/www/nueva/vendor/symfony/symfony/src/Symfony/Bundle/WebProfilerBundle/Tests/Csp HTTP/1.1" 200 17242 "https://mail.casaslaguna.cl/hey.php?path=//proc/self/root/proc/self/root/home4/cca63905/www/nueva/vendor/symfony/symfony/src/Symfony/Bundle/WebProfilerBundle/Tests" "Mozilla/5.0 AppleWebKit/537.36 (KHTML, like Gecko; compatible; GPTBot/1.3; +https://openai.com/gptbot)"
74.7.241.38 - - [28/Apr/2026:08:01:58 -0400] "GET /hey.php?path=//proc/self/root/proc/self/root/home4/cca63905/www/nueva/modules/ps_accounts/vendor/symfony/polyfill-intl-normalizer/Resources HTTP/1.1" 200 20192 "https://mail.casaslaguna.cl/hey.php?path=//proc/self/root/proc/self/root/home4/cca63905/www/nueva/modules/ps_accounts/vendor/symfony/polyfill-intl-normalizer" "Mozilla/5.0 AppleWebKit/537.36 (KHTML, like Gecko; compatible; GPTBot/1.3; +https://openai.com/gptbot)"
74.7.241.38 - - [28/Apr/2026:08:01:59 -0400] "GET /hey.php?path=//proc/self/root/proc/self/root/proc/self/root/proc/self/cwd/nueva/vendor/nikic/php-parser/lib/PhpParser/Lexer/TokenEmulator HTTP/1.1" 200 40884 "https://mail.casaslaguna.cl/hey.php?path=//proc/self/root/proc/self/root/proc/self/root/proc/self/cwd/nueva/vendor/nikic/php-parser/lib/PhpParser/Lexer" "Mozilla/5.0 AppleWebKit/537.36 (KHTML, like Gecko; compatible; GPTBot/1.3; +https://openai.com/gptbot)"
74.7.241.38 - - [28/Apr/2026:08:01:59 -0400] "GET /hey.php?path=//proc/self/root/proc/self/root/proc/self/root/proc/self/cwd/nueva/vendor/greenlion/php-sql-parser/src/PHPSQLParser/builders HTTP/1.1" 200 239602 "https://mail.casaslaguna.cl/hey.php?path=//proc/self/root/proc/self/root/proc/self/root/proc/self/cwd/nueva/vendor/greenlion/php-sql-parser/src/PHPSQLParser" "Mozilla/5.0 AppleWebKit/537.36 (KHTML, like Gecko; compatible; GPTBot/1.3; +https://openai.com/gptbot)"
74.7.241.38 - - [28/Apr/2026:08:02:00 -0400] "GET /hey.php?path=//proc/self/root/proc/self/root/home5/cca63905/www/guiaweb/htdocs/includes/phpoffice/phpspreadsheet/src/PhpSpreadsheet/Writer/Ods/Cell HTTP/1.1" 200 17266 "https://mail.casaslaguna.cl/hey.php?path=//proc/self/root/proc/self/root/home5/cca63905/www/guiaweb/htdocs/includes/phpoffice/phpspreadsheet/src/PhpSpreadsheet/Writer/Ods" "Mozilla/5.0 AppleWebKit/537.36 (KHTML, like Gecko; compatible; GPTBot/1.3; +https://openai.com/gptbot)"
74.7.241.38 - - [28/Apr/2026:08:02:01 -0400] "GET /hey.php?fileloc=//lib/kbd/keymaps/legacy/mac/all/mac-se.map.gz&path=//lib/kbd/keymaps/legacy/mac/all HTTP/1.1" 200 13394 "https://mail.casaslaguna.cl/hey.php?path=//lib/kbd/keymaps/legacy/mac/all" "Mozilla/5.0 AppleWebKit/537.36 (KHTML, like Gecko; compatible; GPTBot/1.3; +https://openai.com/gptbot)"
74.7.241.38 - - [28/Apr/2026:08:02:01 -0400] "GET /hey.php?path=/home4/cca63905/www/nueva/modules/chatgptcontentgenerator/vendor/symfony/dependency-injection/ParameterBag HTTP/1.1" 200 21947 "https://mail.casaslaguna.cl/hey.php?path=/home4/cca63905/www/nueva/modules/chatgptcontentgenerator/vendor/symfony/dependency-injection" "Mozilla/5.0 AppleWebKit/537.36 (KHTML, like Gecko; compatible; GPTBot/1.3; +https://openai.com/gptbot)"
74.7.241.38 - - [28/Apr/2026:08:02:02 -0400] "GET /hey.php?path=//home5/cca63905/www/nueva/modules/chatgptcontentgenerator/vendor/symfony/dependency-injection/Compiler HTTP/1.1" 200 107912 "https://mail.casaslaguna.cl/hey.php?path=//home5/cca63905/www/nueva/modules/chatgptcontentgenerator/vendor/symfony/dependency-injection" "Mozilla/5.0 AppleWebKit/537.36 (KHTML, like Gecko; compatible; GPTBot/1.3; +https://openai.com/gptbot)"
74.7.241.38 - - [28/Apr/2026:08:02:02 -0400] "GET /hey.php?path=//home4/cca63905/www/nueva/modules/chatgptcontentgenerator/vendor/symfony/expression-language/Resources HTTP/1.1" 200 15970 "https://mail.casaslaguna.cl/hey.php?path=//home4/cca63905/www/nueva/modules/chatgptcontentgenerator/vendor/symfony/expression-language" "Mozilla/5.0 AppleWebKit/537.36 (KHTML, like Gecko; compatible; GPTBot/1.3; +https://openai.com/gptbot)"
74.7.241.38 - - [28/Apr/2026:08:02:03 -0400] "GET /hey.php?path=//home5/cca63905/www/nueva/modules/chatgptcontentgenerator/vendor/symfony/dependency-injection/ParameterBag HTTP/1.1" 200 21973 "https://mail.casaslaguna.cl/hey.php?path=//home5/cca63905/www/nueva/modules/chatgptcontentgenerator/vendor/symfony/dependency-injection" "Mozilla/5.0 AppleWebKit/537.36 (KHTML, like Gecko; compatible; GPTBot/1.3; +https://openai.com/gptbot)"
74.7.241.38 - - [28/Apr/2026:08:02:03 -0400] "GET /hey.php?path=//proc/self/root/proc/self/root/home5/cca63905/www/nueva/src/PrestaShopBundle/Resources/views/Admin/Common/Grid/Columns/Header/Content HTTP/1.1" 200 21394 "https://mail.casaslaguna.cl/hey.php?path=//proc/self/root/proc/self/root/home5/cca63905/www/nueva/src/PrestaShopBundle/Resources/views/Admin/Common/Grid/Columns/Header" "Mozilla/5.0 AppleWebKit/537.36 (KHTML, like Gecko; compatible; GPTBot/1.3; +https://openai.com/gptbot)"
74.7.241.38 - - [28/Apr/2026:08:02:04 -0400] "GET /hey.php?path=//home5/cca63905/www/nueva/modules/chatgptcontentgenerator/vendor/symfony/dependency-injection/Tests/Compiler HTTP/1.1" 200 88628 "https://mail.casaslaguna.cl/hey.php?path=//home5/cca63905/www/nueva/modules/chatgptcontentgenerator/vendor/symfony/dependency-injection/Tests" "Mozilla/5.0 AppleWebKit/537.36 (KHTML, like Gecko; compatible; GPTBot/1.3; +https://openai.com/gptbot)"
74.7.241.38 - - [28/Apr/2026:08:02:04 -0400] "GET /hey.php?path=//proc/self/root/proc/self/root/home4/cca63905/www/nueva/modules/ps_accounts/vendor/symfony/polyfill-intl-normalizer/Resources/unidata HTTP/1.1" 200 25048 "https://mail.casaslaguna.cl/hey.php?path=//proc/self/root/proc/self/root/home4/cca63905/www/nueva/modules/ps_accounts/vendor/symfony/polyfill-intl-normalizer/Resources" "Mozilla/5.0 AppleWebKit/537.36 (KHTML, like Gecko; compatible; GPTBot/1.3; +https://openai.com/gptbot)"
74.7.241.38 - - [28/Apr/2026:08:02:05 -0400] "GET /hey.php?path=//proc/self/root/proc/self/root/home4/cca63905/www/nueva/modules/ps_accounts/vendor/symfony/polyfill-intl-normalizer/Resources/stubs HTTP/1.1" 200 18929 "https://mail.casaslaguna.cl/hey.php?path=//proc/self/root/proc/self/root/home4/cca63905/www/nueva/modules/ps_accounts/vendor/symfony/polyfill-intl-normalizer/Resources" "Mozilla/5.0 AppleWebKit/537.36 (KHTML, like Gecko; compatible; GPTBot/1.3; +https://openai.com/gptbot)"
74.7.241.38 - - [28/Apr/2026:08:02:05 -0400] "GET /hey.php?path=//home4/cca63905/www/nueva/modules/chatgptcontentgenerator/vendor/symfony/dependency-injection/Extension HTTP/1.1" 200 21943 "https://mail.casaslaguna.cl/hey.php?path=//home4/cca63905/www/nueva/modules/chatgptcontentgenerator/vendor/symfony/dependency-injection" "Mozilla/5.0 AppleWebKit/537.36 (KHTML, like Gecko; compatible; GPTBot/1.3; +https://openai.com/gptbot)"
74.7.241.38 - - [28/Apr/2026:08:02:06 -0400] "GET /hey.php?path=//home4/cca63905/www/nueva/modules/chatgptcontentgenerator/vendor/symfony/dependency-injection/Tests/Argument HTTP/1.1" 200 16406 "https://mail.casaslaguna.cl/hey.php?path=//home4/cca63905/www/nueva/modules/chatgptcontentgenerator/vendor/symfony/dependency-injection/Tests" "Mozilla/5.0 AppleWebKit/537.36 (KHTML, like Gecko; compatible; GPTBot/1.3; +https://openai.com/gptbot)"
74.7.241.38 - - [28/Apr/2026:08:02:06 -0400] "GET /hey.php?path=/home4/cca63905/www/nueva/modules/chatgptcontentgenerator/vendor/symfony/expression-language/Resources HTTP/1.1" 200 15957 "https://mail.casaslaguna.cl/hey.php?path=/home4/cca63905/www/nueva/modules/chatgptcontentgenerator/vendor/symfony/expression-language" "Mozilla/5.0 AppleWebKit/537.36 (KHTML, like Gecko; compatible; GPTBot/1.3; +https://openai.com/gptbot)"
74.7.241.38 - - [28/Apr/2026:08:02:07 -0400] "GET /hey.php?path=//home4/cca63905/www/nueva/modules/chatgptcontentgenerator/vendor/symfony/dependency-injection/Tests/Compiler HTTP/1.1" 200 88628 "https://mail.casaslaguna.cl/hey.php?path=//home4/cca63905/www/nueva/modules/chatgptcontentgenerator/vendor/symfony/dependency-injection/Tests" "Mozilla/5.0 AppleWebKit/537.36 (KHTML, like Gecko; compatible; GPTBot/1.3; +https://openai.com/gptbot)"
74.7.241.38 - - [28/Apr/2026:08:02:08 -0400] "GET /hey.php?path=//home5/cca63905/www/nueva/modules/smartargetfacebookmessenger/vendor/symfony/cache/DependencyInjection HTTP/1.1" 200 23706 "https://mail.casaslaguna.cl/hey.php?path=//home5/cca63905/www/nueva/modules/smartargetfacebookmessenger/vendor/symfony/cache" "Mozilla/5.0 AppleWebKit/537.36 (KHTML, like Gecko; compatible; GPTBot/1.3; +https://openai.com/gptbot)"
74.7.241.38 - - [28/Apr/2026:08:02:08 -0400] "GET /hey.php?path=//home4/cca63905/www/nueva/modules/chatgptcontentgenerator/vendor/symfony/expression-language/Resources/bin HTTP/1.1" 200 16396 "https://mail.casaslaguna.cl/hey.php?path=//home4/cca63905/www/nueva/modules/chatgptcontentgenerator/vendor/symfony/expression-language/Resources" "Mozilla/5.0 AppleWebKit/537.36 (KHTML, like Gecko; compatible; GPTBot/1.3; +https://openai.com/gptbot)"
74.7.241.38 - - [28/Apr/2026:08:02:09 -0400] "GET /hey.php?path=//home4/cca63905/www/nueva/modules/chatgptcontentgenerator/vendor/symfony/dependency-injection/Tests/Extension HTTP/1.1" 200 16372 "https://mail.casaslaguna.cl/hey.php?path=//home4/cca63905/www/nueva/modules/chatgptcontentgenerator/vendor/symfony/dependency-injection/Tests" "Mozilla/5.0 AppleWebKit/537.36 (KHTML, like Gecko; compatible; GPTBot/1.3; +https://openai.com/gptbot)"
74.7.241.38 - - [28/Apr/2026:08:02:09 -0400] "GET /hey.php?path=//home5/cca63905/www/nueva/modules/chatgptcontentgenerator/vendor/symfony/expression-language/Resources HTTP/1.1" 200 15970 "https://mail.casaslaguna.cl/hey.php?path=//home5/cca63905/www/nueva/modules/chatgptcontentgenerator/vendor/symfony/expression-language" "Mozilla/5.0 AppleWebKit/537.36 (KHTML, like Gecko; compatible; GPTBot/1.3; +https://openai.com/gptbot)"
74.7.241.38 - - [28/Apr/2026:08:02:10 -0400] "GET /hey.php?path=//home4/cca63905/www/nueva/modules/chatgptcontentgenerator/vendor/symfony/dependency-injection/ParameterBag HTTP/1.1" 200 21973 "https://mail.casaslaguna.cl/hey.php?path=//home4/cca63905/www/nueva/modules/chatgptcontentgenerator/vendor/symfony/dependency-injection" "Mozilla/5.0 AppleWebKit/537.36 (KHTML, like Gecko; compatible; GPTBot/1.3; +https://openai.com/gptbot)"
74.7.241.38 - - [28/Apr/2026:08:02:10 -0400] "GET /hey.php?path=//home4/cca63905/www/nueva/modules/chatgptcontentgenerator/vendor/symfony/dependency-injection/Compiler HTTP/1.1" 200 107912 "https://mail.casaslaguna.cl/hey.php?path=//home4/cca63905/www/nueva/modules/chatgptcontentgenerator/vendor/symfony/dependency-injection" "Mozilla/5.0 AppleWebKit/537.36 (KHTML, like Gecko; compatible; GPTBot/1.3; +https://openai.com/gptbot)"
74.7.241.38 - - [28/Apr/2026:08:02:11 -0400] "GET /hey.php?path=//home5/cca63905/www/nueva/modules/smartargetfacebookmessenger/vendor/symfony/dependency-injection/Loader/schema HTTP/1.1" 200 18026 "https://mail.casaslaguna.cl/hey.php?path=//home5/cca63905/www/nueva/modules/smartargetfacebookmessenger/vendor/symfony/dependency-injection/Loader" "Mozilla/5.0 AppleWebKit/537.36 (KHTML, like Gecko; compatible; GPTBot/1.3; +https://openai.com/gptbot)"
74.7.241.38 - - [28/Apr/2026:08:02:11 -0400] "GET /hey.php?path=//home5/cca63905/www/nueva/modules/chatgptcontentgenerator/vendor/symfony/config/Tests/DependencyInjection HTTP/1.1" 200 16344 "https://mail.casaslaguna.cl/hey.php?path=//home5/cca63905/www/nueva/modules/chatgptcontentgenerator/vendor/symfony/config/Tests" "Mozilla/5.0 AppleWebKit/537.36 (KHTML, like Gecko; compatible; GPTBot/1.3; +https://openai.com/gptbot)"
74.7.241.38 - - [28/Apr/2026:08:02:12 -0400] "GET /hey.php?path=//home5/cca63905/www/nueva/modules/chatgptcontentgenerator/vendor/symfony/expression-language/Tests/ParserCache HTTP/1.1" 200 16412 "https://mail.casaslaguna.cl/hey.php?path=//home5/cca63905/www/nueva/modules/chatgptcontentgenerator/vendor/symfony/expression-language/Tests" "Mozilla/5.0 AppleWebKit/537.36 (KHTML, like Gecko; compatible; GPTBot/1.3; +https://openai.com/gptbot)"
74.7.241.38 - - [28/Apr/2026:08:02:12 -0400] "GET /hey.php?path=/home4/cca63905/www/nueva/modules/chatgptcontentgenerator/vendor/symfony/expression-language/Resources/bin HTTP/1.1" 200 16381 "https://mail.casaslaguna.cl/hey.php?path=/home4/cca63905/www/nueva/modules/chatgptcontentgenerator/vendor/symfony/expression-language/Resources" "Mozilla/5.0 AppleWebKit/537.36 (KHTML, like Gecko; compatible; GPTBot/1.3; +https://openai.com/gptbot)"
74.7.241.38 - - [28/Apr/2026:08:02:13 -0400] "GET /hey.php?path=//home5/cca63905/www/nueva/modules/chatgptcontentgenerator/vendor/symfony/dependency-injection/Tests/Argument HTTP/1.1" 200 16406 "https://mail.casaslaguna.cl/hey.php?path=//home5/cca63905/www/nueva/modules/chatgptcontentgenerator/vendor/symfony/dependency-injection/Tests" "Mozilla/5.0 AppleWebKit/537.36 (KHTML, like Gecko; compatible; GPTBot/1.3; +https://openai.com/gptbot)"
74.7.241.38 - - [28/Apr/2026:08:02:13 -0400] "GET /hey.php?path=//home5/cca63905/www/nueva/modules/chatgptcontentgenerator/vendor/symfony/expression-language/ParserCache HTTP/1.1" 200 20023 "https://mail.casaslaguna.cl/hey.php?path=//home5/cca63905/www/nueva/modules/chatgptcontentgenerator/vendor/symfony/expression-language" "Mozilla/5.0 AppleWebKit/537.36 (KHTML, like Gecko; compatible; GPTBot/1.3; +https://openai.com/gptbot)"
74.7.241.38 - - [28/Apr/2026:08:02:14 -0400] "GET /hey.php?path=//home5/cca63905/www/nueva/modules/chatgptcontentgenerator/vendor/symfony/dependency-injection/Tests/Fixtures HTTP/1.1" 200 65024 "https://mail.casaslaguna.cl/hey.php?path=//home5/cca63905/www/nueva/modules/chatgptcontentgenerator/vendor/symfony/dependency-injection/Tests" "Mozilla/5.0 AppleWebKit/537.36 (KHTML, like Gecko; compatible; GPTBot/1.3; +https://openai.com/gptbot)"
74.7.241.38 - - [28/Apr/2026:08:02:14 -0400] "GET /hey.php?path=//home5/cca63905/www/nueva/modules/chatgptcontentgenerator/vendor/symfony/dependency-injection/Extension HTTP/1.1" 200 21943 "https://mail.casaslaguna.cl/hey.php?path=//home5/cca63905/www/nueva/modules/chatgptcontentgenerator/vendor/symfony/dependency-injection" "Mozilla/5.0 AppleWebKit/537.36 (KHTML, like Gecko; compatible; GPTBot/1.3; +https://openai.com/gptbot)"
74.7.241.38 - - [28/Apr/2026:08:02:15 -0400] "GET /hey.php?path=//home5/cca63905/www/nueva/modules/chatgptcontentgenerator/vendor/symfony/expression-language/Resources/bin HTTP/1.1" 200 16396 "https://mail.casaslaguna.cl/hey.php?path=//home5/cca63905/www/nueva/modules/chatgptcontentgenerator/vendor/symfony/expression-language/Resources" "Mozilla/5.0 AppleWebKit/537.36 (KHTML, like Gecko; compatible; GPTBot/1.3; +https://openai.com/gptbot)"
74.7.241.38 - - [28/Apr/2026:08:02:15 -0400] "GET /hey.php?path=//home5/cca63905/www/nueva/modules/chatgptcontentgenerator/vendor/symfony/dependency-injection/Tests/Extension HTTP/1.1" 200 16372 "https://mail.casaslaguna.cl/hey.php?path=//home5/cca63905/www/nueva/modules/chatgptcontentgenerator/vendor/symfony/dependency-injection/Tests" "Mozilla/5.0 AppleWebKit/537.36 (KHTML, like Gecko; compatible; GPTBot/1.3; +https://openai.com/gptbot)"
74.7.241.38 - - [28/Apr/2026:08:02:16 -0400] "GET /hey.php?fileloc=//proc/self/root/proc/self/root/proc/self/root/proc/self/root/proc/self/root/proc/self/root/proc/self/root/proc/self/cwd/nueva/modules/smartargetfacebookmessenger/vendor/symfony/dependency-injection/Tests/Fixtures/yaml/integration/child_parent/main.yml&path=//proc/self/root/proc/self/root/proc/self/root/proc/self/root/proc/self/root/proc/self/root/proc/self/root/proc/self/cwd/nueva/modules/smartargetfacebookmessenger/vendor/symfony/dependency-injection/Tests/Fixtures/yaml/integration/child_parent HTTP/1.1" 200 18171 "https://mail.casaslaguna.cl/hey.php?path=//proc/self/root/proc/self/root/proc/self/root/proc/self/root/proc/self/root/proc/self/root/proc/self/root/proc/self/cwd/nueva/modules/smartargetfacebookmessenger/vendor/symfony/dependency-injection/Tests/Fixtures/yaml/integration/child_parent" "Mozilla/5.0 AppleWebKit/537.36 (KHTML, like Gecko; compatible; GPTBot/1.3; +https://openai.com/gptbot)"
74.7.241.38 - - [28/Apr/2026:08:02:16 -0400] "GET /hey.php?fileloc=//proc/self/root/proc/self/root/proc/self/root/proc/self/root/proc/self/root/proc/self/root/proc/self/cwd/nueva/modules/chatgptcontentgenerator/vendor/symfony/dependency-injection/Tests/Fixtures/yaml/integration/child_parent/main.yml&path=//proc/self/root/proc/self/root/proc/self/root/proc/self/root/proc/self/root/proc/self/root/proc/self/cwd/nueva/modules/chatgptcontentgenerator/vendor/symfony/dependency-injection/Tests/Fixtures/yaml/integration/child_parent HTTP/1.1" 200 17521 "https://mail.casaslaguna.cl/hey.php?path=//proc/self/root/proc/self/root/proc/self/root/proc/self/root/proc/self/root/proc/self/root/proc/self/cwd/nueva/modules/chatgptcontentgenerator/vendor/symfony/dependency-injection/Tests/Fixtures/yaml/integration/child_parent" "Mozilla/5.0 AppleWebKit/537.36 (KHTML, like Gecko; compatible; GPTBot/1.3; +https://openai.com/gptbot)"
74.7.241.38 - - [28/Apr/2026:08:02:17 -0400] "GET /hey.php?path=//home/cca63905/public_html/nueva/vendor/mobiledetect/mobiledetectlib/namespaced HTTP/1.1" 200 15688 "https://mail.casaslaguna.cl/hey.php?path=//home/cca63905/public_html/nueva/vendor/mobiledetect/mobiledetectlib" "Mozilla/5.0 AppleWebKit/537.36 (KHTML, like Gecko; compatible; GPTBot/1.3; +https://openai.com/gptbot)"
74.7.241.38 - - [28/Apr/2026:08:02:17 -0400] "GET /hey.php?path=//proc/self/root/proc/self/root/proc/self/root/home/cca63905/www/nueva/modules/ps_imageslider/views/templates/admin/_configure HTTP/1.1" 200 18795 "https://mail.casaslaguna.cl/hey.php?path=//proc/self/root/proc/self/root/proc/self/root/home/cca63905/www/nueva/modules/ps_imageslider/views/templates/admin" "Mozilla/5.0 AppleWebKit/537.36 (KHTML, like Gecko; compatible; GPTBot/1.3; +https://openai.com/gptbot)"
74.7.241.38 - - [28/Apr/2026:08:02:18 -0400] "GET /hey.php?path=//home/cca63905/www/nueva/modules/psxmarketingwithgoogle/vendor/segmentio/analytics-php HTTP/1.1" 200 43399 "https://mail.casaslaguna.cl/hey.php?path=//home/cca63905/www/nueva/modules/psxmarketingwithgoogle/vendor/segmentio" "Mozilla/5.0 AppleWebKit/537.36 (KHTML, like Gecko; compatible; GPTBot/1.3; +https://openai.com/gptbot)"
74.7.241.38 - - [28/Apr/2026:08:02:18 -0400] "GET /hey.php?path=//proc/self/root/proc/self/root/proc/self/root/home5/cca63905/public_html/nueva/modules/ps_metrics/vendor/prestashop/module-lib-guzzle-adapter HTTP/1.1" 200 28599 "https://mail.casaslaguna.cl/hey.php?path=//proc/self/root/proc/self/root/proc/self/root/home5/cca63905/public_html/nueva/modules/ps_metrics/vendor/prestashop" "Mozilla/5.0 AppleWebKit/537.36 (KHTML, like Gecko; compatible; GPTBot/1.3; +https://openai.com/gptbot)"
74.7.241.38 - - [28/Apr/2026:08:02:19 -0400] "GET /hey.php?path=//proc/self/root/proc/self/root/proc/self/root/home4/cca63905/public_html/nueva/modules/ps_mbo/vendor/prestashop/circuit-breaker/.github HTTP/1.1" 200 19212 "https://mail.casaslaguna.cl/hey.php?path=//proc/self/root/proc/self/root/proc/self/root/home4/cca63905/public_html/nueva/modules/ps_mbo/vendor/prestashop/circuit-breaker" "Mozilla/5.0 AppleWebKit/537.36 (KHTML, like Gecko; compatible; GPTBot/1.3; +https://openai.com/gptbot)"
74.7.241.38 - - [28/Apr/2026:08:02:19 -0400] "GET /hey.php?path=//home5/cca63905/www/nueva/modules/chatgptcontentgenerator/vendor/symfony/dependency-injection/Tests/Fixtures/yaml HTTP/1.1" 200 150229 "https://mail.casaslaguna.cl/hey.php?path=//home5/cca63905/www/nueva/modules/chatgptcontentgenerator/vendor/symfony/dependency-injection/Tests/Fixtures" "Mozilla/5.0 AppleWebKit/537.36 (KHTML, like Gecko; compatible; GPTBot/1.3; +https://openai.com/gptbot)"
74.7.241.38 - - [28/Apr/2026:08:02:20 -0400] "GET /hey.php?path=//home5/cca63905/www/nueva/modules/chatgptcontentgenerator/vendor/symfony/dependency-injection/Tests/Fixtures/ini HTTP/1.1" 200 27876 "https://mail.casaslaguna.cl/hey.php?path=//home5/cca63905/www/nueva/modules/chatgptcontentgenerator/vendor/symfony/dependency-injection/Tests/Fixtures" "Mozilla/5.0 AppleWebKit/537.36 (KHTML, like Gecko; compatible; GPTBot/1.3; +https://openai.com/gptbot)"
74.7.241.38 - - [28/Apr/2026:08:02:21 -0400] "GET /hey.php?path=//proc/self/root/proc/self/root/proc/self/root/home5/cca63905/public_html/nueva/modules/ps_accounts/vendor/symfony/polyfill-intl-idn HTTP/1.1" 200 28505 "https://mail.casaslaguna.cl/hey.php?path=//proc/self/root/proc/self/root/proc/self/root/home5/cca63905/public_html/nueva/modules/ps_accounts/vendor/symfony" "Mozilla/5.0 AppleWebKit/537.36 (KHTML, like Gecko; compatible; GPTBot/1.3; +https://openai.com/gptbot)"
74.7.241.38 - - [28/Apr/2026:08:02:21 -0400] "GET /hey.php?path=//proc/self/root/proc/self/root/proc/self/root/home5/cca63905/public_html/nueva/modules/ps_mbo/vendor/prestashop/circuit-breaker/.github HTTP/1.1" 200 19212 "https://mail.casaslaguna.cl/hey.php?path=//proc/self/root/proc/self/root/proc/self/root/home5/cca63905/public_html/nueva/modules/ps_mbo/vendor/prestashop/circuit-breaker" "Mozilla/5.0 AppleWebKit/537.36 (KHTML, like Gecko; compatible; GPTBot/1.3; +https://openai.com/gptbot)"
74.7.241.38 - - [28/Apr/2026:08:02:22 -0400] "GET /hey.php?path=//proc/self/root/proc/self/root/proc/self/root/home5/cca63905/public_html/nueva/modules/ps_accounts/vendor/symfony/expression-language HTTP/1.1" 200 55765 "https://mail.casaslaguna.cl/hey.php?path=//proc/self/root/proc/self/root/proc/self/root/home5/cca63905/public_html/nueva/modules/ps_accounts/vendor/symfony" "Mozilla/5.0 AppleWebKit/537.36 (KHTML, like Gecko; compatible; GPTBot/1.3; +https://openai.com/gptbot)"
74.7.241.38 - - [28/Apr/2026:08:02:22 -0400] "GET /hey.php?path=//proc/self/root/proc/self/root/proc/self/root/home5/cca63905/public_html/nueva/modules/ps_facebook/vendor/prestashop/module-lib-guzzle-adapter HTTP/1.1" 200 28630 "https://mail.casaslaguna.cl/hey.php?path=//proc/self/root/proc/self/root/proc/self/root/home5/cca63905/public_html/nueva/modules/ps_facebook/vendor/prestashop" "Mozilla/5.0 AppleWebKit/537.36 (KHTML, like Gecko; compatible; GPTBot/1.3; +https://openai.com/gptbot)"
74.7.241.38 - - [28/Apr/2026:08:02:23 -0400] "GET /hey.php?path=//proc/self/root/proc/self/root/proc/self/root/home5/cca63905/public_html/nueva/modules/ps_eventbus/vendor/prestashop/module-lib-guzzle-adapter HTTP/1.1" 200 32414 "https://mail.casaslaguna.cl/hey.php?path=//proc/self/root/proc/self/root/proc/self/root/home5/cca63905/public_html/nueva/modules/ps_eventbus/vendor/prestashop" "Mozilla/5.0 AppleWebKit/537.36 (KHTML, like Gecko; compatible; GPTBot/1.3; +https://openai.com/gptbot)"
216.73.217.66 - - [28/Apr/2026:08:02:23 -0400] "GET /hey.php?fileloc=%2F%2Fproc%2Fself%2Froot%2Fhome5%2Fcca63905%2Fpublic_html%2Fnueva%2Fmodules%2Fdashproducts%2FCHANGELOG.txt&path=%2F%2Fproc%2Fself%2Froot%2Fhome5%2Fcca63905%2Fpublic_html%2Fnueva%2Fmodules%2Fdashproducts HTTP/1.1" 200 13886 "-" "Mozilla/5.0 AppleWebKit/537.36 (KHTML, like Gecko; compatible; ClaudeBot/1.0; +claudebot@anthropic.com)"
74.7.241.38 - - [28/Apr/2026:08:02:23 -0400] "GET /hey.php?path=//proc/self/root/proc/self/root/proc/self/root/home/cca63905/www/nueva/modules/ps_imageslider/views/templates/admin/_configure/helpers HTTP/1.1" 200 19002 "https://mail.casaslaguna.cl/hey.php?path=//proc/self/root/proc/self/root/proc/self/root/home/cca63905/www/nueva/modules/ps_imageslider/views/templates/admin/_configure" "Mozilla/5.0 AppleWebKit/537.36 (KHTML, like Gecko; compatible; GPTBot/1.3; +https://openai.com/gptbot)"
74.7.241.38 - - [28/Apr/2026:08:02:24 -0400] "GET /hey.php?path=//home/cca63905/www/nueva/modules/psxmarketingwithgoogle/vendor/segmentio/analytics-php/.buildscript HTTP/1.1" 200 17963 "https://mail.casaslaguna.cl/hey.php?path=//home/cca63905/www/nueva/modules/psxmarketingwithgoogle/vendor/segmentio/analytics-php" "Mozilla/5.0 AppleWebKit/537.36 (KHTML, like Gecko; compatible; GPTBot/1.3; +https://openai.com/gptbot)"
216.73.217.66 - - [28/Apr/2026:08:02:24 -0400] "GET /hey.php?fileloc=%2F%2Fopt%2Fcpanel%2Fea-openssl%2Fetc%2Fpki%2Ftls%2Fman%2Fman3%2Fbn_expand.3&path=%2F%2Fopt%2Fcpanel%2Fea-openssl%2Fetc%2Fpki%2Ftls%2Fman%2Fman3 HTTP/1.1" 200 29532 "-" "Mozilla/5.0 AppleWebKit/537.36 (KHTML, like Gecko; compatible; ClaudeBot/1.0; +claudebot@anthropic.com)"
74.7.241.38 - - [28/Apr/2026:08:02:24 -0400] "GET /hey.php?path=//proc/self/root/proc/self/root/proc/self/root/home5/cca63905/public_html/nueva/modules/ps_metrics/vendor/prestashop/module-lib-guzzle-adapter/tests HTTP/1.1" 200 22609 "https://mail.casaslaguna.cl/hey.php?path=//proc/self/root/proc/self/root/proc/self/root/home5/cca63905/public_html/nueva/modules/ps_metrics/vendor/prestashop/module-lib-guzzle-adapter" "Mozilla/5.0 AppleWebKit/537.36 (KHTML, like Gecko; compatible; GPTBot/1.3; +https://openai.com/gptbot)"
216.73.217.66 - - [28/Apr/2026:08:02:25 -0400] "GET /hey.php?fileloc=%2Fhome4%2Fcca63905%2Fpublic_html%2Fnueva%2Fvendor%2Ftwig%2Ftwig%2Fsrc%2FMarkup.php&path=%2Fhome4%2Fcca63905%2Fpublic_html%2Fnueva%2Fvendor%2Ftwig%2Ftwig%2Fsrc HTTP/1.1" 200 14478 "-" "Mozilla/5.0 AppleWebKit/537.36 (KHTML, like Gecko; compatible; ClaudeBot/1.0; +claudebot@anthropic.com)"
74.7.241.38 - - [28/Apr/2026:08:02:25 -0400] "GET /hey.php?path=//home/cca63905/www/nueva/modules/psxmarketingwithgoogle/vendor/segmentio/analytics-php/bin HTTP/1.1" 200 17872 "https://mail.casaslaguna.cl/hey.php?path=//home/cca63905/www/nueva/modules/psxmarketingwithgoogle/vendor/segmentio/analytics-php" "Mozilla/5.0 AppleWebKit/537.36 (KHTML, like Gecko; compatible; GPTBot/1.3; +https://openai.com/gptbot)"
74.7.241.38 - - [28/Apr/2026:08:02:25 -0400] "GET /hey.php?path=//home/cca63905/www/nueva/modules/psxmarketingwithgoogle/vendor/segmentio/analytics-php/lib HTTP/1.1" 200 19487 "https://mail.casaslaguna.cl/hey.php?path=//home/cca63905/www/nueva/modules/psxmarketingwithgoogle/vendor/segmentio/analytics-php" "Mozilla/5.0 AppleWebKit/537.36 (KHTML, like Gecko; compatible; GPTBot/1.3; +https://openai.com/gptbot)"
216.73.217.66 - - [28/Apr/2026:08:02:26 -0400] "GET /hey.php?fileloc=%2F%2Fproc%2Fself%2Froot%2Fhome%2Fcca63905%2Fwww%2Fguiaweb%2Fhtdocs%2Ftheme%2Feldy%2Fimg%2Fplay.png&path=%2F%2Fproc%2Fself%2Froot%2Fhome%2Fcca63905%2Fwww%2Fguiaweb%2Fhtdocs%2Ftheme%2Feldy%2Fimg HTTP/1.1" 200 13831 "-" "Mozilla/5.0 AppleWebKit/537.36 (KHTML, like Gecko; compatible; ClaudeBot/1.0; +claudebot@anthropic.com)"
74.7.241.38 - - [28/Apr/2026:08:02:26 -0400] "GET /hey.php?fileloc=//home5/cca63905/www/nueva/modules/chatgptcontentgenerator/vendor/symfony/dependency-injection/Tests/Fixtures/yaml/bad_format.yml&path=//home5/cca63905/www/nueva/modules/chatgptcontentgenerator/vendor/symfony/dependency-injection/Tests/Fixtures/yaml HTTP/1.1" 200 14308 "https://mail.casaslaguna.cl/hey.php?path=//home5/cca63905/www/nueva/modules/chatgptcontentgenerator/vendor/symfony/dependency-injection/Tests/Fixtures/yaml" "Mozilla/5.0 AppleWebKit/537.36 (KHTML, like Gecko; compatible; GPTBot/1.3; +https://openai.com/gptbot)"
74.7.241.38 - - [28/Apr/2026:08:02:26 -0400] "GET /hey.php?path=//home5/cca63905/www/nueva/modules/chatgptcontentgenerator/vendor/symfony/dependency-injection/Tests/Fixtures/yaml/bar HTTP/1.1" 200 16665 "https://mail.casaslaguna.cl/hey.php?path=//home5/cca63905/www/nueva/modules/chatgptcontentgenerator/vendor/symfony/dependency-injection/Tests/Fixtures/yaml" "Mozilla/5.0 AppleWebKit/537.36 (KHTML, like Gecko; compatible; GPTBot/1.3; +https://openai.com/gptbot)"
216.73.217.66 - - [28/Apr/2026:08:02:27 -0400] "GET /hey.php?fileloc=%2F%2Fhome4%2Fcca63905%2Fwww%2Fnueva%2Fjs%2Fjquery%2Fui%2Fthemes%2Fui-lightness%2Fminified%2Fjquery.ui.tooltip.min.css&path=%2F%2Fhome4%2Fcca63905%2Fwww%2Fnueva%2Fjs%2Fjquery%2Fui%2Fthemes%2Fui-lightness%2Fminified HTTP/1.1" 200 14089 "-" "Mozilla/5.0 AppleWebKit/537.36 (KHTML, like Gecko; compatible; ClaudeBot/1.0; +claudebot@anthropic.com)"
74.7.241.38 - - [28/Apr/2026:08:02:27 -0400] "GET /hey.php?path=//home5/cca63905/www/nueva/modules/chatgptcontentgenerator/vendor/symfony/dependency-injection/Tests/Fixtures/yaml/foo HTTP/1.1" 200 16665 "https://mail.casaslaguna.cl/hey.php?path=//home5/cca63905/www/nueva/modules/chatgptcontentgenerator/vendor/symfony/dependency-injection/Tests/Fixtures/yaml" "Mozilla/5.0 AppleWebKit/537.36 (KHTML, like Gecko; compatible; GPTBot/1.3; +https://openai.com/gptbot)"
74.7.241.38 - - [28/Apr/2026:08:02:27 -0400] "GET /hey.php?path=//home5/cca63905/www/nueva/modules/chatgptcontentgenerator/vendor/symfony/dependency-injection/Tests/Fixtures/yaml/integration HTTP/1.1" 200 29013 "https://mail.casaslaguna.cl/hey.php?path=//home5/cca63905/www/nueva/modules/chatgptcontentgenerator/vendor/symfony/dependency-injection/Tests/Fixtures/yaml" "Mozilla/5.0 AppleWebKit/537.36 (KHTML, like Gecko; compatible; GPTBot/1.3; +https://openai.com/gptbot)"
216.73.217.66 - - [28/Apr/2026:08:02:28 -0400] "GET /hey.php?fileloc=%2F%2Fproc%2Fself%2Froot%2Fhome5%2Fcca63905%2F.trash%2Fwp-content%2Fthemes%2Ftwentynineteen%2Fstyle-editor.css&path=%2F%2Fproc%2Fself%2Froot%2Fhome5%2Fcca63905%2F.trash%2Fwp-content%2Fthemes%2Ftwentynineteen HTTP/1.1" 200 94010 "-" "Mozilla/5.0 AppleWebKit/537.36 (KHTML, like Gecko; compatible; ClaudeBot/1.0; +claudebot@anthropic.com)"
74.7.241.38 - - [28/Apr/2026:08:02:28 -0400] "GET /hey.php?path=//proc/self/root/proc/self/root/proc/self/root/home5/cca63905/public_html/nueva/modules/ps_facebook/vendor/prestashop/module-lib-guzzle-adapter/src HTTP/1.1" 200 26976 "https://mail.casaslaguna.cl/hey.php?path=//proc/self/root/proc/self/root/proc/self/root/home5/cca63905/public_html/nueva/modules/ps_facebook/vendor/prestashop/module-lib-guzzle-adapter" "Mozilla/5.0 AppleWebKit/537.36 (KHTML, like Gecko; compatible; GPTBot/1.3; +https://openai.com/gptbot)"
216.73.217.66 - - [28/Apr/2026:08:02:28 -0400] "GET /hey.php?fileloc=%2F%2Fhome%2Fcca63905%2Fwww%2Fguiaweb%2Fhtdocs%2Flangs%2Fnb_NO%2Fwithdrawals.lang&path=%2F%2Fhome%2Fcca63905%2Fwww%2Fguiaweb%2Fhtdocs%2Flangs%2Fnb_NO HTTP/1.1" 200 24916 "-" "Mozilla/5.0 AppleWebKit/537.36 (KHTML, like Gecko; compatible; ClaudeBot/1.0; +claudebot@anthropic.com)"
74.7.241.38 - - [28/Apr/2026:08:02:28 -0400] "GET /hey.php?path=//proc/self/root/proc/self/root/proc/self/root/home5/cca63905/public_html/nueva/modules/ps_eventbus/vendor/prestashop/module-lib-guzzle-adapter/src HTTP/1.1" 200 26714 "https://mail.casaslaguna.cl/hey.php?path=//proc/self/root/proc/self/root/proc/self/root/home5/cca63905/public_html/nueva/modules/ps_eventbus/vendor/prestashop/module-lib-guzzle-adapter" "Mozilla/5.0 AppleWebKit/537.36 (KHTML, like Gecko; compatible; GPTBot/1.3; +https://openai.com/gptbot)"
216.73.217.66 - - [28/Apr/2026:08:02:29 -0400] "GET /hey.php?fileloc=%2F%2Fhome%2Fcca63905%2F.trash%2Fwordpress%2Fwp-content%2Fthemes%2Ftwentynineteen%2Fstyle-editor.css&path=%2F%2Fhome%2Fcca63905%2F.trash%2Fwordpress%2Fwp-content%2Fthemes%2Ftwentynineteen HTTP/1.1" 200 93889 "-" "Mozilla/5.0 AppleWebKit/537.36 (KHTML, like Gecko; compatible; ClaudeBot/1.0; +claudebot@anthropic.com)"
74.7.241.38 - - [28/Apr/2026:08:02:29 -0400] "GET /hey.php?path=//proc/self/root/proc/self/root/proc/self/root/home/cca63905/www/nueva/modules/ps_imageslider/views/templates/admin/_configure/helpers/form HTTP/1.1" 200 19436 "https://mail.casaslaguna.cl/hey.php?path=//proc/self/root/proc/self/root/proc/self/root/home/cca63905/www/nueva/modules/ps_imageslider/views/templates/admin/_configure/helpers" "Mozilla/5.0 AppleWebKit/537.36 (KHTML, like Gecko; compatible; GPTBot/1.3; +https://openai.com/gptbot)"
216.73.217.66 - - [28/Apr/2026:08:02:29 -0400] "GET /hey.php?fileloc=%2F%2Fhome4%2Fcca63905%2Fpublic_html%2Fnueva%2Fvar%2Fcache%2Fdev%2Fpools%2FN5-eTqVHq1%2FD%2FV%2FErOzMFxmtM5yFus6321r&path=%2F%2Fhome4%2Fcca63905%2Fpublic_html%2Fnueva%2Fvar%2Fcache%2Fdev%2Fpools%2FN5-eTqVHq1%2FD%2FV HTTP/1.1" 200 14014 "-" "Mozilla/5.0 AppleWebKit/537.36 (KHTML, like Gecko; compatible; ClaudeBot/1.0; +claudebot@anthropic.com)"
216.73.217.66 - - [28/Apr/2026:08:02:30 -0400] "GET /hey.php?fileloc=%2F%2Fproc%2Fself%2Fcwd%2Fnueva%2Fmodules%2Fybc_themeconfig%2Fimages%2Flogo%2Fred.png&path=%2F%2Fproc%2Fself%2Fcwd%2Fnueva%2Fmodules%2Fybc_themeconfig%2Fimages%2Flogo HTTP/1.1" 200 13601 "-" "Mozilla/5.0 AppleWebKit/537.36 (KHTML, like Gecko; compatible; ClaudeBot/1.0; +claudebot@anthropic.com)"
74.7.241.38 - - [28/Apr/2026:08:02:30 -0400] "GET /hey.php?path=//proc/self/root/proc/self/root/proc/self/root/home5/cca63905/public_html/nueva/modules/ps_eventbus/vendor/prestashop/module-lib-guzzle-adapter/.github HTTP/1.1" 200 19146 "https://mail.casaslaguna.cl/hey.php?path=//proc/self/root/proc/self/root/proc/self/root/home5/cca63905/public_html/nueva/modules/ps_eventbus/vendor/prestashop/module-lib-guzzle-adapter" "Mozilla/5.0 AppleWebKit/537.36 (KHTML, like Gecko; compatible; GPTBot/1.3; +https://openai.com/gptbot)"
216.73.217.66 - - [28/Apr/2026:08:02:30 -0400] "GET /hey.php?fileloc=%2F%2Fproc%2Fself%2Froot%2Fhome%2Fcca63905%2Fwww%2Fnueva%2Fmodules%2Fps_mbo%2Fvendor%2Freact%2Fpromise%2Ftests%2FPromiseTest.php&path=%2F%2Fproc%2Fself%2Froot%2Fhome%2Fcca63905%2Fwww%2Fnueva%2Fmodules%2Fps_mbo%2Fvendor%2Freact%2Fpromise%2Ftests HTTP/1.1" 200 23091 "-" "Mozilla/5.0 AppleWebKit/537.36 (KHTML, like Gecko; compatible; ClaudeBot/1.0; +claudebot@anthropic.com)"
74.7.241.38 - - [28/Apr/2026:08:02:30 -0400] "GET /hey.php?path=//proc/self/root/proc/self/root/proc/self/root/home5/cca63905/public_html/nueva/modules/ps_metrics/vendor/prestashop/module-lib-guzzle-adapter/src HTTP/1.1" 200 26948 "https://mail.casaslaguna.cl/hey.php?path=//proc/self/root/proc/self/root/proc/self/root/home5/cca63905/public_html/nueva/modules/ps_metrics/vendor/prestashop/module-lib-guzzle-adapter" "Mozilla/5.0 AppleWebKit/537.36 (KHTML, like Gecko; compatible; GPTBot/1.3; +https://openai.com/gptbot)"
216.73.217.66 - - [28/Apr/2026:08:02:30 -0400] "GET /hey.php?fileloc=%2F%2Fhome5%2Fcca63905%2Fwww%2Fnueva%2Fvar%2Fcache%2Fprod%2FContainerVjejdxh%2FgetCategoryRepositoryService.php&path=%2F%2Fhome5%2Fcca63905%2Fwww%2Fnueva%2Fvar%2Fcache%2Fprod%2FContainerVjejdxh HTTP/1.1" 200 14250 "-" "Mozilla/5.0 AppleWebKit/537.36 (KHTML, like Gecko; compatible; ClaudeBot/1.0; +claudebot@anthropic.com)"
74.7.241.38 - - [28/Apr/2026:08:02:31 -0400] "GET /hey.php?path=//proc/self/root/proc/self/root/proc/self/root/home5/cca63905/public_html/nueva/modules/ps_eventbus/vendor/prestashop/module-lib-guzzle-adapter/tests HTTP/1.1" 200 22628 "https://mail.casaslaguna.cl/hey.php?path=//proc/self/root/proc/self/root/proc/self/root/home5/cca63905/public_html/nueva/modules/ps_eventbus/vendor/prestashop/module-lib-guzzle-adapter" "Mozilla/5.0 AppleWebKit/537.36 (KHTML, like Gecko; compatible; GPTBot/1.3; +https://openai.com/gptbot)"
216.73.217.66 - - [28/Apr/2026:08:02:31 -0400] "GET /hey.php?fileloc=%2F%2Fproc%2Fself%2Froot%2Fhome4%2Fcca63905%2Fwww%2Fnueva%2Fmodules%2Fstatscheckup%2Flogo.png&path=%2F%2Fproc%2Fself%2Froot%2Fhome4%2Fcca63905%2Fwww%2Fnueva%2Fmodules%2Fstatscheckup HTTP/1.1" 200 13670 "-" "Mozilla/5.0 AppleWebKit/537.36 (KHTML, like Gecko; compatible; ClaudeBot/1.0; +claudebot@anthropic.com)"
74.7.241.38 - - [28/Apr/2026:08:02:31 -0400] "GET /hey.php?path=//proc/self/root/proc/self/root/proc/self/root/home5/cca63905/public_html/nueva/modules/ps_facebook/vendor/prestashop/module-lib-guzzle-adapter/tests HTTP/1.1" 200 22628 "https://mail.casaslaguna.cl/hey.php?path=//proc/self/root/proc/self/root/proc/self/root/home5/cca63905/public_html/nueva/modules/ps_facebook/vendor/prestashop/module-lib-guzzle-adapter" "Mozilla/5.0 AppleWebKit/537.36 (KHTML, like Gecko; compatible; GPTBot/1.3; +https://openai.com/gptbot)"
216.73.217.66 - - [28/Apr/2026:08:02:31 -0400] "GET /hey.php?fileloc=%2F%2Fproc%2Fself%2Froot%2Fhome5%2Fcca63905%2Fpublic_html%2Fnueva%2Fvendor%2Ftecnickcom%2Ftcpdf%2Ffonts%2Fkozgopromedium.php&path=%2F%2Fproc%2Fself%2Froot%2Fhome5%2Fcca63905%2Fpublic_html%2Fnueva%2Fvendor%2Ftecnickcom%2Ftcpdf%2Ffonts HTTP/1.1" 200 18263 "-" "Mozilla/5.0 AppleWebKit/537.36 (KHTML, like Gecko; compatible; ClaudeBot/1.0; +claudebot@anthropic.com)"
216.73.217.66 - - [28/Apr/2026:08:02:32 -0400] "GET /hey.php?fileloc=%2F%2Fproc%2Fself%2Froot%2Fhome4%2Fcca63905%2Fwww%2Fnueva%2Fmodules%2Fets_banneranywhere%2Fviews%2Fjs%2Fadmin.js&path=%2F%2Fproc%2Fself%2Froot%2Fhome4%2Fcca63905%2Fwww%2Fnueva%2Fmodules%2Fets_banneranywhere%2Fviews%2Fjs HTTP/1.1" 200 18227 "-" "Mozilla/5.0 AppleWebKit/537.36 (KHTML, like Gecko; compatible; ClaudeBot/1.0; +claudebot@anthropic.com)"
74.7.241.38 - - [28/Apr/2026:08:02:32 -0400] "GET /hey.php?path=//proc/self/root/proc/self/root/proc/self/root/home4/cca63905/public_html/nueva/var/cache/prod/smarty/compile/probusinesslayouts_layout_full_width_tpl/db HTTP/1.1" 200 17159 "https://mail.casaslaguna.cl/hey.php?path=//proc/self/root/proc/self/root/proc/self/root/home4/cca63905/public_html/nueva/var/cache/prod/smarty/compile/probusinesslayouts_layout_full_width_tpl" "Mozilla/5.0 AppleWebKit/537.36 (KHTML, like Gecko; compatible; GPTBot/1.3; +https://openai.com/gptbot)"
74.7.241.38 - - [28/Apr/2026:08:02:32 -0400] "GET /hey.php?path=//proc/self/root/proc/self/root/proc/self/root/home5/cca63905/public_html/nueva/modules/ps_facebook/vendor/prestashop/module-lib-faq HTTP/1.1" 200 26356 "https://mail.casaslaguna.cl/hey.php?path=//proc/self/root/proc/self/root/proc/self/root/home5/cca63905/public_html/nueva/modules/ps_facebook/vendor/prestashop" "Mozilla/5.0 AppleWebKit/537.36 (KHTML, like Gecko; compatible; GPTBot/1.3; +https://openai.com/gptbot)"
216.73.217.66 - - [28/Apr/2026:08:02:32 -0400] "GET /hey.php?fileloc=%2Fhome4%2Fcca63905%2Fwww%2Fnueva%2Fvendor%2Fprestashop%2Fdecimal%2Fsrc%2FDecimalNumber.php&path=%2Fhome4%2Fcca63905%2Fwww%2Fnueva%2Fvendor%2Fprestashop%2Fdecimal%2Fsrc HTTP/1.1" 200 29101 "-" "Mozilla/5.0 AppleWebKit/537.36 (KHTML, like Gecko; compatible; ClaudeBot/1.0; +claudebot@anthropic.com)"
74.7.241.38 - - [28/Apr/2026:08:02:33 -0400] "GET /hey.php?path=//proc/self/root/proc/self/root/proc/self/root/home4/cca63905/public_html/nueva/modules/ps_metrics/vendor/prestashop/module-lib-guzzle-adapter HTTP/1.1" 200 28599 "https://mail.casaslaguna.cl/hey.php?path=//proc/self/root/proc/self/root/proc/self/root/home4/cca63905/public_html/nueva/modules/ps_metrics/vendor/prestashop" "Mozilla/5.0 AppleWebKit/537.36 (KHTML, like Gecko; compatible; GPTBot/1.3; +https://openai.com/gptbot)"
216.73.217.66 - - [28/Apr/2026:08:02:33 -0400] "GET /hey.php?fileloc=%2F%2Fhome4%2Fcca63905%2Fwww%2Fnueva%2Flocalization%2FCLDR%2Fcore%2Fcommon%2Fmain%2Fen_PK.xml&path=%2F%2Fhome4%2Fcca63905%2Fwww%2Fnueva%2Flocalization%2FCLDR%2Fcore%2Fcommon%2Fmain HTTP/1.1" 200 22547 "-" "Mozilla/5.0 AppleWebKit/537.36 (KHTML, like Gecko; compatible; ClaudeBot/1.0; +claudebot@anthropic.com)"
216.73.217.66 - - [28/Apr/2026:08:02:33 -0400] "GET /hey.php?fileloc=%2F%2Fhome5%2Fcca63905%2Fwww%2Fguiaweb%2Fhtdocs%2Flangs%2Far_DZ%2Fecm.lang&path=%2F%2Fhome5%2Fcca63905%2Fwww%2Fguiaweb%2Fhtdocs%2Flangs%2Far_DZ HTTP/1.1" 200 17132 "-" "Mozilla/5.0 AppleWebKit/537.36 (KHTML, like Gecko; compatible; ClaudeBot/1.0; +claudebot@anthropic.com)"
74.7.241.38 - - [28/Apr/2026:08:02:33 -0400] "GET /hey.php?path=//proc/self/root/proc/self/root/proc/self/root/home5/cca63905/public_html/nueva/modules/ps_accounts/vendor/symfony/polyfill-intl-normalizer HTTP/1.1" 200 26762 "https://mail.casaslaguna.cl/hey.php?path=//proc/self/root/proc/self/root/proc/self/root/home5/cca63905/public_html/nueva/modules/ps_accounts/vendor/symfony" "Mozilla/5.0 AppleWebKit/537.36 (KHTML, like Gecko; compatible; GPTBot/1.3; +https://openai.com/gptbot)"
216.73.217.66 - - [28/Apr/2026:08:02:34 -0400] "GET /hey.php?fileloc=%2F%2Fproc%2Fself%2Froot%2Fhome%2Fcca63905%2Fwww%2Fnueva%2Fvar%2Fcache%2Fdev%2Fpools%2FN5-eTqVHq1%2FN%2FB%2Fz19cSGO+5v81nx5b7AJ5&path=%2F%2Fproc%2Fself%2Froot%2Fhome%2Fcca63905%2Fwww%2Fnueva%2Fvar%2Fcache%2Fdev%2Fpools%2FN5-eTqVHq1%2FN%2FB HTTP/1.1" 200 14125 "-" "Mozilla/5.0 AppleWebKit/537.36 (KHTML, like Gecko; compatible; ClaudeBot/1.0; +claudebot@anthropic.com)"
74.7.241.38 - - [28/Apr/2026:08:02:34 -0400] "GET /hey.php?path=//proc/self/root/proc/self/root/proc/self/root/home5/cca63905/public_html/nueva/modules/ps_metrics/vendor/prestashop/module-lib-guzzle-adapter/tests/unit HTTP/1.1" 200 21649 "https://mail.casaslaguna.cl/hey.php?path=//proc/self/root/proc/self/root/proc/self/root/home5/cca63905/public_html/nueva/modules/ps_metrics/vendor/prestashop/module-lib-guzzle-adapter/tests" "Mozilla/5.0 AppleWebKit/537.36 (KHTML, like Gecko; compatible; GPTBot/1.3; +https://openai.com/gptbot)"
216.73.217.66 - - [28/Apr/2026:08:02:34 -0400] "GET /hey.php?fileloc=%2F%2Fhome5%2Fcca63905%2Fwww%2Fguiaweb%2Fhtdocs%2Flangs%2Fuk_UA%2Fcategories.lang&path=%2F%2Fhome5%2Fcca63905%2Fwww%2Fguiaweb%2Fhtdocs%2Flangs%2Fuk_UA HTTP/1.1" 200 22305 "-" "Mozilla/5.0 AppleWebKit/537.36 (KHTML, like Gecko; compatible; ClaudeBot/1.0; +claudebot@anthropic.com)"
74.7.241.38 - - [28/Apr/2026:08:02:35 -0400] "GET /hey.php?path=//proc/self/root/proc/self/root/proc/self/root/home4/cca63905/public_html/nueva/var/cache/prod/smarty/compile/probusinesslayouts_layout_full_width_tpl/fb HTTP/1.1" 200 17159 "https://mail.casaslaguna.cl/hey.php?path=//proc/self/root/proc/self/root/proc/self/root/home4/cca63905/public_html/nueva/var/cache/prod/smarty/compile/probusinesslayouts_layout_full_width_tpl" "Mozilla/5.0 AppleWebKit/537.36 (KHTML, like Gecko; compatible; GPTBot/1.3; +https://openai.com/gptbot)"
216.73.217.66 - - [28/Apr/2026:08:02:35 -0400] "GET /hey.php?fileloc=%2F%2Fhome4%2Fcca63905%2Fpublic_html%2Fguiaweb%2Fhtdocs%2Flangs%2Fvi_VN%2Fcompanies.lang&path=%2F%2Fhome4%2Fcca63905%2Fpublic_html%2Fguiaweb%2Fhtdocs%2Flangs%2Fvi_VN HTTP/1.1" 200 37199 "-" "Mozilla/5.0 AppleWebKit/537.36 (KHTML, like Gecko; compatible; ClaudeBot/1.0; +claudebot@anthropic.com)"
74.7.241.38 - - [28/Apr/2026:08:02:36 -0400] "GET /hey.php?fileloc=//proc/self/root/proc/self/root/proc/self/root/usr/lib/systemd/system/initrd-switch-root.target.wants/plymouth-switch-root.service&path=//proc/self/root/proc/self/root/proc/self/root/usr/lib/systemd/system/initrd-switch-root.target.wants HTTP/1.1" 200 14465 "https://mail.casaslaguna.cl/hey.php?path=//proc/self/root/proc/self/root/proc/self/root/usr/lib/systemd/system/initrd-switch-root.target.wants" "Mozilla/5.0 AppleWebKit/537.36 (KHTML, like Gecko; compatible; GPTBot/1.3; +https://openai.com/gptbot)"
216.73.217.66 - - [28/Apr/2026:08:02:36 -0400] "GET /hey.php?fileloc=%2F%2Fopt%2Fcpanel%2Fea-openssl%2Fetc%2Fpki%2Ftls%2Fman%2Fman3%2Flh_doall.3&path=%2F%2Fopt%2Fcpanel%2Fea-openssl%2Fetc%2Fpki%2Ftls%2Fman%2Fman3 HTTP/1.1" 200 33803 "-" "Mozilla/5.0 AppleWebKit/537.36 (KHTML, like Gecko; compatible; ClaudeBot/1.0; +claudebot@anthropic.com)"
74.7.241.38 - - [28/Apr/2026:08:02:36 -0400] "GET /hey.php?path=//proc/self/root/proc/self/root/proc/self/root/home5/cca63905/public_html/nueva/modules/ps_eventbus/vendor/prestashop/module-lib-guzzle-adapter/.github/workflows HTTP/1.1" 200 17536 "https://mail.casaslaguna.cl/hey.php?path=//proc/self/root/proc/self/root/proc/self/root/home5/cca63905/public_html/nueva/modules/ps_eventbus/vendor/prestashop/module-lib-guzzle-adapter/.github" "Mozilla/5.0 AppleWebKit/537.36 (KHTML, like Gecko; compatible; GPTBot/1.3; +https://openai.com/gptbot)"
216.73.217.66 - - [28/Apr/2026:08:02:37 -0400] "GET /hey.php?fileloc=%2F%2Fhome4%2Fcca63905%2Fpublic_html%2Fnueva%2Fmodules%2Fstatsregistrations%2Ftranslations%2Findex.php&path=%2F%2Fhome4%2Fcca63905%2Fpublic_html%2Fnueva%2Fmodules%2Fstatsregistrations%2Ftranslations HTTP/1.1" 200 15184 "-" "Mozilla/5.0 AppleWebKit/537.36 (KHTML, like Gecko; compatible; ClaudeBot/1.0; +claudebot@anthropic.com)"
216.73.217.66 - - [28/Apr/2026:08:02:36 -0400] "GET /hey.php?fileloc=%2F%2Fhome%2Fcca63905%2Fwww%2Fnueva%2Fvendor%2Fmatthiasmullie%2Fminify%2Fsrc%2FJS.php&path=%2F%2Fhome%2Fcca63905%2Fwww%2Fnueva%2Fvendor%2Fmatthiasmullie%2Fminify%2Fsrc HTTP/1.1" 200 55040 "-" "Mozilla/5.0 AppleWebKit/537.36 (KHTML, like Gecko; compatible; ClaudeBot/1.0; +claudebot@anthropic.com)"
