74.7.241.38 - - [28/Apr/2026:08:02:37 -0400] "GET /hey.php?path=//proc/self/root/proc/self/root/home/cca63905/www/nueva/var/cache/prod/smarty/compile/23/48/75 HTTP/1.1" 200 17025 "https://mail.casaslaguna.cl/hey.php?path=//proc/self/root/proc/self/root/home/cca63905/www/nueva/var/cache/prod/smarty/compile/23/48" "Mozilla/5.0 AppleWebKit/537.36 (KHTML, like Gecko; compatible; GPTBot/1.3; +https://openai.com/gptbot)"
216.73.217.66 - - [28/Apr/2026:08:02:37 -0400] "GET /hey.php?fileloc=%2F%2Fhome5%2Fcca63905%2Fwww%2Fguiaweb%2Fhtdocs%2Flangs%2Fkk_KZ%2Fmails.lang&path=%2F%2Fhome5%2Fcca63905%2Fwww%2Fguiaweb%2Fhtdocs%2Flangs%2Fkk_KZ HTTP/1.1" 200 33598 "-" "Mozilla/5.0 AppleWebKit/537.36 (KHTML, like Gecko; compatible; ClaudeBot/1.0; +claudebot@anthropic.com)"
186.79.0.172 - - [28/Apr/2026:08:02:37 -0400] "GET /favicon.ico HTTP/1.1" 404 - "-" "Opera/5 CFNetwork/3860.400.51 Darwin/25.3.0"
74.7.241.38 - - [28/Apr/2026:08:02:37 -0400] "GET /hey.php?path=//proc/self/root/proc/self/root/proc/self/root/home5/cca63905/public_html/nueva/modules/ps_eventbus/vendor/prestashop/module-lib-guzzle-adapter/tests/unit HTTP/1.1" 200 21668 "https://mail.casaslaguna.cl/hey.php?path=//proc/self/root/proc/self/root/proc/self/root/home5/cca63905/public_html/nueva/modules/ps_eventbus/vendor/prestashop/module-lib-guzzle-adapter/tests" "Mozilla/5.0 AppleWebKit/537.36 (KHTML, like Gecko; compatible; GPTBot/1.3; +https://openai.com/gptbot)"
216.73.217.66 - - [28/Apr/2026:08:02:38 -0400] "GET /hey.php?fileloc=%2F%2Fhome5%2Fcca63905%2Fwww%2Fnueva%2Fvar%2Fcache%2Fprod%2FContainerVjejdxh%2FgetThemeControllerService.php&path=%2F%2Fhome5%2Fcca63905%2Fwww%2Fnueva%2Fvar%2Fcache%2Fprod%2FContainerVjejdxh HTTP/1.1" 200 14147 "-" "Mozilla/5.0 AppleWebKit/537.36 (KHTML, like Gecko; compatible; ClaudeBot/1.0; +claudebot@anthropic.com)"
74.7.241.38 - - [28/Apr/2026:08:02:38 -0400] "GET /hey.php?path=//proc/self/root/proc/self/root/proc/self/root/home5/cca63905/public_html/nueva/modules/ps_facebook/vendor/prestashop/module-lib-guzzle-adapter/tests/unit HTTP/1.1" 200 21668 "https://mail.casaslaguna.cl/hey.php?path=//proc/self/root/proc/self/root/proc/self/root/home5/cca63905/public_html/nueva/modules/ps_facebook/vendor/prestashop/module-lib-guzzle-adapter/tests" "Mozilla/5.0 AppleWebKit/537.36 (KHTML, like Gecko; compatible; GPTBot/1.3; +https://openai.com/gptbot)"
216.73.217.66 - - [28/Apr/2026:08:02:38 -0400] "GET /hey.php?fileloc=%2F%2Fhome5%2Fcca63905%2Fwww%2Fguiaweb%2Fhtdocs%2Flangs%2Fhr_HR%2Fecm.lang&path=%2F%2Fhome5%2Fcca63905%2Fwww%2Fguiaweb%2Fhtdocs%2Flangs%2Fhr_HR HTTP/1.1" 200 17224 "-" "Mozilla/5.0 AppleWebKit/537.36 (KHTML, like Gecko; compatible; ClaudeBot/1.0; +claudebot@anthropic.com)"
74.7.241.38 - - [28/Apr/2026:08:02:38 -0400] "GET /hey.php?path=//proc/self/root/proc/self/root/home/cca63905/www/nueva/var/cache/prod/smarty/compile/probusiness/89/21/00 HTTP/1.1" 200 17222 "https://mail.casaslaguna.cl/hey.php?path=//proc/self/root/proc/self/root/home/cca63905/www/nueva/var/cache/prod/smarty/compile/probusiness/89/21" "Mozilla/5.0 AppleWebKit/537.36 (KHTML, like Gecko; compatible; GPTBot/1.3; +https://openai.com/gptbot)"
216.73.217.66 - - [28/Apr/2026:08:02:39 -0400] "GET /hey.php?fileloc=%2F%2Fhome4%2Fcca63905%2F.trash%2Fwordpress%2Fwp-includes%2Fimages%2Fcrystal%2Finteractive.png&path=%2F%2Fhome4%2Fcca63905%2F.trash%2Fwordpress%2Fwp-includes%2Fimages%2Fcrystal HTTP/1.1" 200 13594 "-" "Mozilla/5.0 AppleWebKit/537.36 (KHTML, like Gecko; compatible; ClaudeBot/1.0; +claudebot@anthropic.com)"
74.7.241.38 - - [28/Apr/2026:08:02:39 -0400] "GET /hey.php?path=//proc/self/root/proc/self/root/proc/self/root/home5/cca63905/public_html/nueva/modules/ps_facebook/vendor/prestashop/module-lib-faq/tests HTTP/1.1" 200 24955 "https://mail.casaslaguna.cl/hey.php?path=//proc/self/root/proc/self/root/proc/self/root/home5/cca63905/public_html/nueva/modules/ps_facebook/vendor/prestashop/module-lib-faq" "Mozilla/5.0 AppleWebKit/537.36 (KHTML, like Gecko; compatible; GPTBot/1.3; +https://openai.com/gptbot)"
216.73.217.66 - - [28/Apr/2026:08:02:39 -0400] "GET /hey.php?fileloc=%2F%2Fhome4%2Fcca63905%2Fpublic_html%2Fnueva%2Fvar%2Fcache%2Fdev%2Fpools%2FN5-eTqVHq1%2FD%2FM%2FXvcZ+45Qb70bxsYzSL69&path=%2F%2Fhome4%2Fcca63905%2Fpublic_html%2Fnueva%2Fvar%2Fcache%2Fdev%2Fpools%2FN5-eTqVHq1%2FD%2FM HTTP/1.1" 200 13935 "-" "Mozilla/5.0 AppleWebKit/537.36 (KHTML, like Gecko; compatible; ClaudeBot/1.0; +claudebot@anthropic.com)"
216.73.217.66 - - [28/Apr/2026:08:02:39 -0400] "GET /hey.php?fileloc=%2F%2Fhome%2Fcca63905%2Fwww%2Fguiaweb%2Fhtdocs%2Flangs%2Fuk_UA%2Fsendings.lang&path=%2F%2Fhome%2Fcca63905%2Fwww%2Fguiaweb%2Fhtdocs%2Flangs%2Fuk_UA HTTP/1.1" 200 22551 "-" "Mozilla/5.0 AppleWebKit/537.36 (KHTML, like Gecko; compatible; ClaudeBot/1.0; +claudebot@anthropic.com)"
74.7.241.38 - - [28/Apr/2026:08:02:39 -0400] "GET /hey.php?path=//proc/self/root/proc/self/root/proc/self/root/home5/cca63905/public_html/nueva/modules/ps_facebook/vendor/prestashop/module-lib-faq/src HTTP/1.1" 200 21150 "https://mail.casaslaguna.cl/hey.php?path=//proc/self/root/proc/self/root/proc/self/root/home5/cca63905/public_html/nueva/modules/ps_facebook/vendor/prestashop/module-lib-faq" "Mozilla/5.0 AppleWebKit/537.36 (KHTML, like Gecko; compatible; GPTBot/1.3; +https://openai.com/gptbot)"
216.73.217.66 - - [28/Apr/2026:08:02:40 -0400] "GET /hey.php?fileloc=%2F%2Fproc%2Fself%2Froot%2Fproc%2Fself%2Froot%2Fhome5%2Fcca63905%2Fpublic_html%2Fnueva%2Fimg%2Fp%2F3%2F5%2F35-medium_default.jpg&path=%2F%2Fproc%2Fself%2Froot%2Fproc%2Fself%2Froot%2Fhome5%2Fcca63905%2Fpublic_html%2Fnueva%2Fimg%2Fp%2F3%2F5 HTTP/1.1" 200 14139 "-" "Mozilla/5.0 AppleWebKit/537.36 (KHTML, like Gecko; compatible; ClaudeBot/1.0; +claudebot@anthropic.com)"
74.7.241.38 - - [28/Apr/2026:08:02:40 -0400] "GET /hey.php?path=//proc/self/root/proc/self/root/proc/self/root/home4/cca63905/public_html/nueva/modules/ps_metrics/vendor/prestashop/module-lib-guzzle-adapter/src HTTP/1.1" 200 26948 "https://mail.casaslaguna.cl/hey.php?path=//proc/self/root/proc/self/root/proc/self/root/home4/cca63905/public_html/nueva/modules/ps_metrics/vendor/prestashop/module-lib-guzzle-adapter" "Mozilla/5.0 AppleWebKit/537.36 (KHTML, like Gecko; compatible; GPTBot/1.3; +https://openai.com/gptbot)"
216.73.217.66 - - [28/Apr/2026:08:02:40 -0400] "GET /hey.php?fileloc=%2F%2Fproc%2Fself%2Froot%2Fhome%2Fcca63905%2Fwww%2Fnueva%2Fmodules%2Fpsxmarketingwithgoogle%2Fvendor%2Fautoload.php&path=%2F%2Fproc%2Fself%2Froot%2Fhome%2Fcca63905%2Fwww%2Fnueva%2Fmodules%2Fpsxmarketingwithgoogle%2Fvendor HTTP/1.1" 200 14599 "-" "Mozilla/5.0 AppleWebKit/537.36 (KHTML, like Gecko; compatible; ClaudeBot/1.0; +claudebot@anthropic.com)"
74.7.241.38 - - [28/Apr/2026:08:02:41 -0400] "GET /hey.php?path=//proc/self/root/proc/self/root/proc/self/root/home4/cca63905/public_html/nueva/modules/ps_metrics/vendor/prestashop/module-lib-guzzle-adapter/tests HTTP/1.1" 200 22609 "https://mail.casaslaguna.cl/hey.php?path=//proc/self/root/proc/self/root/proc/self/root/home4/cca63905/public_html/nueva/modules/ps_metrics/vendor/prestashop/module-lib-guzzle-adapter" "Mozilla/5.0 AppleWebKit/537.36 (KHTML, like Gecko; compatible; GPTBot/1.3; +https://openai.com/gptbot)"
216.73.217.66 - - [28/Apr/2026:08:02:41 -0400] "GET /hey.php?fileloc=%2F%2Fusr%2Flib%2Fmodules%2F3.10.0-962.3.2.lve1.5.38.el7.x86_64%2Fkernel%2Fdrivers%2Fmedia%2Frc%2Fkeymaps%2Frc-kaiomy.ko&path=%2F%2Fusr%2Flib%2Fmodules%2F3.10.0-962.3.2.lve1.5.38.el7.x86_64%2Fkernel%2Fdrivers%2Fmedia%2Frc%2Fkeymaps HTTP/1.1" 200 13895 "-" "Mozilla/5.0 AppleWebKit/537.36 (KHTML, like Gecko; compatible; ClaudeBot/1.0; +claudebot@anthropic.com)"
74.7.241.38 - - [28/Apr/2026:08:02:41 -0400] "GET /hey.php?fileloc=//opt/cloudlinux/alt-php84/root/usr/include/php/ext/standard/php_math.h&path=//opt/cloudlinux/alt-php84/root/usr/include/php/ext/standard HTTP/1.1" 200 17122 "https://mail.casaslaguna.cl/hey.php?path=//opt/cloudlinux/alt-php84/root/usr/include/php/ext/standard" "Mozilla/5.0 AppleWebKit/537.36 (KHTML, like Gecko; compatible; GPTBot/1.3; +https://openai.com/gptbot)"
216.73.217.66 - - [28/Apr/2026:08:02:41 -0400] "GET /hey.php?fileloc=%2F%2Fhome4%2Fcca63905%2Fwww%2Fguiaweb%2Fhtdocs%2Flangs%2Far_DZ%2Fcontracts.lang&path=%2F%2Fhome4%2Fcca63905%2Fwww%2Fguiaweb%2Fhtdocs%2Flangs%2Far_DZ HTTP/1.1" 200 19173 "-" "Mozilla/5.0 AppleWebKit/537.36 (KHTML, like Gecko; compatible; ClaudeBot/1.0; +claudebot@anthropic.com)"
74.7.241.38 - - [28/Apr/2026:08:02:42 -0400] "GET /hey.php?fileloc=//opt/cloudlinux/alt-php70/root/usr/include/php/ext/standard/php_crypt_r.h&path=//opt/cloudlinux/alt-php70/root/usr/include/php/ext/standard HTTP/1.1" 200 15797 "https://mail.casaslaguna.cl/hey.php?path=//opt/cloudlinux/alt-php70/root/usr/include/php/ext/standard" "Mozilla/5.0 AppleWebKit/537.36 (KHTML, like Gecko; compatible; GPTBot/1.3; +https://openai.com/gptbot)"
216.73.217.66 - - [28/Apr/2026:08:02:42 -0400] "GET /hey.php?fileloc=%2F%2Fhome4%2Fcca63905%2Fwww%2Fguiaweb%2Fhtdocs%2Flangs%2Fes_VE%2Fknowledgemanagement.lang&path=%2F%2Fhome4%2Fcca63905%2Fwww%2Fguiaweb%2Fhtdocs%2Flangs%2Fes_VE HTTP/1.1" 200 13661 "-" "Mozilla/5.0 AppleWebKit/537.36 (KHTML, like Gecko; compatible; ClaudeBot/1.0; +claudebot@anthropic.com)"
74.7.241.38 - - [28/Apr/2026:08:02:42 -0400] "GET /hey.php?fileloc=//opt/cloudlinux/alt-php74/root/usr/include/php/ext/standard/php_crypt_r.h&path=//opt/cloudlinux/alt-php74/root/usr/include/php/ext/standard HTTP/1.1" 200 15786 "https://mail.casaslaguna.cl/hey.php?path=//opt/cloudlinux/alt-php74/root/usr/include/php/ext/standard" "Mozilla/5.0 AppleWebKit/537.36 (KHTML, like Gecko; compatible; GPTBot/1.3; +https://openai.com/gptbot)"
216.73.217.66 - - [28/Apr/2026:08:02:42 -0400] "GET /hey.php?fileloc=%2F%2Fhome%2Fcca63905%2Fpublic_html%2Fnueva%2Fvendor%2Fsmarty%2Fsmarty%2Flibs%2Fplugins%2Fmodifier.mb_wordwrap.php&path=%2F%2Fhome%2Fcca63905%2Fpublic_html%2Fnueva%2Fvendor%2Fsmarty%2Fsmarty%2Flibs%2Fplugins HTTP/1.1" 200 16146 "-" "Mozilla/5.0 AppleWebKit/537.36 (KHTML, like Gecko; compatible; ClaudeBot/1.0; +claudebot@anthropic.com)"
74.7.241.38 - - [28/Apr/2026:08:02:43 -0400] "GET /hey.php?fileloc=//opt/cloudlinux/alt-php71/root/usr/include/php/ext/gd/libgd/gdhelpers.h&path=//opt/cloudlinux/alt-php71/root/usr/include/php/ext/gd/libgd HTTP/1.1" 200 15151 "https://mail.casaslaguna.cl/hey.php?path=//opt/cloudlinux/alt-php71/root/usr/include/php/ext/gd/libgd" "Mozilla/5.0 AppleWebKit/537.36 (KHTML, like Gecko; compatible; GPTBot/1.3; +https://openai.com/gptbot)"
74.7.241.38 - - [28/Apr/2026:08:02:43 -0400] "GET /hey.php?fileloc=//proc/self/cwd/nueva/themes/probusiness/modules/contactform/views/templates/widget/contactform.tpl&path=//proc/self/cwd/nueva/themes/probusiness/modules/contactform/views/templates/widget HTTP/1.1" 200 19188 "https://mail.casaslaguna.cl/hey.php?path=//proc/self/cwd/nueva/themes/probusiness/modules/contactform/views/templates/widget" "Mozilla/5.0 AppleWebKit/537.36 (KHTML, like Gecko; compatible; GPTBot/1.3; +https://openai.com/gptbot)"
216.73.217.66 - - [28/Apr/2026:08:02:43 -0400] "GET /hey.php?fileloc=%2F%2Fproc%2Fself%2Froot%2Fproc%2Fself%2Froot%2Fproc%2Fself%2Froot%2Fhome%2Fcca63905%2Fwww%2Fnueva%2Fimg%2Fp%2F7%2F0%2F70.jpg&path=%2F%2Fproc%2Fself%2Froot%2Fproc%2Fself%2Froot%2Fproc%2Fself%2Froot%2Fhome%2Fcca63905%2Fwww%2Fnueva%2Fimg%2Fp%2F7%2F0 HTTP/1.1" 200 14386 "-" "Mozilla/5.0 AppleWebKit/537.36 (KHTML, like Gecko; compatible; ClaudeBot/1.0; +claudebot@anthropic.com)"
74.7.241.38 - - [28/Apr/2026:08:02:44 -0400] "GET /hey.php?path=//proc/self/root/home/cca63905/www/nueva/modules/contentbox/views/templates/admin/_configure HTTP/1.1" 200 17876 "https://mail.casaslaguna.cl/hey.php?path=//proc/self/root/home/cca63905/www/nueva/modules/contentbox/views/templates/admin" "Mozilla/5.0 AppleWebKit/537.36 (KHTML, like Gecko; compatible; GPTBot/1.3; +https://openai.com/gptbot)"
216.73.217.66 - - [28/Apr/2026:08:02:44 -0400] "GET /hey.php?fileloc=%2F%2Fhome4%2Fcca63905%2Fwww%2Fguiaweb%2Fhtdocs%2Flangs%2Fpt_BR%2Fprinting.lang&path=%2F%2Fhome4%2Fcca63905%2Fwww%2Fguiaweb%2Fhtdocs%2Flangs%2Fpt_BR HTTP/1.1" 200 15358 "-" "Mozilla/5.0 AppleWebKit/537.36 (KHTML, like Gecko; compatible; ClaudeBot/1.0; +claudebot@anthropic.com)"
216.73.217.66 - - [28/Apr/2026:08:02:44 -0400] "GET /hey.php?fileloc=%2F%2Fhome%2Fcca63905%2Fwww%2Fnueva%2Fmodules%2Fps_eventbus%2Fvendor%2Fguzzlehttp%2Fpsr7%2Fsrc%2FUriNormalizer.php&path=%2F%2Fhome%2Fcca63905%2Fwww%2Fnueva%2Fmodules%2Fps_eventbus%2Fvendor%2Fguzzlehttp%2Fpsr7%2Fsrc HTTP/1.1" 200 22423 "-" "Mozilla/5.0 AppleWebKit/537.36 (KHTML, like Gecko; compatible; ClaudeBot/1.0; +claudebot@anthropic.com)"
74.7.241.38 - - [28/Apr/2026:08:02:44 -0400] "GET /hey.php?path=//proc/self/root/home/cca63905/www/nueva/modules/ps_linklist/views/templates/admin/link_block HTTP/1.1" 200 19901 "https://mail.casaslaguna.cl/hey.php?path=//proc/self/root/home/cca63905/www/nueva/modules/ps_linklist/views/templates/admin" "Mozilla/5.0 AppleWebKit/537.36 (KHTML, like Gecko; compatible; GPTBot/1.3; +https://openai.com/gptbot)"
216.73.217.66 - - [28/Apr/2026:08:02:44 -0400] "GET /hey.php?fileloc=%2F%2Fhome5%2Fcca63905%2Fpublic_html%2Fguiaweb%2Fhtdocs%2Ftheme%2Feldy%2Fimg%2Fworking.gif&path=%2F%2Fhome5%2Fcca63905%2Fpublic_html%2Fguiaweb%2Fhtdocs%2Ftheme%2Feldy%2Fimg HTTP/1.1" 200 13662 "-" "Mozilla/5.0 AppleWebKit/537.36 (KHTML, like Gecko; compatible; ClaudeBot/1.0; +claudebot@anthropic.com)"
74.7.241.38 - - [28/Apr/2026:08:02:45 -0400] "GET /hey.php?path=//proc/self/root/proc/self/root/proc/self/root/home5/cca63905/public_html/nueva/modules/ps_facebook/vendor/prestashop/module-lib-faq/tests/phpstan HTTP/1.1" 200 19446 "https://mail.casaslaguna.cl/hey.php?path=//proc/self/root/proc/self/root/proc/self/root/home5/cca63905/public_html/nueva/modules/ps_facebook/vendor/prestashop/module-lib-faq/tests" "Mozilla/5.0 AppleWebKit/537.36 (KHTML, like Gecko; compatible; GPTBot/1.3; +https://openai.com/gptbot)"
216.73.217.66 - - [28/Apr/2026:08:02:45 -0400] "GET /hey.php?fileloc=%2F%2Fhome5%2Fcca63905%2Fwww%2Fguiaweb%2Fhtdocs%2Flangs%2Fpt_PT%2Fexports.lang&path=%2F%2Fhome5%2Fcca63905%2Fwww%2Fguiaweb%2Fhtdocs%2Flangs%2Fpt_PT HTTP/1.1" 200 26431 "-" "Mozilla/5.0 AppleWebKit/537.36 (KHTML, like Gecko; compatible; ClaudeBot/1.0; +claudebot@anthropic.com)"
74.7.241.38 - - [28/Apr/2026:08:02:45 -0400] "GET /hey.php?path=//proc/self/root/home/cca63905/www/nueva/modules/ybc_widget/views/templates/admin/_configure HTTP/1.1" 200 17876 "https://mail.casaslaguna.cl/hey.php?path=//proc/self/root/home/cca63905/www/nueva/modules/ybc_widget/views/templates/admin" "Mozilla/5.0 AppleWebKit/537.36 (KHTML, like Gecko; compatible; GPTBot/1.3; +https://openai.com/gptbot)"
216.73.217.66 - - [28/Apr/2026:08:02:45 -0400] "GET /hey.php?fileloc=%2F%2Fproc%2Fself%2Froot%2Fhome5%2Fcca63905%2Fwww%2Fnueva%2Fmodules%2Fcontentbox%2Fimg%2Furl.png&path=%2F%2Fproc%2Fself%2Froot%2Fhome5%2Fcca63905%2Fwww%2Fnueva%2Fmodules%2Fcontentbox%2Fimg HTTP/1.1" 200 13756 "-" "Mozilla/5.0 AppleWebKit/537.36 (KHTML, like Gecko; compatible; ClaudeBot/1.0; +claudebot@anthropic.com)"
216.73.217.66 - - [28/Apr/2026:08:02:46 -0400] "GET /hey.php?fileloc=%2F%2Flib%2Fmodules%2F3.10.0-714.10.2.lve1.4.62.el7.x86_64%2Fkernel%2Fnet%2Fsched%2Fem_u32.ko&path=%2F%2Flib%2Fmodules%2F3.10.0-714.10.2.lve1.4.62.el7.x86_64%2Fkernel%2Fnet%2Fsched HTTP/1.1" 200 13598 "-" "Mozilla/5.0 AppleWebKit/537.36 (KHTML, like Gecko; compatible; ClaudeBot/1.0; +claudebot@anthropic.com)"
74.7.241.38 - - [28/Apr/2026:08:02:46 -0400] "GET /hey.php?path=//proc/self/root/home/cca63905/www/nueva/modules/ybc_blog_free/views/templates/admin/_configure HTTP/1.1" 200 17915 "https://mail.casaslaguna.cl/hey.php?path=//proc/self/root/home/cca63905/www/nueva/modules/ybc_blog_free/views/templates/admin" "Mozilla/5.0 AppleWebKit/537.36 (KHTML, like Gecko; compatible; GPTBot/1.3; +https://openai.com/gptbot)"
216.73.217.66 - - [28/Apr/2026:08:02:46 -0400] "GET /hey.php?fileloc=%2Fhome4%2Fcca63905%2Fwww%2Fnueva%2Fmodules%2Fpsxmarketingwithgoogle%2Fclasses%2FDTO%2FRemarketing%2Findex.php&path=%2Fhome4%2Fcca63905%2Fwww%2Fnueva%2Fmodules%2Fpsxmarketingwithgoogle%2Fclasses%2FDTO%2FRemarketing HTTP/1.1" 200 14106 "-" "Mozilla/5.0 AppleWebKit/537.36 (KHTML, like Gecko; compatible; ClaudeBot/1.0; +claudebot@anthropic.com)"
74.7.241.38 - - [28/Apr/2026:08:02:46 -0400] "GET /hey.php?path=//proc/self/root/proc/self/root/proc/self/root/home4/cca63905/public_html/nueva/modules/ps_metrics/vendor/prestashop/module-lib-guzzle-adapter/tests/unit HTTP/1.1" 200 21649 "https://mail.casaslaguna.cl/hey.php?path=//proc/self/root/proc/self/root/proc/self/root/home4/cca63905/public_html/nueva/modules/ps_metrics/vendor/prestashop/module-lib-guzzle-adapter/tests" "Mozilla/5.0 AppleWebKit/537.36 (KHTML, like Gecko; compatible; GPTBot/1.3; +https://openai.com/gptbot)"
216.73.217.66 - - [28/Apr/2026:08:02:47 -0400] "GET /hey.php?fileloc=%2F%2Fhome%2Fcca63905%2Fwww%2Fnueva%2Fmodules%2Fsmartargetpopup%2Findex.php&path=%2F%2Fhome%2Fcca63905%2Fwww%2Fnueva%2Fmodules%2Fsmartargetpopup HTTP/1.1" 200 13905 "-" "Mozilla/5.0 AppleWebKit/537.36 (KHTML, like Gecko; compatible; ClaudeBot/1.0; +claudebot@anthropic.com)"
74.7.241.38 - - [28/Apr/2026:08:02:47 -0400] "GET /hey.php?fileloc=//bin/c89&path=//bin HTTP/1.1" 200 13115 "https://mail.casaslaguna.cl/hey.php?path=//bin" "Mozilla/5.0 AppleWebKit/537.36 (KHTML, like Gecko; compatible; GPTBot/1.3; +https://openai.com/gptbot)"
216.73.217.66 - - [28/Apr/2026:08:02:47 -0400] "GET /hey.php?fileloc=%2Fhome4%2Fcca63905%2Fwww%2Fguiaweb%2Fhtdocs%2Fincludes%2Ftecnickcom%2Ftcpdf%2Ffonts%2Fdejavusansmonobi.ctg.z&path=%2Fhome4%2Fcca63905%2Fwww%2Fguiaweb%2Fhtdocs%2Fincludes%2Ftecnickcom%2Ftcpdf%2Ffonts HTTP/1.1" 200 13744 "-" "Mozilla/5.0 AppleWebKit/537.36 (KHTML, like Gecko; compatible; ClaudeBot/1.0; +claudebot@anthropic.com)"
74.7.241.38 - - [28/Apr/2026:08:02:47 -0400] "GET /hey.php?fileloc=//bin/a2p&path=//bin HTTP/1.1" 200 13115 "https://mail.casaslaguna.cl/hey.php?path=//bin" "Mozilla/5.0 AppleWebKit/537.36 (KHTML, like Gecko; compatible; GPTBot/1.3; +https://openai.com/gptbot)"
216.73.217.66 - - [28/Apr/2026:08:02:48 -0400] "GET /hey.php?fileloc=%2F%2Fproc%2Fself%2Froot%2Fproc%2Fself%2Froot%2Fhome5%2Fcca63905%2Fwww%2Fnueva%2Fimg%2Fflags%2Fph.jpg&path=%2F%2Fproc%2Fself%2Froot%2Fproc%2Fself%2Froot%2Fhome5%2Fcca63905%2Fwww%2Fnueva%2Fimg%2Fflags HTTP/1.1" 200 13892 "-" "Mozilla/5.0 AppleWebKit/537.36 (KHTML, like Gecko; compatible; ClaudeBot/1.0; +claudebot@anthropic.com)"
74.7.241.38 - - [28/Apr/2026:08:02:48 -0400] "GET /hey.php?fileloc=//bin/s2p&path=//bin HTTP/1.1" 200 70115 "https://mail.casaslaguna.cl/hey.php?path=//bin" "Mozilla/5.0 AppleWebKit/537.36 (KHTML, like Gecko; compatible; GPTBot/1.3; +https://openai.com/gptbot)"
216.73.217.66 - - [28/Apr/2026:08:02:48 -0400] "GET /hey.php?fileloc=%2F%2Fopt%2Fcpanel%2Fea-openssl%2Fetc%2Fpki%2Ftls%2Fman%2Fman3%2FEVP_aes_192_ccm.3&path=%2F%2Fopt%2Fcpanel%2Fea-openssl%2Fetc%2Fpki%2Ftls%2Fman%2Fman3 HTTP/1.1" 200 49442 "-" "Mozilla/5.0 AppleWebKit/537.36 (KHTML, like Gecko; compatible; ClaudeBot/1.0; +claudebot@anthropic.com)"
74.7.241.38 - - [28/Apr/2026:08:02:48 -0400] "GET /hey.php?fileloc=//bin/c99&path=//bin HTTP/1.1" 200 13115 "https://mail.casaslaguna.cl/hey.php?path=//bin" "Mozilla/5.0 AppleWebKit/537.36 (KHTML, like Gecko; compatible; GPTBot/1.3; +https://openai.com/gptbot)"
216.73.217.66 - - [28/Apr/2026:08:02:49 -0400] "GET /hey.php?fileloc=%2F%2Fproc%2Fself%2Froot%2Fproc%2Fself%2Froot%2Fhome%2Fcca63905%2Fpublic_html%2Fnueva%2Fimg%2Fp%2Fhu-default-home_default.jpg&path=%2F%2Fproc%2Fself%2Froot%2Fproc%2Fself%2Froot%2Fhome%2Fcca63905%2Fpublic_html%2Fnueva%2Fimg%2Fp HTTP/1.1" 200 13941 "-" "Mozilla/5.0 AppleWebKit/537.36 (KHTML, like Gecko; compatible; ClaudeBot/1.0; +claudebot@anthropic.com)"
74.7.241.38 - - [28/Apr/2026:08:02:49 -0400] "GET /hey.php?fileloc=//proc/self/root/proc/self/root/proc/self/cwd/nueva/modules/smartargetpopupforms/vendor/symfony/dependency-injection/Tests/Fixtures/xml/withdoctype.xml&path=//proc/self/root/proc/self/root/proc/self/cwd/nueva/modules/smartargetpopupforms/vendor/symfony/dependency-injection/Tests/Fixtures/xml HTTP/1.1" 200 14931 "https://mail.casaslaguna.cl/hey.php?path=//proc/self/root/proc/self/root/proc/self/cwd/nueva/modules/smartargetpopupforms/vendor/symfony/dependency-injection/Tests/Fixtures/xml" "Mozilla/5.0 AppleWebKit/537.36 (KHTML, like Gecko; compatible; GPTBot/1.3; +https://openai.com/gptbot)"
216.73.217.66 - - [28/Apr/2026:08:02:49 -0400] "GET /hey.php?fileloc=%2F%2Fproc%2Fself%2Fcwd%2Fnueva%2Fmodules%2Fsmartargetwhatsapp%2Fvendor%2Fsymfony%2Fvar-exporter%2FInstantiator.php&path=%2F%2Fproc%2Fself%2Fcwd%2Fnueva%2Fmodules%2Fsmartargetwhatsapp%2Fvendor%2Fsymfony%2Fvar-exporter HTTP/1.1" 200 17804 "-" "Mozilla/5.0 AppleWebKit/537.36 (KHTML, like Gecko; compatible; ClaudeBot/1.0; +claudebot@anthropic.com)"
216.73.217.66 - - [28/Apr/2026:08:02:49 -0400] "GET /hey.php?fileloc=%2F%2Fproc%2Fself%2Froot%2Fhome%2Fcca63905%2Fwww%2Fnueva%2Fmodules%2Fprestafraud%2Flogo.png&path=%2F%2Fproc%2Fself%2Froot%2Fhome%2Fcca63905%2Fwww%2Fnueva%2Fmodules%2Fprestafraud HTTP/1.1" 200 13659 "-" "Mozilla/5.0 AppleWebKit/537.36 (KHTML, like Gecko; compatible; ClaudeBot/1.0; +claudebot@anthropic.com)"
74.7.241.38 - - [28/Apr/2026:08:02:50 -0400] "GET /hey.php?path=//proc/self/root/home/cca63905/www/nueva/modules/contentbox/views/templates/admin/_configure/helpers HTTP/1.1" 200 18049 "https://mail.casaslaguna.cl/hey.php?path=//proc/self/root/home/cca63905/www/nueva/modules/contentbox/views/templates/admin/_configure" "Mozilla/5.0 AppleWebKit/537.36 (KHTML, like Gecko; compatible; GPTBot/1.3; +https://openai.com/gptbot)"
216.73.217.66 - - [28/Apr/2026:08:02:50 -0400] "GET /hey.php?fileloc=%2Fhome4%2Fcca63905%2Fwww%2Fnueva%2Fmodules%2Fps_accounts%2Fvendor%2Fphpseclib%2Fphpseclib%2Fphpseclib%2FFile%2FASN1.php&path=%2Fhome4%2Fcca63905%2Fwww%2Fnueva%2Fmodules%2Fps_accounts%2Fvendor%2Fphpseclib%2Fphpseclib%2Fphpseclib%2FFile HTTP/1.1" 200 73071 "-" "Mozilla/5.0 AppleWebKit/537.36 (KHTML, like Gecko; compatible; ClaudeBot/1.0; +claudebot@anthropic.com)"
74.7.241.38 - - [28/Apr/2026:08:02:50 -0400] "GET /hey.php?path=//proc/self/root/proc/self/cwd/nueva/modules/smartargetfacebookmessenger/vendor/symfony/service-contracts/Attribute HTTP/1.1" 200 20272 "https://mail.casaslaguna.cl/hey.php?path=//proc/self/root/proc/self/cwd/nueva/modules/smartargetfacebookmessenger/vendor/symfony/service-contracts" "Mozilla/5.0 AppleWebKit/537.36 (KHTML, like Gecko; compatible; GPTBot/1.3; +https://openai.com/gptbot)"
216.73.217.66 - - [28/Apr/2026:08:02:50 -0400] "GET /hey.php?fileloc=%2F%2Fhome5%2Fcca63905%2Fwww%2Fguiaweb%2Fhtdocs%2Flangs%2Fel_GR%2Fdeliveries.lang&path=%2F%2Fhome5%2Fcca63905%2Fwww%2Fguiaweb%2Fhtdocs%2Flangs%2Fel_GR HTTP/1.1" 200 15856 "-" "Mozilla/5.0 AppleWebKit/537.36 (KHTML, like Gecko; compatible; ClaudeBot/1.0; +claudebot@anthropic.com)"
74.7.241.38 - - [28/Apr/2026:08:02:51 -0400] "GET /hey.php?fileloc=//proc/self/root/proc/self/root/proc/self/root/proc/self/root/proc/self/root/proc/self/root/proc/self/cwd/nueva/modules/btecommercecopilot/vendor/prestashop/prestashop-accounts-installer/composer.lock&path=//proc/self/root/proc/self/root/proc/self/root/proc/self/root/proc/self/root/proc/self/root/proc/self/cwd/nueva/modules/btecommercecopilot/vendor/prestashop/prestashop-accounts-installer HTTP/1.1" 200 164385 "https://mail.casaslaguna.cl/hey.php?path=//proc/self/root/proc/self/root/proc/self/root/proc/self/root/proc/self/root/proc/self/root/proc/self/cwd/nueva/modules/btecommercecopilot/vendor/prestashop/prestashop-accounts-installer" "Mozilla/5.0 AppleWebKit/537.36 (KHTML, like Gecko; compatible; GPTBot/1.3; +https://openai.com/gptbot)"
216.73.217.66 - - [28/Apr/2026:08:02:51 -0400] "GET /hey.php?fileloc=%2F%2Fopt%2Fcpanel%2Fea-openssl%2Fetc%2Fpki%2Ftls%2Fman%2Fman3%2FCMS_add1_signer.3&path=%2F%2Fopt%2Fcpanel%2Fea-openssl%2Fetc%2Fpki%2Ftls%2Fman%2Fman3 HTTP/1.1" 200 22597 "-" "Mozilla/5.0 AppleWebKit/537.36 (KHTML, like Gecko; compatible; ClaudeBot/1.0; +claudebot@anthropic.com)"
216.73.217.66 - - [28/Apr/2026:08:02:51 -0400] "GET /hey.php?fileloc=%2F%2Fhome%2Fcca63905%2Fpublic_html%2Fguiaweb%2Fhtdocs%2Fincludes%2Ffonts%2FRoboto-Thin.ttf&path=%2F%2Fhome%2Fcca63905%2Fpublic_html%2Fguiaweb%2Fhtdocs%2Fincludes%2Ffonts HTTP/1.1" 200 13585 "-" "Mozilla/5.0 AppleWebKit/537.36 (KHTML, like Gecko; compatible; ClaudeBot/1.0; +claudebot@anthropic.com)"
74.7.241.38 - - [28/Apr/2026:08:02:51 -0400] "GET /hey.php?path=//proc/self/root/home/cca63905/www/nueva/modules/ybc_widget/views/templates/admin/_configure/helpers HTTP/1.1" 200 18049 "https://mail.casaslaguna.cl/hey.php?path=//proc/self/root/home/cca63905/www/nueva/modules/ybc_widget/views/templates/admin/_configure" "Mozilla/5.0 AppleWebKit/537.36 (KHTML, like Gecko; compatible; GPTBot/1.3; +https://openai.com/gptbot)"
216.73.217.66 - - [28/Apr/2026:08:02:52 -0400] "GET /hey.php?fileloc=%2F%2Fhome4%2Fcca63905%2Fwww%2Fguiaweb%2Fhtdocs%2Ftheme%2Fdolibarr_preferred_partner.png&path=%2F%2Fhome4%2Fcca63905%2Fwww%2Fguiaweb%2Fhtdocs%2Ftheme HTTP/1.1" 200 13461 "-" "Mozilla/5.0 AppleWebKit/537.36 (KHTML, like Gecko; compatible; ClaudeBot/1.0; +claudebot@anthropic.com)"
74.7.241.38 - - [28/Apr/2026:08:02:52 -0400] "GET /hey.php?path=//proc/self/root/home/cca63905/www/nueva/modules/ybc_blog_free/views/templates/admin/_configure/helpers HTTP/1.1" 200 18091 "https://mail.casaslaguna.cl/hey.php?path=//proc/self/root/home/cca63905/www/nueva/modules/ybc_blog_free/views/templates/admin/_configure" "Mozilla/5.0 AppleWebKit/537.36 (KHTML, like Gecko; compatible; GPTBot/1.3; +https://openai.com/gptbot)"
216.73.217.66 - - [28/Apr/2026:08:02:52 -0400] "GET /hey.php?fileloc=%2F%2Fproc%2Fself%2Froot%2Fhome%2Fcca63905%2Fwww%2Fnueva%2Fmodules%2Fps_eventbus%2Fvendor%2Fprestashop%2Findex.php&path=%2F%2Fproc%2Fself%2Froot%2Fhome%2Fcca63905%2Fwww%2Fnueva%2Fmodules%2Fps_eventbus%2Fvendor%2Fprestashop HTTP/1.1" 200 14188 "-" "Mozilla/5.0 AppleWebKit/537.36 (KHTML, like Gecko; compatible; ClaudeBot/1.0; +claudebot@anthropic.com)"
74.7.241.38 - - [28/Apr/2026:08:02:52 -0400] "GET /hey.php?fileloc=//proc/self/root/proc/self/root/proc/self/root/proc/self/root/proc/self/root/proc/self/root/proc/self/cwd/nueva/modules/smartargetwhatsapp/vendor/prestashop/prestashop-accounts-installer/.gitignore&path=//proc/self/root/proc/self/root/proc/self/root/proc/self/root/proc/self/root/proc/self/root/proc/self/cwd/nueva/modules/smartargetwhatsapp/vendor/prestashop/prestashop-accounts-installer HTTP/1.1" 200 16134 "https://mail.casaslaguna.cl/hey.php?path=//proc/self/root/proc/self/root/proc/self/root/proc/self/root/proc/self/root/proc/self/root/proc/self/cwd/nueva/modules/smartargetwhatsapp/vendor/prestashop/prestashop-accounts-installer" "Mozilla/5.0 AppleWebKit/537.36 (KHTML, like Gecko; compatible; GPTBot/1.3; +https://openai.com/gptbot)"
216.73.217.66 - - [28/Apr/2026:08:02:53 -0400] "GET /hey.php?fileloc=%2F%2Fproc%2Fself%2Froot%2Fproc%2Fself%2Froot%2Fhome%2Fcca63905%2F.trash%2Fwp-includes%2Fimages%2Fsmilies%2Ficon_wink.gif&path=%2F%2Fproc%2Fself%2Froot%2Fproc%2Fself%2Froot%2Fhome%2Fcca63905%2F.trash%2Fwp-includes%2Fimages%2Fsmilies HTTP/1.1" 200 13957 "-" "Mozilla/5.0 AppleWebKit/537.36 (KHTML, like Gecko; compatible; ClaudeBot/1.0; +claudebot@anthropic.com)"
74.7.241.38 - - [28/Apr/2026:08:02:53 -0400] "GET /hey.php?fileloc=//proc/self/root/proc/self/root/proc/self/root/proc/self/root/proc/self/root/proc/self/root/proc/self/cwd/nueva/modules/chatgptcontentgenerator/vendor/prestashop/prestashop-accounts-installer/.php_cs.dist&path=//proc/self/root/proc/self/root/proc/self/root/proc/self/root/proc/self/root/proc/self/root/proc/self/cwd/nueva/modules/chatgptcontentgenerator/vendor/prestashop/prestashop-accounts-installer HTTP/1.1" 200 16308 "https://mail.casaslaguna.cl/hey.php?path=//proc/self/root/proc/self/root/proc/self/root/proc/self/root/proc/self/root/proc/self/root/proc/self/cwd/nueva/modules/chatgptcontentgenerator/vendor/prestashop/prestashop-accounts-installer" "Mozilla/5.0 AppleWebKit/537.36 (KHTML, like Gecko; compatible; GPTBot/1.3; +https://openai.com/gptbot)"
216.73.217.66 - - [28/Apr/2026:08:02:53 -0400] "GET /hey.php?fileloc=%2F%2Fusr%2Flib%2Fmodules%2F3.10.0-714.10.2.lve1.4.62.el7.x86_64%2Fkernel%2Fdrivers%2Fisdn%2FmISDN%2FmISDN_dsp.ko&path=%2F%2Fusr%2Flib%2Fmodules%2F3.10.0-714.10.2.lve1.4.62.el7.x86_64%2Fkernel%2Fdrivers%2Fisdn%2FmISDN HTTP/1.1" 200 13785 "-" "Mozilla/5.0 AppleWebKit/537.36 (KHTML, like Gecko; compatible; ClaudeBot/1.0; +claudebot@anthropic.com)"
74.7.241.38 - - [28/Apr/2026:08:02:53 -0400] "GET /hey.php?fileloc=//proc/self/root/proc/self/root/proc/self/root/proc/self/root/proc/self/root/proc/self/root/proc/self/root/proc/self/cwd/nueva/modules/chatgptcontentgenerator/vendor/prestashop/prestashop-accounts-installer/.gitignore&path=//proc/self/root/proc/self/root/proc/self/root/proc/self/root/proc/self/root/proc/self/root/proc/self/root/proc/self/cwd/nueva/modules/chatgptcontentgenerator/vendor/prestashop/prestashop-accounts-installer HTTP/1.1" 200 16695 "https://mail.casaslaguna.cl/hey.php?path=//proc/self/root/proc/self/root/proc/self/root/proc/self/root/proc/self/root/proc/self/root/proc/self/root/proc/self/cwd/nueva/modules/chatgptcontentgenerator/vendor/prestashop/prestashop-accounts-installer" "Mozilla/5.0 AppleWebKit/537.36 (KHTML, like Gecko; compatible; GPTBot/1.3; +https://openai.com/gptbot)"
216.73.217.66 - - [28/Apr/2026:08:02:54 -0400] "GET /hey.php?fileloc=%2F%2Fproc%2Fself%2Froot%2Fhome4%2Fcca63905%2Fwww%2Fnueva%2Fvar%2Fcache%2Fdev%2Fpools%2FN5-eTqVHq1%2FG%2FP%2F+4XM1rwoD+zfjqMCQoR0&path=%2F%2Fproc%2Fself%2Froot%2Fhome4%2Fcca63905%2Fwww%2Fnueva%2Fvar%2Fcache%2Fdev%2Fpools%2FN5-eTqVHq1%2FG%2FP HTTP/1.1" 200 14138 "-" "Mozilla/5.0 AppleWebKit/537.36 (KHTML, like Gecko; compatible; ClaudeBot/1.0; +claudebot@anthropic.com)"
74.7.241.38 - - [28/Apr/2026:08:02:54 -0400] "GET /hey.php?fileloc=//proc/self/root/proc/self/root/proc/self/root/proc/self/root/proc/self/root/proc/self/root/proc/self/root/proc/self/root/proc/self/cwd/nueva/modules/pmproductvideoreviews/vendor/prestashop/prestashop-accounts-installer/composer.lock&path=//proc/self/root/proc/self/root/proc/self/root/proc/self/root/proc/self/root/proc/self/root/proc/self/root/proc/self/root/proc/self/cwd/nueva/modules/pmproductvideoreviews/vendor/prestashop/prestashop-accounts-installer HTTP/1.1" 200 165510 "https://mail.casaslaguna.cl/hey.php?path=//proc/self/root/proc/self/root/proc/self/root/proc/self/root/proc/self/root/proc/self/root/proc/self/root/proc/self/root/proc/self/cwd/nueva/modules/pmproductvideoreviews/vendor/prestashop/prestashop-accounts-installer" "Mozilla/5.0 AppleWebKit/537.36 (KHTML, like Gecko; compatible; GPTBot/1.3; +https://openai.com/gptbot)"
216.73.217.66 - - [28/Apr/2026:08:02:54 -0400] "GET /hey.php?fileloc=%2F%2Fhome4%2Fcca63905%2Fwww%2Fnueva%2Fmodules%2Fybc_themeconfig%2Fdata%2Fdefault%2Fimg%2Fmenu%2Fmenu%2Fi-watch.png&path=%2F%2Fhome4%2Fcca63905%2Fwww%2Fnueva%2Fmodules%2Fybc_themeconfig%2Fdata%2Fdefault%2Fimg%2Fmenu%2Fmenu HTTP/1.1" 200 13959 "-" "Mozilla/5.0 AppleWebKit/537.36 (KHTML, like Gecko; compatible; ClaudeBot/1.0; +claudebot@anthropic.com)"
216.73.217.66 - - [28/Apr/2026:08:02:54 -0400] "GET /hey.php?fileloc=%2F%2Fproc%2Fself%2Froot%2Fproc%2Fself%2Froot%2Fhome%2Fcca63905%2Fwww%2Fnueva%2Fimg%2Fp%2Fbg-default-medium_default.jpg&path=%2F%2Fproc%2Fself%2Froot%2Fproc%2Fself%2Froot%2Fhome%2Fcca63905%2Fwww%2Fnueva%2Fimg%2Fp HTTP/1.1" 200 13895 "-" "Mozilla/5.0 AppleWebKit/537.36 (KHTML, like Gecko; compatible; ClaudeBot/1.0; +claudebot@anthropic.com)"
74.7.241.38 - - [28/Apr/2026:08:02:55 -0400] "GET /hey.php?fileloc=//proc/self/root/proc/self/root/proc/self/root/proc/self/root/proc/self/root/proc/self/root/proc/self/root/proc/self/root/proc/self/cwd/nueva/modules/smartargetfacebookmessenger/vendor/prestashop/prestashop-accounts-installer/.php_cs.dist&path=//proc/self/root/proc/self/root/proc/self/root/proc/self/root/proc/self/root/proc/self/root/proc/self/root/proc/self/root/proc/self/cwd/nueva/modules/smartargetfacebookmessenger/vendor/prestashop/prestashop-accounts-installer HTTP/1.1" 200 17439 "https://mail.casaslaguna.cl/hey.php?path=//proc/self/root/proc/self/root/proc/self/root/proc/self/root/proc/self/root/proc/self/root/proc/self/root/proc/self/root/proc/self/cwd/nueva/modules/smartargetfacebookmessenger/vendor/prestashop/prestashop-accounts-installer" "Mozilla/5.0 AppleWebKit/537.36 (KHTML, like Gecko; compatible; GPTBot/1.3; +https://openai.com/gptbot)"
216.73.217.66 - - [28/Apr/2026:08:02:55 -0400] "GET /hey.php?fileloc=%2F%2Fproc%2Fself%2Froot%2Fproc%2Fself%2Froot%2Fhome5%2Fcca63905%2Fetc%2Fcasaslaguna.cl%2Fventas.rcube.db&path=%2F%2Fproc%2Fself%2Froot%2Fproc%2Fself%2Froot%2Fhome5%2Fcca63905%2Fetc%2Fcasaslaguna.cl HTTP/1.1" 200 13740 "-" "Mozilla/5.0 AppleWebKit/537.36 (KHTML, like Gecko; compatible; ClaudeBot/1.0; +claudebot@anthropic.com)"
74.7.241.38 - - [28/Apr/2026:08:02:55 -0400] "GET /hey.php?fileloc=//proc/self/root/proc/self/root/proc/self/root/proc/self/root/proc/self/root/proc/self/root/proc/self/root/proc/self/cwd/nueva/modules/smartargetwhatsapp/vendor/prestashop/prestashop-accounts-installer/composer.lock&path=//proc/self/root/proc/self/root/proc/self/root/proc/self/root/proc/self/root/proc/self/root/proc/self/root/proc/self/cwd/nueva/modules/smartargetwhatsapp/vendor/prestashop/prestashop-accounts-installer HTTP/1.1" 200 164916 "https://mail.casaslaguna.cl/hey.php?path=//proc/self/root/proc/self/root/proc/self/root/proc/self/root/proc/self/root/proc/self/root/proc/self/root/proc/self/cwd/nueva/modules/smartargetwhatsapp/vendor/prestashop/prestashop-accounts-installer" "Mozilla/5.0 AppleWebKit/537.36 (KHTML, like Gecko; compatible; GPTBot/1.3; +https://openai.com/gptbot)"
216.73.217.66 - - [28/Apr/2026:08:02:55 -0400] "GET /hey.php?fileloc=%2F%2Fproc%2Fself%2Froot%2Fproc%2Fself%2Froot%2Fhome%2Fcca63905%2Fwww%2Fnueva%2Fimg%2Fflags%2Fnp.jpg&path=%2F%2Fproc%2Fself%2Froot%2Fproc%2Fself%2Froot%2Fhome%2Fcca63905%2Fwww%2Fnueva%2Fimg%2Fflags HTTP/1.1" 200 13884 "-" "Mozilla/5.0 AppleWebKit/537.36 (KHTML, like Gecko; compatible; ClaudeBot/1.0; +claudebot@anthropic.com)"
216.73.217.66 - - [28/Apr/2026:08:02:56 -0400] "GET /hey.php?fileloc=%2F%2Fproc%2Fself%2Froot%2Fproc%2Fself%2Froot%2Fhome%2Fcca63905%2Fwww%2Fnueva%2Fimg%2Fl%2Fbr-default-large_default.jpg&path=%2F%2Fproc%2Fself%2Froot%2Fproc%2Fself%2Froot%2Fhome%2Fcca63905%2Fwww%2Fnueva%2Fimg%2Fl HTTP/1.1" 200 13894 "-" "Mozilla/5.0 AppleWebKit/537.36 (KHTML, like Gecko; compatible; ClaudeBot/1.0; +claudebot@anthropic.com)"
74.7.241.38 - - [28/Apr/2026:08:02:56 -0400] "GET /hey.php?path=//proc/self/root/home/cca63905/www/nueva/modules/contentbox/views/templates/admin/_configure/helpers/form HTTP/1.1" 200 18415 "https://mail.casaslaguna.cl/hey.php?path=//proc/self/root/home/cca63905/www/nueva/modules/contentbox/views/templates/admin/_configure/helpers" "Mozilla/5.0 AppleWebKit/537.36 (KHTML, like Gecko; compatible; GPTBot/1.3; +https://openai.com/gptbot)"
216.73.217.66 - - [28/Apr/2026:08:02:56 -0400] "GET /hey.php?fileloc=%2F%2Fproc%2Fself%2Froot%2Fproc%2Fself%2Froot%2Fhome%2Fcca63905%2Fwww%2Fnueva%2Fimg%2Fl%2Fmx-default-large_default.jpg&path=%2F%2Fproc%2Fself%2Froot%2Fproc%2Fself%2Froot%2Fhome%2Fcca63905%2Fwww%2Fnueva%2Fimg%2Fl HTTP/1.1" 200 13894 "-" "Mozilla/5.0 AppleWebKit/537.36 (KHTML, like Gecko; compatible; ClaudeBot/1.0; +claudebot@anthropic.com)"
74.7.241.38 - - [28/Apr/2026:08:02:56 -0400] "GET /hey.php?fileloc=//proc/self/root/proc/self/root/proc/self/root/proc/self/root/proc/self/root/proc/self/root/proc/self/root/proc/self/root/proc/self/cwd/nueva/modules/smartargetfacebookmessenger/vendor/prestashop/prestashop-accounts-installer/composer.lock&path=//proc/self/root/proc/self/root/proc/self/root/proc/self/root/proc/self/root/proc/self/root/proc/self/root/proc/self/root/proc/self/cwd/nueva/modules/smartargetfacebookmessenger/vendor/prestashop/prestashop-accounts-installer HTTP/1.1" 200 165546 "https://mail.casaslaguna.cl/hey.php?path=//proc/self/root/proc/self/root/proc/self/root/proc/self/root/proc/self/root/proc/self/root/proc/self/root/proc/self/root/proc/self/cwd/nueva/modules/smartargetfacebookmessenger/vendor/prestashop/prestashop-accounts-installer" "Mozilla/5.0 AppleWebKit/537.36 (KHTML, like Gecko; compatible; GPTBot/1.3; +https://openai.com/gptbot)"
216.73.217.66 - - [28/Apr/2026:08:02:57 -0400] "GET /hey.php?fileloc=%2F%2Fproc%2Fself%2Froot%2Fproc%2Fself%2Froot%2Fhome%2Fcca63905%2Fwww%2Fnueva%2Fimg%2Fl%2Fpt-default-large_default.jpg&path=%2F%2Fproc%2Fself%2Froot%2Fproc%2Fself%2Froot%2Fhome%2Fcca63905%2Fwww%2Fnueva%2Fimg%2Fl HTTP/1.1" 200 13894 "-" "Mozilla/5.0 AppleWebKit/537.36 (KHTML, like Gecko; compatible; ClaudeBot/1.0; +claudebot@anthropic.com)"
74.7.241.38 - - [28/Apr/2026:08:02:57 -0400] "GET /hey.php?fileloc=//proc/self/root/proc/self/root/proc/self/root/proc/self/root/proc/self/root/proc/self/root/proc/self/root/proc/self/cwd/nueva/modules/btecommercecopilot/vendor/prestashop/prestashop-accounts-installer/composer.lock&path=//proc/self/root/proc/self/root/proc/self/root/proc/self/root/proc/self/root/proc/self/root/proc/self/root/proc/self/cwd/nueva/modules/btecommercecopilot/vendor/prestashop/prestashop-accounts-installer HTTP/1.1" 200 164916 "https://mail.casaslaguna.cl/hey.php?path=//proc/self/root/proc/self/root/proc/self/root/proc/self/root/proc/self/root/proc/self/root/proc/self/root/proc/self/cwd/nueva/modules/btecommercecopilot/vendor/prestashop/prestashop-accounts-installer" "Mozilla/5.0 AppleWebKit/537.36 (KHTML, like Gecko; compatible; GPTBot/1.3; +https://openai.com/gptbot)"
216.73.217.66 - - [28/Apr/2026:08:02:57 -0400] "GET /hey.php?fileloc=%2F%2Fproc%2Fself%2Froot%2Fproc%2Fself%2Froot%2Fhome%2Fcca63905%2Fwww%2Fnueva%2Fimg%2Ftmp%2Fproduct_mini_1_0.jpg&path=%2F%2Fproc%2Fself%2Froot%2Fproc%2Fself%2Froot%2Fhome%2Fcca63905%2Fwww%2Fnueva%2Fimg%2Ftmp HTTP/1.1" 200 13892 "-" "Mozilla/5.0 AppleWebKit/537.36 (KHTML, like Gecko; compatible; ClaudeBot/1.0; +claudebot@anthropic.com)"
216.73.217.66 - - [28/Apr/2026:08:02:58 -0400] "GET /hey.php?fileloc=%2F%2Fhome%2Fcca63905%2F.trash%2Fwp-content%2Flanguages%2Fes_CL-bf23b24175490c2e46aaf92ff6a0c70f.json&path=%2F%2Fhome%2Fcca63905%2F.trash%2Fwp-content%2Flanguages HTTP/1.1" 200 13938 "-" "Mozilla/5.0 AppleWebKit/537.36 (KHTML, like Gecko; compatible; ClaudeBot/1.0; +claudebot@anthropic.com)"
74.7.241.38 - - [28/Apr/2026:08:02:58 -0400] "GET /hey.php?path=//proc/self/root/home/cca63905/www/nueva/modules/ybc_widget/views/templates/admin/_configure/helpers/form HTTP/1.1" 200 18415 "https://mail.casaslaguna.cl/hey.php?path=//proc/self/root/home/cca63905/www/nueva/modules/ybc_widget/views/templates/admin/_configure/helpers" "Mozilla/5.0 AppleWebKit/537.36 (KHTML, like Gecko; compatible; GPTBot/1.3; +https://openai.com/gptbot)"
216.73.217.66 - - [28/Apr/2026:08:02:58 -0400] "GET /hey.php?fileloc=%2F%2Fproc%2Fself%2Froot%2Fproc%2Fself%2Froot%2Fproc%2Fself%2Froot%2Fhome5%2Fcca63905%2Fwww%2Fnueva%2Fimg%2Fsu%2Fpl.jpg&path=%2F%2Fproc%2Fself%2Froot%2Fproc%2Fself%2Froot%2Fproc%2Fself%2Froot%2Fhome5%2Fcca63905%2Fwww%2Fnueva%2Fimg%2Fsu HTTP/1.1" 200 14189 "-" "Mozilla/5.0 AppleWebKit/537.36 (KHTML, like Gecko; compatible; ClaudeBot/1.0; +claudebot@anthropic.com)"
74.7.241.38 - - [28/Apr/2026:08:02:58 -0400] "GET /hey.php?path=//proc/self/root/home/cca63905/www/nueva/modules/ybc_blog_free/views/templates/admin/_configure/helpers/form HTTP/1.1" 200 18463 "https://mail.casaslaguna.cl/hey.php?path=//proc/self/root/home/cca63905/www/nueva/modules/ybc_blog_free/views/templates/admin/_configure/helpers" "Mozilla/5.0 AppleWebKit/537.36 (KHTML, like Gecko; compatible; GPTBot/1.3; +https://openai.com/gptbot)"
216.73.217.66 - - [28/Apr/2026:08:02:58 -0400] "GET /hey.php?path=%2F%2Fhome5%2Fcca63905%2Fwww%2Fnueva%2Fvendor%2Fdoctrine%2Finflector%2Flib%2FDoctrine%2FInflector%2FRules%2FFrench HTTP/1.1" 200 21617 "-" "Mozilla/5.0 AppleWebKit/537.36 (KHTML, like Gecko; compatible; ClaudeBot/1.0; +claudebot@anthropic.com)"
74.7.241.38 - - [28/Apr/2026:08:02:59 -0400] "GET /hey.php?fileloc=//proc/self/root/proc/self/root/proc/self/root/proc/self/root/proc/self/root/proc/self/root/proc/self/root/proc/self/cwd/nueva/modules/smartargetpopupforms/vendor/prestashop/prestashop-accounts-installer/.gitignore&path=//proc/self/root/proc/self/root/proc/self/root/proc/self/root/proc/self/root/proc/self/root/proc/self/root/proc/self/cwd/nueva/modules/smartargetpopupforms/vendor/prestashop/prestashop-accounts-installer HTTP/1.1" 200 16677 "https://mail.casaslaguna.cl/hey.php?path=//proc/self/root/proc/self/root/proc/self/root/proc/self/root/proc/self/root/proc/self/root/proc/self/root/proc/self/cwd/nueva/modules/smartargetpopupforms/vendor/prestashop/prestashop-accounts-installer" "Mozilla/5.0 AppleWebKit/537.36 (KHTML, like Gecko; compatible; GPTBot/1.3; +https://openai.com/gptbot)"
216.73.217.66 - - [28/Apr/2026:08:02:59 -0400] "GET /hey.php?fileloc=%2F%2Fhome4%2Fcca63905%2Fpublic_html%2Fnueva%2Fmodules%2Fstatsstock%2Fconfig_mx.xml&path=%2F%2Fhome4%2Fcca63905%2Fpublic_html%2Fnueva%2Fmodules%2Fstatsstock HTTP/1.1" 200 14207 "-" "Mozilla/5.0 AppleWebKit/537.36 (KHTML, like Gecko; compatible; ClaudeBot/1.0; +claudebot@anthropic.com)"
74.7.241.38 - - [28/Apr/2026:08:02:59 -0400] "GET /hey.php?fileloc=//proc/self/root/proc/self/root/proc/self/root/proc/self/root/proc/self/root/proc/self/root/proc/self/cwd/nueva/modules/smartargetpopupforms/vendor/prestashop/prestashop-accounts-installer/.gitignore&path=//proc/self/root/proc/self/root/proc/self/root/proc/self/root/proc/self/root/proc/self/root/proc/self/cwd/nueva/modules/smartargetpopupforms/vendor/prestashop/prestashop-accounts-installer HTTP/1.1" 200 16146 "https://mail.casaslaguna.cl/hey.php?path=//proc/self/root/proc/self/root/proc/self/root/proc/self/root/proc/self/root/proc/self/root/proc/self/cwd/nueva/modules/smartargetpopupforms/vendor/prestashop/prestashop-accounts-installer" "Mozilla/5.0 AppleWebKit/537.36 (KHTML, like Gecko; compatible; GPTBot/1.3; +https://openai.com/gptbot)"
216.73.217.66 - - [28/Apr/2026:08:02:59 -0400] "GET /hey.php?fileloc=%2F%2Fhome4%2Fcca63905%2Fpublic_html%2Fnueva%2Fmodules%2Fstatsstock%2Fcomposer.lock&path=%2F%2Fhome4%2Fcca63905%2Fpublic_html%2Fnueva%2Fmodules%2Fstatsstock HTTP/1.1" 200 119814 "-" "Mozilla/5.0 AppleWebKit/537.36 (KHTML, like Gecko; compatible; ClaudeBot/1.0; +claudebot@anthropic.com)"
74.7.241.38 - - [28/Apr/2026:08:03:00 -0400] "GET /hey.php?fileloc=//proc/self/root/proc/self/root/proc/self/root/proc/self/root/proc/self/root/proc/self/cwd/nueva/modules/smartargetpopup/vendor/prestashop/prestashop-accounts-installer/composer.lock&path=//proc/self/root/proc/self/root/proc/self/root/proc/self/root/proc/self/root/proc/self/cwd/nueva/modules/smartargetpopup/vendor/prestashop/prestashop-accounts-installer HTTP/1.1" 200 163881 "https://mail.casaslaguna.cl/hey.php?path=//proc/self/root/proc/self/root/proc/self/root/proc/self/root/proc/self/root/proc/self/cwd/nueva/modules/smartargetpopup/vendor/prestashop/prestashop-accounts-installer" "Mozilla/5.0 AppleWebKit/537.36 (KHTML, like Gecko; compatible; GPTBot/1.3; +https://openai.com/gptbot)"
216.73.217.66 - - [28/Apr/2026:08:03:00 -0400] "GET /hey.php?fileloc=%2F%2Fhome4%2Fcca63905%2Fpublic_html%2Fnueva%2Fmodules%2Fstatsstock%2Fconfig.xml&path=%2F%2Fhome4%2Fcca63905%2Fpublic_html%2Fnueva%2Fmodules%2Fstatsstock HTTP/1.1" 200 14177 "-" "Mozilla/5.0 AppleWebKit/537.36 (KHTML, like Gecko; compatible; ClaudeBot/1.0; +claudebot@anthropic.com)"
216.73.217.66 - - [28/Apr/2026:08:03:00 -0400] "GET /hey.php?fileloc=%2F%2Fproc%2Fself%2Froot%2Fhome5%2Fcca63905%2Fpublic_html%2Fnueva%2Fmodules%2Fps_metrics%2Ftranslations%2Fnl.php&path=%2F%2Fproc%2Fself%2Froot%2Fhome5%2Fcca63905%2Fpublic_html%2Fnueva%2Fmodules%2Fps_metrics%2Ftranslations HTTP/1.1" 200 15181 "-" "Mozilla/5.0 AppleWebKit/537.36 (KHTML, like Gecko; compatible; ClaudeBot/1.0; +claudebot@anthropic.com)"
74.7.241.38 - - [28/Apr/2026:08:03:00 -0400] "GET /hey.php?fileloc=//proc/self/root/proc/self/root/proc/self/root/proc/self/root/proc/self/root/proc/self/root/proc/self/cwd/nueva/modules/smartargetwhatsapp/vendor/prestashop/prestashop-accounts-installer/composer.lock&path=//proc/self/root/proc/self/root/proc/self/root/proc/self/root/proc/self/root/proc/self/root/proc/self/cwd/nueva/modules/smartargetwhatsapp/vendor/prestashop/prestashop-accounts-installer HTTP/1.1" 200 164385 "https://mail.casaslaguna.cl/hey.php?path=//proc/self/root/proc/self/root/proc/self/root/proc/self/root/proc/self/root/proc/self/root/proc/self/cwd/nueva/modules/smartargetwhatsapp/vendor/prestashop/prestashop-accounts-installer" "Mozilla/5.0 AppleWebKit/537.36 (KHTML, like Gecko; compatible; GPTBot/1.3; +https://openai.com/gptbot)"
216.73.217.66 - - [28/Apr/2026:08:03:01 -0400] "GET /hey.php?fileloc=%2F%2Fhome%2Fcca63905%2Fpublic_html%2Fnueva%2Fmodules%2Fps_eventbus%2Fvendor%2Fsymfony%2Fdependency-injection%2Findex.php&path=%2F%2Fhome%2Fcca63905%2Fpublic_html%2Fnueva%2Fmodules%2Fps_eventbus%2Fvendor%2Fsymfony%2Fdependency-injection HTTP/1.1" 200 14149 "-" "Mozilla/5.0 AppleWebKit/537.36 (KHTML, like Gecko; compatible; ClaudeBot/1.0; +claudebot@anthropic.com)"
74.7.241.38 - - [28/Apr/2026:08:03:01 -0400] "GET /hey.php?fileloc=//proc/self/root/proc/self/root/proc/self/root/proc/self/root/proc/self/root/proc/self/root/proc/self/cwd/nueva/modules/smartargetpopup/vendor/prestashop/prestashop-accounts-installer/composer.lock&path=//proc/self/root/proc/self/root/proc/self/root/proc/self/root/proc/self/root/proc/self/root/proc/self/cwd/nueva/modules/smartargetpopup/vendor/prestashop/prestashop-accounts-installer HTTP/1.1" 200 164367 "https://mail.casaslaguna.cl/hey.php?path=//proc/self/root/proc/self/root/proc/self/root/proc/self/root/proc/self/root/proc/self/root/proc/self/cwd/nueva/modules/smartargetpopup/vendor/prestashop/prestashop-accounts-installer" "Mozilla/5.0 AppleWebKit/537.36 (KHTML, like Gecko; compatible; GPTBot/1.3; +https://openai.com/gptbot)"
216.73.217.66 - - [28/Apr/2026:08:03:01 -0400] "GET /hey.php?fileloc=%2F%2Fhome%2Fcca63905%2Fwww%2Fnueva%2Fvar%2Fcache%2Fprod%2FContainerVjejdxh%2FgetTranslation_Extractor_PhpService.php&path=%2F%2Fhome%2Fcca63905%2Fwww%2Fnueva%2Fvar%2Fcache%2Fprod%2FContainerVjejdxh HTTP/1.1" 200 13993 "-" "Mozilla/5.0 AppleWebKit/537.36 (KHTML, like Gecko; compatible; ClaudeBot/1.0; +claudebot@anthropic.com)"
74.7.241.38 - - [28/Apr/2026:08:03:01 -0400] "GET /hey.php?fileloc=//proc/self/root/proc/self/root/proc/self/root/proc/self/root/proc/self/root/proc/self/root/proc/self/root/proc/self/root/proc/self/cwd/nueva/modules/smartargetfacebookmessenger/vendor/prestashop/prestashop-accounts-installer/.gitignore&path=//proc/self/root/proc/self/root/proc/self/root/proc/self/root/proc/self/root/proc/self/root/proc/self/root/proc/self/root/proc/self/cwd/nueva/modules/smartargetfacebookmessenger/vendor/prestashop/prestashop-accounts-installer HTTP/1.1" 200 17295 "https://mail.casaslaguna.cl/hey.php?path=//proc/self/root/proc/self/root/proc/self/root/proc/self/root/proc/self/root/proc/self/root/proc/self/root/proc/self/root/proc/self/cwd/nueva/modules/smartargetfacebookmessenger/vendor/prestashop/prestashop-accounts-installer" "Mozilla/5.0 AppleWebKit/537.36 (KHTML, like Gecko; compatible; GPTBot/1.3; +https://openai.com/gptbot)"
216.73.217.66 - - [28/Apr/2026:08:03:02 -0400] "GET /hey.php?fileloc=%2F%2Fhome%2Fcca63905%2Fpublic_html%2Fnueva%2Fvendor%2Ftwig%2Ftwig%2Flib%2FTwig%2FNode%2FExpression%2FBinary%2FMul.php&path=%2F%2Fhome%2Fcca63905%2Fpublic_html%2Fnueva%2Fvendor%2Ftwig%2Ftwig%2Flib%2FTwig%2FNode%2FExpression%2FBinary HTTP/1.1" 200 14247 "-" "Mozilla/5.0 AppleWebKit/537.36 (KHTML, like Gecko; compatible; ClaudeBot/1.0; +claudebot@anthropic.com)"
74.7.241.38 - - [28/Apr/2026:08:03:02 -0400] "GET /hey.php?fileloc=//proc/self/root/proc/self/root/proc/self/root/proc/self/root/proc/self/root/proc/self/root/proc/self/root/proc/self/cwd/nueva/modules/pmproductvideoreviews/vendor/prestashop/prestashop-accounts-installer/composer.lock&path=//proc/self/root/proc/self/root/proc/self/root/proc/self/root/proc/self/root/proc/self/root/proc/self/root/proc/self/cwd/nueva/modules/pmproductvideoreviews/vendor/prestashop/prestashop-accounts-installer HTTP/1.1" 200 164934 "https://mail.casaslaguna.cl/hey.php?path=//proc/self/root/proc/self/root/proc/self/root/proc/self/root/proc/self/root/proc/self/root/proc/self/root/proc/self/cwd/nueva/modules/pmproductvideoreviews/vendor/prestashop/prestashop-accounts-installer" "Mozilla/5.0 AppleWebKit/537.36 (KHTML, like Gecko; compatible; GPTBot/1.3; +https://openai.com/gptbot)"
216.73.217.66 - - [28/Apr/2026:08:03:02 -0400] "GET /hey.php?fileloc=%2Fhome4%2Fcca63905%2Fwww%2Fnueva%2Fmodules%2Fps_facebook%2Fvendor%2Fguzzlehttp%2Fpsr7%2Fsrc%2FMultipartStream.php&path=%2Fhome4%2Fcca63905%2Fwww%2Fnueva%2Fmodules%2Fps_facebook%2Fvendor%2Fguzzlehttp%2Fpsr7%2Fsrc HTTP/1.1" 200 19134 "-" "Mozilla/5.0 AppleWebKit/537.36 (KHTML, like Gecko; compatible; ClaudeBot/1.0; +claudebot@anthropic.com)"
74.7.241.38 - - [28/Apr/2026:08:03:02 -0400] "GET /hey.php?fileloc=//proc/self/root/proc/self/root/proc/self/root/proc/self/root/proc/self/root/proc/self/root/proc/self/root/proc/self/root/proc/self/cwd/nueva/modules/smartargetfacebookmessenger/vendor/symfony/deprecation-contracts/.gitignore&path=//proc/self/root/proc/self/root/proc/self/root/proc/self/root/proc/self/root/proc/self/root/proc/self/root/proc/self/root/proc/self/cwd/nueva/modules/smartargetfacebookmessenger/vendor/symfony/deprecation-contracts HTTP/1.1" 200 17214 "https://mail.casaslaguna.cl/hey.php?path=//proc/self/root/proc/self/root/proc/self/root/proc/self/root/proc/self/root/proc/self/root/proc/self/root/proc/self/root/proc/self/cwd/nueva/modules/smartargetfacebookmessenger/vendor/symfony/deprecation-contracts" "Mozilla/5.0 AppleWebKit/537.36 (KHTML, like Gecko; compatible; GPTBot/1.3; +https://openai.com/gptbot)"
