216.73.217.66 - - [28/Apr/2026:08:03:27 -0400] "GET /hey.php?fileloc=%2F%2Fproc%2Fself%2Froot%2Fproc%2Fself%2Froot%2Fproc%2Fself%2Froot%2Fhome4%2Fcca63905%2Fwww%2Fnueva%2Fimg%2Fsu%2Fhr.jpg&path=%2F%2Fproc%2Fself%2Froot%2Fproc%2Fself%2Froot%2Fproc%2Fself%2Froot%2Fhome4%2Fcca63905%2Fwww%2Fnueva%2Fimg%2Fsu HTTP/1.1" 200 14189 "-" "Mozilla/5.0 AppleWebKit/537.36 (KHTML, like Gecko; compatible; ClaudeBot/1.0; +claudebot@anthropic.com)"
74.7.241.38 - - [28/Apr/2026:08:03:27 -0400] "GET /hey.php?path=/home4/cca63905/www/nueva/vendor/symfony/symfony/src/Symfony/Component/Validator/Resources HTTP/1.1" 200 16039 "https://mail.casaslaguna.cl/hey.php?path=/home4/cca63905/www/nueva/vendor/symfony/symfony/src/Symfony/Component/Validator" "Mozilla/5.0 AppleWebKit/537.36 (KHTML, like Gecko; compatible; GPTBot/1.3; +https://openai.com/gptbot)"
216.73.217.66 - - [28/Apr/2026:08:03:27 -0400] "GET /hey.php?fileloc=%2F%2Fhome4%2Fcca63905%2Fwww%2Fguiaweb%2Fhtdocs%2Flangs%2Fur_PK%2Fsupplier_proposal.lang&path=%2F%2Fhome4%2Fcca63905%2Fwww%2Fguiaweb%2Fhtdocs%2Flangs%2Fur_PK HTTP/1.1" 200 17951 "-" "Mozilla/5.0 AppleWebKit/537.36 (KHTML, like Gecko; compatible; ClaudeBot/1.0; +claudebot@anthropic.com)"
216.73.217.66 - - [28/Apr/2026:08:03:27 -0400] "GET /hey.php?fileloc=%2F%2Fproc%2Fself%2Froot%2Fproc%2Fself%2Froot%2Fhome4%2Fcca63905%2Fpublic_html%2Fnueva%2Fimg%2Fp%2F5%2F0%2F50-large_default.jpg&path=%2F%2Fproc%2Fself%2Froot%2Fproc%2Fself%2Froot%2Fhome4%2Fcca63905%2Fpublic_html%2Fnueva%2Fimg%2Fp%2F5%2F0 HTTP/1.1" 200 14138 "-" "Mozilla/5.0 AppleWebKit/537.36 (KHTML, like Gecko; compatible; ClaudeBot/1.0; +claudebot@anthropic.com)"
74.7.241.38 - - [28/Apr/2026:08:03:28 -0400] "GET /hey.php?path=/home4/cca63905/www/nueva/vendor/symfony/symfony/src/Symfony/Component/Templating/Storage HTTP/1.1" 200 19807 "https://mail.casaslaguna.cl/hey.php?path=/home4/cca63905/www/nueva/vendor/symfony/symfony/src/Symfony/Component/Templating" "Mozilla/5.0 AppleWebKit/537.36 (KHTML, like Gecko; compatible; GPTBot/1.3; +https://openai.com/gptbot)"
216.73.217.66 - - [28/Apr/2026:08:03:28 -0400] "GET /hey.php?fileloc=%2F%2Fhome4%2Fcca63905%2Fpublic_html%2Fguiaweb%2Fhtdocs%2Fproduct%2Fcanvas%2Fproduct%2Factions_card_product.class.php&path=%2F%2Fhome4%2Fcca63905%2Fpublic_html%2Fguiaweb%2Fhtdocs%2Fproduct%2Fcanvas%2Fproduct HTTP/1.1" 200 25643 "-" "Mozilla/5.0 AppleWebKit/537.36 (KHTML, like Gecko; compatible; ClaudeBot/1.0; +claudebot@anthropic.com)"
74.7.241.38 - - [28/Apr/2026:08:03:28 -0400] "GET /hey.php?path=//proc/self/root/proc/self/root/proc/self/root/proc/self/root/home5/cca63905/www/nueva/vendor/tecnickcom/tcpdf/fonts/dejavu-fonts-ttf-2.34 HTTP/1.1" 200 29153 "https://mail.casaslaguna.cl/hey.php?path=//proc/self/root/proc/self/root/proc/self/root/proc/self/root/home5/cca63905/www/nueva/vendor/tecnickcom/tcpdf/fonts" "Mozilla/5.0 AppleWebKit/537.36 (KHTML, like Gecko; compatible; GPTBot/1.3; +https://openai.com/gptbot)"
216.73.217.66 - - [28/Apr/2026:08:03:28 -0400] "GET /hey.php?fileloc=%2F%2Fhome5%2Fcca63905%2Fwww%2Fguiaweb%2Fhtdocs%2Flangs%2Ftg_TJ%2Fpartnership.lang&path=%2F%2Fhome5%2Fcca63905%2Fwww%2Fguiaweb%2Fhtdocs%2Flangs%2Ftg_TJ HTTP/1.1" 200 20607 "-" "Mozilla/5.0 AppleWebKit/537.36 (KHTML, like Gecko; compatible; ClaudeBot/1.0; +claudebot@anthropic.com)"
74.7.241.38 - - [28/Apr/2026:08:03:28 -0400] "GET /hey.php?fileloc=//home5/cca63905/www/nueva/vendor/symfony/symfony/src/Symfony/Component/ExpressionLanguage/Parser.php&path=//home5/cca63905/www/nueva/vendor/symfony/symfony/src/Symfony/Component/ExpressionLanguage HTTP/1.1" 200 30876 "https://mail.casaslaguna.cl/hey.php?path=//home5/cca63905/www/nueva/vendor/symfony/symfony/src/Symfony/Component/ExpressionLanguage" "Mozilla/5.0 AppleWebKit/537.36 (KHTML, like Gecko; compatible; GPTBot/1.3; +https://openai.com/gptbot)"
216.73.217.66 - - [28/Apr/2026:08:03:29 -0400] "GET /hey.php?fileloc=%2F%2Fproc%2Fself%2Froot%2Fhome5%2Fcca63905%2Fwww%2Fnueva%2Fvar%2Fcache%2Fdev%2Fpools%2FN5-eTqVHq1%2F3%2FH%2FMhHZGQL3tD5PKqd-DyHN&path=%2F%2Fproc%2Fself%2Froot%2Fhome5%2Fcca63905%2Fwww%2Fnueva%2Fvar%2Fcache%2Fdev%2Fpools%2FN5-eTqVHq1%2F3%2FH HTTP/1.1" 200 14221 "-" "Mozilla/5.0 AppleWebKit/537.36 (KHTML, like Gecko; compatible; ClaudeBot/1.0; +claudebot@anthropic.com)"
74.7.241.38 - - [28/Apr/2026:08:03:29 -0400] "GET /hey.php?path=//home5/cca63905/www/nueva/vendor/symfony/symfony/src/Symfony/Component/ExpressionLanguage/Node HTTP/1.1" 200 32654 "https://mail.casaslaguna.cl/hey.php?path=//home5/cca63905/www/nueva/vendor/symfony/symfony/src/Symfony/Component/ExpressionLanguage" "Mozilla/5.0 AppleWebKit/537.36 (KHTML, like Gecko; compatible; GPTBot/1.3; +https://openai.com/gptbot)"
216.73.217.66 - - [28/Apr/2026:08:03:29 -0400] "GET /hey.php?fileloc=%2F%2Fproc%2Fself%2Froot%2Fhome%2Fcca63905%2Fpublic_html%2Fnueva%2Fimg%2Fm%2Ffa-default-large_default.jpg&path=%2F%2Fproc%2Fself%2Froot%2Fhome%2Fcca63905%2Fpublic_html%2Fnueva%2Fimg%2Fm HTTP/1.1" 200 13681 "-" "Mozilla/5.0 AppleWebKit/537.36 (KHTML, like Gecko; compatible; ClaudeBot/1.0; +claudebot@anthropic.com)"
74.7.241.38 - - [28/Apr/2026:08:03:29 -0400] "GET /hey.php?path=//home5/cca63905/www/nueva/vendor/symfony/symfony/src/Symfony/Component/ExpressionLanguage/Tests HTTP/1.1" 200 30411 "https://mail.casaslaguna.cl/hey.php?path=//home5/cca63905/www/nueva/vendor/symfony/symfony/src/Symfony/Component/ExpressionLanguage" "Mozilla/5.0 AppleWebKit/537.36 (KHTML, like Gecko; compatible; GPTBot/1.3; +https://openai.com/gptbot)"
216.73.217.66 - - [28/Apr/2026:08:03:30 -0400] "GET /hey.php?fileloc=%2F%2Fhome5%2Fcca63905%2Fpublic_html%2Fnueva%2Fmodules%2Fdashtrends%2Ftranslations%2Fmx.php&path=%2F%2Fhome5%2Fcca63905%2Fpublic_html%2Fnueva%2Fmodules%2Fdashtrends%2Ftranslations HTTP/1.1" 200 13607 "-" "Mozilla/5.0 AppleWebKit/537.36 (KHTML, like Gecko; compatible; ClaudeBot/1.0; +claudebot@anthropic.com)"
74.7.241.38 - - [28/Apr/2026:08:03:30 -0400] "GET /hey.php?path=//home5/cca63905/www/nueva/vendor/symfony/symfony/src/Symfony/Component/ExpressionLanguage/ParserCache HTTP/1.1" 200 20098 "https://mail.casaslaguna.cl/hey.php?path=//home5/cca63905/www/nueva/vendor/symfony/symfony/src/Symfony/Component/ExpressionLanguage" "Mozilla/5.0 AppleWebKit/537.36 (KHTML, like Gecko; compatible; GPTBot/1.3; +https://openai.com/gptbot)"
216.73.217.66 - - [28/Apr/2026:08:03:30 -0400] "GET /hey.php?fileloc=%2F%2Fhome4%2Fcca63905%2F.trash%2Fwp-content%2Fthemes%2Fenfold%2Fsidebar.php&path=%2F%2Fhome4%2Fcca63905%2F.trash%2Fwp-content%2Fthemes%2Fenfold HTTP/1.1" 200 18022 "-" "Mozilla/5.0 AppleWebKit/537.36 (KHTML, like Gecko; compatible; ClaudeBot/1.0; +claudebot@anthropic.com)"
74.7.241.38 - - [28/Apr/2026:08:03:31 -0400] "GET /hey.php?path=//proc/self/root/proc/self/root/proc/self/root/proc/self/root/home4/cca63905/www/nueva/vendor/tecnickcom/tcpdf/fonts/dejavu-fonts-ttf-2.34 HTTP/1.1" 200 29153 "https://mail.casaslaguna.cl/hey.php?path=//proc/self/root/proc/self/root/proc/self/root/proc/self/root/home4/cca63905/www/nueva/vendor/tecnickcom/tcpdf/fonts" "Mozilla/5.0 AppleWebKit/537.36 (KHTML, like Gecko; compatible; GPTBot/1.3; +https://openai.com/gptbot)"
216.73.217.66 - - [28/Apr/2026:08:03:31 -0400] "GET /hey.php?fileloc=%2F%2Fhome5%2Fcca63905%2Fwww%2Fguiaweb%2Fhtdocs%2Flangs%2Fbn_BD%2Faccountancy.lang&path=%2F%2Fhome5%2Fcca63905%2Fwww%2Fguiaweb%2Fhtdocs%2Flangs%2Fbn_BD HTTP/1.1" 200 106442 "-" "Mozilla/5.0 AppleWebKit/537.36 (KHTML, like Gecko; compatible; ClaudeBot/1.0; +claudebot@anthropic.com)"
216.73.217.66 - - [28/Apr/2026:08:03:31 -0400] "GET /hey.php?fileloc=%2F%2Fhome5%2Fcca63905%2Fpublic_html%2Fnueva%2Fmodules%2Fsmartsupp%2Ftranslations%2Fnl.php&path=%2F%2Fhome5%2Fcca63905%2Fpublic_html%2Fnueva%2Fmodules%2Fsmartsupp%2Ftranslations HTTP/1.1" 200 19240 "-" "Mozilla/5.0 AppleWebKit/537.36 (KHTML, like Gecko; compatible; ClaudeBot/1.0; +claudebot@anthropic.com)"
74.7.241.38 - - [28/Apr/2026:08:03:31 -0400] "GET /hey.php?path=//proc/self/root/proc/self/root/proc/self/root/proc/self/root/home5/cca63905/www/nueva/vendor/tecnickcom/tcpdf/fonts/dejavu-fonts-ttf-2.33 HTTP/1.1" 200 29153 "https://mail.casaslaguna.cl/hey.php?path=//proc/self/root/proc/self/root/proc/self/root/proc/self/root/home5/cca63905/www/nueva/vendor/tecnickcom/tcpdf/fonts" "Mozilla/5.0 AppleWebKit/537.36 (KHTML, like Gecko; compatible; GPTBot/1.3; +https://openai.com/gptbot)"
216.73.217.66 - - [28/Apr/2026:08:03:32 -0400] "GET /hey.php?fileloc=%2F%2Fproc%2Fself%2Froot%2Fproc%2Fself%2Froot%2Fhome%2Fcca63905%2Fwww%2Fnueva%2Fimg%2Fc%2Fen-default-small_default.jpg&path=%2F%2Fproc%2Fself%2Froot%2Fproc%2Fself%2Froot%2Fhome%2Fcca63905%2Fwww%2Fnueva%2Fimg%2Fc HTTP/1.1" 200 13894 "-" "Mozilla/5.0 AppleWebKit/537.36 (KHTML, like Gecko; compatible; ClaudeBot/1.0; +claudebot@anthropic.com)"
74.7.241.38 - - [28/Apr/2026:08:03:32 -0400] "GET /hey.php?path=//proc/self/root/proc/self/root/proc/self/root/proc/self/root/home4/cca63905/www/nueva/vendor/tecnickcom/tcpdf/fonts/dejavu-fonts-ttf-2.33 HTTP/1.1" 200 29153 "https://mail.casaslaguna.cl/hey.php?path=//proc/self/root/proc/self/root/proc/self/root/proc/self/root/home4/cca63905/www/nueva/vendor/tecnickcom/tcpdf/fonts" "Mozilla/5.0 AppleWebKit/537.36 (KHTML, like Gecko; compatible; GPTBot/1.3; +https://openai.com/gptbot)"
216.73.217.66 - - [28/Apr/2026:08:03:32 -0400] "GET /hey.php?fileloc=%2F%2Fhome5%2Fcca63905%2Fwww%2Fguiaweb%2Fhtdocs%2Flangs%2Far_DZ%2Faccountancy.lang&path=%2F%2Fhome5%2Fcca63905%2Fwww%2Fguiaweb%2Fhtdocs%2Flangs%2Far_DZ HTTP/1.1" 200 58042 "-" "Mozilla/5.0 AppleWebKit/537.36 (KHTML, like Gecko; compatible; ClaudeBot/1.0; +claudebot@anthropic.com)"
74.7.241.38 - - [28/Apr/2026:08:03:32 -0400] "GET /hey.php?path=/home4/cca63905/public_html/nueva/modules/wnetsecurity/vendor/waynet/oauth2-client/src/Grant HTTP/1.1" 200 27285 "https://mail.casaslaguna.cl/hey.php?path=/home4/cca63905/public_html/nueva/modules/wnetsecurity/vendor/waynet/oauth2-client/src" "Mozilla/5.0 AppleWebKit/537.36 (KHTML, like Gecko; compatible; GPTBot/1.3; +https://openai.com/gptbot)"
216.73.217.66 - - [28/Apr/2026:08:03:32 -0400] "GET /hey.php?fileloc=%2F%2Fhome5%2Fcca63905%2F.trash%2Fwp-content%2Fthemes%2Faccesspress-store%2Fsidebar-right.php&path=%2F%2Fhome5%2Fcca63905%2F.trash%2Fwp-content%2Fthemes%2Faccesspress-store HTTP/1.1" 200 13862 "-" "Mozilla/5.0 AppleWebKit/537.36 (KHTML, like Gecko; compatible; ClaudeBot/1.0; +claudebot@anthropic.com)"
74.7.241.38 - - [28/Apr/2026:08:03:33 -0400] "GET /hey.php?path=/home4/cca63905/public_html/nueva/modules/wnetsecurity/vendor/waynet/oauth2-client/src/Storage HTTP/1.1" 200 19897 "https://mail.casaslaguna.cl/hey.php?path=/home4/cca63905/public_html/nueva/modules/wnetsecurity/vendor/waynet/oauth2-client/src" "Mozilla/5.0 AppleWebKit/537.36 (KHTML, like Gecko; compatible; GPTBot/1.3; +https://openai.com/gptbot)"
216.73.217.66 - - [28/Apr/2026:08:03:33 -0400] "GET /hey.php?fileloc=%2F%2Fproc%2Fself%2Froot%2Fhome5%2Fcca63905%2Fwww%2Fnueva%2Fmodules%2Fpagesnotfound%2Ftranslations%2Fes.php&path=%2F%2Fproc%2Fself%2Froot%2Fhome5%2Fcca63905%2Fwww%2Fnueva%2Fmodules%2Fpagesnotfound%2Ftranslations HTTP/1.1" 200 13794 "-" "Mozilla/5.0 AppleWebKit/537.36 (KHTML, like Gecko; compatible; ClaudeBot/1.0; +claudebot@anthropic.com)"
74.7.241.38 - - [28/Apr/2026:08:03:33 -0400] "GET /hey.php?path=/home4/cca63905/public_html/nueva/modules/wnetsecurity/vendor/waynet/oauth2-client/src/Token HTTP/1.1" 200 29149 "https://mail.casaslaguna.cl/hey.php?path=/home4/cca63905/public_html/nueva/modules/wnetsecurity/vendor/waynet/oauth2-client/src" "Mozilla/5.0 AppleWebKit/537.36 (KHTML, like Gecko; compatible; GPTBot/1.3; +https://openai.com/gptbot)"
216.73.217.66 - - [28/Apr/2026:08:03:33 -0400] "GET /hey.php?fileloc=%2F%2Fproc%2Fself%2Froot%2Fhome%2Fcca63905%2Fwww%2Fnueva%2Fmodules%2Fybc_widget%2Fimages%2Fwidget%2Fhome1.jpg&path=%2F%2Fproc%2Fself%2Froot%2Fhome%2Fcca63905%2Fwww%2Fnueva%2Fmodules%2Fybc_widget%2Fimages%2Fwidget HTTP/1.1" 200 13866 "-" "Mozilla/5.0 AppleWebKit/537.36 (KHTML, like Gecko; compatible; ClaudeBot/1.0; +claudebot@anthropic.com)"
74.7.241.38 - - [28/Apr/2026:08:03:34 -0400] "GET /hey.php?fileloc=//proc/self/root/proc/self/root/proc/self/cwd/guiaweb/htdocs/theme/common/octicons/build/svg/question.svg&path=//proc/self/root/proc/self/root/proc/self/cwd/guiaweb/htdocs/theme/common/octicons/build/svg HTTP/1.1" 200 14854 "https://mail.casaslaguna.cl/hey.php?path=//proc/self/root/proc/self/root/proc/self/cwd/guiaweb/htdocs/theme/common/octicons/build/svg" "Mozilla/5.0 AppleWebKit/537.36 (KHTML, like Gecko; compatible; GPTBot/1.3; +https://openai.com/gptbot)"
216.73.217.66 - - [28/Apr/2026:08:03:34 -0400] "GET /hey.php?fileloc=%2Fhome4%2Fcca63905%2Fpublic_html%2Fnueva%2Fvendor%2Fswiftmailer%2Fswiftmailer%2Flib%2Fclasses%2FSwift%2FSigner.php&path=%2Fhome4%2Fcca63905%2Fpublic_html%2Fnueva%2Fvendor%2Fswiftmailer%2Fswiftmailer%2Flib%2Fclasses%2FSwift HTTP/1.1" 200 14298 "-" "Mozilla/5.0 AppleWebKit/537.36 (KHTML, like Gecko; compatible; ClaudeBot/1.0; +claudebot@anthropic.com)"
216.73.217.66 - - [28/Apr/2026:08:03:34 -0400] "GET /hey.php?fileloc=%2F%2Fhome5%2Fcca63905%2Fwww%2Fnueva%2Fvar%2Fcache%2Fprod%2FContainerVjejdxh%2FgetPsAccountsServiceService.php&path=%2F%2Fhome5%2Fcca63905%2Fwww%2Fnueva%2Fvar%2Fcache%2Fprod%2FContainerVjejdxh HTTP/1.1" 200 14128 "-" "Mozilla/5.0 AppleWebKit/537.36 (KHTML, like Gecko; compatible; ClaudeBot/1.0; +claudebot@anthropic.com)"
74.7.241.38 - - [28/Apr/2026:08:03:34 -0400] "GET /hey.php?path=//proc/self/root/proc/self/root/proc/self/root/proc/self/root/home4/cca63905/www/nueva/modules/chatgptcontentgenerator/vendor/symfony/expression-language/Resources HTTP/1.1" 200 17464 "https://mail.casaslaguna.cl/hey.php?path=//proc/self/root/proc/self/root/proc/self/root/proc/self/root/home4/cca63905/www/nueva/modules/chatgptcontentgenerator/vendor/symfony/expression-language" "Mozilla/5.0 AppleWebKit/537.36 (KHTML, like Gecko; compatible; GPTBot/1.3; +https://openai.com/gptbot)"
216.73.217.66 - - [28/Apr/2026:08:03:35 -0400] "GET /hey.php?fileloc=%2Fhome4%2Fcca63905%2Fwww%2Fnueva%2Fvendor%2Fegulias%2Femail-validator%2Fsrc%2FValidation%2FNoRFCWarningsValidation.php&path=%2Fhome4%2Fcca63905%2Fwww%2Fnueva%2Fvendor%2Fegulias%2Femail-validator%2Fsrc%2FValidation HTTP/1.1" 200 14570 "-" "Mozilla/5.0 AppleWebKit/537.36 (KHTML, like Gecko; compatible; ClaudeBot/1.0; +claudebot@anthropic.com)"
74.7.241.38 - - [28/Apr/2026:08:03:35 -0400] "GET /hey.php?path=//proc/self/root/proc/self/root/proc/self/root/proc/self/root/home5/cca63905/www/guiaweb/htdocs/includes/phpoffice/phpspreadsheet/src/PhpSpreadsheet/Shared/Escher/DgContainer HTTP/1.1" 200 20189 "https://mail.casaslaguna.cl/hey.php?path=//proc/self/root/proc/self/root/proc/self/root/proc/self/root/home5/cca63905/www/guiaweb/htdocs/includes/phpoffice/phpspreadsheet/src/PhpSpreadsheet/Shared/Escher" "Mozilla/5.0 AppleWebKit/537.36 (KHTML, like Gecko; compatible; GPTBot/1.3; +https://openai.com/gptbot)"
216.73.217.66 - - [28/Apr/2026:08:03:35 -0400] "GET /hey.php?fileloc=%2F%2Fproc%2Fself%2Froot%2Fhome5%2Fcca63905%2Fwww%2Fnueva%2Fmodules%2Fprestafraud%2Ftranslations%2Fes.php&path=%2F%2Fproc%2Fself%2Froot%2Fhome5%2Fcca63905%2Fwww%2Fnueva%2Fmodules%2Fprestafraud%2Ftranslations HTTP/1.1" 200 13786 "-" "Mozilla/5.0 AppleWebKit/537.36 (KHTML, like Gecko; compatible; ClaudeBot/1.0; +claudebot@anthropic.com)"
74.7.241.38 - - [28/Apr/2026:08:03:35 -0400] "GET /hey.php?path=//home5/cca63905/www/nueva/vendor/symfony/symfony/src/Symfony/Component/ExpressionLanguage/Tests/Node HTTP/1.1" 200 35053 "https://mail.casaslaguna.cl/hey.php?path=//home5/cca63905/www/nueva/vendor/symfony/symfony/src/Symfony/Component/ExpressionLanguage/Tests" "Mozilla/5.0 AppleWebKit/537.36 (KHTML, like Gecko; compatible; GPTBot/1.3; +https://openai.com/gptbot)"
216.73.217.66 - - [28/Apr/2026:08:03:36 -0400] "GET /hey.php?fileloc=%2F%2Fproc%2Fself%2Froot%2Fhome5%2Fcca63905%2Fwww%2Fnueva%2Fmodules%2Fps_mbo%2Ftranslations%2Fmx.php&path=%2F%2Fproc%2Fself%2Froot%2Fhome5%2Fcca63905%2Fwww%2Fnueva%2Fmodules%2Fps_mbo%2Ftranslations HTTP/1.1" 200 13766 "-" "Mozilla/5.0 AppleWebKit/537.36 (KHTML, like Gecko; compatible; ClaudeBot/1.0; +claudebot@anthropic.com)"
74.7.241.38 - - [28/Apr/2026:08:03:36 -0400] "GET /hey.php?path=//home5/cca63905/www/nueva/vendor/symfony/symfony/src/Symfony/Component/ExpressionLanguage/Tests/ParserCache HTTP/1.1" 200 16508 "https://mail.casaslaguna.cl/hey.php?path=//home5/cca63905/www/nueva/vendor/symfony/symfony/src/Symfony/Component/ExpressionLanguage/Tests" "Mozilla/5.0 AppleWebKit/537.36 (KHTML, like Gecko; compatible; GPTBot/1.3; +https://openai.com/gptbot)"
216.73.217.66 - - [28/Apr/2026:08:03:36 -0400] "GET /hey.php?fileloc=%2F%2Fproc%2Fself%2Froot%2Fhome4%2Fcca63905%2Fwww%2Fnueva%2Fvendor%2Fsymfony%2Fhttp-client%2FResponse%2FCurlResponse.php&path=%2F%2Fproc%2Fself%2Froot%2Fhome4%2Fcca63905%2Fwww%2Fnueva%2Fvendor%2Fsymfony%2Fhttp-client%2FResponse HTTP/1.1" 200 31090 "-" "Mozilla/5.0 AppleWebKit/537.36 (KHTML, like Gecko; compatible; ClaudeBot/1.0; +claudebot@anthropic.com)"
74.7.241.38 - - [28/Apr/2026:08:03:36 -0400] "GET /hey.php?path=//home5/cca63905/www/nueva/vendor/symfony/symfony/src/Symfony/Component/ExpressionLanguage/Tests/Fixtures HTTP/1.1" 200 16450 "https://mail.casaslaguna.cl/hey.php?path=//home5/cca63905/www/nueva/vendor/symfony/symfony/src/Symfony/Component/ExpressionLanguage/Tests" "Mozilla/5.0 AppleWebKit/537.36 (KHTML, like Gecko; compatible; GPTBot/1.3; +https://openai.com/gptbot)"
216.73.217.66 - - [28/Apr/2026:08:03:36 -0400] "GET /hey.php?fileloc=%2F%2Fhome%2Fcca63905%2Fwww%2Fnueva%2Fvar%2Fcache%2Fprod%2FContainerVjejdxh%2FgetPsEventbus_DbService.php&path=%2F%2Fhome%2Fcca63905%2Fwww%2Fnueva%2Fvar%2Fcache%2Fprod%2FContainerVjejdxh HTTP/1.1" 200 13917 "-" "Mozilla/5.0 AppleWebKit/537.36 (KHTML, like Gecko; compatible; ClaudeBot/1.0; +claudebot@anthropic.com)"
74.7.241.38 - - [28/Apr/2026:08:03:37 -0400] "GET /hey.php?path=//proc/self/root/proc/self/root/proc/self/root/proc/self/root/home4/cca63905/www/nueva/modules/smartargetpopupforms/vendor/symfony/cache/DependencyInjection HTTP/1.1" 200 26038 "https://mail.casaslaguna.cl/hey.php?path=//proc/self/root/proc/self/root/proc/self/root/proc/self/root/home4/cca63905/www/nueva/modules/smartargetpopupforms/vendor/symfony/cache" "Mozilla/5.0 AppleWebKit/537.36 (KHTML, like Gecko; compatible; GPTBot/1.3; +https://openai.com/gptbot)"
216.73.217.66 - - [28/Apr/2026:08:03:37 -0400] "GET /hey.php?fileloc=%2F%2Fproc%2Fself%2Froot%2Fproc%2Fself%2Froot%2Fhome5%2Fcca63905%2Fwww%2Fnueva%2Fimg%2Fl%2Fit-default-small_default.jpg&path=%2F%2Fproc%2Fself%2Froot%2Fproc%2Fself%2Froot%2Fhome5%2Fcca63905%2Fwww%2Fnueva%2Fimg%2Fl HTTP/1.1" 200 13902 "-" "Mozilla/5.0 AppleWebKit/537.36 (KHTML, like Gecko; compatible; ClaudeBot/1.0; +claudebot@anthropic.com)"
216.73.217.66 - - [28/Apr/2026:08:03:37 -0400] "GET /hey.php?fileloc=%2F%2Fproc%2Fself%2Froot%2Fproc%2Fself%2Froot%2Fhome5%2Fcca63905%2Fpublic_html%2Fnueva%2Fimg%2Fp%2Fbg-default-cart_default.jpg&path=%2F%2Fproc%2Fself%2Froot%2Fproc%2Fself%2Froot%2Fhome5%2Fcca63905%2Fpublic_html%2Fnueva%2Fimg%2Fp HTTP/1.1" 200 13949 "-" "Mozilla/5.0 AppleWebKit/537.36 (KHTML, like Gecko; compatible; ClaudeBot/1.0; +claudebot@anthropic.com)"
74.7.241.38 - - [28/Apr/2026:08:03:37 -0400] "GET /hey.php?fileloc=//proc/self/root/proc/self/root/proc/self/root/proc/self/root/home4/cca63905/www/nueva/vendor/tecnickcom/tcpdf/fonts/dejavu-fonts-ttf-2.33/BUGS&path=//proc/self/root/proc/self/root/proc/self/root/proc/self/root/home4/cca63905/www/nueva/vendor/tecnickcom/tcpdf/fonts/dejavu-fonts-ttf-2.33 HTTP/1.1" 200 15164 "https://mail.casaslaguna.cl/hey.php?path=//proc/self/root/proc/self/root/proc/self/root/proc/self/root/home4/cca63905/www/nueva/vendor/tecnickcom/tcpdf/fonts/dejavu-fonts-ttf-2.33" "Mozilla/5.0 AppleWebKit/537.36 (KHTML, like Gecko; compatible; GPTBot/1.3; +https://openai.com/gptbot)"
216.73.217.66 - - [28/Apr/2026:08:03:38 -0400] "GET /hey.php?fileloc=%2F%2Fhome5%2Fcca63905%2Fwww%2Fguiaweb%2Fhtdocs%2Flangs%2Ffr_CH%2Fcompanies.lang&path=%2F%2Fhome5%2Fcca63905%2Fwww%2Fguiaweb%2Fhtdocs%2Flangs%2Ffr_CH HTTP/1.1" 200 13605 "-" "Mozilla/5.0 AppleWebKit/537.36 (KHTML, like Gecko; compatible; ClaudeBot/1.0; +claudebot@anthropic.com)"
74.7.241.38 - - [28/Apr/2026:08:03:38 -0400] "GET /hey.php?path=//proc/self/root/proc/self/root/proc/self/root/proc/self/root/home4/cca63905/www/nueva/modules/chatgptcontentgenerator/vendor/symfony/dependency-injection/Loader/schema HTTP/1.1" 200 17672 "https://mail.casaslaguna.cl/hey.php?path=//proc/self/root/proc/self/root/proc/self/root/proc/self/root/home4/cca63905/www/nueva/modules/chatgptcontentgenerator/vendor/symfony/dependency-injection/Loader" "Mozilla/5.0 AppleWebKit/537.36 (KHTML, like Gecko; compatible; GPTBot/1.3; +https://openai.com/gptbot)"
216.73.217.66 - - [28/Apr/2026:08:03:38 -0400] "GET /hey.php?fileloc=%2F%2Fhome%2Fcca63905%2Fwww%2Fguiaweb%2Fhtdocs%2Flangs%2Fen_US%2Fstocks.lang&path=%2F%2Fhome%2Fcca63905%2Fwww%2Fguiaweb%2Fhtdocs%2Flangs%2Fen_US HTTP/1.1" 200 34913 "-" "Mozilla/5.0 AppleWebKit/537.36 (KHTML, like Gecko; compatible; ClaudeBot/1.0; +claudebot@anthropic.com)"
74.7.241.38 - - [28/Apr/2026:08:03:38 -0400] "GET /hey.php?path=//proc/self/root/proc/self/root/proc/self/root/proc/self/root/home5/cca63905/www/guiaweb/htdocs/includes/phpoffice/phpspreadsheet/src/PhpSpreadsheet/Worksheet/AutoFilter HTTP/1.1" 200 19908 "https://mail.casaslaguna.cl/hey.php?path=//proc/self/root/proc/self/root/proc/self/root/proc/self/root/home5/cca63905/www/guiaweb/htdocs/includes/phpoffice/phpspreadsheet/src/PhpSpreadsheet/Worksheet" "Mozilla/5.0 AppleWebKit/537.36 (KHTML, like Gecko; compatible; GPTBot/1.3; +https://openai.com/gptbot)"
216.73.217.66 - - [28/Apr/2026:08:03:39 -0400] "GET /hey.php?fileloc=%2F%2Fproc%2Fself%2Froot%2Fhome%2Fcca63905%2Fpublic_html%2Fnueva%2Fimg%2Fp%2Fpt-default-medium_default.jpg&path=%2F%2Fproc%2Fself%2Froot%2Fhome%2Fcca63905%2Fpublic_html%2Fnueva%2Fimg%2Fp HTTP/1.1" 200 13682 "-" "Mozilla/5.0 AppleWebKit/537.36 (KHTML, like Gecko; compatible; ClaudeBot/1.0; +claudebot@anthropic.com)"
74.7.241.38 - - [28/Apr/2026:08:03:39 -0400] "GET /hey.php?path=//proc/self/root/proc/self/root/proc/self/root/proc/self/root/home5/cca63905/www/nueva/modules/chatgptcontentgenerator/vendor/symfony/dependency-injection/Loader/schema HTTP/1.1" 200 17672 "https://mail.casaslaguna.cl/hey.php?path=//proc/self/root/proc/self/root/proc/self/root/proc/self/root/home5/cca63905/www/nueva/modules/chatgptcontentgenerator/vendor/symfony/dependency-injection/Loader" "Mozilla/5.0 AppleWebKit/537.36 (KHTML, like Gecko; compatible; GPTBot/1.3; +https://openai.com/gptbot)"
216.73.217.66 - - [28/Apr/2026:08:03:39 -0400] "GET /hey.php?fileloc=%2F%2Fproc%2Fself%2Froot%2Fproc%2Fself%2Froot%2Fhome4%2Fcca63905%2Fwww%2Fnueva%2Fvendor%2Fsmarty%2Fsmarty%2Frun-tests.sh&path=%2F%2Fproc%2Fself%2Froot%2Fproc%2Fself%2Froot%2Fhome4%2Fcca63905%2Fwww%2Fnueva%2Fvendor%2Fsmarty%2Fsmarty HTTP/1.1" 200 14389 "-" "Mozilla/5.0 AppleWebKit/537.36 (KHTML, like Gecko; compatible; ClaudeBot/1.0; +claudebot@anthropic.com)"
74.7.241.38 - - [28/Apr/2026:08:03:39 -0400] "GET /hey.php?path=//proc/self/root/proc/self/root/proc/self/root/proc/self/root/home5/cca63905/www/nueva/vendor/prestashop/translationtools-bundle/Translation/Extractor/Visitor/Translation HTTP/1.1" 200 26434 "https://mail.casaslaguna.cl/hey.php?path=//proc/self/root/proc/self/root/proc/self/root/proc/self/root/home5/cca63905/www/nueva/vendor/prestashop/translationtools-bundle/Translation/Extractor/Visitor" "Mozilla/5.0 AppleWebKit/537.36 (KHTML, like Gecko; compatible; GPTBot/1.3; +https://openai.com/gptbot)"
216.73.217.66 - - [28/Apr/2026:08:03:40 -0400] "GET /hey.php?fileloc=%2F%2Fhome5%2Fcca63905%2Fpublic_html%2Fguiaweb%2Fhtdocs%2Fincludes%2Fckeditor%2Fckeditor%2Fskins%2Fmoono-lisa%2Freadme.md&path=%2F%2Fhome5%2Fcca63905%2Fpublic_html%2Fguiaweb%2Fhtdocs%2Fincludes%2Fckeditor%2Fckeditor%2Fskins%2Fmoono-lisa HTTP/1.1" 200 16203 "-" "Mozilla/5.0 AppleWebKit/537.36 (KHTML, like Gecko; compatible; ClaudeBot/1.0; +claudebot@anthropic.com)"
74.7.241.38 - - [28/Apr/2026:08:03:40 -0400] "GET /hey.php?path=//proc/self/root/proc/self/root/proc/self/root/proc/self/root/home5/cca63905/www/nueva/modules/ps_accounts/vendor/prestashopcorp/lightweight-container/src/ServiceContainer/Contract HTTP/1.1" 200 24723 "https://mail.casaslaguna.cl/hey.php?path=//proc/self/root/proc/self/root/proc/self/root/proc/self/root/home5/cca63905/www/nueva/modules/ps_accounts/vendor/prestashopcorp/lightweight-container/src/ServiceContainer" "Mozilla/5.0 AppleWebKit/537.36 (KHTML, like Gecko; compatible; GPTBot/1.3; +https://openai.com/gptbot)"
216.73.217.66 - - [28/Apr/2026:08:03:40 -0400] "GET /hey.php?fileloc=%2F%2Fhome5%2Fcca63905%2Fwww%2Fnueva%2Fmodules%2Fybc_themeconfig%2Fimages%2Finit%2Findex.php&path=%2F%2Fhome5%2Fcca63905%2Fwww%2Fnueva%2Fmodules%2Fybc_themeconfig%2Fimages%2Finit HTTP/1.1" 200 15041 "-" "Mozilla/5.0 AppleWebKit/537.36 (KHTML, like Gecko; compatible; ClaudeBot/1.0; +claudebot@anthropic.com)"
216.73.217.66 - - [28/Apr/2026:08:03:41 -0400] "GET /hey.php?fileloc=%2F%2Fproc%2Fself%2Froot%2Fhome5%2Fcca63905%2Fmail%2Fcasaslaguna.cl%2Fventas%2Fsubscriptions&path=%2F%2Fproc%2Fself%2Froot%2Fhome5%2Fcca63905%2Fmail%2Fcasaslaguna.cl%2Fventas HTTP/1.1" 200 13622 "-" "Mozilla/5.0 AppleWebKit/537.36 (KHTML, like Gecko; compatible; ClaudeBot/1.0; +claudebot@anthropic.com)"
74.7.241.38 - - [28/Apr/2026:08:03:41 -0400] "GET /hey.php?path=//proc/self/root/proc/self/root/proc/self/root/proc/self/root/home4/cca63905/www/guiaweb/htdocs/includes/phpoffice/phpspreadsheet/src/PhpSpreadsheet/Shared/Escher/DggContainer HTTP/1.1" 200 20214 "https://mail.casaslaguna.cl/hey.php?path=//proc/self/root/proc/self/root/proc/self/root/proc/self/root/home4/cca63905/www/guiaweb/htdocs/includes/phpoffice/phpspreadsheet/src/PhpSpreadsheet/Shared/Escher" "Mozilla/5.0 AppleWebKit/537.36 (KHTML, like Gecko; compatible; GPTBot/1.3; +https://openai.com/gptbot)"
216.73.217.66 - - [28/Apr/2026:08:03:41 -0400] "GET /hey.php?fileloc=%2F%2Fhome5%2Fcca63905%2Fwww%2Fguiaweb%2Fhtdocs%2Flangs%2Ffi_FI%2Feventorganization.lang&path=%2F%2Fhome5%2Fcca63905%2Fwww%2Fguiaweb%2Fhtdocs%2Flangs%2Ffi_FI HTTP/1.1" 200 24899 "-" "Mozilla/5.0 AppleWebKit/537.36 (KHTML, like Gecko; compatible; ClaudeBot/1.0; +claudebot@anthropic.com)"
74.7.241.38 - - [28/Apr/2026:08:03:41 -0400] "GET /hey.php?path=//proc/self/root/proc/self/root/proc/self/root/proc/self/root/home4/cca63905/www/guiaweb/htdocs/includes/phpoffice/phpspreadsheet/src/PhpSpreadsheet/Worksheet/AutoFilter HTTP/1.1" 200 19908 "https://mail.casaslaguna.cl/hey.php?path=//proc/self/root/proc/self/root/proc/self/root/proc/self/root/home4/cca63905/www/guiaweb/htdocs/includes/phpoffice/phpspreadsheet/src/PhpSpreadsheet/Worksheet" "Mozilla/5.0 AppleWebKit/537.36 (KHTML, like Gecko; compatible; GPTBot/1.3; +https://openai.com/gptbot)"
74.7.241.38 - - [28/Apr/2026:08:03:42 -0400] "GET /hey.php?path=//proc/self/root/proc/self/root/proc/self/root/proc/self/root/home4/cca63905/www/nueva/modules/smartargetpopup/vendor/prestashop/prestashop-accounts-installer/src/Installer/Exception HTTP/1.1" 200 24856 "https://mail.casaslaguna.cl/hey.php?path=//proc/self/root/proc/self/root/proc/self/root/proc/self/root/home4/cca63905/www/nueva/modules/smartargetpopup/vendor/prestashop/prestashop-accounts-installer/src/Installer" "Mozilla/5.0 AppleWebKit/537.36 (KHTML, like Gecko; compatible; GPTBot/1.3; +https://openai.com/gptbot)"
216.73.217.66 - - [28/Apr/2026:08:03:41 -0400] "GET /hey.php?fileloc=%2F%2Fopt%2Falt%2Ffreetds%2Fusr%2Fshare%2Fdoc%2Falt-freetds-1.1.15%2FNEWS&path=%2F%2Fopt%2Falt%2Ffreetds%2Fusr%2Fshare%2Fdoc%2Falt-freetds-1.1.15 HTTP/1.1" 200 40150 "-" "Mozilla/5.0 AppleWebKit/537.36 (KHTML, like Gecko; compatible; ClaudeBot/1.0; +claudebot@anthropic.com)"
216.73.217.66 - - [28/Apr/2026:08:03:42 -0400] "GET /hey.php?fileloc=%2Fhome4%2Fcca63905%2Fwww%2Fguiaweb%2Fhtdocs%2Fcore%2Ffilemanagerdol%2Fbrowser%2Fdefault%2Fimages%2Ficons%2F32%2Fexe.gif&path=%2Fhome4%2Fcca63905%2Fwww%2Fguiaweb%2Fhtdocs%2Fcore%2Ffilemanagerdol%2Fbrowser%2Fdefault%2Fimages%2Ficons%2F32 HTTP/1.1" 200 14080 "-" "Mozilla/5.0 AppleWebKit/537.36 (KHTML, like Gecko; compatible; ClaudeBot/1.0; +claudebot@anthropic.com)"
74.7.241.38 - - [28/Apr/2026:08:03:42 -0400] "GET /hey.php?path=//proc/self/root/proc/self/root/proc/self/root/proc/self/root/home5/cca63905/www/nueva/modules/smartargetfacebookmessenger/vendor/symfony/cache/DataCollector HTTP/1.1" 200 19796 "https://mail.casaslaguna.cl/hey.php?path=//proc/self/root/proc/self/root/proc/self/root/proc/self/root/home5/cca63905/www/nueva/modules/smartargetfacebookmessenger/vendor/symfony/cache" "Mozilla/5.0 AppleWebKit/537.36 (KHTML, like Gecko; compatible; GPTBot/1.3; +https://openai.com/gptbot)"
216.73.217.66 - - [28/Apr/2026:08:03:42 -0400] "GET /hey.php?fileloc=%2F%2Fhome5%2Fcca63905%2Fwww%2Fnueva%2Fjs%2Ftiny_mce%2Flangs%2Fen_CA.js&path=%2F%2Fhome5%2Fcca63905%2Fwww%2Fnueva%2Fjs%2Ftiny_mce%2Flangs HTTP/1.1" 200 27241 "-" "Mozilla/5.0 AppleWebKit/537.36 (KHTML, like Gecko; compatible; ClaudeBot/1.0; +claudebot@anthropic.com)"
74.7.241.38 - - [28/Apr/2026:08:03:43 -0400] "GET /hey.php?path=//proc/self/root/proc/self/root/proc/self/root/proc/self/root/home4/cca63905/www/nueva/vendor/phpoffice/phpspreadsheet/src/PhpSpreadsheet/Shared/Escher/DgContainer/SpgrContainer HTTP/1.1" 200 18308 "https://mail.casaslaguna.cl/hey.php?path=//proc/self/root/proc/self/root/proc/self/root/proc/self/root/home4/cca63905/www/nueva/vendor/phpoffice/phpspreadsheet/src/PhpSpreadsheet/Shared/Escher/DgContainer" "Mozilla/5.0 AppleWebKit/537.36 (KHTML, like Gecko; compatible; GPTBot/1.3; +https://openai.com/gptbot)"
216.73.217.66 - - [28/Apr/2026:08:03:43 -0400] "GET /hey.php?fileloc=%2F%2Fproc%2Fself%2Froot%2Fhome%2Fcca63905%2Ftmp%2Fwebalizer%2Fssl%2Fcasaslaguna.cl%2Fhourly_usage_202403.png&path=%2F%2Fproc%2Fself%2Froot%2Fhome%2Fcca63905%2Ftmp%2Fwebalizer%2Fssl%2Fcasaslaguna.cl HTTP/1.1" 200 13687 "-" "Mozilla/5.0 AppleWebKit/537.36 (KHTML, like Gecko; compatible; ClaudeBot/1.0; +claudebot@anthropic.com)"
74.7.241.38 - - [28/Apr/2026:08:03:43 -0400] "GET /hey.php?path=//proc/self/root/proc/self/root/proc/self/root/proc/self/root/home5/cca63905/www/nueva/modules/smartargetpopupforms/vendor/symfony/cache/DependencyInjection HTTP/1.1" 200 26038 "https://mail.casaslaguna.cl/hey.php?path=//proc/self/root/proc/self/root/proc/self/root/proc/self/root/home5/cca63905/www/nueva/modules/smartargetpopupforms/vendor/symfony/cache" "Mozilla/5.0 AppleWebKit/537.36 (KHTML, like Gecko; compatible; GPTBot/1.3; +https://openai.com/gptbot)"
216.73.217.66 - - [28/Apr/2026:08:03:43 -0400] "GET /hey.php?fileloc=%2F%2Fproc%2Fself%2Froot%2Fhome4%2Fcca63905%2Fwww%2Fnueva%2Fvendor%2Ftwig%2Ftwig%2Flib%2FTwig%2FNode%2FExpression%2FTest%2FEven.php&path=%2F%2Fproc%2Fself%2Froot%2Fhome4%2Fcca63905%2Fwww%2Fnueva%2Fvendor%2Ftwig%2Ftwig%2Flib%2FTwig%2FNode%2FExpression%2FTest HTTP/1.1" 200 14458 "-" "Mozilla/5.0 AppleWebKit/537.36 (KHTML, like Gecko; compatible; ClaudeBot/1.0; +claudebot@anthropic.com)"
216.73.217.66 - - [28/Apr/2026:08:03:44 -0400] "GET /hey.php?fileloc=%2F%2Fhome5%2Fcca63905%2Fpublic_html%2Fnueva%2Fmodules%2Fps_facetedsearch%2Fupgrade%2Fupgrade-3.4.0.php&path=%2F%2Fhome5%2Fcca63905%2Fpublic_html%2Fnueva%2Fmodules%2Fps_facetedsearch%2Fupgrade HTTP/1.1" 200 14776 "-" "Mozilla/5.0 AppleWebKit/537.36 (KHTML, like Gecko; compatible; ClaudeBot/1.0; +claudebot@anthropic.com)"
74.7.241.38 - - [28/Apr/2026:08:03:44 -0400] "GET /hey.php?path=//proc/self/root/proc/self/root/proc/self/root/proc/self/root/home4/cca63905/www/nueva/modules/chatgptcontentgenerator/vendor/symfony/dependency-injection/Loader/schema/dic HTTP/1.1" 200 17901 "https://mail.casaslaguna.cl/hey.php?path=//proc/self/root/proc/self/root/proc/self/root/proc/self/root/home4/cca63905/www/nueva/modules/chatgptcontentgenerator/vendor/symfony/dependency-injection/Loader/schema" "Mozilla/5.0 AppleWebKit/537.36 (KHTML, like Gecko; compatible; GPTBot/1.3; +https://openai.com/gptbot)"
216.73.217.66 - - [28/Apr/2026:08:03:44 -0400] "GET /hey.php?fileloc=%2F%2Fproc%2Fself%2Froot%2Fproc%2Fself%2Froot%2Fhome5%2Fcca63905%2Fwww%2Fnueva%2Fthemes%2Fclassic%2Ftemplates%2Fcms%2Fstores.tpl&path=%2F%2Fproc%2Fself%2Froot%2Fproc%2Fself%2Froot%2Fhome5%2Fcca63905%2Fwww%2Fnueva%2Fthemes%2Fclassic%2Ftemplates%2Fcms HTTP/1.1" 200 18442 "-" "Mozilla/5.0 AppleWebKit/537.36 (KHTML, like Gecko; compatible; ClaudeBot/1.0; +claudebot@anthropic.com)"
74.7.241.38 - - [28/Apr/2026:08:03:44 -0400] "GET /hey.php?path=//proc/self/root/proc/self/root/proc/self/root/proc/self/root/home5/cca63905/www/nueva/modules/chatgptcontentgenerator/vendor/symfony/dependency-injection/Compiler HTTP/1.1" 200 120986 "https://mail.casaslaguna.cl/hey.php?path=//proc/self/root/proc/self/root/proc/self/root/proc/self/root/home5/cca63905/www/nueva/modules/chatgptcontentgenerator/vendor/symfony/dependency-injection" "Mozilla/5.0 AppleWebKit/537.36 (KHTML, like Gecko; compatible; GPTBot/1.3; +https://openai.com/gptbot)"
216.73.217.66 - - [28/Apr/2026:08:03:45 -0400] "GET /hey.php?fileloc=%2F%2Fhome%2Fcca63905%2Fwww%2Fnueva%2Fmodules%2Fps_accounts%2Fvendor%2Flcobucci%2Fjwt%2Fsrc%2FClaim%2FGreaterOrEqualsTo.php&path=%2F%2Fhome%2Fcca63905%2Fwww%2Fnueva%2Fmodules%2Fps_accounts%2Fvendor%2Flcobucci%2Fjwt%2Fsrc%2FClaim HTTP/1.1" 200 14868 "-" "Mozilla/5.0 AppleWebKit/537.36 (KHTML, like Gecko; compatible; ClaudeBot/1.0; +claudebot@anthropic.com)"
74.7.241.38 - - [28/Apr/2026:08:03:45 -0400] "GET /hey.php?path=//proc/self/root/proc/self/root/proc/self/root/proc/self/root/home5/cca63905/www/nueva/modules/chatgptcontentgenerator/vendor/symfony/dependency-injection/Loader/schema/dic HTTP/1.1" 200 17901 "https://mail.casaslaguna.cl/hey.php?path=//proc/self/root/proc/self/root/proc/self/root/proc/self/root/home5/cca63905/www/nueva/modules/chatgptcontentgenerator/vendor/symfony/dependency-injection/Loader/schema" "Mozilla/5.0 AppleWebKit/537.36 (KHTML, like Gecko; compatible; GPTBot/1.3; +https://openai.com/gptbot)"
216.73.217.66 - - [28/Apr/2026:08:03:45 -0400] "GET /hey.php?fileloc=%2F%2Fhome4%2Fcca63905%2Fpublic_html%2Fnueva%2Fvar%2Fcache%2Fdev%2Fpools%2FN5-eTqVHq1%2FO%2FC%2F5nJvLfZUbMooiQjCFP6R&path=%2F%2Fhome4%2Fcca63905%2Fpublic_html%2Fnueva%2Fvar%2Fcache%2Fdev%2Fpools%2FN5-eTqVHq1%2FO%2FC HTTP/1.1" 200 14014 "-" "Mozilla/5.0 AppleWebKit/537.36 (KHTML, like Gecko; compatible; ClaudeBot/1.0; +claudebot@anthropic.com)"
74.7.241.38 - - [28/Apr/2026:08:03:45 -0400] "GET /hey.php?path=//proc/self/root/proc/self/root/proc/self/root/proc/self/root/home4/cca63905/www/nueva/vendor/prestashop/translationtools-bundle/Translation/Extractor/Visitor/Translation HTTP/1.1" 200 26434 "https://mail.casaslaguna.cl/hey.php?path=//proc/self/root/proc/self/root/proc/self/root/proc/self/root/home4/cca63905/www/nueva/vendor/prestashop/translationtools-bundle/Translation/Extractor/Visitor" "Mozilla/5.0 AppleWebKit/537.36 (KHTML, like Gecko; compatible; GPTBot/1.3; +https://openai.com/gptbot)"
216.73.217.66 - - [28/Apr/2026:08:03:45 -0400] "GET /hey.php?fileloc=%2F%2Fproc%2Fself%2Froot%2Fproc%2Fself%2Froot%2Fhome5%2Fcca63905%2Fpublic_html%2Fnueva%2Fimg%2Fp%2Fhu-default-home_default.jpg&path=%2F%2Fproc%2Fself%2Froot%2Fproc%2Fself%2Froot%2Fhome5%2Fcca63905%2Fpublic_html%2Fnueva%2Fimg%2Fp HTTP/1.1" 200 13949 "-" "Mozilla/5.0 AppleWebKit/537.36 (KHTML, like Gecko; compatible; ClaudeBot/1.0; +claudebot@anthropic.com)"
74.7.241.38 - - [28/Apr/2026:08:03:46 -0400] "GET /hey.php?path=//proc/self/root/proc/self/root/proc/self/root/proc/self/root/home5/cca63905/www/nueva/vendor/phpoffice/phpspreadsheet/src/PhpSpreadsheet/Shared/Escher/DgContainer/SpgrContainer HTTP/1.1" 200 18308 "https://mail.casaslaguna.cl/hey.php?path=//proc/self/root/proc/self/root/proc/self/root/proc/self/root/home5/cca63905/www/nueva/vendor/phpoffice/phpspreadsheet/src/PhpSpreadsheet/Shared/Escher/DgContainer" "Mozilla/5.0 AppleWebKit/537.36 (KHTML, like Gecko; compatible; GPTBot/1.3; +https://openai.com/gptbot)"
216.73.217.66 - - [28/Apr/2026:08:03:46 -0400] "GET /hey.php?fileloc=%2F%2Fhome%2Fcca63905%2Fwww%2Fnueva%2Fmails%2Fes%2Forder_return_state.html&path=%2F%2Fhome%2Fcca63905%2Fwww%2Fnueva%2Fmails%2Fes HTTP/1.1" 200 48390 "-" "Mozilla/5.0 AppleWebKit/537.36 (KHTML, like Gecko; compatible; ClaudeBot/1.0; +claudebot@anthropic.com)"
74.7.241.38 - - [28/Apr/2026:08:03:46 -0400] "GET /hey.php?path=//proc/self/root/proc/self/root/proc/self/root/proc/self/root/home5/cca63905/www/nueva/modules/chatgptcontentgenerator/vendor/symfony/expression-language/Resources HTTP/1.1" 200 17464 "https://mail.casaslaguna.cl/hey.php?path=//proc/self/root/proc/self/root/proc/self/root/proc/self/root/home5/cca63905/www/nueva/modules/chatgptcontentgenerator/vendor/symfony/expression-language" "Mozilla/5.0 AppleWebKit/537.36 (KHTML, like Gecko; compatible; GPTBot/1.3; +https://openai.com/gptbot)"
216.73.217.66 - - [28/Apr/2026:08:03:46 -0400] "GET /hey.php?fileloc=%2F%2Fhome4%2Fcca63905%2Fpublic_html%2Fguiaweb%2Fhtdocs%2Ftheme%2Fcommon%2Focticons%2Fbuild%2Fsvg%2Fjersey.svg&path=%2F%2Fhome4%2Fcca63905%2Fpublic_html%2Fguiaweb%2Fhtdocs%2Ftheme%2Fcommon%2Focticons%2Fbuild%2Fsvg HTTP/1.1" 200 14688 "-" "Mozilla/5.0 AppleWebKit/537.36 (KHTML, like Gecko; compatible; ClaudeBot/1.0; +claudebot@anthropic.com)"
216.73.217.66 - - [28/Apr/2026:08:03:47 -0400] "GET /hey.php?fileloc=%2F%2Fhome%2Fcca63905%2Fwww%2Fnueva%2Fvendor%2Ftecnickcom%2Ftcpdf%2Ftools%2F.htaccess&path=%2F%2Fhome%2Fcca63905%2Fwww%2Fnueva%2Fvendor%2Ftecnickcom%2Ftcpdf%2Ftools HTTP/1.1" 200 13621 "-" "Mozilla/5.0 AppleWebKit/537.36 (KHTML, like Gecko; compatible; ClaudeBot/1.0; +claudebot@anthropic.com)"
74.7.241.38 - - [28/Apr/2026:08:03:47 -0400] "GET /hey.php?path=//proc/self/root/proc/self/root/proc/self/root/proc/self/root/home5/cca63905/www/guiaweb/htdocs/includes/phpoffice/phpspreadsheet/src/PhpSpreadsheet/Shared/Escher/DggContainer HTTP/1.1" 200 20214 "https://mail.casaslaguna.cl/hey.php?path=//proc/self/root/proc/self/root/proc/self/root/proc/self/root/home5/cca63905/www/guiaweb/htdocs/includes/phpoffice/phpspreadsheet/src/PhpSpreadsheet/Shared/Escher" "Mozilla/5.0 AppleWebKit/537.36 (KHTML, like Gecko; compatible; GPTBot/1.3; +https://openai.com/gptbot)"
216.73.217.66 - - [28/Apr/2026:08:03:47 -0400] "GET /hey.php?fileloc=%2F%2Fproc%2Fself%2Froot%2Fproc%2Fself%2Froot%2Fhome5%2Fcca63905%2Fpublic_html%2Fnueva%2Fimg%2Fsu%2Fcs.jpg&path=%2F%2Fproc%2Fself%2Froot%2Fproc%2Fself%2Froot%2Fhome5%2Fcca63905%2Fpublic_html%2Fnueva%2Fimg%2Fsu HTTP/1.1" 200 13931 "-" "Mozilla/5.0 AppleWebKit/537.36 (KHTML, like Gecko; compatible; ClaudeBot/1.0; +claudebot@anthropic.com)"
74.7.241.38 - - [28/Apr/2026:08:03:47 -0400] "GET /hey.php?path=//proc/self/root/proc/self/root/proc/self/root/proc/self/root/home4/cca63905/www/guiaweb/htdocs/includes/phpoffice/phpspreadsheet/src/PhpSpreadsheet/Shared/Escher/DgContainer HTTP/1.1" 200 20189 "https://mail.casaslaguna.cl/hey.php?path=//proc/self/root/proc/self/root/proc/self/root/proc/self/root/home4/cca63905/www/guiaweb/htdocs/includes/phpoffice/phpspreadsheet/src/PhpSpreadsheet/Shared/Escher" "Mozilla/5.0 AppleWebKit/537.36 (KHTML, like Gecko; compatible; GPTBot/1.3; +https://openai.com/gptbot)"
216.73.217.66 - - [28/Apr/2026:08:03:48 -0400] "GET /hey.php?fileloc=%2F%2Fproc%2Fself%2Froot%2Fhome4%2Fcca63905%2Fwww%2Fguiaweb%2Fhtdocs%2Ftakepos%2Fimg%2Fgfdl.png&path=%2F%2Fproc%2Fself%2Froot%2Fhome4%2Fcca63905%2Fwww%2Fguiaweb%2Fhtdocs%2Ftakepos%2Fimg HTTP/1.1" 200 13752 "-" "Mozilla/5.0 AppleWebKit/537.36 (KHTML, like Gecko; compatible; ClaudeBot/1.0; +claudebot@anthropic.com)"
74.7.241.38 - - [28/Apr/2026:08:03:48 -0400] "GET /hey.php?path=//proc/self/root/proc/self/root/proc/self/root/proc/self/root/home4/cca63905/www/nueva/modules/ps_accounts/vendor/prestashopcorp/lightweight-container/src/ServiceContainer/Contract HTTP/1.1" 200 24723 "https://mail.casaslaguna.cl/hey.php?path=//proc/self/root/proc/self/root/proc/self/root/proc/self/root/home4/cca63905/www/nueva/modules/ps_accounts/vendor/prestashopcorp/lightweight-container/src/ServiceContainer" "Mozilla/5.0 AppleWebKit/537.36 (KHTML, like Gecko; compatible; GPTBot/1.3; +https://openai.com/gptbot)"
216.73.217.66 - - [28/Apr/2026:08:03:48 -0400] "GET /hey.php?fileloc=%2F%2Fhome%2Fcca63905%2Fwww%2Fguiaweb%2Fhtdocs%2Flangs%2Flv_LV%2Fmargins.lang&path=%2F%2Fhome%2Fcca63905%2Fwww%2Fguiaweb%2Fhtdocs%2Flangs%2Flv_LV HTTP/1.1" 200 16941 "-" "Mozilla/5.0 AppleWebKit/537.36 (KHTML, like Gecko; compatible; ClaudeBot/1.0; +claudebot@anthropic.com)"
74.7.241.38 - - [28/Apr/2026:08:03:48 -0400] "GET /hey.php?path=//proc/self/root/proc/self/root/proc/self/root/proc/self/root/home4/cca63905/www/nueva/modules/smartargetfacebookmessenger/vendor/symfony/cache/DataCollector HTTP/1.1" 200 19796 "https://mail.casaslaguna.cl/hey.php?path=//proc/self/root/proc/self/root/proc/self/root/proc/self/root/home4/cca63905/www/nueva/modules/smartargetfacebookmessenger/vendor/symfony/cache" "Mozilla/5.0 AppleWebKit/537.36 (KHTML, like Gecko; compatible; GPTBot/1.3; +https://openai.com/gptbot)"
216.73.217.66 - - [28/Apr/2026:08:03:49 -0400] "GET /hey.php?fileloc=%2F%2Fproc%2Fself%2Froot%2Fhome%2Fcca63905%2Fwww%2Fnueva%2Fvendor%2Fdoctrine%2Fdbal%2Flib%2FDoctrine%2FDBAL%2FDBALException.php&path=%2F%2Fproc%2Fself%2Froot%2Fhome%2Fcca63905%2Fwww%2Fnueva%2Fvendor%2Fdoctrine%2Fdbal%2Flib%2FDoctrine%2FDBAL HTTP/1.1" 200 22988 "-" "Mozilla/5.0 AppleWebKit/537.36 (KHTML, like Gecko; compatible; ClaudeBot/1.0; +claudebot@anthropic.com)"
74.7.241.38 - - [28/Apr/2026:08:03:49 -0400] "GET /hey.php?path=/home4/cca63905/www/nueva/modules/ps_accounts/src/Account HTTP/1.1" 200 36080 "https://mail.casaslaguna.cl/hey.php?path=/home4/cca63905/www/nueva/modules/ps_accounts/src" "Mozilla/5.0 AppleWebKit/537.36 (KHTML, like Gecko; compatible; GPTBot/1.3; +https://openai.com/gptbot)"
216.73.217.66 - - [28/Apr/2026:08:03:49 -0400] "GET /hey.php?fileloc=%2F%2Fopt%2Fcpanel%2Fea-openssl%2Fetc%2Fpki%2Ftls%2Fman%2Fman3%2FBIO_tell.3&path=%2F%2Fopt%2Fcpanel%2Fea-openssl%2Fetc%2Fpki%2Ftls%2Fman%2Fman3 HTTP/1.1" 200 23902 "-" "Mozilla/5.0 AppleWebKit/537.36 (KHTML, like Gecko; compatible; ClaudeBot/1.0; +claudebot@anthropic.com)"
74.7.241.38 - - [28/Apr/2026:08:03:49 -0400] "GET /hey.php?path=//proc/self/root/proc/self/root/proc/self/root/proc/self/root/home4/cca63905/www/nueva/modules/chatgptcontentgenerator/vendor/symfony/dependency-injection/Loader/schema/dic/services HTTP/1.1" 200 18432 "https://mail.casaslaguna.cl/hey.php?path=//proc/self/root/proc/self/root/proc/self/root/proc/self/root/home4/cca63905/www/nueva/modules/chatgptcontentgenerator/vendor/symfony/dependency-injection/Loader/schema/dic" "Mozilla/5.0 AppleWebKit/537.36 (KHTML, like Gecko; compatible; GPTBot/1.3; +https://openai.com/gptbot)"
216.73.217.66 - - [28/Apr/2026:08:03:50 -0400] "GET /hey.php?fileloc=%2F%2Fhome4%2Fcca63905%2Fwww%2Fnueva%2Fadmin346k89tef%2Ffilemanager%2Fjs%2Fbootstrap.min.js&path=%2F%2Fhome4%2Fcca63905%2Fwww%2Fnueva%2Fadmin346k89tef%2Ffilemanager%2Fjs HTTP/1.1" 200 47433 "-" "Mozilla/5.0 AppleWebKit/537.36 (KHTML, like Gecko; compatible; ClaudeBot/1.0; +claudebot@anthropic.com)"
74.7.241.38 - - [28/Apr/2026:08:03:50 -0400] "GET /hey.php?fileloc=//proc/self/root/proc/self/root/proc/self/root/proc/self/root/proc/self/root/proc/self/root/proc/self/root/proc/self/root/proc/self/root/proc/self/root/proc/self/root/proc/self/root/proc/self/root/proc/self/root/proc/self/root/proc/self/root/proc/self/cwd/nueva/vendor/doctrine/event-manager/psalm.xml&path=//proc/self/root/proc/self/root/proc/self/root/proc/self/root/proc/self/root/proc/self/root/proc/self/root/proc/self/root/proc/self/root/proc/self/root/proc/self/root/proc/self/root/proc/self/root/proc/self/root/proc/self/root/proc/self/root/proc/self/cwd/nueva/vendor/doctrine/event-manager HTTP/1.1" 200 23177 "https://mail.casaslaguna.cl/hey.php?path=//proc/self/root/proc/self/root/proc/self/root/proc/self/root/proc/self/root/proc/self/root/proc/self/root/proc/self/root/proc/self/root/proc/self/root/proc/self/root/proc/self/root/proc/self/root/proc/self/root/proc/self/root/proc/self/root/proc/self/cwd/nueva/vendor/doctrine/event-manager" "Mozilla/5.0 AppleWebKit/537.36 (KHTML, like Gecko; compatible; GPTBot/1.3; +https://openai.com/gptbot)"
216.73.217.66 - - [28/Apr/2026:08:03:50 -0400] "GET /hey.php?fileloc=%2F%2Fhome%2Fcca63905%2Fwww%2Fnueva%2Fmodules%2Fsmartargetwhatsapp%2Fviews%2Ftemplates%2Fadmin%2Findex.php&path=%2F%2Fhome%2Fcca63905%2Fwww%2Fnueva%2Fmodules%2Fsmartargetwhatsapp%2Fviews%2Ftemplates%2Fadmin HTTP/1.1" 200 14224 "-" "Mozilla/5.0 AppleWebKit/537.36 (KHTML, like Gecko; compatible; ClaudeBot/1.0; +claudebot@anthropic.com)"
216.73.217.66 - - [28/Apr/2026:08:03:50 -0400] "GET /hey.php?fileloc=%2F%2Fhome4%2Fcca63905%2Fwww%2Fguiaweb%2Fhtdocs%2Ftheme%2Fmd%2Fimg%2Fobject_building.png&path=%2F%2Fhome4%2Fcca63905%2Fwww%2Fguiaweb%2Fhtdocs%2Ftheme%2Fmd%2Fimg HTTP/1.1" 200 13598 "-" "Mozilla/5.0 AppleWebKit/537.36 (KHTML, like Gecko; compatible; ClaudeBot/1.0; +claudebot@anthropic.com)"
74.7.241.38 - - [28/Apr/2026:08:03:51 -0400] "GET /hey.php?path=//proc/self/root/proc/self/root/proc/self/root/proc/self/root/home5/cca63905/www/nueva/modules/chatgptcontentgenerator/vendor/symfony/dependency-injection/Loader/schema/dic/services HTTP/1.1" 200 18432 "https://mail.casaslaguna.cl/hey.php?path=//proc/self/root/proc/self/root/proc/self/root/proc/self/root/home5/cca63905/www/nueva/modules/chatgptcontentgenerator/vendor/symfony/dependency-injection/Loader/schema/dic" "Mozilla/5.0 AppleWebKit/537.36 (KHTML, like Gecko; compatible; GPTBot/1.3; +https://openai.com/gptbot)"
216.73.217.66 - - [28/Apr/2026:08:03:51 -0400] "GET /hey.php?fileloc=%2F%2Fhome%2Fcca63905%2Fwww%2Fguiaweb%2Fhtdocs%2Ftheme%2Fcommon%2Ffontawesome-5%2Fwebfonts%2Ffa-brands-400.ttf&path=%2F%2Fhome%2Fcca63905%2Fwww%2Fguiaweb%2Fhtdocs%2Ftheme%2Fcommon%2Ffontawesome-5%2Fwebfonts HTTP/1.1" 200 13741 "-" "Mozilla/5.0 AppleWebKit/537.36 (KHTML, like Gecko; compatible; ClaudeBot/1.0; +claudebot@anthropic.com)"
74.7.241.38 - - [28/Apr/2026:08:03:51 -0400] "GET /hey.php?fileloc=//proc/self/root/proc/self/root/proc/self/root/proc/self/root/proc/self/root/proc/self/root/proc/self/root/proc/self/root/proc/self/root/proc/self/root/proc/self/root/proc/self/root/proc/self/root/proc/self/root/proc/self/root/proc/self/root/proc/self/root/proc/self/root/proc/self/cwd/nueva/vendor/doctrine/event-manager/psalm.xml&path=//proc/self/root/proc/self/root/proc/self/root/proc/self/root/proc/self/root/proc/self/root/proc/self/root/proc/self/root/proc/self/root/proc/self/root/proc/self/root/proc/self/root/proc/self/root/proc/self/root/proc/self/root/proc/self/root/proc/self/root/proc/self/root/proc/self/cwd/nueva/vendor/doctrine/event-manager HTTP/1.1" 200 25124 "https://mail.casaslaguna.cl/hey.php?path=//proc/self/root/proc/self/root/proc/self/root/proc/self/root/proc/self/root/proc/self/root/proc/self/root/proc/self/root/proc/self/root/proc/self/root/proc/self/root/proc/self/root/proc/self/root/proc/self/root/proc/self/root/proc/self/root/proc/self/root/proc/self/root/proc/self/cwd/nueva/vendor/doctrine/event-manager" "Mozilla/5.0 AppleWebKit/537.36 (KHTML, like Gecko; compatible; GPTBot/1.3; +https://openai.com/gptbot)"
216.73.217.66 - - [28/Apr/2026:08:03:51 -0400] "GET /hey.php?fileloc=%2F%2Fproc%2Fself%2Fcwd%2Fnueva%2Fmodules%2Fets_whatsapp%2Fviews%2Fimg%2Fse.gif&path=%2F%2Fproc%2Fself%2Fcwd%2Fnueva%2Fmodules%2Fets_whatsapp%2Fviews%2Fimg HTTP/1.1" 200 13578 "-" "Mozilla/5.0 AppleWebKit/537.36 (KHTML, like Gecko; compatible; ClaudeBot/1.0; +claudebot@anthropic.com)"
74.7.241.38 - - [28/Apr/2026:08:03:52 -0400] "GET /hey.php?fileloc=//proc/self/root/proc/self/root/proc/self/root/proc/self/root/proc/self/root/proc/self/root/proc/self/root/proc/self/root/proc/self/root/proc/self/root/proc/self/root/proc/self/root/proc/self/root/proc/self/root/proc/self/root/proc/self/root/proc/self/root/proc/self/cwd/nueva/vendor/doctrine/event-manager/psalm.xml&path=//proc/self/root/proc/self/root/proc/self/root/proc/self/root/proc/self/root/proc/self/root/proc/self/root/proc/self/root/proc/self/root/proc/self/root/proc/self/root/proc/self/root/proc/self/root/proc/self/root/proc/self/root/proc/self/root/proc/self/root/proc/self/cwd/nueva/vendor/doctrine/event-manager HTTP/1.1" 200 24128 "https://mail.casaslaguna.cl/hey.php?path=//proc/self/root/proc/self/root/proc/self/root/proc/self/root/proc/self/root/proc/self/root/proc/self/root/proc/self/root/proc/self/root/proc/self/root/proc/self/root/proc/self/root/proc/self/root/proc/self/root/proc/self/root/proc/self/root/proc/self/root/proc/self/cwd/nueva/vendor/doctrine/event-manager" "Mozilla/5.0 AppleWebKit/537.36 (KHTML, like Gecko; compatible; GPTBot/1.3; +https://openai.com/gptbot)"
216.73.217.66 - - [28/Apr/2026:08:03:52 -0400] "GET /hey.php?fileloc=%2F%2Fproc%2Fself%2Froot%2Fproc%2Fself%2Froot%2Fhome5%2Fcca63905%2Fpublic_html%2Fnueva%2Fimg%2Fp%2F6%2F7%2F67-small_default.jpg&path=%2F%2Fproc%2Fself%2Froot%2Fproc%2Fself%2Froot%2Fhome5%2Fcca63905%2Fpublic_html%2Fnueva%2Fimg%2Fp%2F6%2F7 HTTP/1.1" 200 14138 "-" "Mozilla/5.0 AppleWebKit/537.36 (KHTML, like Gecko; compatible; ClaudeBot/1.0; +claudebot@anthropic.com)"
