74.7.241.38 - - [28/Apr/2026:08:03:52 -0400] "GET /hey.php?fileloc=//proc/self/root/proc/self/root/proc/self/root/proc/self/root/proc/self/root/proc/self/root/proc/self/root/proc/self/root/proc/self/root/proc/self/root/proc/self/root/proc/self/root/proc/self/root/proc/self/root/proc/self/root/proc/self/root/proc/self/root/proc/self/root/proc/self/root/proc/self/cwd/nueva/vendor/doctrine/event-manager/psalm.xml&path=//proc/self/root/proc/self/root/proc/self/root/proc/self/root/proc/self/root/proc/self/root/proc/self/root/proc/self/root/proc/self/root/proc/self/root/proc/self/root/proc/self/root/proc/self/root/proc/self/root/proc/self/root/proc/self/root/proc/self/root/proc/self/root/proc/self/root/proc/self/cwd/nueva/vendor/doctrine/event-manager HTTP/1.1" 200 26165 "https://mail.casaslaguna.cl/hey.php?path=//proc/self/root/proc/self/root/proc/self/root/proc/self/root/proc/self/root/proc/self/root/proc/self/root/proc/self/root/proc/self/root/proc/self/root/proc/self/root/proc/self/root/proc/self/root/proc/self/root/proc/self/root/proc/self/root/proc/self/root/proc/self/root/proc/self/root/proc/self/cwd/nueva/vendor/doctrine/event-manager" "Mozilla/5.0 AppleWebKit/537.36 (KHTML, like Gecko; compatible; GPTBot/1.3; +https://openai.com/gptbot)"
216.73.217.66 - - [28/Apr/2026:08:03:52 -0400] "GET /hey.php?fileloc=%2Fhome4%2Fcca63905%2Fpublic_html%2Fnueva%2Fvar%2Fcache%2Fdev%2Fpools%2FN5-eTqVHq1%2FX%2FO%2FrZz2aVjzk3aJ2K-Qvg0o&path=%2Fhome4%2Fcca63905%2Fpublic_html%2Fnueva%2Fvar%2Fcache%2Fdev%2Fpools%2FN5-eTqVHq1%2FX%2FO HTTP/1.1" 200 14002 "-" "Mozilla/5.0 AppleWebKit/537.36 (KHTML, like Gecko; compatible; ClaudeBot/1.0; +claudebot@anthropic.com)"
74.7.241.38 - - [28/Apr/2026:08:03:53 -0400] "GET /hey.php?fileloc=//proc/self/root/proc/self/cwd/nueva/modules/blockreassurance/views/templates/admin/tabs/content/index.php&path=//proc/self/root/proc/self/cwd/nueva/modules/blockreassurance/views/templates/admin/tabs/content HTTP/1.1" 200 15373 "https://mail.casaslaguna.cl/hey.php?path=//proc/self/root/proc/self/cwd/nueva/modules/blockreassurance/views/templates/admin/tabs/content" "Mozilla/5.0 AppleWebKit/537.36 (KHTML, like Gecko; compatible; GPTBot/1.3; +https://openai.com/gptbot)"
216.73.217.66 - - [28/Apr/2026:08:03:53 -0400] "GET /hey.php?fileloc=%2F%2Fhome%2Fcca63905%2Fwww%2Fnueva%2Fmodules%2Fchatgptcontentgenerator%2Fvendor%2Fsymfony%2Fyaml%2FTests%2FYamlTest.php&path=%2F%2Fhome%2Fcca63905%2Fwww%2Fnueva%2Fmodules%2Fchatgptcontentgenerator%2Fvendor%2Fsymfony%2Fyaml%2FTests HTTP/1.1" 200 15126 "-" "Mozilla/5.0 AppleWebKit/537.36 (KHTML, like Gecko; compatible; ClaudeBot/1.0; +claudebot@anthropic.com)"
216.73.217.66 - - [28/Apr/2026:08:03:53 -0400] "GET /hey.php?fileloc=%2F%2Fproc%2Fself%2Froot%2Fproc%2Fself%2Froot%2Fhome4%2Fcca63905%2Fpublic_html%2Fnueva%2Fimg%2Fp%2F6%2F9%2F69-small_default.jpg&path=%2F%2Fproc%2Fself%2Froot%2Fproc%2Fself%2Froot%2Fhome4%2Fcca63905%2Fpublic_html%2Fnueva%2Fimg%2Fp%2F6%2F9 HTTP/1.1" 200 14138 "-" "Mozilla/5.0 AppleWebKit/537.36 (KHTML, like Gecko; compatible; ClaudeBot/1.0; +claudebot@anthropic.com)"
74.7.241.38 - - [28/Apr/2026:08:03:53 -0400] "GET /hey.php?fileloc=//proc/self/root/proc/self/root/proc/self/cwd/nueva/localization/CLDR/core/common/main/dz.xml&path=//proc/self/root/proc/self/root/proc/self/cwd/nueva/localization/CLDR/core/common/main HTTP/1.1" 200 192263 "https://mail.casaslaguna.cl/hey.php?path=//proc/self/root/proc/self/root/proc/self/cwd/nueva/localization/CLDR/core/common/main" "Mozilla/5.0 AppleWebKit/537.36 (KHTML, like Gecko; compatible; GPTBot/1.3; +https://openai.com/gptbot)"
216.73.217.66 - - [28/Apr/2026:08:03:54 -0400] "GET /hey.php?fileloc=%2F%2Fhome4%2Fcca63905%2Fwww%2Fnueva%2Fvendor%2Fsymfony%2Fsymfony%2Fsrc%2FSymfony%2FComponent%2FEventDispatcher%2FEvent.php&path=%2F%2Fhome4%2Fcca63905%2Fwww%2Fnueva%2Fvendor%2Fsymfony%2Fsymfony%2Fsrc%2FSymfony%2FComponent%2FEventDispatcher HTTP/1.1" 200 15626 "-" "Mozilla/5.0 AppleWebKit/537.36 (KHTML, like Gecko; compatible; ClaudeBot/1.0; +claudebot@anthropic.com)"
74.7.241.38 - - [28/Apr/2026:08:03:54 -0400] "GET /hey.php?fileloc=//proc/self/root/proc/self/root/proc/self/cwd/nueva/localization/CLDR/core/common/main/vai.xml&path=//proc/self/root/proc/self/root/proc/self/cwd/nueva/localization/CLDR/core/common/main HTTP/1.1" 200 60093 "https://mail.casaslaguna.cl/hey.php?path=//proc/self/root/proc/self/root/proc/self/cwd/nueva/localization/CLDR/core/common/main" "Mozilla/5.0 AppleWebKit/537.36 (KHTML, like Gecko; compatible; GPTBot/1.3; +https://openai.com/gptbot)"
74.7.241.38 - - [28/Apr/2026:08:03:54 -0400] "GET /hey.php?path=//proc/self/root/home5/cca63905/www/nueva/modules/ps_accounts/vendor/phpseclib/phpseclib/phpseclib/System/SSH/Agent HTTP/1.1" 200 18691 "https://mail.casaslaguna.cl/hey.php?path=//proc/self/root/home5/cca63905/www/nueva/modules/ps_accounts/vendor/phpseclib/phpseclib/phpseclib/System/SSH" "Mozilla/5.0 AppleWebKit/537.36 (KHTML, like Gecko; compatible; GPTBot/1.3; +https://openai.com/gptbot)"
74.7.241.38 - - [28/Apr/2026:08:03:55 -0400] "GET /hey.php?path=//proc/self/root/home4/cca63905/www/nueva/modules/ps_accounts/vendor/phpseclib/phpseclib/phpseclib/System/SSH/Agent HTTP/1.1" 200 18691 "https://mail.casaslaguna.cl/hey.php?path=//proc/self/root/home4/cca63905/www/nueva/modules/ps_accounts/vendor/phpseclib/phpseclib/phpseclib/System/SSH" "Mozilla/5.0 AppleWebKit/537.36 (KHTML, like Gecko; compatible; GPTBot/1.3; +https://openai.com/gptbot)"
216.73.217.66 - - [28/Apr/2026:08:03:55 -0400] "GET /hey.php?fileloc=%2F%2Fhome4%2Fcca63905%2Fwww%2Fguiaweb%2Fhtdocs%2Fcore%2Ffilemanagerdol%2Fbrowser%2Fdefault%2Fimages%2Ficons%2Fpdf.gif&path=%2F%2Fhome4%2Fcca63905%2Fwww%2Fguiaweb%2Fhtdocs%2Fcore%2Ffilemanagerdol%2Fbrowser%2Fdefault%2Fimages%2Ficons HTTP/1.1" 200 13979 "-" "Mozilla/5.0 AppleWebKit/537.36 (KHTML, like Gecko; compatible; ClaudeBot/1.0; +claudebot@anthropic.com)"
216.73.217.66 - - [28/Apr/2026:08:03:55 -0400] "GET /hey.php?fileloc=%2F%2Fproc%2Fself%2Froot%2Fhome5%2Fcca63905%2Fwww%2Fnueva%2Fpdf%2Finvoice-b2b.tpl&path=%2F%2Fproc%2Fself%2Froot%2Fhome5%2Fcca63905%2Fwww%2Fnueva%2Fpdf HTTP/1.1" 200 16853 "-" "Mozilla/5.0 AppleWebKit/537.36 (KHTML, like Gecko; compatible; ClaudeBot/1.0; +claudebot@anthropic.com)"
74.7.241.38 - - [28/Apr/2026:08:03:56 -0400] "GET /hey.php?path=//proc/self/root/home5/cca63905/www/nueva/modules/ybc_blog_free/views/img/category HTTP/1.1" 200 16116 "https://mail.casaslaguna.cl/hey.php?path=//proc/self/root/home5/cca63905/www/nueva/modules/ybc_blog_free/views/img" "Mozilla/5.0 AppleWebKit/537.36 (KHTML, like Gecko; compatible; GPTBot/1.3; +https://openai.com/gptbot)"
216.73.217.66 - - [28/Apr/2026:08:03:56 -0400] "GET /hey.php?fileloc=%2F%2Fproc%2Fself%2Froot%2Fhome%2Fcca63905%2Fwww%2Fnueva%2Fmodules%2Fps_accounts%2Fvendor%2Flcobucci%2Findex.php&path=%2F%2Fproc%2Fself%2Froot%2Fhome%2Fcca63905%2Fwww%2Fnueva%2Fmodules%2Fps_accounts%2Fvendor%2Flcobucci HTTP/1.1" 200 14258 "-" "Mozilla/5.0 AppleWebKit/537.36 (KHTML, like Gecko; compatible; ClaudeBot/1.0; +claudebot@anthropic.com)"
74.7.241.38 - - [28/Apr/2026:08:03:56 -0400] "GET /hey.php?path=//home/cca63905/www/nueva/var/cache/prod/smarty/compile/probusinesslayouts_layout_full_width_tpl/a9 HTTP/1.1" 200 15942 "https://mail.casaslaguna.cl/hey.php?path=//home/cca63905/www/nueva/var/cache/prod/smarty/compile/probusinesslayouts_layout_full_width_tpl" "Mozilla/5.0 AppleWebKit/537.36 (KHTML, like Gecko; compatible; GPTBot/1.3; +https://openai.com/gptbot)"
74.7.241.38 - - [28/Apr/2026:08:03:57 -0400] "GET /hey.php?path=//home/cca63905/www/nueva/var/cache/prod/smarty/compile/probusinesslayouts_layout_full_width_tpl/ca/d9 HTTP/1.1" 200 16077 "https://mail.casaslaguna.cl/hey.php?path=//home/cca63905/www/nueva/var/cache/prod/smarty/compile/probusinesslayouts_layout_full_width_tpl/ca" "Mozilla/5.0 AppleWebKit/537.36 (KHTML, like Gecko; compatible; GPTBot/1.3; +https://openai.com/gptbot)"
216.73.217.66 - - [28/Apr/2026:08:03:56 -0400] "GET /hey.php?fileloc=%2F%2Fhome4%2Fcca63905%2Fwww%2Fnueva%2Fmodules%2Fsmartargetwhatsapp%2Fvendor%2Fcomposer%2Fautoload_namespaces.php&path=%2F%2Fhome4%2Fcca63905%2Fwww%2Fnueva%2Fmodules%2Fsmartargetwhatsapp%2Fvendor%2Fcomposer HTTP/1.1" 200 13832 "-" "Mozilla/5.0 AppleWebKit/537.36 (KHTML, like Gecko; compatible; ClaudeBot/1.0; +claudebot@anthropic.com)"
74.7.241.38 - - [28/Apr/2026:08:03:57 -0400] "GET /hey.php?path=//home/cca63905/www/nueva/var/cache/prod/smarty/compile/probusinesslayouts_layout_full_width_tpl/e0 HTTP/1.1" 200 15942 "https://mail.casaslaguna.cl/hey.php?path=//home/cca63905/www/nueva/var/cache/prod/smarty/compile/probusinesslayouts_layout_full_width_tpl" "Mozilla/5.0 AppleWebKit/537.36 (KHTML, like Gecko; compatible; GPTBot/1.3; +https://openai.com/gptbot)"
216.73.217.66 - - [28/Apr/2026:08:03:58 -0400] "GET /hey.php?fileloc=%2F%2Fhome5%2Fcca63905%2Fwww%2Fnueva%2Fadmin346k89tef%2Fthemes%2Fdefault%2Fscss%2Fmodules%2F_variables.scss&path=%2F%2Fhome5%2Fcca63905%2Fwww%2Fnueva%2Fadmin346k89tef%2Fthemes%2Fdefault%2Fscss%2Fmodules HTTP/1.1" 200 18519 "-" "Mozilla/5.0 AppleWebKit/537.36 (KHTML, like Gecko; compatible; ClaudeBot/1.0; +claudebot@anthropic.com)"
74.7.241.38 - - [28/Apr/2026:08:03:59 -0400] "GET /hey.php?path=//home/cca63905/www/nueva/var/cache/prod/smarty/compile/probusinesslayouts_layout_full_width_tpl/2a HTTP/1.1" 200 17552 "https://mail.casaslaguna.cl/hey.php?path=//home/cca63905/www/nueva/var/cache/prod/smarty/compile/probusinesslayouts_layout_full_width_tpl" "Mozilla/5.0 AppleWebKit/537.36 (KHTML, like Gecko; compatible; GPTBot/1.3; +https://openai.com/gptbot)"
74.7.241.38 - - [28/Apr/2026:08:03:59 -0400] "GET /hey.php?path=//home/cca63905/www/nueva/var/cache/prod/smarty/compile/probusinesslayouts_layout_full_width_tpl/cf/6b HTTP/1.1" 200 16077 "https://mail.casaslaguna.cl/hey.php?path=//home/cca63905/www/nueva/var/cache/prod/smarty/compile/probusinesslayouts_layout_full_width_tpl/cf" "Mozilla/5.0 AppleWebKit/537.36 (KHTML, like Gecko; compatible; GPTBot/1.3; +https://openai.com/gptbot)"
216.73.217.66 - - [28/Apr/2026:08:04:00 -0400] "GET /hey.php?fileloc=%2Fhome4%2Fcca63905%2Fwww%2Fnueva%2Fmodules%2Fsmartargetwhatsapp%2Fvendor%2Fsymfony%2Fexpression-language%2FToken.php&path=%2Fhome4%2Fcca63905%2Fwww%2Fnueva%2Fmodules%2Fsmartargetwhatsapp%2Fvendor%2Fsymfony%2Fexpression-language HTTP/1.1" 200 15549 "-" "Mozilla/5.0 AppleWebKit/537.36 (KHTML, like Gecko; compatible; ClaudeBot/1.0; +claudebot@anthropic.com)"
74.7.241.38 - - [28/Apr/2026:08:04:00 -0400] "GET /hey.php?path=//home/cca63905/www/nueva/var/cache/prod/smarty/compile/probusinesslayouts_layout_full_width_tpl/9a HTTP/1.1" 200 17552 "https://mail.casaslaguna.cl/hey.php?path=//home/cca63905/www/nueva/var/cache/prod/smarty/compile/probusinesslayouts_layout_full_width_tpl" "Mozilla/5.0 AppleWebKit/537.36 (KHTML, like Gecko; compatible; GPTBot/1.3; +https://openai.com/gptbot)"
216.73.217.66 - - [28/Apr/2026:08:04:00 -0400] "GET /hey.php?fileloc=%2F%2Fhome5%2Fcca63905%2Fwww%2Fnueva%2Fmails%2Fmx%2Fpayment.html&path=%2F%2Fhome5%2Fcca63905%2Fwww%2Fnueva%2Fmails%2Fmx HTTP/1.1" 200 51691 "-" "Mozilla/5.0 AppleWebKit/537.36 (KHTML, like Gecko; compatible; ClaudeBot/1.0; +claudebot@anthropic.com)"
74.7.241.38 - - [28/Apr/2026:08:04:02 -0400] "GET /hey.php?path=//home/cca63905/www/nueva/var/cache/prod/smarty/compile/probusinesslayouts_layout_full_width_tpl/b5 HTTP/1.1" 200 17552 "https://mail.casaslaguna.cl/hey.php?path=//home/cca63905/www/nueva/var/cache/prod/smarty/compile/probusinesslayouts_layout_full_width_tpl" "Mozilla/5.0 AppleWebKit/537.36 (KHTML, like Gecko; compatible; GPTBot/1.3; +https://openai.com/gptbot)"
216.73.217.66 - - [28/Apr/2026:08:04:02 -0400] "GET /hey.php?fileloc=%2Fhome4%2Fcca63905%2Fwww%2Fnueva%2Fjs%2Fjquery%2Fui%2Fthemes%2Fbase%2Fimages%2Findex.php&path=%2Fhome4%2Fcca63905%2Fwww%2Fnueva%2Fjs%2Fjquery%2Fui%2Fthemes%2Fbase%2Fimages HTTP/1.1" 200 15140 "-" "Mozilla/5.0 AppleWebKit/537.36 (KHTML, like Gecko; compatible; ClaudeBot/1.0; +claudebot@anthropic.com)"
74.7.241.38 - - [28/Apr/2026:08:04:02 -0400] "GET /hey.php?path=//home/cca63905/www/nueva/var/cache/prod/smarty/compile/probusinesslayouts_layout_full_width_tpl/a3 HTTP/1.1" 200 15942 "https://mail.casaslaguna.cl/hey.php?path=//home/cca63905/www/nueva/var/cache/prod/smarty/compile/probusinesslayouts_layout_full_width_tpl" "Mozilla/5.0 AppleWebKit/537.36 (KHTML, like Gecko; compatible; GPTBot/1.3; +https://openai.com/gptbot)"
216.73.217.66 - - [28/Apr/2026:08:04:02 -0400] "GET /hey.php?fileloc=%2F%2Fhome4%2Fcca63905%2Fpublic_html%2Fnueva%2Fmodules%2Fets_banneranywhere%2Fets_banneranywhere.php&path=%2F%2Fhome4%2Fcca63905%2Fpublic_html%2Fnueva%2Fmodules%2Fets_banneranywhere HTTP/1.1" 200 49314 "-" "Mozilla/5.0 AppleWebKit/537.36 (KHTML, like Gecko; compatible; ClaudeBot/1.0; +claudebot@anthropic.com)"
216.73.217.66 - - [28/Apr/2026:08:04:03 -0400] "GET /hey.php?fileloc=%2F%2Fproc%2Fself%2Froot%2Fhome%2Fcca63905%2Fwww%2Fnueva%2Fmodules%2Fartsnowstorm%2Fviews%2Fjs%2Fsnowstorm-min.js&path=%2F%2Fproc%2Fself%2Froot%2Fhome%2Fcca63905%2Fwww%2Fnueva%2Fmodules%2Fartsnowstorm%2Fviews%2Fjs HTTP/1.1" 200 25007 "-" "Mozilla/5.0 AppleWebKit/537.36 (KHTML, like Gecko; compatible; ClaudeBot/1.0; +claudebot@anthropic.com)"
74.7.241.38 - - [28/Apr/2026:08:04:03 -0400] "GET /hey.php?path=//home/cca63905/www/nueva/var/cache/prod/smarty/compile/probusinesslayouts_layout_full_width_tpl/f5 HTTP/1.1" 200 17552 "https://mail.casaslaguna.cl/hey.php?path=//home/cca63905/www/nueva/var/cache/prod/smarty/compile/probusinesslayouts_layout_full_width_tpl" "Mozilla/5.0 AppleWebKit/537.36 (KHTML, like Gecko; compatible; GPTBot/1.3; +https://openai.com/gptbot)"
216.73.217.66 - - [28/Apr/2026:08:04:03 -0400] "GET /hey.php?fileloc=%2F%2Fhome%2Fcca63905%2Fwww%2Fnueva%2Fjs%2Fjquery%2Fui%2Fi18n%2Fjquery.ui.datepicker-pt.js&path=%2F%2Fhome%2Fcca63905%2Fwww%2Fnueva%2Fjs%2Fjquery%2Fui%2Fi18n HTTP/1.1" 200 14443 "-" "Mozilla/5.0 AppleWebKit/537.36 (KHTML, like Gecko; compatible; ClaudeBot/1.0; +claudebot@anthropic.com)"
74.7.241.38 - - [28/Apr/2026:08:04:04 -0400] "GET /hey.php?path=//home/cca63905/www/nueva/var/cache/prod/smarty/compile/probusinesslayouts_layout_full_width_tpl/eb/c0 HTTP/1.1" 200 16077 "https://mail.casaslaguna.cl/hey.php?path=//home/cca63905/www/nueva/var/cache/prod/smarty/compile/probusinesslayouts_layout_full_width_tpl/eb" "Mozilla/5.0 AppleWebKit/537.36 (KHTML, like Gecko; compatible; GPTBot/1.3; +https://openai.com/gptbot)"
216.73.217.66 - - [28/Apr/2026:08:04:04 -0400] "GET /hey.php?fileloc=%2F%2Fhome%2Fcca63905%2Fwww%2Fnueva%2Fadmin346k89tef%2Fthemes%2Fdefault%2Fjs%2Ftheme.js&path=%2F%2Fhome%2Fcca63905%2Fwww%2Fnueva%2Fadmin346k89tef%2Fthemes%2Fdefault%2Fjs HTTP/1.1" 200 15117 "-" "Mozilla/5.0 AppleWebKit/537.36 (KHTML, like Gecko; compatible; ClaudeBot/1.0; +claudebot@anthropic.com)"
74.7.241.38 - - [28/Apr/2026:08:04:04 -0400] "GET /hey.php?path=//home/cca63905/www/nueva/var/cache/prod/smarty/compile/probusinesslayouts_layout_full_width_tpl/0f HTTP/1.1" 200 19162 "https://mail.casaslaguna.cl/hey.php?path=//home/cca63905/www/nueva/var/cache/prod/smarty/compile/probusinesslayouts_layout_full_width_tpl" "Mozilla/5.0 AppleWebKit/537.36 (KHTML, like Gecko; compatible; GPTBot/1.3; +https://openai.com/gptbot)"
216.73.217.66 - - [28/Apr/2026:08:04:05 -0400] "GET /hey.php?fileloc=%2F%2Fhome4%2Fcca63905%2Fwww%2Fnueva%2Fmodules%2Fsmartargetpopupforms%2Fvendor%2Fsymfony%2Fpolyfill-php73%2FLICENSE&path=%2F%2Fhome4%2Fcca63905%2Fwww%2Fnueva%2Fmodules%2Fsmartargetpopupforms%2Fvendor%2Fsymfony%2Fpolyfill-php73 HTTP/1.1" 200 14905 "-" "Mozilla/5.0 AppleWebKit/537.36 (KHTML, like Gecko; compatible; ClaudeBot/1.0; +claudebot@anthropic.com)"
74.7.241.38 - - [28/Apr/2026:08:04:06 -0400] "GET /hey.php?path=//home/cca63905/www/nueva/var/cache/prod/smarty/compile/probusinesslayouts_layout_full_width_tpl/1a HTTP/1.1" 200 15942 "https://mail.casaslaguna.cl/hey.php?path=//home/cca63905/www/nueva/var/cache/prod/smarty/compile/probusinesslayouts_layout_full_width_tpl" "Mozilla/5.0 AppleWebKit/537.36 (KHTML, like Gecko; compatible; GPTBot/1.3; +https://openai.com/gptbot)"
216.73.217.66 - - [28/Apr/2026:08:04:06 -0400] "GET /hey.php?fileloc=%2Fhome4%2Fcca63905%2Fwww%2Fnueva%2Fmodules%2Fsmartargetpopup%2Fvendor%2Fsymfony%2Fcache%2FCacheItem.php&path=%2Fhome4%2Fcca63905%2Fwww%2Fnueva%2Fmodules%2Fsmartargetpopup%2Fvendor%2Fsymfony%2Fcache HTTP/1.1" 200 19878 "-" "Mozilla/5.0 AppleWebKit/537.36 (KHTML, like Gecko; compatible; ClaudeBot/1.0; +claudebot@anthropic.com)"
74.7.241.38 - - [28/Apr/2026:08:04:06 -0400] "GET /hey.php?path=//home/cca63905/www/nueva/var/cache/prod/smarty/compile/probusinesslayouts_layout_left_column_tpl/cf/6b HTTP/1.1" 200 16084 "https://mail.casaslaguna.cl/hey.php?path=//home/cca63905/www/nueva/var/cache/prod/smarty/compile/probusinesslayouts_layout_left_column_tpl/cf" "Mozilla/5.0 AppleWebKit/537.36 (KHTML, like Gecko; compatible; GPTBot/1.3; +https://openai.com/gptbot)"
216.73.217.66 - - [28/Apr/2026:08:04:06 -0400] "GET /hey.php?fileloc=%2F%2Fhome5%2Fcca63905%2Fpublic_html%2Fguiaweb%2Fhtdocs%2Fincludes%2Fswiftmailer%2Fegulias%2Femail-validator%2FLICENSE&path=%2F%2Fhome5%2Fcca63905%2Fpublic_html%2Fguiaweb%2Fhtdocs%2Fincludes%2Fswiftmailer%2Fegulias%2Femail-validator HTTP/1.1" 200 14943 "-" "Mozilla/5.0 AppleWebKit/537.36 (KHTML, like Gecko; compatible; ClaudeBot/1.0; +claudebot@anthropic.com)"
216.73.217.66 - - [28/Apr/2026:08:04:05 -0400] "GET /hey.php?fileloc=%2F%2Fproc%2Fself%2Froot%2Fproc%2Fself%2Froot%2Fhome4%2Fcca63905%2Fwww%2Fnueva%2Fimg%2Fcms%2FFelipe-Vergara.jpg&path=%2F%2Fproc%2Fself%2Froot%2Fproc%2Fself%2Froot%2Fhome4%2Fcca63905%2Fwww%2Fnueva%2Fimg%2Fcms HTTP/1.1" 200 13898 "-" "Mozilla/5.0 AppleWebKit/537.36 (KHTML, like Gecko; compatible; ClaudeBot/1.0; +claudebot@anthropic.com)"
216.73.217.66 - - [28/Apr/2026:08:04:06 -0400] "GET /hey.php?fileloc=%2F%2Fproc%2Fself%2Froot%2Fhome%2Fcca63905%2Ftmp%2Fawstats%2Fawstats072025.casaslaguna.cl.txt&path=%2F%2Fproc%2Fself%2Froot%2Fhome%2Fcca63905%2Ftmp%2Fawstats HTTP/1.1" 200 20475 "-" "Mozilla/5.0 AppleWebKit/537.36 (KHTML, like Gecko; compatible; ClaudeBot/1.0; +claudebot@anthropic.com)"
216.73.217.66 - - [28/Apr/2026:08:04:07 -0400] "GET /hey.php?fileloc=%2F%2Fhome4%2Fcca63905%2Fpublic_html%2Fnueva%2Fimg%2Ftmp%2Fcms%2FFernanda-Avila.jpg&path=%2F%2Fhome4%2Fcca63905%2Fpublic_html%2Fnueva%2Fimg%2Ftmp%2Fcms HTTP/1.1" 200 13544 "-" "Mozilla/5.0 AppleWebKit/537.36 (KHTML, like Gecko; compatible; ClaudeBot/1.0; +claudebot@anthropic.com)"
74.7.241.38 - - [28/Apr/2026:08:04:07 -0400] "GET /hey.php?path=//home/cca63905/www/nueva/var/cache/prod/smarty/compile/probusinesslayouts_layout_full_width_tpl/6e HTTP/1.1" 200 15942 "https://mail.casaslaguna.cl/hey.php?path=//home/cca63905/www/nueva/var/cache/prod/smarty/compile/probusinesslayouts_layout_full_width_tpl" "Mozilla/5.0 AppleWebKit/537.36 (KHTML, like Gecko; compatible; GPTBot/1.3; +https://openai.com/gptbot)"
216.73.217.66 - - [28/Apr/2026:08:04:07 -0400] "GET /hey.php?fileloc=%2F%2Fhome4%2Fcca63905%2Fwww%2Fnueva%2Fmodules%2Fps_imageslider%2Ftests%2Fphpstan.sh&path=%2F%2Fhome4%2Fcca63905%2Fwww%2Fnueva%2Fmodules%2Fps_imageslider%2Ftests HTTP/1.1" 200 14642 "-" "Mozilla/5.0 AppleWebKit/537.36 (KHTML, like Gecko; compatible; ClaudeBot/1.0; +claudebot@anthropic.com)"
74.7.241.38 - - [28/Apr/2026:08:04:08 -0400] "GET /hey.php?path=//home/cca63905/www/nueva/var/cache/prod/smarty/compile/probusinesslayouts_layout_left_column_tpl/be/f2 HTTP/1.1" 200 16084 "https://mail.casaslaguna.cl/hey.php?path=//home/cca63905/www/nueva/var/cache/prod/smarty/compile/probusinesslayouts_layout_left_column_tpl/be" "Mozilla/5.0 AppleWebKit/537.36 (KHTML, like Gecko; compatible; GPTBot/1.3; +https://openai.com/gptbot)"
216.73.217.66 - - [28/Apr/2026:08:04:08 -0400] "GET /hey.php?fileloc=%2F%2Fproc%2Fself%2Fcwd%2Fnueva%2Fimg%2Fsu%2Fbs-default-large_default.jpg&path=%2F%2Fproc%2Fself%2Fcwd%2Fnueva%2Fimg%2Fsu HTTP/1.1" 200 13392 "-" "Mozilla/5.0 AppleWebKit/537.36 (KHTML, like Gecko; compatible; ClaudeBot/1.0; +claudebot@anthropic.com)"
216.73.217.66 - - [28/Apr/2026:08:04:09 -0400] "GET /hey.php?fileloc=%2F%2Fproc%2Fself%2Froot%2Fhome5%2Fcca63905%2Fwww%2Fnueva%2Fmodules%2Fps_eventbus%2Fvendor%2Fsymfony%2Fconfig%2F.gitignore&path=%2F%2Fproc%2Fself%2Froot%2Fhome5%2Fcca63905%2Fwww%2Fnueva%2Fmodules%2Fps_eventbus%2Fvendor%2Fsymfony%2Fconfig HTTP/1.1" 200 14037 "-" "Mozilla/5.0 AppleWebKit/537.36 (KHTML, like Gecko; compatible; ClaudeBot/1.0; +claudebot@anthropic.com)"
74.7.241.38 - - [28/Apr/2026:08:04:09 -0400] "GET /hey.php?path=//home/cca63905/www/nueva/var/cache/prod/smarty/compile/probusinesslayouts_layout_full_width_tpl/b0 HTTP/1.1" 200 15942 "https://mail.casaslaguna.cl/hey.php?path=//home/cca63905/www/nueva/var/cache/prod/smarty/compile/probusinesslayouts_layout_full_width_tpl" "Mozilla/5.0 AppleWebKit/537.36 (KHTML, like Gecko; compatible; GPTBot/1.3; +https://openai.com/gptbot)"
216.73.217.66 - - [28/Apr/2026:08:04:09 -0400] "GET /hey.php?fileloc=%2F%2Fhome%2Fcca63905%2Fpublic_html%2Fnueva%2Fvendor%2Ftwig%2Ftwig%2Flib%2FTwig%2FNodeVisitorInterface.php&path=%2F%2Fhome%2Fcca63905%2Fpublic_html%2Fnueva%2Fvendor%2Ftwig%2Ftwig%2Flib%2FTwig HTTP/1.1" 200 13939 "-" "Mozilla/5.0 AppleWebKit/537.36 (KHTML, like Gecko; compatible; ClaudeBot/1.0; +claudebot@anthropic.com)"
74.7.241.38 - - [28/Apr/2026:08:04:09 -0400] "GET /hey.php?path=//home/cca63905/www/nueva/var/cache/prod/smarty/compile/probusinesslayouts_layout_full_width_tpl/a4 HTTP/1.1" 200 15942 "https://mail.casaslaguna.cl/hey.php?path=//home/cca63905/www/nueva/var/cache/prod/smarty/compile/probusinesslayouts_layout_full_width_tpl" "Mozilla/5.0 AppleWebKit/537.36 (KHTML, like Gecko; compatible; GPTBot/1.3; +https://openai.com/gptbot)"
216.73.217.66 - - [28/Apr/2026:08:04:10 -0400] "GET /hey.php?fileloc=%2F%2Fproc%2Fself%2Froot%2Fhome4%2Fcca63905%2F.trash%2Fwp-content%2Fuploads%2F2015%2F08%2Fplano-705x567.jpg&path=%2F%2Fproc%2Fself%2Froot%2Fhome4%2Fcca63905%2F.trash%2Fwp-content%2Fuploads%2F2015%2F08 HTTP/1.1" 200 13790 "-" "Mozilla/5.0 AppleWebKit/537.36 (KHTML, like Gecko; compatible; ClaudeBot/1.0; +claudebot@anthropic.com)"
74.7.241.38 - - [28/Apr/2026:08:04:10 -0400] "GET /hey.php?path=//home/cca63905/www/nueva/var/cache/prod/smarty/compile/probusinesslayouts_layout_full_width_tpl/ae/d3 HTTP/1.1" 200 16077 "https://mail.casaslaguna.cl/hey.php?path=//home/cca63905/www/nueva/var/cache/prod/smarty/compile/probusinesslayouts_layout_full_width_tpl/ae" "Mozilla/5.0 AppleWebKit/537.36 (KHTML, like Gecko; compatible; GPTBot/1.3; +https://openai.com/gptbot)"
216.73.217.66 - - [28/Apr/2026:08:04:10 -0400] "GET /hey.php?fileloc=%2F%2Fproc%2Fself%2Froot%2Fproc%2Fself%2Froot%2Fhome4%2Fcca63905%2Fwww%2Fnueva%2Fmodules%2Fets_whatsapp%2Fviews%2Fimg%2Fna.gif&path=%2F%2Fproc%2Fself%2Froot%2Fproc%2Fself%2Froot%2Fhome4%2Fcca63905%2Fwww%2Fnueva%2Fmodules%2Fets_whatsapp%2Fviews%2Fimg HTTP/1.1" 200 14161 "-" "Mozilla/5.0 AppleWebKit/537.36 (KHTML, like Gecko; compatible; ClaudeBot/1.0; +claudebot@anthropic.com)"
74.7.241.38 - - [28/Apr/2026:08:04:10 -0400] "GET /hey.php?path=//home/cca63905/www/nueva/var/cache/prod/smarty/compile/probusinesslayouts_layout_full_width_tpl/5a HTTP/1.1" 200 15942 "https://mail.casaslaguna.cl/hey.php?path=//home/cca63905/www/nueva/var/cache/prod/smarty/compile/probusinesslayouts_layout_full_width_tpl" "Mozilla/5.0 AppleWebKit/537.36 (KHTML, like Gecko; compatible; GPTBot/1.3; +https://openai.com/gptbot)"
216.73.217.66 - - [28/Apr/2026:08:04:11 -0400] "GET /hey.php?fileloc=%2F%2Fhome%2Fcca63905%2Fwww%2Fguiaweb%2Fhtdocs%2Ftheme%2Fcommon%2Focticons%2Fbuild%2Fsvg%2Ffold.svg&path=%2F%2Fhome%2Fcca63905%2Fwww%2Fguiaweb%2Fhtdocs%2Ftheme%2Fcommon%2Focticons%2Fbuild%2Fsvg HTTP/1.1" 200 14205 "-" "Mozilla/5.0 AppleWebKit/537.36 (KHTML, like Gecko; compatible; ClaudeBot/1.0; +claudebot@anthropic.com)"
216.73.217.66 - - [28/Apr/2026:08:04:11 -0400] "GET /hey.php?fileloc=%2F%2Fproc%2Fself%2Froot%2Fhome%2Fcca63905%2Fwww%2Fnueva%2Fmodules%2Fstatsstock%2Ftranslations%2Fmx.php&path=%2F%2Fproc%2Fself%2Froot%2Fhome%2Fcca63905%2Fwww%2Fnueva%2Fmodules%2Fstatsstock%2Ftranslations HTTP/1.1" 200 13773 "-" "Mozilla/5.0 AppleWebKit/537.36 (KHTML, like Gecko; compatible; ClaudeBot/1.0; +claudebot@anthropic.com)"
74.7.241.38 - - [28/Apr/2026:08:04:11 -0400] "GET /hey.php?path=//home/cca63905/www/nueva/var/cache/prod/smarty/compile/probusinesslayouts_layout_full_width_tpl/f5/ec HTTP/1.1" 200 16077 "https://mail.casaslaguna.cl/hey.php?path=//home/cca63905/www/nueva/var/cache/prod/smarty/compile/probusinesslayouts_layout_full_width_tpl/f5" "Mozilla/5.0 AppleWebKit/537.36 (KHTML, like Gecko; compatible; GPTBot/1.3; +https://openai.com/gptbot)"
74.7.241.38 - - [28/Apr/2026:08:04:12 -0400] "GET /hey.php?path=//home/cca63905/www/nueva/var/cache/prod/smarty/compile/probusinesslayouts_layout_full_width_tpl/a3/ca HTTP/1.1" 200 16077 "https://mail.casaslaguna.cl/hey.php?path=//home/cca63905/www/nueva/var/cache/prod/smarty/compile/probusinesslayouts_layout_full_width_tpl/a3" "Mozilla/5.0 AppleWebKit/537.36 (KHTML, like Gecko; compatible; GPTBot/1.3; +https://openai.com/gptbot)"
216.73.217.66 - - [28/Apr/2026:08:03:54 -0400] "GET /hey.php?fileloc=%2F%2Fproc%2Fself%2Froot%2Fhome5%2Fcca63905%2F.trash%2Fwp-content%2Fthemes%2Fenfold475%2Fenfold.zip&path=%2F%2Fproc%2Fself%2Froot%2Fhome5%2Fcca63905%2F.trash%2Fwp-content%2Fthemes%2Fenfold475 HTTP/1.1" 200 13702 "-" "Mozilla/5.0 AppleWebKit/537.36 (KHTML, like Gecko; compatible; ClaudeBot/1.0; +claudebot@anthropic.com)"
216.73.217.66 - - [28/Apr/2026:08:04:12 -0400] "GET /hey.php?fileloc=%2F%2Fhome5%2Fcca63905%2Fwww%2Fnueva%2Fvar%2Fcache%2Fprod%2FContainerVjejdxh%2FgetTranslation_Dumper_PoService.php&path=%2F%2Fhome5%2Fcca63905%2Fwww%2Fnueva%2Fvar%2Fcache%2Fprod%2FContainerVjejdxh HTTP/1.1" 200 13988 "-" "Mozilla/5.0 AppleWebKit/537.36 (KHTML, like Gecko; compatible; ClaudeBot/1.0; +claudebot@anthropic.com)"
216.73.217.66 - - [28/Apr/2026:08:04:12 -0400] "GET /hey.php?fileloc=%2F%2Fhome4%2Fcca63905%2Fwww%2Fguiaweb%2Fhtdocs%2Flangs%2Fzh_HK%2Fcashdesk.lang&path=%2F%2Fhome4%2Fcca63905%2Fwww%2Fguiaweb%2Fhtdocs%2Flangs%2Fzh_HK HTTP/1.1" 200 21152 "-" "Mozilla/5.0 AppleWebKit/537.36 (KHTML, like Gecko; compatible; ClaudeBot/1.0; +claudebot@anthropic.com)"
74.7.241.38 - - [28/Apr/2026:08:04:13 -0400] "GET /hey.php?path=//home/cca63905/www/nueva/var/cache/prod/smarty/compile/probusinesslayouts_layout_full_width_tpl/4e HTTP/1.1" 200 17552 "https://mail.casaslaguna.cl/hey.php?path=//home/cca63905/www/nueva/var/cache/prod/smarty/compile/probusinesslayouts_layout_full_width_tpl" "Mozilla/5.0 AppleWebKit/537.36 (KHTML, like Gecko; compatible; GPTBot/1.3; +https://openai.com/gptbot)"
216.73.217.66 - - [28/Apr/2026:08:04:13 -0400] "GET /hey.php?fileloc=%2F%2Fproc%2Fself%2Fcwd%2Fnueva%2Fthemes%2Fprobusiness%2Fmodules%2Fybc_blog_free%2Fviews%2Fcss%2Fthemes%2Findex.php&path=%2F%2Fproc%2Fself%2Fcwd%2Fnueva%2Fthemes%2Fprobusiness%2Fmodules%2Fybc_blog_free%2Fviews%2Fcss%2Fthemes HTTP/1.1" 200 15316 "-" "Mozilla/5.0 AppleWebKit/537.36 (KHTML, like Gecko; compatible; ClaudeBot/1.0; +claudebot@anthropic.com)"
74.7.241.38 - - [28/Apr/2026:08:04:13 -0400] "GET /hey.php?path=//home/cca63905/www/nueva/var/cache/prod/smarty/compile/probusinesslayouts_layout_full_width_tpl/9a/fd HTTP/1.1" 200 16077 "https://mail.casaslaguna.cl/hey.php?path=//home/cca63905/www/nueva/var/cache/prod/smarty/compile/probusinesslayouts_layout_full_width_tpl/9a" "Mozilla/5.0 AppleWebKit/537.36 (KHTML, like Gecko; compatible; GPTBot/1.3; +https://openai.com/gptbot)"
216.73.217.66 - - [28/Apr/2026:08:04:13 -0400] "GET /hey.php?fileloc=%2F%2Fhome4%2Fcca63905%2Fwww%2Fnueva%2Ftools%2Fprofiling%2Ftemplates%2Fstopwatch.tpl&path=%2F%2Fhome4%2Fcca63905%2Fwww%2Fnueva%2Ftools%2Fprofiling%2Ftemplates HTTP/1.1" 200 16610 "-" "Mozilla/5.0 AppleWebKit/537.36 (KHTML, like Gecko; compatible; ClaudeBot/1.0; +claudebot@anthropic.com)"
216.73.217.66 - - [28/Apr/2026:08:04:14 -0400] "GET /hey.php?fileloc=%2F%2Fproc%2Fself%2Fcwd%2Fnueva%2Fimg%2Fl%2Far-default-home_default.jpg&path=%2F%2Fproc%2Fself%2Fcwd%2Fnueva%2Fimg%2Fl HTTP/1.1" 200 13388 "-" "Mozilla/5.0 AppleWebKit/537.36 (KHTML, like Gecko; compatible; ClaudeBot/1.0; +claudebot@anthropic.com)"
74.7.241.38 - - [28/Apr/2026:08:04:14 -0400] "GET /hey.php?path=//home/cca63905/www/nueva/var/cache/prod/smarty/compile/probusinesslayouts_layout_left_column_tpl/ed/a4 HTTP/1.1" 200 16084 "https://mail.casaslaguna.cl/hey.php?path=//home/cca63905/www/nueva/var/cache/prod/smarty/compile/probusinesslayouts_layout_left_column_tpl/ed" "Mozilla/5.0 AppleWebKit/537.36 (KHTML, like Gecko; compatible; GPTBot/1.3; +https://openai.com/gptbot)"
216.73.217.66 - - [28/Apr/2026:08:04:14 -0400] "GET /hey.php?fileloc=%2F%2Fhome%2Fcca63905%2Fpublic_html%2Fnueva%2Fmails%2Fthemes%2Fclassic%2Fcore%2Fshipped.html.twig&path=%2F%2Fhome%2Fcca63905%2Fpublic_html%2Fnueva%2Fmails%2Fthemes%2Fclassic%2Fcore HTTP/1.1" 200 16018 "-" "Mozilla/5.0 AppleWebKit/537.36 (KHTML, like Gecko; compatible; ClaudeBot/1.0; +claudebot@anthropic.com)"
74.7.241.38 - - [28/Apr/2026:08:04:14 -0400] "GET /hey.php?path=//lib/NetworkManager/conf.d HTTP/1.1" 200 15242 "https://mail.casaslaguna.cl/hey.php?path=//lib/NetworkManager" "Mozilla/5.0 AppleWebKit/537.36 (KHTML, like Gecko; compatible; GPTBot/1.3; +https://openai.com/gptbot)"
216.73.217.66 - - [28/Apr/2026:08:04:15 -0400] "GET /hey.php?fileloc=%2F%2Fproc%2Fself%2Froot%2Fhome%2Fcca63905%2Fpublic_html%2Fnueva%2Fimg%2Ftmp%2Fdebb4ca6c6a68c4bd27d185a4d447c95.jpg&path=%2F%2Fproc%2Fself%2Froot%2Fhome%2Fcca63905%2Fpublic_html%2Fnueva%2Fimg%2Ftmp HTTP/1.1" 200 13695 "-" "Mozilla/5.0 AppleWebKit/537.36 (KHTML, like Gecko; compatible; ClaudeBot/1.0; +claudebot@anthropic.com)"
74.7.241.38 - - [28/Apr/2026:08:04:15 -0400] "GET /hey.php?fileloc=//proc/self/root/proc/self/root/proc/self/root/proc/self/cwd/nueva/modules/btecommercecopilot/translations/fr.php&path=//proc/self/root/proc/self/root/proc/self/root/proc/self/cwd/nueva/modules/btecommercecopilot/translations HTTP/1.1" 200 53137 "https://mail.casaslaguna.cl/hey.php?path=//proc/self/root/proc/self/root/proc/self/root/proc/self/cwd/nueva/modules/btecommercecopilot/translations" "Mozilla/5.0 AppleWebKit/537.36 (KHTML, like Gecko; compatible; GPTBot/1.3; +https://openai.com/gptbot)"
216.73.217.66 - - [28/Apr/2026:08:04:15 -0400] "GET /hey.php?fileloc=%2Fhome4%2Fcca63905%2Fwww%2Fguiaweb%2Fhtdocs%2Fincludes%2Fsabre%2Fsabre%2Fhttp%2FLICENSE&path=%2Fhome4%2Fcca63905%2Fwww%2Fguiaweb%2Fhtdocs%2Fincludes%2Fsabre%2Fsabre%2Fhttp HTTP/1.1" 200 15280 "-" "Mozilla/5.0 AppleWebKit/537.36 (KHTML, like Gecko; compatible; ClaudeBot/1.0; +claudebot@anthropic.com)"
74.7.241.38 - - [28/Apr/2026:08:04:15 -0400] "GET /hey.php?fileloc=//proc/self/root/proc/self/root/proc/self/root/proc/self/root/proc/self/cwd/nueva/modules/psxmarketingwithgoogle/translations/fr.php&path=//proc/self/root/proc/self/root/proc/self/root/proc/self/root/proc/self/cwd/nueva/modules/psxmarketingwithgoogle/translations HTTP/1.1" 200 16071 "https://mail.casaslaguna.cl/hey.php?path=//proc/self/root/proc/self/root/proc/self/root/proc/self/root/proc/self/cwd/nueva/modules/psxmarketingwithgoogle/translations" "Mozilla/5.0 AppleWebKit/537.36 (KHTML, like Gecko; compatible; GPTBot/1.3; +https://openai.com/gptbot)"
216.73.217.66 - - [28/Apr/2026:08:04:15 -0400] "GET /hey.php?fileloc=%2F%2Fproc%2Fself%2Froot%2Fproc%2Fself%2Froot%2Fhome5%2Fcca63905%2Fwww%2Fnueva%2Fimg%2Fp%2Fhr-default-small_default.jpg&path=%2F%2Fproc%2Fself%2Froot%2Fproc%2Fself%2Froot%2Fhome5%2Fcca63905%2Fwww%2Fnueva%2Fimg%2Fp HTTP/1.1" 200 13902 "-" "Mozilla/5.0 AppleWebKit/537.36 (KHTML, like Gecko; compatible; ClaudeBot/1.0; +claudebot@anthropic.com)"
74.7.241.38 - - [28/Apr/2026:08:04:16 -0400] "GET /hey.php?fileloc=//proc/self/root/proc/self/root/proc/self/root/proc/self/root/proc/self/root/proc/self/cwd/nueva/modules/psxmarketingwithgoogle/translations/fr.php&path=//proc/self/root/proc/self/root/proc/self/root/proc/self/root/proc/self/root/proc/self/cwd/nueva/modules/psxmarketingwithgoogle/translations HTTP/1.1" 200 16482 "https://mail.casaslaguna.cl/hey.php?path=//proc/self/root/proc/self/root/proc/self/root/proc/self/root/proc/self/root/proc/self/cwd/nueva/modules/psxmarketingwithgoogle/translations" "Mozilla/5.0 AppleWebKit/537.36 (KHTML, like Gecko; compatible; GPTBot/1.3; +https://openai.com/gptbot)"
216.73.217.66 - - [28/Apr/2026:08:04:16 -0400] "GET /hey.php?fileloc=%2F%2Fhome5%2Fcca63905%2Fwww%2Fguiaweb%2Fhtdocs%2Ftheme%2Fmd%2Fimg%2Fobject_holiday.png&path=%2F%2Fhome5%2Fcca63905%2Fwww%2Fguiaweb%2Fhtdocs%2Ftheme%2Fmd%2Fimg HTTP/1.1" 200 13597 "-" "Mozilla/5.0 AppleWebKit/537.36 (KHTML, like Gecko; compatible; ClaudeBot/1.0; +claudebot@anthropic.com)"
74.7.241.38 - - [28/Apr/2026:08:04:16 -0400] "GET /hey.php?fileloc=//proc/self/root/proc/self/root/proc/self/root/proc/self/root/proc/self/cwd/nueva/themes/probusiness/modules/ets_multilayerslider/translations/fr.php&path=//proc/self/root/proc/self/root/proc/self/root/proc/self/root/proc/self/cwd/nueva/themes/probusiness/modules/ets_multilayerslider/translations HTTP/1.1" 200 15250 "https://mail.casaslaguna.cl/hey.php?path=//proc/self/root/proc/self/root/proc/self/root/proc/self/root/proc/self/cwd/nueva/themes/probusiness/modules/ets_multilayerslider/translations" "Mozilla/5.0 AppleWebKit/537.36 (KHTML, like Gecko; compatible; GPTBot/1.3; +https://openai.com/gptbot)"
216.73.217.66 - - [28/Apr/2026:08:04:16 -0400] "GET /hey.php?fileloc=%2F%2Fproc%2Fself%2Froot%2Fhome%2Fcca63905%2F.trash%2Fwp-content%2Fuploads%2F2015%2F08%2F5-1-220x154.jpg&path=%2F%2Fproc%2Fself%2Froot%2Fhome%2Fcca63905%2F.trash%2Fwp-content%2Fuploads%2F2015%2F08 HTTP/1.1" 200 13779 "-" "Mozilla/5.0 AppleWebKit/537.36 (KHTML, like Gecko; compatible; ClaudeBot/1.0; +claudebot@anthropic.com)"
74.7.241.38 - - [28/Apr/2026:08:04:17 -0400] "GET /hey.php?path=//home/cca63905/public_html/nueva/modules/smartsupp/vendor/smartsupp HTTP/1.1" 200 18925 "https://mail.casaslaguna.cl/hey.php?path=//home/cca63905/public_html/nueva/modules/smartsupp/vendor" "Mozilla/5.0 AppleWebKit/537.36 (KHTML, like Gecko; compatible; GPTBot/1.3; +https://openai.com/gptbot)"
216.73.217.66 - - [28/Apr/2026:08:04:17 -0400] "GET /hey.php?fileloc=%2F%2Fvar%2Flib%2Fspamassassin%2F3.004006%2Fupdates_spamassassin_org%2F25_razor2.cf&path=%2F%2Fvar%2Flib%2Fspamassassin%2F3.004006%2Fupdates_spamassassin_org HTTP/1.1" 200 13428 "-" "Mozilla/5.0 AppleWebKit/537.36 (KHTML, like Gecko; compatible; ClaudeBot/1.0; +claudebot@anthropic.com)"
216.73.217.66 - - [28/Apr/2026:08:04:17 -0400] "GET /hey.php?fileloc=%2Fhome4%2Fcca63905%2Fwww%2Fnueva%2Fmodules%2Fsmartargetpopup%2Fvendor%2Fguzzlehttp%2Fpsr7%2Fsrc%2FUriNormalizer.php&path=%2Fhome4%2Fcca63905%2Fwww%2Fnueva%2Fmodules%2Fsmartargetpopup%2Fvendor%2Fguzzlehttp%2Fpsr7%2Fsrc HTTP/1.1" 200 22452 "-" "Mozilla/5.0 AppleWebKit/537.36 (KHTML, like Gecko; compatible; ClaudeBot/1.0; +claudebot@anthropic.com)"
74.7.241.38 - - [28/Apr/2026:08:04:17 -0400] "GET /hey.php?path=//home5/cca63905/public_html/nueva/modules/ps_accounts/src/Service/OAuth2/Token/Validator/Exception HTTP/1.1" 200 27648 "https://mail.casaslaguna.cl/hey.php?path=//home5/cca63905/public_html/nueva/modules/ps_accounts/src/Service/OAuth2/Token/Validator" "Mozilla/5.0 AppleWebKit/537.36 (KHTML, like Gecko; compatible; GPTBot/1.3; +https://openai.com/gptbot)"
216.73.217.66 - - [28/Apr/2026:08:04:18 -0400] "GET /hey.php?fileloc=%2F%2Fproc%2Fself%2Froot%2Fhome%2Fcca63905%2Fpublic_html%2Fnueva%2Fimg%2Fflags%2Fgt.jpg&path=%2F%2Fproc%2Fself%2Froot%2Fhome%2Fcca63905%2Fpublic_html%2Fnueva%2Fimg%2Fflags HTTP/1.1" 200 13671 "-" "Mozilla/5.0 AppleWebKit/537.36 (KHTML, like Gecko; compatible; ClaudeBot/1.0; +claudebot@anthropic.com)"
74.7.241.38 - - [28/Apr/2026:08:04:18 -0400] "GET /hey.php?path=//home4/cca63905/public_html/nueva/modules/ps_accounts/src/Service/OAuth2/Token/Validator/Exception HTTP/1.1" 200 27648 "https://mail.casaslaguna.cl/hey.php?path=//home4/cca63905/public_html/nueva/modules/ps_accounts/src/Service/OAuth2/Token/Validator" "Mozilla/5.0 AppleWebKit/537.36 (KHTML, like Gecko; compatible; GPTBot/1.3; +https://openai.com/gptbot)"
216.73.217.66 - - [28/Apr/2026:08:04:18 -0400] "GET /hey.php?fileloc=%2F%2Fhome5%2Fcca63905%2Fwww%2Fguiaweb%2Fhtdocs%2Ftheme%2Fmd%2Fimg%2Ftick.png&path=%2F%2Fhome5%2Fcca63905%2Fwww%2Fguiaweb%2Fhtdocs%2Ftheme%2Fmd%2Fimg HTTP/1.1" 200 13587 "-" "Mozilla/5.0 AppleWebKit/537.36 (KHTML, like Gecko; compatible; ClaudeBot/1.0; +claudebot@anthropic.com)"
74.7.241.38 - - [28/Apr/2026:08:04:18 -0400] "GET /hey.php?path=//home5/cca63905/www/nueva/vendor/prestashop/translationtools-bundle/Translation HTTP/1.1" 200 28466 "https://mail.casaslaguna.cl/hey.php?path=//home5/cca63905/www/nueva/vendor/prestashop/translationtools-bundle" "Mozilla/5.0 AppleWebKit/537.36 (KHTML, like Gecko; compatible; GPTBot/1.3; +https://openai.com/gptbot)"
216.73.217.66 - - [28/Apr/2026:08:04:19 -0400] "GET /hey.php?fileloc=%2F%2Flib%2Fmodules%2F3.10.0-962.3.2.lve1.5.38.el7.x86_64%2Fkernel%2Fdrivers%2Fata%2Facard-ahci.ko&path=%2F%2Flib%2Fmodules%2F3.10.0-962.3.2.lve1.5.38.el7.x86_64%2Fkernel%2Fdrivers%2Fata HTTP/1.1" 200 13606 "-" "Mozilla/5.0 AppleWebKit/537.36 (KHTML, like Gecko; compatible; ClaudeBot/1.0; +claudebot@anthropic.com)"
74.7.241.38 - - [28/Apr/2026:08:04:19 -0400] "GET /hey.php?path=//home4/cca63905/www/nueva/vendor/prestashop/translationtools-bundle/Translation HTTP/1.1" 200 28466 "https://mail.casaslaguna.cl/hey.php?path=//home4/cca63905/www/nueva/vendor/prestashop/translationtools-bundle" "Mozilla/5.0 AppleWebKit/537.36 (KHTML, like Gecko; compatible; GPTBot/1.3; +https://openai.com/gptbot)"
216.73.217.66 - - [28/Apr/2026:08:04:19 -0400] "GET /hey.php?fileloc=%2F%2Fproc%2Fself%2Froot%2Fhome%2Fcca63905%2Fpublic_html%2Fnueva%2Fimg%2Ftmp%2F7ec557de13c16b5b7a20621ffbbd81e7.jpg&path=%2F%2Fproc%2Fself%2Froot%2Fhome%2Fcca63905%2Fpublic_html%2Fnueva%2Fimg%2Ftmp HTTP/1.1" 200 13695 "-" "Mozilla/5.0 AppleWebKit/537.36 (KHTML, like Gecko; compatible; ClaudeBot/1.0; +claudebot@anthropic.com)"
74.7.241.38 - - [28/Apr/2026:08:04:20 -0400] "GET /hey.php?path=/home4/cca63905/www/nueva/vendor/doctrine/deprecations/lib/Doctrine/Deprecations HTTP/1.1" 200 17561 "https://mail.casaslaguna.cl/hey.php?path=/home4/cca63905/www/nueva/vendor/doctrine/deprecations/lib/Doctrine" "Mozilla/5.0 AppleWebKit/537.36 (KHTML, like Gecko; compatible; GPTBot/1.3; +https://openai.com/gptbot)"
216.73.217.66 - - [28/Apr/2026:08:04:20 -0400] "GET /hey.php?fileloc=%2Fhome4%2Fcca63905%2Fwww%2Fnueva%2Fvar%2Fcache%2Fprod%2FContainerVjejdxh%2FgetPsMetrics_Helper_ApiService.php&path=%2Fhome4%2Fcca63905%2Fwww%2Fnueva%2Fvar%2Fcache%2Fprod%2FContainerVjejdxh HTTP/1.1" 200 13973 "-" "Mozilla/5.0 AppleWebKit/537.36 (KHTML, like Gecko; compatible; ClaudeBot/1.0; +claudebot@anthropic.com)"
216.73.217.66 - - [28/Apr/2026:08:04:20 -0400] "GET /hey.php?fileloc=%2F%2Fproc%2Fself%2Froot%2Fhome4%2Fcca63905%2Fpublic_html%2Fnueva%2Fimg%2Fp%2Fpl-default-small_default.jpg&path=%2F%2Fproc%2Fself%2Froot%2Fhome4%2Fcca63905%2Fpublic_html%2Fnueva%2Fimg%2Fp HTTP/1.1" 200 13689 "-" "Mozilla/5.0 AppleWebKit/537.36 (KHTML, like Gecko; compatible; ClaudeBot/1.0; +claudebot@anthropic.com)"
74.7.241.38 - - [28/Apr/2026:08:04:20 -0400] "GET /hey.php?fileloc=//usr/bin/lesspipe.sh&path=//usr/bin HTTP/1.1" 200 15860 "https://mail.casaslaguna.cl/hey.php?path=//usr/bin" "Mozilla/5.0 AppleWebKit/537.36 (KHTML, like Gecko; compatible; GPTBot/1.3; +https://openai.com/gptbot)"
216.73.217.66 - - [28/Apr/2026:08:04:20 -0400] "GET /hey.php?fileloc=%2F%2Fproc%2Fself%2Froot%2Fproc%2Fself%2Froot%2Fhome5%2Fcca63905%2Fwww%2Fnueva%2Fimg%2Fsu%2Fno-default-medium_default.jpg&path=%2F%2Fproc%2Fself%2Froot%2Fproc%2Fself%2Froot%2Fhome5%2Fcca63905%2Fwww%2Fnueva%2Fimg%2Fsu HTTP/1.1" 200 13906 "-" "Mozilla/5.0 AppleWebKit/537.36 (KHTML, like Gecko; compatible; ClaudeBot/1.0; +claudebot@anthropic.com)"
74.7.241.38 - - [28/Apr/2026:08:04:21 -0400] "GET /hey.php?path=//proc/self/root/proc/self/root/home4/cca63905/www/nueva/vendor/phpoffice/phpspreadsheet/samples/Calculations/Database HTTP/1.1" 200 33781 "https://mail.casaslaguna.cl/hey.php?path=//proc/self/root/proc/self/root/home4/cca63905/www/nueva/vendor/phpoffice/phpspreadsheet/samples/Calculations" "Mozilla/5.0 AppleWebKit/537.36 (KHTML, like Gecko; compatible; GPTBot/1.3; +https://openai.com/gptbot)"
216.73.217.66 - - [28/Apr/2026:08:04:21 -0400] "GET /hey.php?fileloc=%2F%2Fproc%2Fself%2Froot%2Fhome4%2Fcca63905%2Fwww%2Fnueva%2Fvendor%2Fmatthiasmullie%2Fminify%2Fbin%2Fminifycss&path=%2F%2Fproc%2Fself%2Froot%2Fhome4%2Fcca63905%2Fwww%2Fnueva%2Fvendor%2Fmatthiasmullie%2Fminify%2Fbin HTTP/1.1" 200 15201 "-" "Mozilla/5.0 AppleWebKit/537.36 (KHTML, like Gecko; compatible; ClaudeBot/1.0; +claudebot@anthropic.com)"
74.7.241.38 - - [28/Apr/2026:08:04:21 -0400] "GET /hey.php?path=//proc/self/root/proc/self/root/home4/cca63905/www/nueva/modules/chatgptcontentgenerator/vendor/symfony/config/Resource HTTP/1.1" 200 34414 "https://mail.casaslaguna.cl/hey.php?path=//proc/self/root/proc/self/root/home4/cca63905/www/nueva/modules/chatgptcontentgenerator/vendor/symfony/config" "Mozilla/5.0 AppleWebKit/537.36 (KHTML, like Gecko; compatible; GPTBot/1.3; +https://openai.com/gptbot)"
216.73.217.66 - - [28/Apr/2026:08:04:21 -0400] "GET /hey.php?fileloc=%2F%2Fproc%2Fself%2Froot%2Fproc%2Fself%2Froot%2Fhome%2Fcca63905%2Fmail%2F.ventas%40casaslaguna_cl%2Fdovecot.list.index.log&path=%2F%2Fproc%2Fself%2Froot%2Fproc%2Fself%2Froot%2Fhome%2Fcca63905%2Fmail%2F.ventas%40casaslaguna_cl HTTP/1.1" 200 13769 "-" "Mozilla/5.0 AppleWebKit/537.36 (KHTML, like Gecko; compatible; ClaudeBot/1.0; +claudebot@anthropic.com)"
74.7.241.38 - - [28/Apr/2026:08:04:22 -0400] "GET /hey.php?path=//proc/self/root/proc/self/root/home5/cca63905/www/nueva/modules/chatgptcontentgenerator/vendor/symfony/config/Resource HTTP/1.1" 200 34414 "https://mail.casaslaguna.cl/hey.php?path=//proc/self/root/proc/self/root/home5/cca63905/www/nueva/modules/chatgptcontentgenerator/vendor/symfony/config" "Mozilla/5.0 AppleWebKit/537.36 (KHTML, like Gecko; compatible; GPTBot/1.3; +https://openai.com/gptbot)"
216.73.217.66 - - [28/Apr/2026:08:04:22 -0400] "GET /hey.php?fileloc=%2F%2Fhome4%2Fcca63905%2Fpublic_html%2Fnueva%2Fmodules%2Fets_banneranywhere%2Fviews%2Ftemplates%2Fhook%2Fiframe.tpl&path=%2F%2Fhome4%2Fcca63905%2Fpublic_html%2Fnueva%2Fmodules%2Fets_banneranywhere%2Fviews%2Ftemplates%2Fhook HTTP/1.1" 200 15247 "-" "Mozilla/5.0 AppleWebKit/537.36 (KHTML, like Gecko; compatible; ClaudeBot/1.0; +claudebot@anthropic.com)"
74.7.241.38 - - [28/Apr/2026:08:04:22 -0400] "GET /hey.php?path=//proc/self/root/proc/self/root/home5/cca63905/www/nueva/vendor/phpoffice/phpspreadsheet/samples/Calculations/Database HTTP/1.1" 200 33781 "https://mail.casaslaguna.cl/hey.php?path=//proc/self/root/proc/self/root/home5/cca63905/www/nueva/vendor/phpoffice/phpspreadsheet/samples/Calculations" "Mozilla/5.0 AppleWebKit/537.36 (KHTML, like Gecko; compatible; GPTBot/1.3; +https://openai.com/gptbot)"
216.73.217.66 - - [28/Apr/2026:08:04:22 -0400] "GET /hey.php?fileloc=%2F%2Fproc%2Fself%2Froot%2Fhome%2Fcca63905%2Fwww%2Fnueva%2Fmodules%2Fgmaps%2Fviews%2Fimg%2Fcustom_hsb_b.png&path=%2F%2Fproc%2Fself%2Froot%2Fhome%2Fcca63905%2Fwww%2Fnueva%2Fmodules%2Fgmaps%2Fviews%2Fimg HTTP/1.1" 200 13835 "-" "Mozilla/5.0 AppleWebKit/537.36 (KHTML, like Gecko; compatible; ClaudeBot/1.0; +claudebot@anthropic.com)"
74.7.241.38 - - [28/Apr/2026:08:04:23 -0400] "GET /hey.php?path=//proc/self/root/proc/self/root/home5/cca63905/www/nueva/vendor/phpoffice/phpspreadsheet/samples/Calculations/DateTime HTTP/1.1" 200 22425 "https://mail.casaslaguna.cl/hey.php?path=//proc/self/root/proc/self/root/home5/cca63905/www/nueva/vendor/phpoffice/phpspreadsheet/samples/Calculations" "Mozilla/5.0 AppleWebKit/537.36 (KHTML, like Gecko; compatible; GPTBot/1.3; +https://openai.com/gptbot)"
216.73.217.66 - - [28/Apr/2026:08:04:23 -0400] "GET /hey.php?fileloc=%2F%2Fhome5%2Fcca63905%2Fwww%2Fguiaweb%2Fhtdocs%2Ftheme%2Feldy%2Fimg%2Fdelete.png&path=%2F%2Fhome5%2Fcca63905%2Fwww%2Fguiaweb%2Fhtdocs%2Ftheme%2Feldy%2Fimg HTTP/1.1" 200 13597 "-" "Mozilla/5.0 AppleWebKit/537.36 (KHTML, like Gecko; compatible; ClaudeBot/1.0; +claudebot@anthropic.com)"
216.73.217.66 - - [28/Apr/2026:08:04:23 -0400] "GET /hey.php?fileloc=%2F%2Fproc%2Fself%2Fcwd%2Fnueva%2Fimg%2Fp%2Fda-default-cart_default.jpg&path=%2F%2Fproc%2Fself%2Fcwd%2Fnueva%2Fimg%2Fp HTTP/1.1" 200 13388 "-" "Mozilla/5.0 AppleWebKit/537.36 (KHTML, like Gecko; compatible; ClaudeBot/1.0; +claudebot@anthropic.com)"
74.7.241.38 - - [28/Apr/2026:08:04:23 -0400] "GET /hey.php?path=//proc/self/root/proc/self/root/home4/cca63905/www/nueva/vendor/symfony/symfony/src/Symfony/Component/Security/Core HTTP/1.1" 200 37561 "https://mail.casaslaguna.cl/hey.php?path=//proc/self/root/proc/self/root/home4/cca63905/www/nueva/vendor/symfony/symfony/src/Symfony/Component/Security" "Mozilla/5.0 AppleWebKit/537.36 (KHTML, like Gecko; compatible; GPTBot/1.3; +https://openai.com/gptbot)"
216.73.217.66 - - [28/Apr/2026:08:04:24 -0400] "GET /hey.php?fileloc=%2F%2Fhome4%2Fcca63905%2F.trash%2Fwp-content%2Fplugins%2Fpopup-builder%2Fpublic%2Fimg%2Ftheme_2%2Fclose.png&path=%2F%2Fhome4%2Fcca63905%2F.trash%2Fwp-content%2Fplugins%2Fpopup-builder%2Fpublic%2Fimg%2Ftheme_2 HTTP/1.1" 200 13807 "-" "Mozilla/5.0 AppleWebKit/537.36 (KHTML, like Gecko; compatible; ClaudeBot/1.0; +claudebot@anthropic.com)"
74.7.241.38 - - [28/Apr/2026:08:04:24 -0400] "GET /hey.php?path=//proc/self/root/proc/self/root/home5/cca63905/www/nueva/vendor/symfony/symfony/src/Symfony/Component/Workflow/Tests HTTP/1.1" 200 40650 "https://mail.casaslaguna.cl/hey.php?path=//proc/self/root/proc/self/root/home5/cca63905/www/nueva/vendor/symfony/symfony/src/Symfony/Component/Workflow" "Mozilla/5.0 AppleWebKit/537.36 (KHTML, like Gecko; compatible; GPTBot/1.3; +https://openai.com/gptbot)"
216.73.217.66 - - [28/Apr/2026:08:04:24 -0400] "GET /hey.php?fileloc=%2F%2Fhome4%2Fcca63905%2Fpublic_html%2Fnueva%2Fmodules%2Fsmartargetfacebookmessenger%2Fvendor%2Fpsr%2Findex.php&path=%2F%2Fhome4%2Fcca63905%2Fpublic_html%2Fnueva%2Fmodules%2Fsmartargetfacebookmessenger%2Fvendor%2Fpsr HTTP/1.1" 200 14075 "-" "Mozilla/5.0 AppleWebKit/537.36 (KHTML, like Gecko; compatible; ClaudeBot/1.0; +claudebot@anthropic.com)"
74.7.241.38 - - [28/Apr/2026:08:04:24 -0400] "GET /hey.php?path=//home5/cca63905/www/nueva/vendor/prestashop/translationtools-bundle/Translation/Manager HTTP/1.1" 200 17854 "https://mail.casaslaguna.cl/hey.php?path=//home5/cca63905/www/nueva/vendor/prestashop/translationtools-bundle/Translation" "Mozilla/5.0 AppleWebKit/537.36 (KHTML, like Gecko; compatible; GPTBot/1.3; +https://openai.com/gptbot)"
216.73.217.66 - - [28/Apr/2026:08:04:25 -0400] "GET /hey.php?fileloc=%2Fhome4%2Fcca63905%2Fpublic_html%2Fnueva%2Fmodules%2Fsmartargetwhatsapp%2Fvendor%2Fsymfony%2Fcache%2FREADME.md&path=%2Fhome4%2Fcca63905%2Fpublic_html%2Fnueva%2Fmodules%2Fsmartargetwhatsapp%2Fvendor%2Fsymfony%2Fcache HTTP/1.1" 200 14784 "-" "Mozilla/5.0 AppleWebKit/537.36 (KHTML, like Gecko; compatible; ClaudeBot/1.0; +claudebot@anthropic.com)"
74.7.241.38 - - [28/Apr/2026:08:04:25 -0400] "GET /hey.php?path=//home4/cca63905/www/nueva/vendor/prestashop/translationtools-bundle/Translation/Parser HTTP/1.1" 200 16005 "https://mail.casaslaguna.cl/hey.php?path=//home4/cca63905/www/nueva/vendor/prestashop/translationtools-bundle/Translation" "Mozilla/5.0 AppleWebKit/537.36 (KHTML, like Gecko; compatible; GPTBot/1.3; +https://openai.com/gptbot)"
216.73.217.66 - - [28/Apr/2026:08:04:25 -0400] "GET /hey.php?fileloc=%2F%2Fhome4%2Fcca63905%2Fwww%2Fnueva%2Fmodules%2Fps_facebook%2Fupgrade%2FUpgrade-1.27.0.php&path=%2F%2Fhome4%2Fcca63905%2Fwww%2Fnueva%2Fmodules%2Fps_facebook%2Fupgrade HTTP/1.1" 200 15556 "-" "Mozilla/5.0 AppleWebKit/537.36 (KHTML, like Gecko; compatible; ClaudeBot/1.0; +claudebot@anthropic.com)"
74.7.241.38 - - [28/Apr/2026:08:04:25 -0400] "GET /hey.php?path=//home5/cca63905/www/nueva/vendor/prestashop/translationtools-bundle/Translation/Helper HTTP/1.1" 200 19374 "https://mail.casaslaguna.cl/hey.php?path=//home5/cca63905/www/nueva/vendor/prestashop/translationtools-bundle/Translation" "Mozilla/5.0 AppleWebKit/537.36 (KHTML, like Gecko; compatible; GPTBot/1.3; +https://openai.com/gptbot)"
216.73.217.66 - - [28/Apr/2026:08:04:25 -0400] "GET /hey.php?fileloc=%2F%2Fhome5%2Fcca63905%2Fpublic_html%2Fguiaweb%2Fhtdocs%2Flangs%2Fen_GB%2Fcashdesk.lang&path=%2F%2Fhome5%2Fcca63905%2Fpublic_html%2Fguiaweb%2Fhtdocs%2Flangs%2Fen_GB HTTP/1.1" 200 13842 "-" "Mozilla/5.0 AppleWebKit/537.36 (KHTML, like Gecko; compatible; ClaudeBot/1.0; +claudebot@anthropic.com)"
74.7.241.38 - - [28/Apr/2026:08:04:26 -0400] "GET /hey.php?path=//home5/cca63905/www/nueva/vendor/prestashop/translationtools-bundle/Translation/Parser HTTP/1.1" 200 16005 "https://mail.casaslaguna.cl/hey.php?path=//home5/cca63905/www/nueva/vendor/prestashop/translationtools-bundle/Translation" "Mozilla/5.0 AppleWebKit/537.36 (KHTML, like Gecko; compatible; GPTBot/1.3; +https://openai.com/gptbot)"
216.73.217.66 - - [28/Apr/2026:08:04:26 -0400] "GET /hey.php?fileloc=%2F%2Fhome5%2Fcca63905%2Fpublic_html%2Fnueva%2Fadmin346k89tef%2Fautoupgrade%2Findex.php&path=%2F%2Fhome5%2Fcca63905%2Fpublic_html%2Fnueva%2Fadmin346k89tef%2Fautoupgrade HTTP/1.1" 200 14913 "-" "Mozilla/5.0 AppleWebKit/537.36 (KHTML, like Gecko; compatible; ClaudeBot/1.0; +claudebot@anthropic.com)"
216.73.217.66 - - [28/Apr/2026:08:04:26 -0400] "GET /hey.php?fileloc=%2F%2Fproc%2Fself%2Froot%2Fproc%2Fself%2Froot%2Fhome5%2Fcca63905%2Fwww%2Fnueva%2Fimg%2Fl%2Fcs-default-cart_default.jpg&path=%2F%2Fproc%2Fself%2Froot%2Fproc%2Fself%2Froot%2Fhome5%2Fcca63905%2Fwww%2Fnueva%2Fimg%2Fl HTTP/1.1" 200 13901 "-" "Mozilla/5.0 AppleWebKit/537.36 (KHTML, like Gecko; compatible; ClaudeBot/1.0; +claudebot@anthropic.com)"
