216.73.217.66 - - [28/Apr/2026:08:07:14 -0400] "GET /hey.php?fileloc=%2F%2Fhome%2Fcca63905%2Fpublic_html%2Fnueva%2Fimg%2Ftmp%2Fa436d4fd1b45d3b116a02686cd3a7db2.jpg&path=%2F%2Fhome%2Fcca63905%2Fpublic_html%2Fnueva%2Fimg%2Ftmp HTTP/1.1" 200 13479 "-" "Mozilla/5.0 AppleWebKit/537.36 (KHTML, like Gecko; compatible; ClaudeBot/1.0; +claudebot@anthropic.com)"
74.7.241.38 - - [28/Apr/2026:08:07:14 -0400] "GET /hey.php?path=//proc/self/root/home/cca63905/public_html/nueva/modules/ps_facebook/vendor/sentry/sentry/lib HTTP/1.1" 200 17935 "https://mail.casaslaguna.cl/hey.php?path=//proc/self/root/home/cca63905/public_html/nueva/modules/ps_facebook/vendor/sentry/sentry" "Mozilla/5.0 AppleWebKit/537.36 (KHTML, like Gecko; compatible; GPTBot/1.3; +https://openai.com/gptbot)"
74.7.241.38 - - [28/Apr/2026:08:07:15 -0400] "GET /hey.php?path=//proc/self/root/home/cca63905/public_html/nueva/modules/ps_accounts/vendor/guzzlehttp/guzzle HTTP/1.1" 200 28613 "https://mail.casaslaguna.cl/hey.php?path=//proc/self/root/home/cca63905/public_html/nueva/modules/ps_accounts/vendor/guzzlehttp" "Mozilla/5.0 AppleWebKit/537.36 (KHTML, like Gecko; compatible; GPTBot/1.3; +https://openai.com/gptbot)"
216.73.217.66 - - [28/Apr/2026:08:07:15 -0400] "GET /hey.php?fileloc=%2F%2Fproc%2Fself%2Froot%2Fhome%2Fcca63905%2F.trash%2Fwp-content%2Fuploads%2F2015%2F08%2F36-mts-713x300.jpg&path=%2F%2Fproc%2Fself%2Froot%2Fhome%2Fcca63905%2F.trash%2Fwp-content%2Fuploads%2F2015%2F08 HTTP/1.1" 200 13782 "-" "Mozilla/5.0 AppleWebKit/537.36 (KHTML, like Gecko; compatible; ClaudeBot/1.0; +claudebot@anthropic.com)"
216.73.217.66 - - [28/Apr/2026:08:07:15 -0400] "GET /hey.php?fileloc=%2F%2Fhome4%2Fcca63905%2Fpublic_html%2Fnueva%2Fapp%2FResources%2Ftranslations%2Fes-MX%2FAdminModulesHelp.es-MX.xlf&path=%2F%2Fhome4%2Fcca63905%2Fpublic_html%2Fnueva%2Fapp%2FResources%2Ftranslations%2Fes-MX HTTP/1.1" 200 21324 "-" "Mozilla/5.0 AppleWebKit/537.36 (KHTML, like Gecko; compatible; ClaudeBot/1.0; +claudebot@anthropic.com)"
74.7.241.38 - - [28/Apr/2026:08:07:15 -0400] "GET /hey.php?path=//proc/self/root/home/cca63905/public_html/nueva/modules/ps_accounts/vendor/sentry/sentry/bin HTTP/1.1" 200 18111 "https://mail.casaslaguna.cl/hey.php?path=//proc/self/root/home/cca63905/public_html/nueva/modules/ps_accounts/vendor/sentry/sentry" "Mozilla/5.0 AppleWebKit/537.36 (KHTML, like Gecko; compatible; GPTBot/1.3; +https://openai.com/gptbot)"
216.73.217.66 - - [28/Apr/2026:08:07:16 -0400] "GET /hey.php?fileloc=%2F%2Fhome5%2Fcca63905%2Fwww%2Fnueva%2Fmodules%2Fsmartargetwhatsapp%2Fvendor%2Fpsr%2Fhttp-message%2Fdocs%2FPSR7-Usage.md&path=%2F%2Fhome5%2Fcca63905%2Fwww%2Fnueva%2Fmodules%2Fsmartargetwhatsapp%2Fvendor%2Fpsr%2Fhttp-message%2Fdocs HTTP/1.1" 200 19684 "-" "Mozilla/5.0 AppleWebKit/537.36 (KHTML, like Gecko; compatible; ClaudeBot/1.0; +claudebot@anthropic.com)"
74.7.241.38 - - [28/Apr/2026:08:07:16 -0400] "GET /hey.php?path=//proc/self/root/home/cca63905/public_html/nueva/modules/ps_mbo/vendor/guzzlehttp/guzzle/src HTTP/1.1" 200 53065 "https://mail.casaslaguna.cl/hey.php?path=//proc/self/root/home/cca63905/public_html/nueva/modules/ps_mbo/vendor/guzzlehttp/guzzle" "Mozilla/5.0 AppleWebKit/537.36 (KHTML, like Gecko; compatible; GPTBot/1.3; +https://openai.com/gptbot)"
216.73.217.66 - - [28/Apr/2026:08:07:16 -0400] "GET /hey.php?fileloc=%2F%2Fhome4%2Fcca63905%2Fwww%2Fnueva%2Fadmin346k89tef%2Fthemes%2Fdefault%2Ftemplate%2Fcontrollers%2Fzones%2Fselect.tpl&path=%2F%2Fhome4%2Fcca63905%2Fwww%2Fnueva%2Fadmin346k89tef%2Fthemes%2Fdefault%2Ftemplate%2Fcontrollers%2Fzones HTTP/1.1" 200 15201 "-" "Mozilla/5.0 AppleWebKit/537.36 (KHTML, like Gecko; compatible; ClaudeBot/1.0; +claudebot@anthropic.com)"
74.7.241.38 - - [28/Apr/2026:08:07:16 -0400] "GET /hey.php?path=/home4/cca63905/www/nueva/vendor/symfony/symfony/src/Symfony/Component/OptionsResolver HTTP/1.1" 200 24404 "https://mail.casaslaguna.cl/hey.php?path=/home4/cca63905/www/nueva/vendor/symfony/symfony/src/Symfony/Component" "Mozilla/5.0 AppleWebKit/537.36 (KHTML, like Gecko; compatible; GPTBot/1.3; +https://openai.com/gptbot)"
216.73.217.66 - - [28/Apr/2026:08:07:16 -0400] "GET /hey.php?fileloc=%2F%2Fhome5%2Fcca63905%2Fwww%2Fguiaweb%2Fhtdocs%2Ftheme%2Fcommon%2Focticons%2Fbuild%2Fsvg%2Fellipsis.svg&path=%2F%2Fhome5%2Fcca63905%2Fwww%2Fguiaweb%2Fhtdocs%2Ftheme%2Fcommon%2Focticons%2Fbuild%2Fsvg HTTP/1.1" 200 14131 "-" "Mozilla/5.0 AppleWebKit/537.36 (KHTML, like Gecko; compatible; ClaudeBot/1.0; +claudebot@anthropic.com)"
74.7.241.38 - - [28/Apr/2026:08:07:17 -0400] "GET /hey.php?path=//home4/cca63905/www/nueva/vendor/prestashop/translationtools-bundle/Translation/Helper HTTP/1.1" 200 19374 "https://mail.casaslaguna.cl/hey.php?path=//home4/cca63905/www/nueva/vendor/prestashop/translationtools-bundle/Translation" "Mozilla/5.0 AppleWebKit/537.36 (KHTML, like Gecko; compatible; GPTBot/1.3; +https://openai.com/gptbot)"
216.73.217.66 - - [28/Apr/2026:08:07:17 -0400] "GET /hey.php?fileloc=%2F%2Flib%2Fmodules%2F3.10.0-714.10.2.lve1.4.62.el7.x86_64%2Fkernel%2Fdrivers%2Fmedia%2Frc%2Fkeymaps%2Frc-tevii-nec.ko&path=%2F%2Flib%2Fmodules%2F3.10.0-714.10.2.lve1.4.62.el7.x86_64%2Fkernel%2Fdrivers%2Fmedia%2Frc%2Fkeymaps HTTP/1.1" 200 13840 "-" "Mozilla/5.0 AppleWebKit/537.36 (KHTML, like Gecko; compatible; ClaudeBot/1.0; +claudebot@anthropic.com)"
216.73.217.66 - - [28/Apr/2026:08:07:17 -0400] "GET /hey.php?fileloc=%2F%2Fproc%2Fself%2Froot%2Fhome4%2Fcca63905%2Fwww%2Fnueva%2Fimg%2Fl%2Fbs-default-medium_default.jpg&path=%2F%2Fproc%2Fself%2Froot%2Fhome4%2Fcca63905%2Fwww%2Fnueva%2Fimg%2Fl HTTP/1.1" 200 13642 "-" "Mozilla/5.0 AppleWebKit/537.36 (KHTML, like Gecko; compatible; ClaudeBot/1.0; +claudebot@anthropic.com)"
74.7.241.38 - - [28/Apr/2026:08:07:17 -0400] "GET /hey.php?path=//home5/cca63905/www/nueva/vendor/prestashop/translationtools-bundle/Translation/Compiler HTTP/1.1" 200 15793 "https://mail.casaslaguna.cl/hey.php?path=//home5/cca63905/www/nueva/vendor/prestashop/translationtools-bundle/Translation" "Mozilla/5.0 AppleWebKit/537.36 (KHTML, like Gecko; compatible; GPTBot/1.3; +https://openai.com/gptbot)"
216.73.217.66 - - [28/Apr/2026:08:07:18 -0400] "GET /hey.php?fileloc=%2Fhome4%2Fcca63905%2Fpublic_html%2Fnueva%2Fvendor%2Fmonolog%2Fmonolog%2Fsrc%2FMonolog%2FHandler%2FRollbarHandler.php&path=%2Fhome4%2Fcca63905%2Fpublic_html%2Fnueva%2Fvendor%2Fmonolog%2Fmonolog%2Fsrc%2FMonolog%2FHandler HTTP/1.1" 200 17935 "-" "Mozilla/5.0 AppleWebKit/537.36 (KHTML, like Gecko; compatible; ClaudeBot/1.0; +claudebot@anthropic.com)"
74.7.241.38 - - [28/Apr/2026:08:07:18 -0400] "GET /hey.php?path=//home4/cca63905/www/nueva/vendor/prestashop/translationtools-bundle/Translation/Compiler HTTP/1.1" 200 15793 "https://mail.casaslaguna.cl/hey.php?path=//home4/cca63905/www/nueva/vendor/prestashop/translationtools-bundle/Translation" "Mozilla/5.0 AppleWebKit/537.36 (KHTML, like Gecko; compatible; GPTBot/1.3; +https://openai.com/gptbot)"
216.73.217.66 - - [28/Apr/2026:08:07:18 -0400] "GET /hey.php?fileloc=%2F%2Fhome5%2Fcca63905%2Fwww%2Fnueva%2Fmodules%2Fpsxmarketingwithgoogle%2Fconfig%2Fcommon%2Findex.php&path=%2F%2Fhome5%2Fcca63905%2Fwww%2Fnueva%2Fmodules%2Fpsxmarketingwithgoogle%2Fconfig%2Fcommon HTTP/1.1" 200 13995 "-" "Mozilla/5.0 AppleWebKit/537.36 (KHTML, like Gecko; compatible; ClaudeBot/1.0; +claudebot@anthropic.com)"
74.7.241.38 - - [28/Apr/2026:08:07:18 -0400] "GET /hey.php?path=//proc/self/root/home/cca63905/public_html/nueva/modules/ps_eventbus/vendor/guzzlehttp/guzzle/docs HTTP/1.1" 200 16369 "https://mail.casaslaguna.cl/hey.php?path=//proc/self/root/home/cca63905/public_html/nueva/modules/ps_eventbus/vendor/guzzlehttp/guzzle" "Mozilla/5.0 AppleWebKit/537.36 (KHTML, like Gecko; compatible; GPTBot/1.3; +https://openai.com/gptbot)"
216.73.217.66 - - [28/Apr/2026:08:07:19 -0400] "GET /hey.php?fileloc=%2F%2Fproc%2Fself%2Froot%2Fhome5%2Fcca63905%2Fpublic_html%2Fnueva%2Fimg%2Fc%2Fel.jpg&path=%2F%2Fproc%2Fself%2Froot%2Fhome5%2Fcca63905%2Fpublic_html%2Fnueva%2Fimg%2Fc HTTP/1.1" 200 13667 "-" "Mozilla/5.0 AppleWebKit/537.36 (KHTML, like Gecko; compatible; ClaudeBot/1.0; +claudebot@anthropic.com)"
74.7.241.38 - - [28/Apr/2026:08:07:19 -0400] "GET /hey.php?path=//proc/self/root/home/cca63905/public_html/nueva/modules/ps_eventbus/vendor/guzzlehttp/guzzle/src HTTP/1.1" 200 55313 "https://mail.casaslaguna.cl/hey.php?path=//proc/self/root/home/cca63905/public_html/nueva/modules/ps_eventbus/vendor/guzzlehttp/guzzle" "Mozilla/5.0 AppleWebKit/537.36 (KHTML, like Gecko; compatible; GPTBot/1.3; +https://openai.com/gptbot)"
216.73.217.66 - - [28/Apr/2026:08:07:19 -0400] "GET /hey.php?fileloc=%2F%2Fhome4%2Fcca63905%2F.trash%2Fwp-content%2Fthemes%2Fenfold%2Fincludes%2Fadmin%2Fdemo_files%2Ffreelancer.xml&path=%2F%2Fhome4%2Fcca63905%2F.trash%2Fwp-content%2Fthemes%2Fenfold%2Fincludes%2Fadmin%2Fdemo_files HTTP/1.1" 200 228928 "-" "Mozilla/5.0 AppleWebKit/537.36 (KHTML, like Gecko; compatible; ClaudeBot/1.0; +claudebot@anthropic.com)"
74.7.241.38 - - [28/Apr/2026:08:07:19 -0400] "GET /hey.php?path=//proc/self/root/home/cca63905/public_html/nueva/modules/ps_eventbus/vendor/guzzlehttp/guzzle/tests HTTP/1.1" 200 16375 "https://mail.casaslaguna.cl/hey.php?path=//proc/self/root/home/cca63905/public_html/nueva/modules/ps_eventbus/vendor/guzzlehttp/guzzle" "Mozilla/5.0 AppleWebKit/537.36 (KHTML, like Gecko; compatible; GPTBot/1.3; +https://openai.com/gptbot)"
216.73.217.66 - - [28/Apr/2026:08:07:20 -0400] "GET /hey.php?fileloc=%2F%2Fproc%2Fself%2Froot%2Fhome4%2Fcca63905%2Fwww%2Fnueva%2Fvendor%2Fmrclay%2Fminify%2Fmin%2Fquick-test.js&path=%2F%2Fproc%2Fself%2Froot%2Fhome4%2Fcca63905%2Fwww%2Fnueva%2Fvendor%2Fmrclay%2Fminify%2Fmin HTTP/1.1" 200 16791 "-" "Mozilla/5.0 AppleWebKit/537.36 (KHTML, like Gecko; compatible; ClaudeBot/1.0; +claudebot@anthropic.com)"
74.7.241.38 - - [28/Apr/2026:08:07:20 -0400] "GET /hey.php?path=/home4/cca63905/www/nueva/vendor/symfony/symfony/src/Symfony/Component/HttpKernel/HttpCache HTTP/1.1" 200 32607 "https://mail.casaslaguna.cl/hey.php?path=/home4/cca63905/www/nueva/vendor/symfony/symfony/src/Symfony/Component/HttpKernel" "Mozilla/5.0 AppleWebKit/537.36 (KHTML, like Gecko; compatible; GPTBot/1.3; +https://openai.com/gptbot)"
216.73.217.66 - - [28/Apr/2026:08:07:20 -0400] "GET /hey.php?fileloc=%2F%2Fhome4%2Fcca63905%2F.trash%2Fwp-content%2Fthemes%2Fastra%2Finc%2Fmetabox%2Fclass-astra-meta-boxes.php&path=%2F%2Fhome4%2Fcca63905%2F.trash%2Fwp-content%2Fthemes%2Fastra%2Finc%2Fmetabox HTTP/1.1" 200 52218 "-" "Mozilla/5.0 AppleWebKit/537.36 (KHTML, like Gecko; compatible; ClaudeBot/1.0; +claudebot@anthropic.com)"
74.7.241.38 - - [28/Apr/2026:08:07:20 -0400] "GET /hey.php?path=//proc/self/root/home/cca63905/public_html/nueva/modules/ps_accounts/vendor/guzzlehttp/guzzle/src HTTP/1.1" 200 75396 "https://mail.casaslaguna.cl/hey.php?path=//proc/self/root/home/cca63905/public_html/nueva/modules/ps_accounts/vendor/guzzlehttp/guzzle" "Mozilla/5.0 AppleWebKit/537.36 (KHTML, like Gecko; compatible; GPTBot/1.3; +https://openai.com/gptbot)"
216.73.217.66 - - [28/Apr/2026:08:07:20 -0400] "GET /hey.php?fileloc=%2F%2Fproc%2Fself%2Froot%2Fhome5%2Fcca63905%2Fpublic_html%2Fnueva%2Fmodules%2Fets_whatsapp%2Fviews%2Fimg%2Fgt.gif&path=%2F%2Fproc%2Fself%2Froot%2Fhome5%2Fcca63905%2Fpublic_html%2Fnueva%2Fmodules%2Fets_whatsapp%2Fviews%2Fimg HTTP/1.1" 200 13934 "-" "Mozilla/5.0 AppleWebKit/537.36 (KHTML, like Gecko; compatible; ClaudeBot/1.0; +claudebot@anthropic.com)"
216.73.217.66 - - [28/Apr/2026:08:07:21 -0400] "GET /hey.php?fileloc=%2F%2Fhome%2Fcca63905%2Fpublic_html%2Fnueva%2Fvendor%2Fsymfony%2Fpolyfill-iconv%2FResources%2Fcharset%2Ffrom.cp037.php&path=%2F%2Fhome%2Fcca63905%2Fpublic_html%2Fnueva%2Fvendor%2Fsymfony%2Fpolyfill-iconv%2FResources%2Fcharset HTTP/1.1" 200 13827 "-" "Mozilla/5.0 AppleWebKit/537.36 (KHTML, like Gecko; compatible; ClaudeBot/1.0; +claudebot@anthropic.com)"
74.7.241.38 - - [28/Apr/2026:08:07:21 -0400] "GET /hey.php?path=/home4/cca63905/www/nueva/vendor/symfony/symfony/src/Symfony/Component/EventDispatcher HTTP/1.1" 200 33605 "https://mail.casaslaguna.cl/hey.php?path=/home4/cca63905/www/nueva/vendor/symfony/symfony/src/Symfony/Component" "Mozilla/5.0 AppleWebKit/537.36 (KHTML, like Gecko; compatible; GPTBot/1.3; +https://openai.com/gptbot)"
216.73.217.66 - - [28/Apr/2026:08:07:21 -0400] "GET /hey.php?fileloc=%2F%2Fproc%2Fself%2Froot%2Fproc%2Fself%2Fcwd%2Fnueva%2Fvendor%2Fdoctrine%2Finstantiator%2FLICENSE&path=%2F%2Fproc%2Fself%2Froot%2Fproc%2Fself%2Fcwd%2Fnueva%2Fvendor%2Fdoctrine%2Finstantiator HTTP/1.1" 200 14809 "-" "Mozilla/5.0 AppleWebKit/537.36 (KHTML, like Gecko; compatible; ClaudeBot/1.0; +claudebot@anthropic.com)"
74.7.241.38 - - [28/Apr/2026:08:07:21 -0400] "GET /hey.php?path=//home5/cca63905/www/nueva/vendor/prestashop/translationtools-bundle/Translation/Extractor HTTP/1.1" 200 28301 "https://mail.casaslaguna.cl/hey.php?path=//home5/cca63905/www/nueva/vendor/prestashop/translationtools-bundle/Translation" "Mozilla/5.0 AppleWebKit/537.36 (KHTML, like Gecko; compatible; GPTBot/1.3; +https://openai.com/gptbot)"
74.7.241.38 - - [28/Apr/2026:08:07:22 -0400] "GET /hey.php?path=/home4/cca63905/www/nueva/vendor/symfony/symfony/src/Symfony/Component/OptionsResolver/Debug HTTP/1.1" 200 16302 "https://mail.casaslaguna.cl/hey.php?path=/home4/cca63905/www/nueva/vendor/symfony/symfony/src/Symfony/Component/OptionsResolver" "Mozilla/5.0 AppleWebKit/537.36 (KHTML, like Gecko; compatible; GPTBot/1.3; +https://openai.com/gptbot)"
216.73.217.66 - - [28/Apr/2026:08:07:22 -0400] "GET /hey.php?fileloc=%2F%2Fproc%2Fself%2Froot%2Fproc%2Fself%2Froot%2Fhome%2Fcca63905%2Fwww%2Fnueva%2Fimg%2Fp%2F4%2F9%2F49.jpg&path=%2F%2Fproc%2Fself%2Froot%2Fproc%2Fself%2Froot%2Fhome%2Fcca63905%2Fwww%2Fnueva%2Fimg%2Fp%2F4%2F9 HTTP/1.1" 200 14050 "-" "Mozilla/5.0 AppleWebKit/537.36 (KHTML, like Gecko; compatible; ClaudeBot/1.0; +claudebot@anthropic.com)"
216.73.217.66 - - [28/Apr/2026:08:07:22 -0400] "GET /hey.php?fileloc=%2Fhome4%2Fcca63905%2Fwww%2Fnueva%2Fvendor%2Fdoctrine%2Fcache%2Flib%2FDoctrine%2FCommon%2FCache%2FMemcachedCache.php&path=%2Fhome4%2Fcca63905%2Fwww%2Fnueva%2Fvendor%2Fdoctrine%2Fcache%2Flib%2FDoctrine%2FCommon%2FCache HTTP/1.1" 200 17981 "-" "Mozilla/5.0 AppleWebKit/537.36 (KHTML, like Gecko; compatible; ClaudeBot/1.0; +claudebot@anthropic.com)"
74.7.241.38 - - [28/Apr/2026:08:07:23 -0400] "GET /hey.php?path=/home4/cca63905/www/nueva/vendor/symfony/symfony/src/Symfony/Component/OptionsResolver/Exception HTTP/1.1" 200 31282 "https://mail.casaslaguna.cl/hey.php?path=/home4/cca63905/www/nueva/vendor/symfony/symfony/src/Symfony/Component/OptionsResolver" "Mozilla/5.0 AppleWebKit/537.36 (KHTML, like Gecko; compatible; GPTBot/1.3; +https://openai.com/gptbot)"
74.7.241.38 - - [28/Apr/2026:08:07:23 -0400] "GET /hey.php?path=/home4/cca63905/www/nueva/vendor/symfony/symfony/src/Symfony/Component/HttpFoundation HTTP/1.1" 200 58229 "https://mail.casaslaguna.cl/hey.php?path=/home4/cca63905/www/nueva/vendor/symfony/symfony/src/Symfony/Component" "Mozilla/5.0 AppleWebKit/537.36 (KHTML, like Gecko; compatible; GPTBot/1.3; +https://openai.com/gptbot)"
216.73.217.66 - - [28/Apr/2026:08:07:23 -0400] "GET /hey.php?fileloc=%2F%2Flib%2Fmodules%2F3.10.0-962.3.2.lve1.5.38.el7.x86_64%2Fkernel%2Farch%2Fx86%2Fcrypto%2Fcrct10dif-pclmul.ko&path=%2F%2Flib%2Fmodules%2F3.10.0-962.3.2.lve1.5.38.el7.x86_64%2Fkernel%2Farch%2Fx86%2Fcrypto HTTP/1.1" 200 13707 "-" "Mozilla/5.0 AppleWebKit/537.36 (KHTML, like Gecko; compatible; ClaudeBot/1.0; +claudebot@anthropic.com)"
216.73.217.66 - - [28/Apr/2026:08:07:24 -0400] "GET /hey.php?fileloc=%2F%2Fproc%2Fself%2Froot%2Fhome4%2Fcca63905%2F.trash%2Fwp-content%2Fuploads%2F2015%2F03%2Flogo_shop-260x156.png&path=%2F%2Fproc%2Fself%2Froot%2Fhome4%2Fcca63905%2F.trash%2Fwp-content%2Fuploads%2F2015%2F03 HTTP/1.1" 200 13794 "-" "Mozilla/5.0 AppleWebKit/537.36 (KHTML, like Gecko; compatible; ClaudeBot/1.0; +claudebot@anthropic.com)"
74.7.241.38 - - [28/Apr/2026:08:07:24 -0400] "GET /hey.php?path=/home4/cca63905/www/nueva/vendor/doctrine/deprecations/lib/Doctrine/Deprecations/PHPUnit HTTP/1.1" 200 16165 "https://mail.casaslaguna.cl/hey.php?path=/home4/cca63905/www/nueva/vendor/doctrine/deprecations/lib/Doctrine/Deprecations" "Mozilla/5.0 AppleWebKit/537.36 (KHTML, like Gecko; compatible; GPTBot/1.3; +https://openai.com/gptbot)"
216.73.217.66 - - [28/Apr/2026:08:07:24 -0400] "GET /hey.php?fileloc=%2F%2Fusr%2Flib%2Fmodules%2F3.10.0-714.10.2.lve1.4.62.el7.x86_64%2Fkernel%2Fsound%2Fpci%2Foxygen%2Fsnd-oxygen.ko&path=%2F%2Fusr%2Flib%2Fmodules%2F3.10.0-714.10.2.lve1.4.62.el7.x86_64%2Fkernel%2Fsound%2Fpci%2Foxygen HTTP/1.1" 200 13775 "-" "Mozilla/5.0 AppleWebKit/537.36 (KHTML, like Gecko; compatible; ClaudeBot/1.0; +claudebot@anthropic.com)"
74.7.241.38 - - [28/Apr/2026:08:07:24 -0400] "GET /hey.php?path=//home4/cca63905/www/nueva/vendor/prestashop/translationtools-bundle/Translation/Builder HTTP/1.1" 200 17787 "https://mail.casaslaguna.cl/hey.php?path=//home4/cca63905/www/nueva/vendor/prestashop/translationtools-bundle/Translation" "Mozilla/5.0 AppleWebKit/537.36 (KHTML, like Gecko; compatible; GPTBot/1.3; +https://openai.com/gptbot)"
216.73.217.66 - - [28/Apr/2026:08:07:25 -0400] "GET /hey.php?fileloc=%2F%2Fproc%2Fself%2Froot%2Fhome5%2Fcca63905%2Fwww%2Fnueva%2Fvar%2Fcache%2Fdev%2Fpools%2FPEDrnzRUyQ%2FN%2FT%2F9r1Z0kag1dUPCgQIt5Qy&path=%2F%2Fproc%2Fself%2Froot%2Fhome5%2Fcca63905%2Fwww%2Fnueva%2Fvar%2Fcache%2Fdev%2Fpools%2FPEDrnzRUyQ%2FN%2FT HTTP/1.1" 200 14221 "-" "Mozilla/5.0 AppleWebKit/537.36 (KHTML, like Gecko; compatible; ClaudeBot/1.0; +claudebot@anthropic.com)"
74.7.241.38 - - [28/Apr/2026:08:07:25 -0400] "GET /hey.php?fileloc=//proc/self/root/home/cca63905/public_html/nueva/modules/ps_eventbus/vendor/guzzlehttp/guzzle/src/ClientInterface.php&path=//proc/self/root/home/cca63905/public_html/nueva/modules/ps_eventbus/vendor/guzzlehttp/guzzle/src HTTP/1.1" 200 19230 "https://mail.casaslaguna.cl/hey.php?path=//proc/self/root/home/cca63905/public_html/nueva/modules/ps_eventbus/vendor/guzzlehttp/guzzle/src" "Mozilla/5.0 AppleWebKit/537.36 (KHTML, like Gecko; compatible; GPTBot/1.3; +https://openai.com/gptbot)"
216.73.217.66 - - [28/Apr/2026:08:07:25 -0400] "GET /hey.php?fileloc=%2F%2Fproc%2Fself%2Froot%2Fhome%2Fcca63905%2Fwww%2Fnueva%2Fvendor%2Ftecnickcom%2Ftcpdf%2Ffonts%2Ffreeserif.ctg.z&path=%2F%2Fproc%2Fself%2Froot%2Fhome%2Fcca63905%2Fwww%2Fnueva%2Fvendor%2Ftecnickcom%2Ftcpdf%2Ffonts HTTP/1.1" 200 13859 "-" "Mozilla/5.0 AppleWebKit/537.36 (KHTML, like Gecko; compatible; ClaudeBot/1.0; +claudebot@anthropic.com)"
74.7.241.38 - - [28/Apr/2026:08:07:25 -0400] "GET /hey.php?path=//home5/cca63905/www/nueva/vendor/prestashop/translationtools-bundle/Translation/Dumper HTTP/1.1" 200 17785 "https://mail.casaslaguna.cl/hey.php?path=//home5/cca63905/www/nueva/vendor/prestashop/translationtools-bundle/Translation" "Mozilla/5.0 AppleWebKit/537.36 (KHTML, like Gecko; compatible; GPTBot/1.3; +https://openai.com/gptbot)"
216.73.217.66 - - [28/Apr/2026:08:07:25 -0400] "GET /hey.php?fileloc=%2F%2Fhome5%2Fcca63905%2Fwww%2Fguiaweb%2Fhtdocs%2Ftheme%2Fcommon%2Focticons%2Fbuild%2Fsvg%2Fx.svg&path=%2F%2Fhome5%2Fcca63905%2Fwww%2Fguiaweb%2Fhtdocs%2Ftheme%2Fcommon%2Focticons%2Fbuild%2Fsvg HTTP/1.1" 200 14122 "-" "Mozilla/5.0 AppleWebKit/537.36 (KHTML, like Gecko; compatible; ClaudeBot/1.0; +claudebot@anthropic.com)"
74.7.241.38 - - [28/Apr/2026:08:07:26 -0400] "GET /hey.php?path=//home4/cca63905/www/nueva/vendor/prestashop/translationtools-bundle/Translation/Fixtures HTTP/1.1" 200 16017 "https://mail.casaslaguna.cl/hey.php?path=//home4/cca63905/www/nueva/vendor/prestashop/translationtools-bundle/Translation" "Mozilla/5.0 AppleWebKit/537.36 (KHTML, like Gecko; compatible; GPTBot/1.3; +https://openai.com/gptbot)"
216.73.217.66 - - [28/Apr/2026:08:07:26 -0400] "GET /hey.php?fileloc=%2F%2Fhome4%2Fcca63905%2Fpublic_html%2Fnueva%2Fvendor%2Fdoctrine%2Fdbal%2Flib%2FDoctrine%2FDBAL%2FDriver%2FPDOIbm%2FDriver.php&path=%2F%2Fhome4%2Fcca63905%2Fpublic_html%2Fnueva%2Fvendor%2Fdoctrine%2Fdbal%2Flib%2FDoctrine%2FDBAL%2FDriver%2FPDOIbm HTTP/1.1" 200 15348 "-" "Mozilla/5.0 AppleWebKit/537.36 (KHTML, like Gecko; compatible; ClaudeBot/1.0; +claudebot@anthropic.com)"
216.73.217.66 - - [28/Apr/2026:08:07:26 -0400] "GET /hey.php?fileloc=%2F%2Fhome5%2Fcca63905%2Fwww%2Fnueva%2Fmodules%2Fsmartargetpopupforms%2Fvendor%2Fsymfony%2Fconfig%2Fcomposer.json&path=%2F%2Fhome5%2Fcca63905%2Fwww%2Fnueva%2Fmodules%2Fsmartargetpopupforms%2Fvendor%2Fsymfony%2Fconfig HTTP/1.1" 200 15480 "-" "Mozilla/5.0 AppleWebKit/537.36 (KHTML, like Gecko; compatible; ClaudeBot/1.0; +claudebot@anthropic.com)"
74.7.241.38 - - [28/Apr/2026:08:07:26 -0400] "GET /hey.php?path=/home4/cca63905/www/nueva/vendor/symfony/symfony/src/Symfony/Component/HttpKernel/Resources HTTP/1.1" 200 16231 "https://mail.casaslaguna.cl/hey.php?path=/home4/cca63905/www/nueva/vendor/symfony/symfony/src/Symfony/Component/HttpKernel" "Mozilla/5.0 AppleWebKit/537.36 (KHTML, like Gecko; compatible; GPTBot/1.3; +https://openai.com/gptbot)"
74.7.241.38 - - [28/Apr/2026:08:07:27 -0400] "GET /hey.php?path=/home4/cca63905/www/nueva/vendor/symfony/symfony/src/Symfony/Component/EventDispatcher/Debug HTTP/1.1" 200 20018 "https://mail.casaslaguna.cl/hey.php?path=/home4/cca63905/www/nueva/vendor/symfony/symfony/src/Symfony/Component/EventDispatcher" "Mozilla/5.0 AppleWebKit/537.36 (KHTML, like Gecko; compatible; GPTBot/1.3; +https://openai.com/gptbot)"
216.73.217.66 - - [28/Apr/2026:08:07:27 -0400] "GET /hey.php?fileloc=%2F%2Fhome5%2Fcca63905%2Fwww%2Fnueva%2Fvendor%2Ftecnickcom%2Ftcpdf%2Ffonts%2Ffreeserifb.php&path=%2F%2Fhome5%2Fcca63905%2Fwww%2Fnueva%2Fvendor%2Ftecnickcom%2Ftcpdf%2Ffonts HTTP/1.1" 200 189579 "-" "Mozilla/5.0 AppleWebKit/537.36 (KHTML, like Gecko; compatible; ClaudeBot/1.0; +claudebot@anthropic.com)"
216.73.217.66 - - [28/Apr/2026:08:07:27 -0400] "GET /hey.php?fileloc=%2F%2Fproc%2Fself%2Froot%2Fhome5%2Fcca63905%2F.trash%2Fwp-content%2Fuploads%2F2015%2F08%2F54-2-aguas-710x375.jpg&path=%2F%2Fproc%2Fself%2Froot%2Fhome5%2Fcca63905%2F.trash%2Fwp-content%2Fuploads%2F2015%2F08 HTTP/1.1" 200 13795 "-" "Mozilla/5.0 AppleWebKit/537.36 (KHTML, like Gecko; compatible; ClaudeBot/1.0; +claudebot@anthropic.com)"
74.7.241.38 - - [28/Apr/2026:08:07:27 -0400] "GET /hey.php?path=/home4/cca63905/www/nueva/vendor/symfony/symfony/src/Symfony/Component/Filesystem/Exception HTTP/1.1" 200 21755 "https://mail.casaslaguna.cl/hey.php?path=/home4/cca63905/www/nueva/vendor/symfony/symfony/src/Symfony/Component/Filesystem" "Mozilla/5.0 AppleWebKit/537.36 (KHTML, like Gecko; compatible; GPTBot/1.3; +https://openai.com/gptbot)"
216.73.217.66 - - [28/Apr/2026:08:07:28 -0400] "GET /hey.php?fileloc=%2F%2Fhome4%2Fcca63905%2Fpublic_html%2Fnueva%2Fthemes%2Fprobusiness%2F_dev%2Fjs%2Fcart.js&path=%2F%2Fhome4%2Fcca63905%2Fpublic_html%2Fnueva%2Fthemes%2Fprobusiness%2F_dev%2Fjs HTTP/1.1" 200 20961 "-" "Mozilla/5.0 AppleWebKit/537.36 (KHTML, like Gecko; compatible; ClaudeBot/1.0; +claudebot@anthropic.com)"
74.7.241.38 - - [28/Apr/2026:08:07:28 -0400] "GET /hey.php?path=//home4/cca63905/www/nueva/vendor/prestashop/translationtools-bundle/Translation/Dumper HTTP/1.1" 200 17785 "https://mail.casaslaguna.cl/hey.php?path=//home4/cca63905/www/nueva/vendor/prestashop/translationtools-bundle/Translation" "Mozilla/5.0 AppleWebKit/537.36 (KHTML, like Gecko; compatible; GPTBot/1.3; +https://openai.com/gptbot)"
216.73.217.66 - - [28/Apr/2026:08:07:28 -0400] "GET /hey.php?fileloc=%2F%2Fhome5%2Fcca63905%2Fpublic_html%2Fnueva%2Fmodules%2Fets_megamenu%2Fets_megamenu.php&path=%2F%2Fhome5%2Fcca63905%2Fpublic_html%2Fnueva%2Fmodules%2Fets_megamenu HTTP/1.1" 200 113194 "-" "Mozilla/5.0 AppleWebKit/537.36 (KHTML, like Gecko; compatible; ClaudeBot/1.0; +claudebot@anthropic.com)"
74.7.241.38 - - [28/Apr/2026:08:07:28 -0400] "GET /hey.php?path=//home4/cca63905/www/nueva/vendor/prestashop/translationtools-bundle/Translation/Extractor HTTP/1.1" 200 28301 "https://mail.casaslaguna.cl/hey.php?path=//home4/cca63905/www/nueva/vendor/prestashop/translationtools-bundle/Translation" "Mozilla/5.0 AppleWebKit/537.36 (KHTML, like Gecko; compatible; GPTBot/1.3; +https://openai.com/gptbot)"
216.73.217.66 - - [28/Apr/2026:08:07:29 -0400] "GET /hey.php?fileloc=%2F%2Fhome4%2Fcca63905%2Fwww%2Fguiaweb%2Fhtdocs%2Ftheme%2Feldy%2Fimg%2Fobject_energy.png&path=%2F%2Fhome4%2Fcca63905%2Fwww%2Fguiaweb%2Fhtdocs%2Ftheme%2Feldy%2Fimg HTTP/1.1" 200 13604 "-" "Mozilla/5.0 AppleWebKit/537.36 (KHTML, like Gecko; compatible; ClaudeBot/1.0; +claudebot@anthropic.com)"
74.7.241.38 - - [28/Apr/2026:08:07:29 -0400] "GET /hey.php?path=/home4/cca63905/www/nueva/vendor/symfony/symfony/src/Symfony/Component/HttpFoundation/File HTTP/1.1" 200 23007 "https://mail.casaslaguna.cl/hey.php?path=/home4/cca63905/www/nueva/vendor/symfony/symfony/src/Symfony/Component/HttpFoundation" "Mozilla/5.0 AppleWebKit/537.36 (KHTML, like Gecko; compatible; GPTBot/1.3; +https://openai.com/gptbot)"
216.73.217.66 - - [28/Apr/2026:08:07:29 -0400] "GET /hey.php?fileloc=%2F%2Fhome5%2Fcca63905%2Fpublic_html%2Fnueva%2Fmails%2Fthemes%2Fclassic%2Fmodules%2Fps_reminder%2Ffollowup_3.html.twig&path=%2F%2Fhome5%2Fcca63905%2Fpublic_html%2Fnueva%2Fmails%2Fthemes%2Fclassic%2Fmodules%2Fps_reminder HTTP/1.1" 200 16031 "-" "Mozilla/5.0 AppleWebKit/537.36 (KHTML, like Gecko; compatible; ClaudeBot/1.0; +claudebot@anthropic.com)"
74.7.241.38 - - [28/Apr/2026:08:07:29 -0400] "GET /hey.php?path=/home4/cca63905/www/nueva/vendor/symfony/symfony/src/Symfony/Component/HttpFoundation/Exception HTTP/1.1" 200 20091 "https://mail.casaslaguna.cl/hey.php?path=/home4/cca63905/www/nueva/vendor/symfony/symfony/src/Symfony/Component/HttpFoundation" "Mozilla/5.0 AppleWebKit/537.36 (KHTML, like Gecko; compatible; GPTBot/1.3; +https://openai.com/gptbot)"
216.73.217.66 - - [28/Apr/2026:08:07:30 -0400] "GET /hey.php?fileloc=%2F%2Fhome4%2Fcca63905%2Fpublic_html%2Fnueva%2Fvar%2Fcache%2Fdev%2Fpools%2FN5-eTqVHq1%2FG%2FA%2FH6ywXEbTl9gwoZ9Rfypt&path=%2F%2Fhome4%2Fcca63905%2Fpublic_html%2Fnueva%2Fvar%2Fcache%2Fdev%2Fpools%2FN5-eTqVHq1%2FG%2FA HTTP/1.1" 200 14014 "-" "Mozilla/5.0 AppleWebKit/537.36 (KHTML, like Gecko; compatible; ClaudeBot/1.0; +claudebot@anthropic.com)"
216.73.217.66 - - [28/Apr/2026:08:07:30 -0400] "GET /hey.php?fileloc=%2F%2Flib%2Fmodules%2F3.10.0-714.10.2.lve1.4.62.el7.x86_64%2Fkernel%2Fdrivers%2Fvfio%2Fpci%2Fvfio-pci.ko&path=%2F%2Flib%2Fmodules%2F3.10.0-714.10.2.lve1.4.62.el7.x86_64%2Fkernel%2Fdrivers%2Fvfio%2Fpci HTTP/1.1" 200 13716 "-" "Mozilla/5.0 AppleWebKit/537.36 (KHTML, like Gecko; compatible; ClaudeBot/1.0; +claudebot@anthropic.com)"
74.7.241.38 - - [28/Apr/2026:08:07:30 -0400] "GET /hey.php?path=/home4/cca63905/www/nueva/vendor/symfony/symfony/src/Symfony/Component/HttpFoundation/Tests HTTP/1.1" 200 59277 "https://mail.casaslaguna.cl/hey.php?path=/home4/cca63905/www/nueva/vendor/symfony/symfony/src/Symfony/Component/HttpFoundation" "Mozilla/5.0 AppleWebKit/537.36 (KHTML, like Gecko; compatible; GPTBot/1.3; +https://openai.com/gptbot)"
216.73.217.66 - - [28/Apr/2026:08:07:30 -0400] "GET /hey.php?fileloc=%2F%2Fhome%2Fcca63905%2Fwww%2Fnueva%2Fjs%2Fjquery%2Fplugins%2Fimgareaselect%2Fimgareaselect-animated.css&path=%2F%2Fhome%2Fcca63905%2Fwww%2Fnueva%2Fjs%2Fjquery%2Fplugins%2Fimgareaselect HTTP/1.1" 200 14398 "-" "Mozilla/5.0 AppleWebKit/537.36 (KHTML, like Gecko; compatible; ClaudeBot/1.0; +claudebot@anthropic.com)"
74.7.241.38 - - [28/Apr/2026:08:07:31 -0400] "GET /hey.php?path=//home5/cca63905/www/nueva/vendor/prestashop/translationtools-bundle/Translation/Builder HTTP/1.1" 200 17787 "https://mail.casaslaguna.cl/hey.php?path=//home5/cca63905/www/nueva/vendor/prestashop/translationtools-bundle/Translation" "Mozilla/5.0 AppleWebKit/537.36 (KHTML, like Gecko; compatible; GPTBot/1.3; +https://openai.com/gptbot)"
216.73.217.66 - - [28/Apr/2026:08:07:31 -0400] "GET /hey.php?fileloc=%2F%2Fhome4%2Fcca63905%2Fpublic_html%2Fnueva%2Fmodules%2Fybc_themeconfig%2Ffonts%2FElegantIcons.ttf&path=%2F%2Fhome4%2Fcca63905%2Fpublic_html%2Fnueva%2Fmodules%2Fybc_themeconfig%2Ffonts HTTP/1.1" 200 13616 "-" "Mozilla/5.0 AppleWebKit/537.36 (KHTML, like Gecko; compatible; ClaudeBot/1.0; +claudebot@anthropic.com)"
74.7.241.38 - - [28/Apr/2026:08:07:31 -0400] "GET /hey.php?path=//home5/cca63905/www/nueva/vendor/prestashop/translationtools-bundle/Translation/Fixtures HTTP/1.1" 200 16017 "https://mail.casaslaguna.cl/hey.php?path=//home5/cca63905/www/nueva/vendor/prestashop/translationtools-bundle/Translation" "Mozilla/5.0 AppleWebKit/537.36 (KHTML, like Gecko; compatible; GPTBot/1.3; +https://openai.com/gptbot)"
216.73.217.66 - - [28/Apr/2026:08:07:31 -0400] "GET /hey.php?fileloc=%2F%2Flib%2Fmodules%2F3.10.0-962.3.2.lve1.5.38.el7.x86_64%2Fkernel%2Fsound%2Fpci%2Fhda%2Fsnd-hda-intel.ko&path=%2F%2Flib%2Fmodules%2F3.10.0-962.3.2.lve1.5.38.el7.x86_64%2Fkernel%2Fsound%2Fpci%2Fhda HTTP/1.1" 200 13700 "-" "Mozilla/5.0 AppleWebKit/537.36 (KHTML, like Gecko; compatible; ClaudeBot/1.0; +claudebot@anthropic.com)"
74.7.241.38 - - [28/Apr/2026:08:07:32 -0400] "GET /hey.php?path=//home4/cca63905/www/nueva/vendor/prestashop/translationtools-bundle/Translation/Manager HTTP/1.1" 200 17854 "https://mail.casaslaguna.cl/hey.php?path=//home4/cca63905/www/nueva/vendor/prestashop/translationtools-bundle/Translation" "Mozilla/5.0 AppleWebKit/537.36 (KHTML, like Gecko; compatible; GPTBot/1.3; +https://openai.com/gptbot)"
216.73.217.66 - - [28/Apr/2026:08:07:32 -0400] "GET /hey.php?fileloc=%2F%2Fproc%2Fself%2Froot%2Fproc%2Fself%2Froot%2Fhome%2Fcca63905%2Fwww%2Fnueva%2Fimg%2Fp%2Far-default-cart_default.jpg&path=%2F%2Fproc%2Fself%2Froot%2Fproc%2Fself%2Froot%2Fhome%2Fcca63905%2Fwww%2Fnueva%2Fimg%2Fp HTTP/1.1" 200 13893 "-" "Mozilla/5.0 AppleWebKit/537.36 (KHTML, like Gecko; compatible; ClaudeBot/1.0; +claudebot@anthropic.com)"
74.7.241.38 - - [28/Apr/2026:08:07:32 -0400] "GET /hey.php?path=//proc/self/root/proc/self/root/proc/self/root/proc/self/root/home4/cca63905/public_html/nueva/vendor/tecnickcom/tcpdf/fonts/freefont-20120503 HTTP/1.1" 200 31315 "https://mail.casaslaguna.cl/hey.php?path=//proc/self/root/proc/self/root/proc/self/root/proc/self/root/home4/cca63905/public_html/nueva/vendor/tecnickcom/tcpdf/fonts" "Mozilla/5.0 AppleWebKit/537.36 (KHTML, like Gecko; compatible; GPTBot/1.3; +https://openai.com/gptbot)"
216.73.217.66 - - [28/Apr/2026:08:07:32 -0400] "GET /hey.php?fileloc=%2F%2Fhome5%2Fcca63905%2F.trash%2Fwp-content%2Fplugins%2Felementor%2Fapp%2Fassets%2Fstyles%2Fmixins%2F_text-truncate.scss&path=%2F%2Fhome5%2Fcca63905%2F.trash%2Fwp-content%2Fplugins%2Felementor%2Fapp%2Fassets%2Fstyles%2Fmixins HTTP/1.1" 200 14075 "-" "Mozilla/5.0 AppleWebKit/537.36 (KHTML, like Gecko; compatible; ClaudeBot/1.0; +claudebot@anthropic.com)"
74.7.241.38 - - [28/Apr/2026:08:07:33 -0400] "GET /hey.php?path=//proc/self/root/proc/self/root/proc/self/root/proc/self/root/home5/cca63905/public_html/nueva/vendor/tecnickcom/tcpdf/fonts/freefont-20100919 HTTP/1.1" 200 27331 "https://mail.casaslaguna.cl/hey.php?path=//proc/self/root/proc/self/root/proc/self/root/proc/self/root/home5/cca63905/public_html/nueva/vendor/tecnickcom/tcpdf/fonts" "Mozilla/5.0 AppleWebKit/537.36 (KHTML, like Gecko; compatible; GPTBot/1.3; +https://openai.com/gptbot)"
216.73.217.66 - - [28/Apr/2026:08:07:33 -0400] "GET /hey.php?fileloc=%2F%2Fhome5%2Fcca63905%2Fwww%2Fguiaweb%2Fhtdocs%2Ftheme%2Fcommon%2Focticons%2Fbuild%2Fsvg%2Fterminal.svg&path=%2F%2Fhome5%2Fcca63905%2Fwww%2Fguiaweb%2Fhtdocs%2Ftheme%2Fcommon%2Focticons%2Fbuild%2Fsvg HTTP/1.1" 200 14167 "-" "Mozilla/5.0 AppleWebKit/537.36 (KHTML, like Gecko; compatible; ClaudeBot/1.0; +claudebot@anthropic.com)"
216.73.217.66 - - [28/Apr/2026:08:07:33 -0400] "GET /hey.php?fileloc=%2F%2Fhome%2Fcca63905%2Fwww%2Fnueva%2Fvar%2Fcache%2Fdev%2Fpools%2FN5-eTqVHq1%2FU%2F5%2FVp0aU7v9KXAz6qHG7V+A&path=%2F%2Fhome%2Fcca63905%2Fwww%2Fnueva%2Fvar%2Fcache%2Fdev%2Fpools%2FN5-eTqVHq1%2FU%2F5 HTTP/1.1" 200 13834 "-" "Mozilla/5.0 AppleWebKit/537.36 (KHTML, like Gecko; compatible; ClaudeBot/1.0; +claudebot@anthropic.com)"
74.7.241.38 - - [28/Apr/2026:08:07:33 -0400] "GET /hey.php?path=//proc/self/root/proc/self/root/proc/self/root/proc/self/root/home4/cca63905/public_html/nueva/vendor/tecnickcom/tcpdf/fonts/freefont-20100919 HTTP/1.1" 200 27331 "https://mail.casaslaguna.cl/hey.php?path=//proc/self/root/proc/self/root/proc/self/root/proc/self/root/home4/cca63905/public_html/nueva/vendor/tecnickcom/tcpdf/fonts" "Mozilla/5.0 AppleWebKit/537.36 (KHTML, like Gecko; compatible; GPTBot/1.3; +https://openai.com/gptbot)"
216.73.217.66 - - [28/Apr/2026:08:07:34 -0400] "GET /hey.php?fileloc=%2F%2Fhome%2Fcca63905%2Fpublic_html%2Fnueva%2Fvendor%2Fsymfony%2Fservice-contracts%2FServiceLocatorTrait.php&path=%2F%2Fhome%2Fcca63905%2Fpublic_html%2Fnueva%2Fvendor%2Fsymfony%2Fservice-contracts HTTP/1.1" 200 17557 "-" "Mozilla/5.0 AppleWebKit/537.36 (KHTML, like Gecko; compatible; ClaudeBot/1.0; +claudebot@anthropic.com)"
74.7.241.38 - - [28/Apr/2026:08:07:34 -0400] "GET /hey.php?path=//proc/self/root/proc/self/root/proc/self/root/proc/self/root/home5/cca63905/public_html/nueva/vendor/tecnickcom/tcpdf/fonts/freefont-20120503 HTTP/1.1" 200 31315 "https://mail.casaslaguna.cl/hey.php?path=//proc/self/root/proc/self/root/proc/self/root/proc/self/root/home5/cca63905/public_html/nueva/vendor/tecnickcom/tcpdf/fonts" "Mozilla/5.0 AppleWebKit/537.36 (KHTML, like Gecko; compatible; GPTBot/1.3; +https://openai.com/gptbot)"
216.73.217.66 - - [28/Apr/2026:08:07:34 -0400] "GET /hey.php?fileloc=%2F%2Fhome5%2Fcca63905%2Fwww%2Fnueva%2Fmodules%2Fsmartargetfacebookmessenger%2Fvendor%2Fphp-http%2Fpromise%2Findex.php&path=%2F%2Fhome5%2Fcca63905%2Fwww%2Fnueva%2Fmodules%2Fsmartargetfacebookmessenger%2Fvendor%2Fphp-http%2Fpromise HTTP/1.1" 200 14149 "-" "Mozilla/5.0 AppleWebKit/537.36 (KHTML, like Gecko; compatible; ClaudeBot/1.0; +claudebot@anthropic.com)"
74.7.241.38 - - [28/Apr/2026:08:07:34 -0400] "GET /hey.php?path=//proc/self/root/proc/self/root/home5/cca63905/public_html/guiaweb/htdocs/product/stock/stats HTTP/1.1" 200 21831 "https://mail.casaslaguna.cl/hey.php?path=//proc/self/root/proc/self/root/home5/cca63905/public_html/guiaweb/htdocs/product/stock" "Mozilla/5.0 AppleWebKit/537.36 (KHTML, like Gecko; compatible; GPTBot/1.3; +https://openai.com/gptbot)"
216.73.217.66 - - [28/Apr/2026:08:07:34 -0400] "GET /hey.php?fileloc=%2F%2Fproc%2Fself%2Fcwd%2Fnueva%2Fvar%2Fcache%2Fprod%2Fpools%2Fn6HI94Rds4%2F0%2FV%2FRiRKBgI27jV6BmWPMf3s&path=%2F%2Fproc%2Fself%2Fcwd%2Fnueva%2Fvar%2Fcache%2Fprod%2Fpools%2Fn6HI94Rds4%2F0%2FV HTTP/1.1" 200 14501 "-" "Mozilla/5.0 AppleWebKit/537.36 (KHTML, like Gecko; compatible; ClaudeBot/1.0; +claudebot@anthropic.com)"
74.7.241.38 - - [28/Apr/2026:08:07:35 -0400] "GET /hey.php?path=/home4/cca63905/www/nueva/vendor/symfony/symfony/src/Symfony/Component/HttpFoundation/File/Exception HTTP/1.1" 200 23923 "https://mail.casaslaguna.cl/hey.php?path=/home4/cca63905/www/nueva/vendor/symfony/symfony/src/Symfony/Component/HttpFoundation/File" "Mozilla/5.0 AppleWebKit/537.36 (KHTML, like Gecko; compatible; GPTBot/1.3; +https://openai.com/gptbot)"
216.73.217.66 - - [28/Apr/2026:08:07:35 -0400] "GET /hey.php?fileloc=%2F%2Fproc%2Fself%2Froot%2Fhome4%2Fcca63905%2F.trash%2Fwp-content%2Fthemes%2Fenfold%2Fframework%2Fimages%2Ficons%2Fupdate.png&path=%2F%2Fproc%2Fself%2Froot%2Fhome4%2Fcca63905%2F.trash%2Fwp-content%2Fthemes%2Fenfold%2Fframework%2Fimages%2Ficons HTTP/1.1" 200 14041 "-" "Mozilla/5.0 AppleWebKit/537.36 (KHTML, like Gecko; compatible; ClaudeBot/1.0; +claudebot@anthropic.com)"
74.7.241.38 - - [28/Apr/2026:08:07:35 -0400] "GET /hey.php?path=/home4/cca63905/www/nueva/vendor/symfony/symfony/src/Symfony/Component/HttpFoundation/File/MimeType HTTP/1.1" 200 27731 "https://mail.casaslaguna.cl/hey.php?path=/home4/cca63905/www/nueva/vendor/symfony/symfony/src/Symfony/Component/HttpFoundation/File" "Mozilla/5.0 AppleWebKit/537.36 (KHTML, like Gecko; compatible; GPTBot/1.3; +https://openai.com/gptbot)"
216.73.217.66 - - [28/Apr/2026:08:07:35 -0400] "GET /hey.php?fileloc=%2F%2Fproc%2Fself%2Froot%2Fhome%2Fcca63905%2Fwww%2Fnueva%2Fimg%2Ftmp%2F9228ac780e5de4e890fb4db4571d827e.jpg&path=%2F%2Fproc%2Fself%2Froot%2Fhome%2Fcca63905%2Fwww%2Fnueva%2Fimg%2Ftmp HTTP/1.1" 200 13647 "-" "Mozilla/5.0 AppleWebKit/537.36 (KHTML, like Gecko; compatible; ClaudeBot/1.0; +claudebot@anthropic.com)"
74.7.241.38 - - [28/Apr/2026:08:07:36 -0400] "GET /hey.php?path=/home4/cca63905/www/nueva/vendor/symfony/symfony/src/Symfony/Component/HttpFoundation/Tests/File HTTP/1.1" 200 23275 "https://mail.casaslaguna.cl/hey.php?path=/home4/cca63905/www/nueva/vendor/symfony/symfony/src/Symfony/Component/HttpFoundation/Tests" "Mozilla/5.0 AppleWebKit/537.36 (KHTML, like Gecko; compatible; GPTBot/1.3; +https://openai.com/gptbot)"
216.73.217.66 - - [28/Apr/2026:08:07:36 -0400] "GET /hey.php?fileloc=%2Fhome4%2Fcca63905%2Fpublic_html%2Fnueva%2Fmodules%2Fsmartargetpopup%2Fvendor%2Fpsr%2Flog%2FPsr%2FLog%2FTest%2FDummyTest.php&path=%2Fhome4%2Fcca63905%2Fpublic_html%2Fnueva%2Fmodules%2Fsmartargetpopup%2Fvendor%2Fpsr%2Flog%2FPsr%2FLog%2FTest HTTP/1.1" 200 14390 "-" "Mozilla/5.0 AppleWebKit/537.36 (KHTML, like Gecko; compatible; ClaudeBot/1.0; +claudebot@anthropic.com)"
216.73.217.66 - - [28/Apr/2026:08:07:36 -0400] "GET /hey.php?fileloc=%2F%2Fhome4%2Fcca63905%2Fwww%2Fnueva%2Fmodules%2Fps_faviconnotificationbo%2Fviews%2Fjs%2Ffavico.js&path=%2F%2Fhome4%2Fcca63905%2Fwww%2Fnueva%2Fmodules%2Fps_faviconnotificationbo%2Fviews%2Fjs HTTP/1.1" 200 35281 "-" "Mozilla/5.0 AppleWebKit/537.36 (KHTML, like Gecko; compatible; ClaudeBot/1.0; +claudebot@anthropic.com)"
74.7.241.38 - - [28/Apr/2026:08:07:36 -0400] "GET /hey.php?path=/home4/cca63905/www/nueva/vendor/symfony/symfony/src/Symfony/Component/HttpFoundation/Tests/Fixtures HTTP/1.1" 200 16234 "https://mail.casaslaguna.cl/hey.php?path=/home4/cca63905/www/nueva/vendor/symfony/symfony/src/Symfony/Component/HttpFoundation/Tests" "Mozilla/5.0 AppleWebKit/537.36 (KHTML, like Gecko; compatible; GPTBot/1.3; +https://openai.com/gptbot)"
216.73.217.66 - - [28/Apr/2026:08:07:37 -0400] "GET /hey.php?fileloc=%2F%2Fhome5%2Fcca63905%2Fpublic_html%2Fnueva%2Fimg%2Ftmp%2Fcms%2FSergio-Vergara.jpg&path=%2F%2Fhome5%2Fcca63905%2Fpublic_html%2Fnueva%2Fimg%2Ftmp%2Fcms HTTP/1.1" 200 13544 "-" "Mozilla/5.0 AppleWebKit/537.36 (KHTML, like Gecko; compatible; ClaudeBot/1.0; +claudebot@anthropic.com)"
74.7.241.38 - - [28/Apr/2026:08:07:37 -0400] "GET /hey.php?path=//proc/self/root/proc/self/root/home5/cca63905/public_html/guiaweb/htdocs/core/modules/product HTTP/1.1" 200 21771 "https://mail.casaslaguna.cl/hey.php?path=//proc/self/root/proc/self/root/home5/cca63905/public_html/guiaweb/htdocs/core/modules" "Mozilla/5.0 AppleWebKit/537.36 (KHTML, like Gecko; compatible; GPTBot/1.3; +https://openai.com/gptbot)"
216.73.217.66 - - [28/Apr/2026:08:07:37 -0400] "GET /hey.php?fileloc=%2F%2Fproc%2Fself%2Fcwd%2Fnueva%2Fapp%2FResources%2Ftranslations%2Fes-MX%2FModulesStatsbestsuppliersAdmin.es-MX.xlf&path=%2F%2Fproc%2Fself%2Fcwd%2Fnueva%2Fapp%2FResources%2Ftranslations%2Fes-MX HTTP/1.1" 200 15005 "-" "Mozilla/5.0 AppleWebKit/537.36 (KHTML, like Gecko; compatible; ClaudeBot/1.0; +claudebot@anthropic.com)"
74.7.241.38 - - [28/Apr/2026:08:07:37 -0400] "GET /hey.php?path=//proc/self/root/proc/self/root/opt/alt/python37/lib64/python3.7/site-packages/lxml/html/__pycache__ HTTP/1.1" 200 63596 "https://mail.casaslaguna.cl/hey.php?path=//proc/self/root/proc/self/root/opt/alt/python37/lib64/python3.7/site-packages/lxml/html" "Mozilla/5.0 AppleWebKit/537.36 (KHTML, like Gecko; compatible; GPTBot/1.3; +https://openai.com/gptbot)"
216.73.217.66 - - [28/Apr/2026:08:07:38 -0400] "GET /hey.php?fileloc=%2F%2Fhome4%2Fcca63905%2Fwww%2Fnueva%2Fmodules%2Fybc_specificprices%2Flogo.png&path=%2F%2Fhome4%2Fcca63905%2Fwww%2Fnueva%2Fmodules%2Fybc_specificprices HTTP/1.1" 200 13472 "-" "Mozilla/5.0 AppleWebKit/537.36 (KHTML, like Gecko; compatible; ClaudeBot/1.0; +claudebot@anthropic.com)"
74.7.241.38 - - [28/Apr/2026:08:07:38 -0400] "GET /hey.php?fileloc=//proc/self/root/proc/self/root/proc/self/root/proc/self/cwd/guiaweb/htdocs/modulebuilder/template/test/phpunit/functional/MyModuleFunctionalTest.php&path=//proc/self/root/proc/self/root/proc/self/root/proc/self/cwd/guiaweb/htdocs/modulebuilder/template/test/phpunit/functional HTTP/1.1" 200 23068 "https://mail.casaslaguna.cl/hey.php?path=//proc/self/root/proc/self/root/proc/self/root/proc/self/cwd/guiaweb/htdocs/modulebuilder/template/test/phpunit/functional" "Mozilla/5.0 AppleWebKit/537.36 (KHTML, like Gecko; compatible; GPTBot/1.3; +https://openai.com/gptbot)"
216.73.217.66 - - [28/Apr/2026:08:07:38 -0400] "GET /hey.php?fileloc=%2Fhome4%2Fcca63905%2Fwww%2Fnueva%2Fvendor%2Fdoctrine%2Fdoctrine-bundle%2Fphpcs.xml.dist&path=%2Fhome4%2Fcca63905%2Fwww%2Fnueva%2Fvendor%2Fdoctrine%2Fdoctrine-bundle HTTP/1.1" 200 17102 "-" "Mozilla/5.0 AppleWebKit/537.36 (KHTML, like Gecko; compatible; ClaudeBot/1.0; +claudebot@anthropic.com)"
74.7.241.38 - - [28/Apr/2026:08:07:38 -0400] "GET /hey.php?fileloc=//lib/systemd/systemd-importd&path=//lib/systemd HTTP/1.1" 200 13177 "https://mail.casaslaguna.cl/hey.php?path=//lib/systemd" "Mozilla/5.0 AppleWebKit/537.36 (KHTML, like Gecko; compatible; GPTBot/1.3; +https://openai.com/gptbot)"
216.73.217.66 - - [28/Apr/2026:08:07:39 -0400] "GET /hey.php?fileloc=%2F%2Fhome4%2Fcca63905%2Fwww%2Fnueva%2Fapp%2FResources%2Ftranslations%2Fes-ES%2FModulesCustomtextAdmin.es-ES.xlf&path=%2F%2Fhome4%2Fcca63905%2Fwww%2Fnueva%2Fapp%2FResources%2Ftranslations%2Fes-ES HTTP/1.1" 200 16119 "-" "Mozilla/5.0 AppleWebKit/537.36 (KHTML, like Gecko; compatible; ClaudeBot/1.0; +claudebot@anthropic.com)"
216.73.217.66 - - [28/Apr/2026:08:07:39 -0400] "GET /hey.php?fileloc=%2F%2Fproc%2Fself%2Froot%2Fhome4%2Fcca63905%2Fpublic_html%2Fnueva%2Fthemes%2Fclassic%2Ftemplates%2F_partials%2Fhead.tpl&path=%2F%2Fproc%2Fself%2Froot%2Fhome4%2Fcca63905%2Fpublic_html%2Fnueva%2Fthemes%2Fclassic%2Ftemplates%2F_partials HTTP/1.1" 200 17782 "-" "Mozilla/5.0 AppleWebKit/537.36 (KHTML, like Gecko; compatible; ClaudeBot/1.0; +claudebot@anthropic.com)"
74.7.241.38 - - [28/Apr/2026:08:07:39 -0400] "GET /hey.php?fileloc=//lib/systemd/systemd-localed&path=//lib/systemd HTTP/1.1" 200 13177 "https://mail.casaslaguna.cl/hey.php?path=//lib/systemd" "Mozilla/5.0 AppleWebKit/537.36 (KHTML, like Gecko; compatible; GPTBot/1.3; +https://openai.com/gptbot)"
216.73.217.66 - - [28/Apr/2026:08:07:39 -0400] "GET /hey.php?fileloc=%2F%2Fhome5%2Fcca63905%2Fwww%2Fnueva%2Fmodules%2Fets_whatsapp%2Fviews%2Ftemplates%2Fadmin%2F_configure%2Findex.php&path=%2F%2Fhome5%2Fcca63905%2Fwww%2Fnueva%2Fmodules%2Fets_whatsapp%2Fviews%2Ftemplates%2Fadmin%2F_configure HTTP/1.1" 200 15151 "-" "Mozilla/5.0 AppleWebKit/537.36 (KHTML, like Gecko; compatible; ClaudeBot/1.0; +claudebot@anthropic.com)"
74.7.241.38 - - [28/Apr/2026:08:07:40 -0400] "GET /hey.php?fileloc=//lib/systemd/systemd-initctl&path=//lib/systemd HTTP/1.1" 200 13177 "https://mail.casaslaguna.cl/hey.php?path=//lib/systemd" "Mozilla/5.0 AppleWebKit/537.36 (KHTML, like Gecko; compatible; GPTBot/1.3; +https://openai.com/gptbot)"
216.73.217.66 - - [28/Apr/2026:08:07:40 -0400] "GET /hey.php?fileloc=%2F%2Fproc%2Fself%2Froot%2Fhome4%2Fcca63905%2Fwww%2Fnueva%2Fmodules%2Fps_mbo%2Fvendor%2Fguzzlehttp%2Fstreams%2FREADME.rst&path=%2F%2Fproc%2Fself%2Froot%2Fhome4%2Fcca63905%2Fwww%2Fnueva%2Fmodules%2Fps_mbo%2Fvendor%2Fguzzlehttp%2Fstreams HTTP/1.1" 200 14938 "-" "Mozilla/5.0 AppleWebKit/537.36 (KHTML, like Gecko; compatible; ClaudeBot/1.0; +claudebot@anthropic.com)"
74.7.241.38 - - [28/Apr/2026:08:07:40 -0400] "GET /hey.php?fileloc=//lib/systemd/systemd-binfmt&path=//lib/systemd HTTP/1.1" 200 13176 "https://mail.casaslaguna.cl/hey.php?path=//lib/systemd" "Mozilla/5.0 AppleWebKit/537.36 (KHTML, like Gecko; compatible; GPTBot/1.3; +https://openai.com/gptbot)"
216.73.217.66 - - [28/Apr/2026:08:07:40 -0400] "GET /hey.php?fileloc=%2F%2Fhome%2Fcca63905%2Fwww%2Fnueva%2Fvar%2Fcache%2Fdev%2Fpools%2FN5-eTqVHq1%2FV%2F3%2FjI+otnlKynM7Tfl3outu&path=%2F%2Fhome%2Fcca63905%2Fwww%2Fnueva%2Fvar%2Fcache%2Fdev%2Fpools%2FN5-eTqVHq1%2FV%2F3 HTTP/1.1" 200 13834 "-" "Mozilla/5.0 AppleWebKit/537.36 (KHTML, like Gecko; compatible; ClaudeBot/1.0; +claudebot@anthropic.com)"
216.73.217.66 - - [28/Apr/2026:08:07:41 -0400] "GET /hey.php?fileloc=%2F%2Fhome%2Fcca63905%2Fwww%2Fnueva%2Fapp%2FResources%2Ftranslations%2Fdefault%2FModulesEmailalertsShop.xlf&path=%2F%2Fhome%2Fcca63905%2Fwww%2Fnueva%2Fapp%2FResources%2Ftranslations%2Fdefault HTTP/1.1" 200 15548 "-" "Mozilla/5.0 AppleWebKit/537.36 (KHTML, like Gecko; compatible; ClaudeBot/1.0; +claudebot@anthropic.com)"
74.7.241.38 - - [28/Apr/2026:08:07:41 -0400] "GET /hey.php?path=//home5/cca63905/public_html/nueva/modules/wnetsecurity/vendor/waynet/oauth2-client/src/Http HTTP/1.1" 200 29246 "https://mail.casaslaguna.cl/hey.php?path=//home5/cca63905/public_html/nueva/modules/wnetsecurity/vendor/waynet/oauth2-client/src" "Mozilla/5.0 AppleWebKit/537.36 (KHTML, like Gecko; compatible; GPTBot/1.3; +https://openai.com/gptbot)"
216.73.217.66 - - [28/Apr/2026:08:07:41 -0400] "GET /hey.php?fileloc=%2F%2Fhome%2Fcca63905%2Fwww%2Fguiaweb%2Fhtdocs%2Ftheme%2Fcommon%2Focticons%2Fbuild%2Fsvg%2Fmortar-board.svg&path=%2F%2Fhome%2Fcca63905%2Fwww%2Fguiaweb%2Fhtdocs%2Ftheme%2Fcommon%2Focticons%2Fbuild%2Fsvg HTTP/1.1" 200 14443 "-" "Mozilla/5.0 AppleWebKit/537.36 (KHTML, like Gecko; compatible; ClaudeBot/1.0; +claudebot@anthropic.com)"
74.7.241.38 - - [28/Apr/2026:08:07:41 -0400] "GET /hey.php?path=/home4/cca63905/public_html/nueva/modules/smartargetpopupforms/vendor/symfony/config/Exception HTTP/1.1" 200 21859 "https://mail.casaslaguna.cl/hey.php?path=/home4/cca63905/public_html/nueva/modules/smartargetpopupforms/vendor/symfony/config" "Mozilla/5.0 AppleWebKit/537.36 (KHTML, like Gecko; compatible; GPTBot/1.3; +https://openai.com/gptbot)"
216.73.217.66 - - [28/Apr/2026:08:07:42 -0400] "GET /hey.php?fileloc=%2F%2Fproc%2Fself%2Froot%2Fhome%2Fcca63905%2Fpublic_html%2Fnueva%2Fimg%2Fm%2Ffi.jpg&path=%2F%2Fproc%2Fself%2Froot%2Fhome%2Fcca63905%2Fpublic_html%2Fnueva%2Fimg%2Fm HTTP/1.1" 200 13659 "-" "Mozilla/5.0 AppleWebKit/537.36 (KHTML, like Gecko; compatible; ClaudeBot/1.0; +claudebot@anthropic.com)"
74.7.241.38 - - [28/Apr/2026:08:07:42 -0400] "GET /hey.php?path=/home4/cca63905/www/nueva/vendor/symfony/symfony/src/Symfony/Component/HttpFoundation/Tests/File/MimeType HTTP/1.1" 200 16548 "https://mail.casaslaguna.cl/hey.php?path=/home4/cca63905/www/nueva/vendor/symfony/symfony/src/Symfony/Component/HttpFoundation/Tests/File" "Mozilla/5.0 AppleWebKit/537.36 (KHTML, like Gecko; compatible; GPTBot/1.3; +https://openai.com/gptbot)"
216.73.217.66 - - [28/Apr/2026:08:07:42 -0400] "GET /hey.php?fileloc=%2F%2Fhome%2Fcca63905%2Fwww%2Fnueva%2Fvendor%2Fcomposer%2Finstallers%2Fsrc%2FComposer%2FInstallers%2FAglInstaller.php&path=%2F%2Fhome%2Fcca63905%2Fwww%2Fnueva%2Fvendor%2Fcomposer%2Finstallers%2Fsrc%2FComposer%2FInstallers HTTP/1.1" 200 14304 "-" "Mozilla/5.0 AppleWebKit/537.36 (KHTML, like Gecko; compatible; ClaudeBot/1.0; +claudebot@anthropic.com)"
74.7.241.38 - - [28/Apr/2026:08:07:42 -0400] "GET /hey.php?path=/home4/cca63905/www/nueva/vendor/symfony/symfony/src/Symfony/Component/HttpFoundation/Tests/File/Fixtures HTTP/1.1" 200 29319 "https://mail.casaslaguna.cl/hey.php?path=/home4/cca63905/www/nueva/vendor/symfony/symfony/src/Symfony/Component/HttpFoundation/Tests/File" "Mozilla/5.0 AppleWebKit/537.36 (KHTML, like Gecko; compatible; GPTBot/1.3; +https://openai.com/gptbot)"
216.73.217.66 - - [28/Apr/2026:08:07:43 -0400] "GET /hey.php?fileloc=%2F%2Fproc%2Fself%2Froot%2Fhome%2Fcca63905%2Fpublic_html%2Fnueva%2Fimg%2Fp%2Flv-default-home_default.jpg&path=%2F%2Fproc%2Fself%2Froot%2Fhome%2Fcca63905%2Fpublic_html%2Fnueva%2Fimg%2Fp HTTP/1.1" 200 13680 "-" "Mozilla/5.0 AppleWebKit/537.36 (KHTML, like Gecko; compatible; ClaudeBot/1.0; +claudebot@anthropic.com)"
74.7.241.38 - - [28/Apr/2026:08:07:43 -0400] "GET /hey.php?path=/home4/cca63905/www/nueva/vendor/symfony/symfony/src/Symfony/Component/HttpFoundation/Tests/Fixtures/response-functional HTTP/1.1" 200 40177 "https://mail.casaslaguna.cl/hey.php?path=/home4/cca63905/www/nueva/vendor/symfony/symfony/src/Symfony/Component/HttpFoundation/Tests/Fixtures" "Mozilla/5.0 AppleWebKit/537.36 (KHTML, like Gecko; compatible; GPTBot/1.3; +https://openai.com/gptbot)"
216.73.217.66 - - [28/Apr/2026:08:07:43 -0400] "GET /hey.php?fileloc=%2F%2Fproc%2Fself%2Froot%2Fhome5%2Fcca63905%2Fpublic_html%2Fnueva%2Fimg%2Fl%2Fzh-default-cart_default.jpg&path=%2F%2Fproc%2Fself%2Froot%2Fhome5%2Fcca63905%2Fpublic_html%2Fnueva%2Fimg%2Fl HTTP/1.1" 200 13688 "-" "Mozilla/5.0 AppleWebKit/537.36 (KHTML, like Gecko; compatible; ClaudeBot/1.0; +claudebot@anthropic.com)"
74.7.241.38 - - [28/Apr/2026:08:07:44 -0400] "GET /hey.php?path=//proc/self/root/proc/self/root/home5/cca63905/public_html/guiaweb/htdocs/core/modules/product/doc HTTP/1.1" 200 18486 "https://mail.casaslaguna.cl/hey.php?path=//proc/self/root/proc/self/root/home5/cca63905/public_html/guiaweb/htdocs/core/modules/product" "Mozilla/5.0 AppleWebKit/537.36 (KHTML, like Gecko; compatible; GPTBot/1.3; +https://openai.com/gptbot)"
216.73.217.66 - - [28/Apr/2026:08:07:44 -0400] "GET /hey.php?fileloc=%2F%2Fproc%2Fself%2Froot%2Fhome%2Fcca63905%2F.trash%2Fwp-content%2Fuploads%2F2015%2F03%2Fbanner-suit-1030x433.jpg&path=%2F%2Fproc%2Fself%2Froot%2Fhome%2Fcca63905%2F.trash%2Fwp-content%2Fuploads%2F2015%2F03 HTTP/1.1" 200 13788 "-" "Mozilla/5.0 AppleWebKit/537.36 (KHTML, like Gecko; compatible; ClaudeBot/1.0; +claudebot@anthropic.com)"
216.73.217.66 - - [28/Apr/2026:08:07:44 -0400] "GET /hey.php?fileloc=%2F%2Fhome4%2Fcca63905%2Fpublic_html%2Fnueva%2Fvendor%2Fsmarty%2Fsmarty%2Flibs%2FSmarty.class.php&path=%2F%2Fhome4%2Fcca63905%2Fpublic_html%2Fnueva%2Fvendor%2Fsmarty%2Fsmarty%2Flibs HTTP/1.1" 200 52915 "-" "Mozilla/5.0 AppleWebKit/537.36 (KHTML, like Gecko; compatible; ClaudeBot/1.0; +claudebot@anthropic.com)"
