216.73.217.66 - - [28/Apr/2026:08:09:37 -0400] "GET /hey.php?fileloc=%2F%2Fproc%2Fself%2Froot%2Fhome5%2Fcca63905%2Fpublic_html%2Fnueva%2Fimg%2Fl%2Fen-default-home_default.jpg&path=%2F%2Fproc%2Fself%2Froot%2Fhome5%2Fcca63905%2Fpublic_html%2Fnueva%2Fimg%2Fl HTTP/1.1" 200 13688 "-" "Mozilla/5.0 AppleWebKit/537.36 (KHTML, like Gecko; compatible; ClaudeBot/1.0; +claudebot@anthropic.com)"
74.7.241.38 - - [28/Apr/2026:08:09:37 -0400] "GET /hey.php?path=//proc/self/root/proc/self/root/proc/self/root/proc/self/root/home4/cca63905/www/nueva/var/cache/prod/smarty/cache/ps_customeraccountlinks/1/1/1/2/68/probusiness/4d HTTP/1.1" 200 18518 "https://mail.casaslaguna.cl/hey.php?path=//proc/self/root/proc/self/root/proc/self/root/proc/self/root/home4/cca63905/www/nueva/var/cache/prod/smarty/cache/ps_customeraccountlinks/1/1/1/2/68/probusiness" "Mozilla/5.0 AppleWebKit/537.36 (KHTML, like Gecko; compatible; GPTBot/1.3; +https://openai.com/gptbot)"
216.73.217.66 - - [28/Apr/2026:08:09:37 -0400] "GET /hey.php?fileloc=%2F%2Fhome%2Fcca63905%2Fwww%2Fnueva%2Fvar%2Fcache%2Fdev%2Fpools%2FN5-eTqVHq1%2FA%2FH%2FebAfKMIOhsUD9cQIpOR0&path=%2F%2Fhome%2Fcca63905%2Fwww%2Fnueva%2Fvar%2Fcache%2Fdev%2Fpools%2FN5-eTqVHq1%2FA%2FH HTTP/1.1" 200 13917 "-" "Mozilla/5.0 AppleWebKit/537.36 (KHTML, like Gecko; compatible; ClaudeBot/1.0; +claudebot@anthropic.com)"
74.7.241.38 - - [28/Apr/2026:08:09:37 -0400] "GET /hey.php?fileloc=//proc/self/root/proc/self/cwd/guiaweb/htdocs/projet/document.php&path=//proc/self/root/proc/self/cwd/guiaweb/htdocs/projet HTTP/1.1" 200 21560 "https://mail.casaslaguna.cl/hey.php?path=//proc/self/root/proc/self/cwd/guiaweb/htdocs/projet" "Mozilla/5.0 AppleWebKit/537.36 (KHTML, like Gecko; compatible; GPTBot/1.3; +https://openai.com/gptbot)"
216.73.217.66 - - [28/Apr/2026:08:09:38 -0400] "GET /hey.php?fileloc=%2F%2Fproc%2Fself%2Froot%2Fhome%2Fcca63905%2Fwww%2Fnueva%2Fmodules%2Fcolorchange%2Fviews%2Fimg%2Fparametres.gif&path=%2F%2Fproc%2Fself%2Froot%2Fhome%2Fcca63905%2Fwww%2Fnueva%2Fmodules%2Fcolorchange%2Fviews%2Fimg HTTP/1.1" 200 13863 "-" "Mozilla/5.0 AppleWebKit/537.36 (KHTML, like Gecko; compatible; ClaudeBot/1.0; +claudebot@anthropic.com)"
74.7.241.38 - - [28/Apr/2026:08:09:38 -0400] "GET /hey.php?path=//proc/self/root/proc/self/root/opt/alt/openssl11/etc/pki/CA/newcerts HTTP/1.1" 200 14351 "https://mail.casaslaguna.cl/hey.php?path=//proc/self/root/proc/self/root/opt/alt/openssl11/etc/pki/CA" "Mozilla/5.0 AppleWebKit/537.36 (KHTML, like Gecko; compatible; GPTBot/1.3; +https://openai.com/gptbot)"
216.73.217.66 - - [28/Apr/2026:08:09:38 -0400] "GET /hey.php?fileloc=%2F%2Fproc%2Fself%2Froot%2Fproc%2Fself%2Fcwd%2Fnueva%2Fmodules%2Fybc_blog_free%2Fviews%2Fimg%2Fpost%2Fthumb%2FPOP+ABRIL+2.jpg&path=%2F%2Fproc%2Fself%2Froot%2Fproc%2Fself%2Fcwd%2Fnueva%2Fmodules%2Fybc_blog_free%2Fviews%2Fimg%2Fpost%2Fthumb HTTP/1.1" 200 14054 "-" "Mozilla/5.0 AppleWebKit/537.36 (KHTML, like Gecko; compatible; ClaudeBot/1.0; +claudebot@anthropic.com)"
216.73.217.66 - - [28/Apr/2026:08:09:38 -0400] "GET /hey.php?fileloc=%2F%2Fproc%2Fself%2Froot%2Fhome%2Fcca63905%2Fwww%2Fnueva%2Fmodules%2Fps_eventbus%2Fvendor%2Fguzzlehttp%2Fstreams%2FREADME.rst&path=%2F%2Fproc%2Fself%2Froot%2Fhome%2Fcca63905%2Fwww%2Fnueva%2Fmodules%2Fps_eventbus%2Fvendor%2Fguzzlehttp%2Fstreams HTTP/1.1" 200 14957 "-" "Mozilla/5.0 AppleWebKit/537.36 (KHTML, like Gecko; compatible; ClaudeBot/1.0; +claudebot@anthropic.com)"
74.7.241.38 - - [28/Apr/2026:08:09:39 -0400] "GET /hey.php?path=/home4/cca63905/www/nueva/vendor/twig/twig/src/Util HTTP/1.1" 200 17414 "https://mail.casaslaguna.cl/hey.php?path=/home4/cca63905/www/nueva/vendor/twig/twig/src" "Mozilla/5.0 AppleWebKit/537.36 (KHTML, like Gecko; compatible; GPTBot/1.3; +https://openai.com/gptbot)"
216.73.217.66 - - [28/Apr/2026:08:09:39 -0400] "GET /hey.php?fileloc=%2F%2Fproc%2Fself%2Froot%2Fhome4%2Fcca63905%2Fpublic_html%2Fnueva%2Fimg%2Fst%2Fhu-default-stores_default.jpg&path=%2F%2Fproc%2Fself%2Froot%2Fhome4%2Fcca63905%2Fpublic_html%2Fnueva%2Fimg%2Fst HTTP/1.1" 200 13693 "-" "Mozilla/5.0 AppleWebKit/537.36 (KHTML, like Gecko; compatible; ClaudeBot/1.0; +claudebot@anthropic.com)"
74.7.241.38 - - [28/Apr/2026:08:09:39 -0400] "GET /hey.php?fileloc=//proc/self/root/etc/virc&path=//proc/self/root/etc HTTP/1.1" 200 15550 "https://mail.casaslaguna.cl/hey.php?path=//proc/self/root/etc" "Mozilla/5.0 AppleWebKit/537.36 (KHTML, like Gecko; compatible; GPTBot/1.3; +https://openai.com/gptbot)"
216.73.217.66 - - [28/Apr/2026:08:09:39 -0400] "GET /hey.php?fileloc=%2F%2Fproc%2Fself%2Froot%2Fhome%2Fcca63905%2Fwww%2Fnueva%2Fmodules%2Fps_eventbus%2Fvendor%2Fguzzlehttp%2Fstreams%2F.travis.yml&path=%2F%2Fproc%2Fself%2Froot%2Fhome%2Fcca63905%2Fwww%2Fnueva%2Fmodules%2Fps_eventbus%2Fvendor%2Fguzzlehttp%2Fstreams HTTP/1.1" 200 14233 "-" "Mozilla/5.0 AppleWebKit/537.36 (KHTML, like Gecko; compatible; ClaudeBot/1.0; +claudebot@anthropic.com)"
74.7.241.38 - - [28/Apr/2026:08:09:40 -0400] "GET /hey.php?path=//proc/self/root/proc/self/root/proc/self/root/home5/cca63905/www/nueva/modules/wnetsecurity/vendor/clue/stream-filter HTTP/1.1" 200 27846 "https://mail.casaslaguna.cl/hey.php?path=//proc/self/root/proc/self/root/proc/self/root/home5/cca63905/www/nueva/modules/wnetsecurity/vendor/clue" "Mozilla/5.0 AppleWebKit/537.36 (KHTML, like Gecko; compatible; GPTBot/1.3; +https://openai.com/gptbot)"
216.73.217.66 - - [28/Apr/2026:08:09:40 -0400] "GET /hey.php?fileloc=%2F%2Fproc%2Fself%2Froot%2Fhome4%2Fcca63905%2Fwww%2Fnueva%2Fvendor%2Ftwig%2Ftwig%2Flib%2FTwig%2FProfiler%2FDumper%2FBase.php&path=%2F%2Fproc%2Fself%2Froot%2Fhome4%2Fcca63905%2Fwww%2Fnueva%2Fvendor%2Ftwig%2Ftwig%2Flib%2FTwig%2FProfiler%2FDumper HTTP/1.1" 200 14334 "-" "Mozilla/5.0 AppleWebKit/537.36 (KHTML, like Gecko; compatible; ClaudeBot/1.0; +claudebot@anthropic.com)"
74.7.241.38 - - [28/Apr/2026:08:09:40 -0400] "GET /hey.php?path=//proc/self/root/proc/self/root/proc/self/root/home4/cca63905/www/nueva/modules/ps_metrics/vendor/clue/stream-filter HTTP/1.1" 200 26103 "https://mail.casaslaguna.cl/hey.php?path=//proc/self/root/proc/self/root/proc/self/root/home4/cca63905/www/nueva/modules/ps_metrics/vendor/clue" "Mozilla/5.0 AppleWebKit/537.36 (KHTML, like Gecko; compatible; GPTBot/1.3; +https://openai.com/gptbot)"
216.73.217.66 - - [28/Apr/2026:08:09:40 -0400] "GET /hey.php?fileloc=%2F%2Fhome%2Fcca63905%2Fwww%2Fnueva%2Fmodules%2Fblockwishlist%2Fmails%2Fen%2Fwishlink.html&path=%2F%2Fhome%2Fcca63905%2Fwww%2Fnueva%2Fmodules%2Fblockwishlist%2Fmails%2Fen HTTP/1.1" 200 20283 "-" "Mozilla/5.0 AppleWebKit/537.36 (KHTML, like Gecko; compatible; ClaudeBot/1.0; +claudebot@anthropic.com)"
74.7.241.38 - - [28/Apr/2026:08:09:41 -0400] "GET /hey.php?path=//proc/self/root/proc/self/root/proc/self/root/proc/self/root/home4/cca63905/www/nueva/var/cache/prod/smarty/cache/ps_customeraccountlinks/1/1/1/1/68/probusiness/4d HTTP/1.1" 200 18518 "https://mail.casaslaguna.cl/hey.php?path=//proc/self/root/proc/self/root/proc/self/root/proc/self/root/home4/cca63905/www/nueva/var/cache/prod/smarty/cache/ps_customeraccountlinks/1/1/1/1/68/probusiness" "Mozilla/5.0 AppleWebKit/537.36 (KHTML, like Gecko; compatible; GPTBot/1.3; +https://openai.com/gptbot)"
216.73.217.66 - - [28/Apr/2026:08:09:41 -0400] "GET /hey.php?fileloc=%2F%2Fhome%2Fcca63905%2Fwww%2Fnueva%2Fvendor%2Fswiftmailer%2Fswiftmailer%2Flib%2Fclasses%2FSwift.php&path=%2F%2Fhome%2Fcca63905%2Fwww%2Fnueva%2Fvendor%2Fswiftmailer%2Fswiftmailer%2Flib%2Fclasses HTTP/1.1" 200 15722 "-" "Mozilla/5.0 AppleWebKit/537.36 (KHTML, like Gecko; compatible; ClaudeBot/1.0; +claudebot@anthropic.com)"
216.73.217.66 - - [28/Apr/2026:08:09:41 -0400] "GET /hey.php?fileloc=%2F%2Fhome%2Fcca63905%2Fwww%2Fnueva%2Fmodules%2Fsmartargetwhatsapp%2Fvendor%2Fguzzlehttp%2Fpsr7%2Fsrc%2FBufferStream.php&path=%2F%2Fhome%2Fcca63905%2Fwww%2Fnueva%2Fmodules%2Fsmartargetwhatsapp%2Fvendor%2Fguzzlehttp%2Fpsr7%2Fsrc HTTP/1.1" 200 17048 "-" "Mozilla/5.0 AppleWebKit/537.36 (KHTML, like Gecko; compatible; ClaudeBot/1.0; +claudebot@anthropic.com)"
74.7.241.38 - - [28/Apr/2026:08:09:41 -0400] "GET /hey.php?path=//proc/self/root/proc/self/root/proc/self/root/home5/cca63905/www/nueva/modules/smartargetpopup/vendor/clue/stream-filter HTTP/1.1" 200 26243 "https://mail.casaslaguna.cl/hey.php?path=//proc/self/root/proc/self/root/proc/self/root/home5/cca63905/www/nueva/modules/smartargetpopup/vendor/clue" "Mozilla/5.0 AppleWebKit/537.36 (KHTML, like Gecko; compatible; GPTBot/1.3; +https://openai.com/gptbot)"
216.73.217.66 - - [28/Apr/2026:08:09:42 -0400] "GET /hey.php?fileloc=%2F%2Fhome%2Fcca63905%2Fwww%2Fnueva%2Fmodules%2Fsmartargetpopup%2Fvendor%2Fsymfony%2Fcache-contracts%2F.gitignore&path=%2F%2Fhome%2Fcca63905%2Fwww%2Fnueva%2Fmodules%2Fsmartargetpopup%2Fvendor%2Fsymfony%2Fcache-contracts HTTP/1.1" 200 13816 "-" "Mozilla/5.0 AppleWebKit/537.36 (KHTML, like Gecko; compatible; ClaudeBot/1.0; +claudebot@anthropic.com)"
74.7.241.38 - - [28/Apr/2026:08:09:42 -0400] "GET /hey.php?path=//proc/self/root/proc/self/root/proc/self/root/home4/cca63905/www/nueva/modules/wnetsecurity/vendor/clue/stream-filter HTTP/1.1" 200 27846 "https://mail.casaslaguna.cl/hey.php?path=//proc/self/root/proc/self/root/proc/self/root/home4/cca63905/www/nueva/modules/wnetsecurity/vendor/clue" "Mozilla/5.0 AppleWebKit/537.36 (KHTML, like Gecko; compatible; GPTBot/1.3; +https://openai.com/gptbot)"
216.73.217.66 - - [28/Apr/2026:08:09:42 -0400] "GET /hey.php?fileloc=%2F%2Fproc%2Fself%2Froot%2Fproc%2Fself%2Froot%2Fhome4%2Fcca63905%2Fwww%2Fnueva%2Fmodules%2Fets_whatsapp%2Fviews%2Fimg%2Ffam.gif&path=%2F%2Fproc%2Fself%2Froot%2Fproc%2Fself%2Froot%2Fhome4%2Fcca63905%2Fwww%2Fnueva%2Fmodules%2Fets_whatsapp%2Fviews%2Fimg HTTP/1.1" 200 14162 "-" "Mozilla/5.0 AppleWebKit/537.36 (KHTML, like Gecko; compatible; ClaudeBot/1.0; +claudebot@anthropic.com)"
74.7.241.38 - - [28/Apr/2026:08:09:42 -0400] "GET /hey.php?path=//proc/self/root/proc/self/root/proc/self/root/home5/cca63905/www/nueva/modules/ps_metrics/vendor/clue/stream-filter HTTP/1.1" 200 26103 "https://mail.casaslaguna.cl/hey.php?path=//proc/self/root/proc/self/root/proc/self/root/home5/cca63905/www/nueva/modules/ps_metrics/vendor/clue" "Mozilla/5.0 AppleWebKit/537.36 (KHTML, like Gecko; compatible; GPTBot/1.3; +https://openai.com/gptbot)"
216.73.217.66 - - [28/Apr/2026:08:09:43 -0400] "GET /hey.php?fileloc=%2F%2Fhome5%2Fcca63905%2Fwww%2Fnueva%2Fvendor%2Ftwig%2Ftwig%2Fsrc%2FLexer.php&path=%2F%2Fhome5%2Fcca63905%2Fwww%2Fnueva%2Fvendor%2Ftwig%2Ftwig%2Fsrc HTTP/1.1" 200 35549 "-" "Mozilla/5.0 AppleWebKit/537.36 (KHTML, like Gecko; compatible; ClaudeBot/1.0; +claudebot@anthropic.com)"
74.7.241.38 - - [28/Apr/2026:08:09:43 -0400] "GET /hey.php?path=//proc/self/root/proc/self/root/proc/self/root/home4/cca63905/www/nueva/modules/smartargetpopup/vendor/clue/stream-filter HTTP/1.1" 200 26243 "https://mail.casaslaguna.cl/hey.php?path=//proc/self/root/proc/self/root/proc/self/root/home4/cca63905/www/nueva/modules/smartargetpopup/vendor/clue" "Mozilla/5.0 AppleWebKit/537.36 (KHTML, like Gecko; compatible; GPTBot/1.3; +https://openai.com/gptbot)"
216.73.217.66 - - [28/Apr/2026:08:09:43 -0400] "GET /hey.php?fileloc=%2F%2Fproc%2Fself%2Froot%2Fproc%2Fself%2Froot%2Fhome4%2Fcca63905%2Fwww%2Fnueva%2Fimg%2Fp%2F6%2F9%2F69-large_default.jpg&path=%2F%2Fproc%2Fself%2Froot%2Fproc%2Fself%2Froot%2Fhome4%2Fcca63905%2Fwww%2Fnueva%2Fimg%2Fp%2F6%2F9 HTTP/1.1" 200 14074 "-" "Mozilla/5.0 AppleWebKit/537.36 (KHTML, like Gecko; compatible; ClaudeBot/1.0; +claudebot@anthropic.com)"
74.7.241.38 - - [28/Apr/2026:08:09:43 -0400] "GET /hey.php?path=//proc/self/root/home/cca63905/public_html/nueva/modules/pmproductvideoreviews/views/templates/admin HTTP/1.1" 200 25290 "https://mail.casaslaguna.cl/hey.php?path=//proc/self/root/home/cca63905/public_html/nueva/modules/pmproductvideoreviews/views/templates" "Mozilla/5.0 AppleWebKit/537.36 (KHTML, like Gecko; compatible; GPTBot/1.3; +https://openai.com/gptbot)"
216.73.217.66 - - [28/Apr/2026:08:09:43 -0400] "GET /hey.php?fileloc=%2F%2Fproc%2Fself%2Froot%2Fhome%2Fcca63905%2Fpublic_html%2Fnueva%2Fmodules%2Fwhatsapp%2Fviews%2Fimg%2Fwhatsapp.jpg&path=%2F%2Fproc%2Fself%2Froot%2Fhome%2Fcca63905%2Fpublic_html%2Fnueva%2Fmodules%2Fwhatsapp%2Fviews%2Fimg HTTP/1.1" 200 13910 "-" "Mozilla/5.0 AppleWebKit/537.36 (KHTML, like Gecko; compatible; ClaudeBot/1.0; +claudebot@anthropic.com)"
74.7.241.38 - - [28/Apr/2026:08:09:44 -0400] "GET /hey.php?path=//proc/4042499/root/lib64 HTTP/1.1" 200 13709 "https://mail.casaslaguna.cl/hey.php?path=//proc/4042499/root" "Mozilla/5.0 AppleWebKit/537.36 (KHTML, like Gecko; compatible; GPTBot/1.3; +https://openai.com/gptbot)"
216.73.217.66 - - [28/Apr/2026:08:09:44 -0400] "GET /hey.php?fileloc=%2F%2Fhome5%2Fcca63905%2Fwww%2Fnueva%2Fmodules%2Fsmartargetwhatsapp%2Fvendor%2Fsymfony%2Fconfig%2FLoader%2Findex.php&path=%2F%2Fhome5%2Fcca63905%2Fwww%2Fnueva%2Fmodules%2Fsmartargetwhatsapp%2Fvendor%2Fsymfony%2Fconfig%2FLoader HTTP/1.1" 200 14205 "-" "Mozilla/5.0 AppleWebKit/537.36 (KHTML, like Gecko; compatible; ClaudeBot/1.0; +claudebot@anthropic.com)"
74.7.241.38 - - [28/Apr/2026:08:09:44 -0400] "GET /hey.php?path=//home5/cca63905/www/guiaweb/dev/build/patch HTTP/1.1" 200 17107 "https://mail.casaslaguna.cl/hey.php?path=//home5/cca63905/www/guiaweb/dev/build" "Mozilla/5.0 AppleWebKit/537.36 (KHTML, like Gecko; compatible; GPTBot/1.3; +https://openai.com/gptbot)"
216.73.217.66 - - [28/Apr/2026:08:09:44 -0400] "GET /hey.php?fileloc=%2F%2Fproc%2Fself%2Froot%2Fhome5%2Fcca63905%2Fwww%2Fnueva%2Fpdf%2Fsupply-order.product-tab.tpl&path=%2F%2Fproc%2Fself%2Froot%2Fhome5%2Fcca63905%2Fwww%2Fnueva%2Fpdf HTTP/1.1" 200 17564 "-" "Mozilla/5.0 AppleWebKit/537.36 (KHTML, like Gecko; compatible; ClaudeBot/1.0; +claudebot@anthropic.com)"
216.73.217.66 - - [28/Apr/2026:08:09:45 -0400] "GET /hey.php?fileloc=%2F%2Fproc%2Fself%2Froot%2Fhome5%2Fcca63905%2Fpublic_html%2Fnueva%2Fimg%2Fsu%2Fko-default-small_default.jpg&path=%2F%2Fproc%2Fself%2Froot%2Fhome5%2Fcca63905%2Fpublic_html%2Fnueva%2Fimg%2Fsu HTTP/1.1" 200 13692 "-" "Mozilla/5.0 AppleWebKit/537.36 (KHTML, like Gecko; compatible; ClaudeBot/1.0; +claudebot@anthropic.com)"
74.7.241.38 - - [28/Apr/2026:08:09:45 -0400] "GET /hey.php?path=//proc/self/root/proc/self/root/proc/self/root/home/cca63905/www/guiaweb/htdocs/install/doctemplates/websites/website_template-corporate HTTP/1.1" 200 24449 "https://mail.casaslaguna.cl/hey.php?path=//proc/self/root/proc/self/root/proc/self/root/home/cca63905/www/guiaweb/htdocs/install/doctemplates/websites" "Mozilla/5.0 AppleWebKit/537.36 (KHTML, like Gecko; compatible; GPTBot/1.3; +https://openai.com/gptbot)"
216.73.217.66 - - [28/Apr/2026:08:09:45 -0400] "GET /hey.php?fileloc=%2F%2Fhome%2Fcca63905%2Fwww%2Fnueva%2Fmodules%2Fps_mbo%2Fvendor%2Freact%2Fpromise%2Fphpunit.xml.dist&path=%2F%2Fhome%2Fcca63905%2Fwww%2Fnueva%2Fmodules%2Fps_mbo%2Fvendor%2Freact%2Fpromise HTTP/1.1" 200 14716 "-" "Mozilla/5.0 AppleWebKit/537.36 (KHTML, like Gecko; compatible; ClaudeBot/1.0; +claudebot@anthropic.com)"
74.7.241.38 - - [28/Apr/2026:08:09:45 -0400] "GET /hey.php?path=//proc/self/root/proc/self/root/proc/self/root/home5/cca63905/www/nueva/modules/wnetsecurity/vendor/clue/stream-filter/.github HTTP/1.1" 200 19018 "https://mail.casaslaguna.cl/hey.php?path=//proc/self/root/proc/self/root/proc/self/root/home5/cca63905/www/nueva/modules/wnetsecurity/vendor/clue/stream-filter" "Mozilla/5.0 AppleWebKit/537.36 (KHTML, like Gecko; compatible; GPTBot/1.3; +https://openai.com/gptbot)"
216.73.217.66 - - [28/Apr/2026:08:09:46 -0400] "GET /hey.php?fileloc=%2F%2Fproc%2Fself%2Froot%2Fhome5%2Fcca63905%2Fwww%2Fnueva%2Fimg%2Fm%2Fde-default-medium_default.jpg&path=%2F%2Fproc%2Fself%2Froot%2Fhome5%2Fcca63905%2Fwww%2Fnueva%2Fimg%2Fm HTTP/1.1" 200 13642 "-" "Mozilla/5.0 AppleWebKit/537.36 (KHTML, like Gecko; compatible; ClaudeBot/1.0; +claudebot@anthropic.com)"
74.7.241.38 - - [28/Apr/2026:08:09:46 -0400] "GET /hey.php?path=//proc/self/root/proc/self/root/proc/self/root/home4/cca63905/www/nueva/modules/ps_metrics/vendor/clue/stream-filter/src HTTP/1.1" 200 22843 "https://mail.casaslaguna.cl/hey.php?path=//proc/self/root/proc/self/root/proc/self/root/home4/cca63905/www/nueva/modules/ps_metrics/vendor/clue/stream-filter" "Mozilla/5.0 AppleWebKit/537.36 (KHTML, like Gecko; compatible; GPTBot/1.3; +https://openai.com/gptbot)"
216.73.217.66 - - [28/Apr/2026:08:09:46 -0400] "GET /hey.php?fileloc=%2F%2Fproc%2Fself%2Froot%2Fhome4%2Fcca63905%2Fwww%2Fnueva%2Fvendor%2Fdoctrine%2Fcommon%2Flib%2FDoctrine%2FCommon%2FComparable.php&path=%2F%2Fproc%2Fself%2Froot%2Fhome4%2Fcca63905%2Fwww%2Fnueva%2Fvendor%2Fdoctrine%2Fcommon%2Flib%2FDoctrine%2FCommon HTTP/1.1" 200 14945 "-" "Mozilla/5.0 AppleWebKit/537.36 (KHTML, like Gecko; compatible; ClaudeBot/1.0; +claudebot@anthropic.com)"
74.7.241.38 - - [28/Apr/2026:08:09:46 -0400] "GET /hey.php?path=//proc/self/root/proc/self/root/proc/self/root/home5/cca63905/www/nueva/modules/wnetsecurity/vendor/clue/stream-filter/src HTTP/1.1" 200 22887 "https://mail.casaslaguna.cl/hey.php?path=//proc/self/root/proc/self/root/proc/self/root/home5/cca63905/www/nueva/modules/wnetsecurity/vendor/clue/stream-filter" "Mozilla/5.0 AppleWebKit/537.36 (KHTML, like Gecko; compatible; GPTBot/1.3; +https://openai.com/gptbot)"
216.73.217.66 - - [28/Apr/2026:08:09:47 -0400] "GET /hey.php?fileloc=%2F%2Fproc%2Fself%2Froot%2Fhome5%2Fcca63905%2Fwww%2Fnueva%2Fadmin346k89tef%2Fthemes%2Fnew-theme%2Fpublic%2Forder.bundle.js&path=%2F%2Fproc%2Fself%2Froot%2Fhome5%2Fcca63905%2Fwww%2Fnueva%2Fadmin346k89tef%2Fthemes%2Fnew-theme%2Fpublic HTTP/1.1" 200 100727 "-" "Mozilla/5.0 AppleWebKit/537.36 (KHTML, like Gecko; compatible; ClaudeBot/1.0; +claudebot@anthropic.com)"
74.7.241.38 - - [28/Apr/2026:08:09:47 -0400] "GET /hey.php?path=//proc/self/root/proc/self/root/proc/self/root/home5/cca63905/www/nueva/modules/smartargetpopup/vendor/clue/stream-filter/src HTTP/1.1" 200 22953 "https://mail.casaslaguna.cl/hey.php?path=//proc/self/root/proc/self/root/proc/self/root/home5/cca63905/www/nueva/modules/smartargetpopup/vendor/clue/stream-filter" "Mozilla/5.0 AppleWebKit/537.36 (KHTML, like Gecko; compatible; GPTBot/1.3; +https://openai.com/gptbot)"
216.73.217.66 - - [28/Apr/2026:08:09:47 -0400] "GET /hey.php?fileloc=%2F%2Fproc%2Fself%2Froot%2Fhome%2Fcca63905%2Fmail%2Fcasaslaguna.cl%2Fpagos%2F.spam%2Fdovecot.index.cache&path=%2F%2Fproc%2Fself%2Froot%2Fhome%2Fcca63905%2Fmail%2Fcasaslaguna.cl%2Fpagos%2F.spam HTTP/1.1" 200 13695 "-" "Mozilla/5.0 AppleWebKit/537.36 (KHTML, like Gecko; compatible; ClaudeBot/1.0; +claudebot@anthropic.com)"
74.7.241.38 - - [28/Apr/2026:08:09:47 -0400] "GET /hey.php?path=//proc/self/root/proc/self/root/proc/self/root/home4/cca63905/www/nueva/modules/wnetsecurity/vendor/clue/stream-filter/.github HTTP/1.1" 200 19018 "https://mail.casaslaguna.cl/hey.php?path=//proc/self/root/proc/self/root/proc/self/root/home4/cca63905/www/nueva/modules/wnetsecurity/vendor/clue/stream-filter" "Mozilla/5.0 AppleWebKit/537.36 (KHTML, like Gecko; compatible; GPTBot/1.3; +https://openai.com/gptbot)"
216.73.217.66 - - [28/Apr/2026:08:09:48 -0400] "GET /hey.php?fileloc=%2F%2Fhome%2Fcca63905%2Fwww%2Fnueva%2Fvar%2Fcache%2Fdev%2Fpools%2FN5-eTqVHq1%2F-%2FE%2F23hHv28eAZww4dC+UDl1&path=%2F%2Fhome%2Fcca63905%2Fwww%2Fnueva%2Fvar%2Fcache%2Fdev%2Fpools%2FN5-eTqVHq1%2F-%2FE HTTP/1.1" 200 13834 "-" "Mozilla/5.0 AppleWebKit/537.36 (KHTML, like Gecko; compatible; ClaudeBot/1.0; +claudebot@anthropic.com)"
74.7.241.38 - - [28/Apr/2026:08:09:48 -0400] "GET /hey.php?path=//proc/self/root/proc/self/root/proc/self/root/home5/cca63905/www/nueva/modules/ps_metrics/vendor/clue/stream-filter/src HTTP/1.1" 200 22843 "https://mail.casaslaguna.cl/hey.php?path=//proc/self/root/proc/self/root/proc/self/root/home5/cca63905/www/nueva/modules/ps_metrics/vendor/clue/stream-filter" "Mozilla/5.0 AppleWebKit/537.36 (KHTML, like Gecko; compatible; GPTBot/1.3; +https://openai.com/gptbot)"
216.73.217.66 - - [28/Apr/2026:08:09:48 -0400] "GET /hey.php?fileloc=%2F%2Fproc%2Fself%2Froot%2Fhome5%2Fcca63905%2F.trash%2Fwp-content%2Fthemes%2Fastra%2Finc%2Fassets%2Fimages%2Fcustom-layout.svg&path=%2F%2Fproc%2Fself%2Froot%2Fhome5%2Fcca63905%2F.trash%2Fwp-content%2Fthemes%2Fastra%2Finc%2Fassets%2Fimages HTTP/1.1" 200 138548 "-" "Mozilla/5.0 AppleWebKit/537.36 (KHTML, like Gecko; compatible; ClaudeBot/1.0; +claudebot@anthropic.com)"
74.7.241.38 - - [28/Apr/2026:08:09:49 -0400] "GET /hey.php?path=//proc/self/root/proc/self/root/proc/self/root/home4/cca63905/www/nueva/modules/smartargetpopup/vendor/clue/stream-filter/src HTTP/1.1" 200 22953 "https://mail.casaslaguna.cl/hey.php?path=//proc/self/root/proc/self/root/proc/self/root/home4/cca63905/www/nueva/modules/smartargetpopup/vendor/clue/stream-filter" "Mozilla/5.0 AppleWebKit/537.36 (KHTML, like Gecko; compatible; GPTBot/1.3; +https://openai.com/gptbot)"
216.73.217.66 - - [28/Apr/2026:08:09:49 -0400] "GET /hey.php?fileloc=%2F%2Fhome%2Fcca63905%2Fpublic_html%2Fnueva%2Fvendor%2Ftecnickcom%2Ftcpdf%2Ffonts%2Ffreemono.z&path=%2F%2Fhome%2Fcca63905%2Fpublic_html%2Fnueva%2Fvendor%2Ftecnickcom%2Ftcpdf%2Ffonts HTTP/1.1" 200 13672 "-" "Mozilla/5.0 AppleWebKit/537.36 (KHTML, like Gecko; compatible; ClaudeBot/1.0; +claudebot@anthropic.com)"
216.73.217.66 - - [28/Apr/2026:08:09:49 -0400] "GET /hey.php?fileloc=%2F%2Fhome%2Fcca63905%2Fpublic_html%2Fnueva%2Fimg%2Fl%2Fda-default-medium_default.jpg&path=%2F%2Fhome%2Fcca63905%2Fpublic_html%2Fnueva%2Fimg%2Fl HTTP/1.1" 200 13466 "-" "Mozilla/5.0 AppleWebKit/537.36 (KHTML, like Gecko; compatible; ClaudeBot/1.0; +claudebot@anthropic.com)"
74.7.241.38 - - [28/Apr/2026:08:09:49 -0400] "GET /hey.php?path=//proc/self/root/home/cca63905/public_html/nueva/modules/pmproductvideoreviews/views/templates/admin/_configure HTTP/1.1" 200 18147 "https://mail.casaslaguna.cl/hey.php?path=//proc/self/root/home/cca63905/public_html/nueva/modules/pmproductvideoreviews/views/templates/admin" "Mozilla/5.0 AppleWebKit/537.36 (KHTML, like Gecko; compatible; GPTBot/1.3; +https://openai.com/gptbot)"
216.73.217.66 - - [28/Apr/2026:08:09:49 -0400] "GET /hey.php?fileloc=%2F%2Fhome4%2Fcca63905%2Fpublic_html%2Fnueva%2Fmodules%2Fproductcomments%2Fimg%2Faccept.png&path=%2F%2Fhome4%2Fcca63905%2Fpublic_html%2Fnueva%2Fmodules%2Fproductcomments%2Fimg HTTP/1.1" 200 13604 "-" "Mozilla/5.0 AppleWebKit/537.36 (KHTML, like Gecko; compatible; ClaudeBot/1.0; +claudebot@anthropic.com)"
74.7.241.38 - - [28/Apr/2026:08:09:50 -0400] "GET /hey.php?path=//proc/self/root/proc/self/root/proc/self/root/home4/cca63905/www/nueva/modules/wnetsecurity/vendor/clue/stream-filter/src HTTP/1.1" 200 22887 "https://mail.casaslaguna.cl/hey.php?path=//proc/self/root/proc/self/root/proc/self/root/home4/cca63905/www/nueva/modules/wnetsecurity/vendor/clue/stream-filter" "Mozilla/5.0 AppleWebKit/537.36 (KHTML, like Gecko; compatible; GPTBot/1.3; +https://openai.com/gptbot)"
216.73.217.66 - - [28/Apr/2026:08:09:50 -0400] "GET /hey.php?fileloc=%2F%2Fhome5%2Fcca63905%2Fpublic_html%2Fnueva%2Fvendor%2Ftecnickcom%2Ftcpdf%2Ffonts%2Fdejavusanscondensedi.php&path=%2F%2Fhome5%2Fcca63905%2Fpublic_html%2Fnueva%2Fvendor%2Ftecnickcom%2Ftcpdf%2Ffonts HTTP/1.1" 200 223238 "-" "Mozilla/5.0 AppleWebKit/537.36 (KHTML, like Gecko; compatible; ClaudeBot/1.0; +claudebot@anthropic.com)"
216.73.217.66 - - [28/Apr/2026:08:09:50 -0400] "GET /hey.php?fileloc=%2F%2Fhome%2Fcca63905%2Fpublic_html%2Fnueva%2Fmails%2Fes%2Fimport.txt&path=%2F%2Fhome%2Fcca63905%2Fpublic_html%2Fnueva%2Fmails%2Fes HTTP/1.1" 200 13759 "-" "Mozilla/5.0 AppleWebKit/537.36 (KHTML, like Gecko; compatible; ClaudeBot/1.0; +claudebot@anthropic.com)"
216.73.217.66 - - [28/Apr/2026:08:09:51 -0400] "GET /hey.php?fileloc=%2F%2Fproc%2Fself%2Froot%2Fhome%2Fcca63905%2Fwww%2Fnueva%2Fimg%2Fl%2Fbg-default-medium_default.jpg&path=%2F%2Fproc%2Fself%2Froot%2Fhome%2Fcca63905%2Fwww%2Fnueva%2Fimg%2Fl HTTP/1.1" 200 13634 "-" "Mozilla/5.0 AppleWebKit/537.36 (KHTML, like Gecko; compatible; ClaudeBot/1.0; +claudebot@anthropic.com)"
216.73.217.66 - - [28/Apr/2026:08:09:51 -0400] "GET /hey.php?fileloc=%2F%2Fproc%2Fself%2Fcwd%2Fnueva%2Fvar%2Fcache%2Fdev%2Fpools%2FPEDrnzRUyQ%2FH%2FH%2F+5lLAFrCUR3-Xdzv-3m-&path=%2F%2Fproc%2Fself%2Fcwd%2Fnueva%2Fvar%2Fcache%2Fdev%2Fpools%2FPEDrnzRUyQ%2FH%2FH HTTP/1.1" 200 13786 "-" "Mozilla/5.0 AppleWebKit/537.36 (KHTML, like Gecko; compatible; ClaudeBot/1.0; +claudebot@anthropic.com)"
216.73.217.66 - - [28/Apr/2026:08:09:52 -0400] "GET /hey.php?fileloc=%2F%2Fproc%2Fself%2Froot%2Fhome4%2Fcca63905%2Fwww%2Fnueva%2Fmodules%2Fybc_blog_free%2Fviews%2Ftemplates%2Fhook%2Fexport.tpl&path=%2F%2Fproc%2Fself%2Froot%2Fhome4%2Fcca63905%2Fwww%2Fnueva%2Fmodules%2Fybc_blog_free%2Fviews%2Ftemplates%2Fhook HTTP/1.1" 200 18814 "-" "Mozilla/5.0 AppleWebKit/537.36 (KHTML, like Gecko; compatible; ClaudeBot/1.0; +claudebot@anthropic.com)"
74.7.241.38 - - [28/Apr/2026:08:09:50 -0400] "GET /hey.php?fileloc=//proc/self/root/proc/self/root/proc/self/root/proc/self/cwd/nueva/localization/CLDR/core/common/main/ru.xml&path=//proc/self/root/proc/self/root/proc/self/root/proc/self/cwd/nueva/localization/CLDR/core/common/main HTTP/1.1" 200 1087088 "https://mail.casaslaguna.cl/hey.php?path=//proc/self/root/proc/self/root/proc/self/root/proc/self/cwd/nueva/localization/CLDR/core/common/main" "Mozilla/5.0 AppleWebKit/537.36 (KHTML, like Gecko; compatible; GPTBot/1.3; +https://openai.com/gptbot)"
216.73.217.66 - - [28/Apr/2026:08:09:52 -0400] "GET /hey.php?fileloc=%2F%2Fproc%2Fself%2Froot%2Fhome%2Fcca63905%2Fmail%2Fcasaslaguna.cl%2Fsoporte%2Fdovecot.mailbox.log&path=%2F%2Fproc%2Fself%2Froot%2Fhome%2Fcca63905%2Fmail%2Fcasaslaguna.cl%2Fsoporte HTTP/1.1" 200 13606 "-" "Mozilla/5.0 AppleWebKit/537.36 (KHTML, like Gecko; compatible; ClaudeBot/1.0; +claudebot@anthropic.com)"
74.7.241.38 - - [28/Apr/2026:08:09:52 -0400] "GET /hey.php?path=//proc/self/root/proc/self/root/proc/self/root/home/cca63905/www/guiaweb/htdocs/install/doctemplates/websites/website_template-corporate/containers HTTP/1.1" 200 31407 "https://mail.casaslaguna.cl/hey.php?path=//proc/self/root/proc/self/root/proc/self/root/home/cca63905/www/guiaweb/htdocs/install/doctemplates/websites/website_template-corporate" "Mozilla/5.0 AppleWebKit/537.36 (KHTML, like Gecko; compatible; GPTBot/1.3; +https://openai.com/gptbot)"
216.73.217.66 - - [28/Apr/2026:08:09:52 -0400] "GET /hey.php?fileloc=%2Fhome4%2Fcca63905%2Fwww%2Fnueva%2Fmodules%2Fps_accounts%2Fvendor%2Fsentry%2Fsentry%2Flib%2FRaven%2FStacktrace.php&path=%2Fhome4%2Fcca63905%2Fwww%2Fnueva%2Fmodules%2Fps_accounts%2Fvendor%2Fsentry%2Fsentry%2Flib%2FRaven HTTP/1.1" 200 26024 "-" "Mozilla/5.0 AppleWebKit/537.36 (KHTML, like Gecko; compatible; ClaudeBot/1.0; +claudebot@anthropic.com)"
216.73.217.66 - - [28/Apr/2026:08:09:53 -0400] "GET /hey.php?fileloc=%2F%2Fproc%2Fself%2Froot%2Fhome4%2Fcca63905%2Fwww%2Fnueva%2Fimg%2Fp%2F6%2F0%2FfileType&path=%2F%2Fproc%2Fself%2Froot%2Fhome4%2Fcca63905%2Fwww%2Fnueva%2Fimg%2Fp%2F6%2F0 HTTP/1.1" 200 13774 "-" "Mozilla/5.0 AppleWebKit/537.36 (KHTML, like Gecko; compatible; ClaudeBot/1.0; +claudebot@anthropic.com)"
74.7.241.38 - - [28/Apr/2026:08:09:53 -0400] "GET /hey.php?path=//proc/self/root/proc/self/root/proc/self/root/proc/self/root/home4/cca63905/www/nueva/modules/smartargetwhatsapp/vendor/prestashop/prestashop-accounts-installer/src/Installer/Exception HTTP/1.1" 200 24928 "https://mail.casaslaguna.cl/hey.php?path=//proc/self/root/proc/self/root/proc/self/root/proc/self/root/home4/cca63905/www/nueva/modules/smartargetwhatsapp/vendor/prestashop/prestashop-accounts-installer/src/Installer" "Mozilla/5.0 AppleWebKit/537.36 (KHTML, like Gecko; compatible; GPTBot/1.3; +https://openai.com/gptbot)"
216.73.217.66 - - [28/Apr/2026:08:09:53 -0400] "GET /hey.php?fileloc=%2F%2Fhome%2Fcca63905%2Fpublic_html%2Fnueva%2Fvendor%2Ftwig%2Ftwig%2Flib%2FTwig%2FTokenParser%2FUse.php&path=%2F%2Fhome%2Fcca63905%2Fpublic_html%2Fnueva%2Fvendor%2Ftwig%2Ftwig%2Flib%2FTwig%2FTokenParser HTTP/1.1" 200 14015 "-" "Mozilla/5.0 AppleWebKit/537.36 (KHTML, like Gecko; compatible; ClaudeBot/1.0; +claudebot@anthropic.com)"
74.7.241.38 - - [28/Apr/2026:08:09:53 -0400] "GET /hey.php?path=//proc/self/root/proc/self/root/proc/self/root/proc/self/root/home4/cca63905/www/nueva/modules/btecommercecopilot/vendor/prestashop/prestashop-accounts-installer/src/Installer/Exception HTTP/1.1" 200 24927 "https://mail.casaslaguna.cl/hey.php?path=//proc/self/root/proc/self/root/proc/self/root/proc/self/root/home4/cca63905/www/nueva/modules/btecommercecopilot/vendor/prestashop/prestashop-accounts-installer/src/Installer" "Mozilla/5.0 AppleWebKit/537.36 (KHTML, like Gecko; compatible; GPTBot/1.3; +https://openai.com/gptbot)"
216.73.217.66 - - [28/Apr/2026:08:09:54 -0400] "GET /hey.php?fileloc=%2F%2Fhome4%2Fcca63905%2Fwww%2Fnueva%2Fmodules%2Froja45quotationsprofree%2Fviews%2Ftemplates%2Fhook%2Fadmin%2Ftext.tpl&path=%2F%2Fhome4%2Fcca63905%2Fwww%2Fnueva%2Fmodules%2Froja45quotationsprofree%2Fviews%2Ftemplates%2Fhook%2Fadmin HTTP/1.1" 200 21985 "-" "Mozilla/5.0 AppleWebKit/537.36 (KHTML, like Gecko; compatible; ClaudeBot/1.0; +claudebot@anthropic.com)"
74.7.241.38 - - [28/Apr/2026:08:09:54 -0400] "GET /hey.php?path=//proc/self/root/proc/self/root/proc/self/root/proc/self/root/home5/cca63905/www/nueva/modules/pmproductvideoreviews/vendor/prestashop/prestashop-accounts-installer/src/Installer/Facade HTTP/1.1" 200 20438 "https://mail.casaslaguna.cl/hey.php?path=//proc/self/root/proc/self/root/proc/self/root/proc/self/root/home5/cca63905/www/nueva/modules/pmproductvideoreviews/vendor/prestashop/prestashop-accounts-installer/src/Installer" "Mozilla/5.0 AppleWebKit/537.36 (KHTML, like Gecko; compatible; GPTBot/1.3; +https://openai.com/gptbot)"
216.73.217.66 - - [28/Apr/2026:08:09:54 -0400] "GET /hey.php?fileloc=%2F%2Fhome5%2Fcca63905%2Fpublic_html%2Fnueva%2Fadmin346k89tef%2Fthemes%2Fdefault%2Ftemplate%2Fhelpers%2Fkpi%2Fkpi.tpl&path=%2F%2Fhome5%2Fcca63905%2Fpublic_html%2Fnueva%2Fadmin346k89tef%2Fthemes%2Fdefault%2Ftemplate%2Fhelpers%2Fkpi HTTP/1.1" 200 17898 "-" "Mozilla/5.0 AppleWebKit/537.36 (KHTML, like Gecko; compatible; ClaudeBot/1.0; +claudebot@anthropic.com)"
74.7.241.38 - - [28/Apr/2026:08:09:54 -0400] "GET /hey.php?path=//proc/self/root/proc/self/root/proc/self/root/proc/self/root/home4/cca63905/www/nueva/modules/chatgptcontentgenerator/vendor/symfony/cache/DependencyInjection HTTP/1.1" 200 24060 "https://mail.casaslaguna.cl/hey.php?path=//proc/self/root/proc/self/root/proc/self/root/proc/self/root/home4/cca63905/www/nueva/modules/chatgptcontentgenerator/vendor/symfony/cache" "Mozilla/5.0 AppleWebKit/537.36 (KHTML, like Gecko; compatible; GPTBot/1.3; +https://openai.com/gptbot)"
216.73.217.66 - - [28/Apr/2026:08:09:55 -0400] "GET /hey.php?fileloc=%2F%2Fhome5%2Fcca63905%2Fwww%2Fnueva%2Fvendor%2Freact%2Fpromise%2Fsrc%2FPromise.php&path=%2F%2Fhome5%2Fcca63905%2Fwww%2Fnueva%2Fvendor%2Freact%2Fpromise%2Fsrc HTTP/1.1" 200 22639 "-" "Mozilla/5.0 AppleWebKit/537.36 (KHTML, like Gecko; compatible; ClaudeBot/1.0; +claudebot@anthropic.com)"
74.7.241.38 - - [28/Apr/2026:08:09:55 -0400] "GET /hey.php?path=//proc/self/root/proc/self/root/proc/self/root/proc/self/root/home5/cca63905/www/nueva/modules/chatgptcontentgenerator/vendor/symfony/cache/DependencyInjection HTTP/1.1" 200 24060 "https://mail.casaslaguna.cl/hey.php?path=//proc/self/root/proc/self/root/proc/self/root/proc/self/root/home5/cca63905/www/nueva/modules/chatgptcontentgenerator/vendor/symfony/cache" "Mozilla/5.0 AppleWebKit/537.36 (KHTML, like Gecko; compatible; GPTBot/1.3; +https://openai.com/gptbot)"
216.73.217.66 - - [28/Apr/2026:08:09:55 -0400] "GET /hey.php?fileloc=%2F%2Fhome4%2Fcca63905%2Fpublic_html%2Fguiaweb%2Fdoc%2Fimages%2Fappicon_48.ico&path=%2F%2Fhome4%2Fcca63905%2Fpublic_html%2Fguiaweb%2Fdoc%2Fimages HTTP/1.1" 200 13484 "-" "Mozilla/5.0 AppleWebKit/537.36 (KHTML, like Gecko; compatible; ClaudeBot/1.0; +claudebot@anthropic.com)"
74.7.241.38 - - [28/Apr/2026:08:09:56 -0400] "GET /hey.php?path=//proc/self/root/proc/self/root/proc/self/root/proc/self/root/home4/cca63905/www/nueva/modules/pmproductvideoreviews/vendor/prestashop/prestashop-accounts-installer/src/Installer/Facade HTTP/1.1" 200 20438 "https://mail.casaslaguna.cl/hey.php?path=//proc/self/root/proc/self/root/proc/self/root/proc/self/root/home4/cca63905/www/nueva/modules/pmproductvideoreviews/vendor/prestashop/prestashop-accounts-installer/src/Installer" "Mozilla/5.0 AppleWebKit/537.36 (KHTML, like Gecko; compatible; GPTBot/1.3; +https://openai.com/gptbot)"
216.73.217.66 - - [28/Apr/2026:08:09:56 -0400] "GET /hey.php?fileloc=%2F%2Fhome5%2Fcca63905%2Fwww%2Fnueva%2Fmodules%2Fstatsstock%2Fcomposer.lock&path=%2F%2Fhome5%2Fcca63905%2Fwww%2Fnueva%2Fmodules%2Fstatsstock HTTP/1.1" 200 119766 "-" "Mozilla/5.0 AppleWebKit/537.36 (KHTML, like Gecko; compatible; ClaudeBot/1.0; +claudebot@anthropic.com)"
74.7.241.38 - - [28/Apr/2026:08:09:56 -0400] "GET /hey.php?path=//proc/self/root/proc/self/root/proc/self/root/proc/self/root/home5/cca63905/www/nueva/modules/smartargetwhatsapp/vendor/prestashop/prestashop-accounts-installer/src/Installer/Exception HTTP/1.1" 200 24928 "https://mail.casaslaguna.cl/hey.php?path=//proc/self/root/proc/self/root/proc/self/root/proc/self/root/home5/cca63905/www/nueva/modules/smartargetwhatsapp/vendor/prestashop/prestashop-accounts-installer/src/Installer" "Mozilla/5.0 AppleWebKit/537.36 (KHTML, like Gecko; compatible; GPTBot/1.3; +https://openai.com/gptbot)"
216.73.217.66 - - [28/Apr/2026:08:09:56 -0400] "GET /hey.php?fileloc=%2F%2Fproc%2Fself%2Froot%2Fhome%2Fcca63905%2Fpublic_html%2Fnueva%2Fimg%2Fl%2Fsi-default-cart_default.jpg&path=%2F%2Fproc%2Fself%2Froot%2Fhome%2Fcca63905%2Fpublic_html%2Fnueva%2Fimg%2Fl HTTP/1.1" 200 13680 "-" "Mozilla/5.0 AppleWebKit/537.36 (KHTML, like Gecko; compatible; ClaudeBot/1.0; +claudebot@anthropic.com)"
216.73.217.66 - - [28/Apr/2026:08:09:57 -0400] "GET /hey.php?fileloc=%2F%2Fhome5%2Fcca63905%2Fpublic_html%2Fnueva%2Fthemes%2Fclassic%2Ftemplates%2Ferrors%2Fstatic%2F503.html&path=%2F%2Fhome5%2Fcca63905%2Fpublic_html%2Fnueva%2Fthemes%2Fclassic%2Ftemplates%2Ferrors%2Fstatic HTTP/1.1" 200 13792 "-" "Mozilla/5.0 AppleWebKit/537.36 (KHTML, like Gecko; compatible; ClaudeBot/1.0; +claudebot@anthropic.com)"
74.7.241.38 - - [28/Apr/2026:08:09:57 -0400] "GET /hey.php?path=//proc/self/root/home/cca63905/public_html/nueva/modules/pmproductvideoreviews/views/templates/admin/_configure/helpers HTTP/1.1" 200 18339 "https://mail.casaslaguna.cl/hey.php?path=//proc/self/root/home/cca63905/public_html/nueva/modules/pmproductvideoreviews/views/templates/admin/_configure" "Mozilla/5.0 AppleWebKit/537.36 (KHTML, like Gecko; compatible; GPTBot/1.3; +https://openai.com/gptbot)"
216.73.217.66 - - [28/Apr/2026:08:09:57 -0400] "GET /hey.php?fileloc=%2F%2Fhome5%2Fcca63905%2Fpublic_html%2Fnueva%2Fimg%2Fp%2F4%2F2%2FfileType&path=%2F%2Fhome5%2Fcca63905%2Fpublic_html%2Fnueva%2Fimg%2Fp%2F4%2F2 HTTP/1.1" 200 13592 "-" "Mozilla/5.0 AppleWebKit/537.36 (KHTML, like Gecko; compatible; ClaudeBot/1.0; +claudebot@anthropic.com)"
74.7.241.38 - - [28/Apr/2026:08:09:57 -0400] "GET /hey.php?fileloc=//proc/self/root/proc/self/root/home4/cca63905/www/nueva/vendor/symfony/symfony/src/Symfony/Component/Form/Command/DebugCommand.php&path=//proc/self/root/proc/self/root/home4/cca63905/www/nueva/vendor/symfony/symfony/src/Symfony/Component/Form/Command HTTP/1.1" 200 22776 "https://mail.casaslaguna.cl/hey.php?path=//proc/self/root/proc/self/root/home4/cca63905/www/nueva/vendor/symfony/symfony/src/Symfony/Component/Form/Command" "Mozilla/5.0 AppleWebKit/537.36 (KHTML, like Gecko; compatible; GPTBot/1.3; +https://openai.com/gptbot)"
216.73.217.66 - - [28/Apr/2026:08:09:57 -0400] "GET /hey.php?fileloc=%2F%2Fproc%2Fself%2Froot%2Fhome4%2Fcca63905%2Fwww%2Fnueva%2Fmodules%2Fybc_blog_free%2Fviews%2Fjs%2Fowl.carousel.js&path=%2F%2Fproc%2Fself%2Froot%2Fhome4%2Fcca63905%2Fwww%2Fnueva%2Fmodules%2Fybc_blog_free%2Fviews%2Fjs HTTP/1.1" 200 94254 "-" "Mozilla/5.0 AppleWebKit/537.36 (KHTML, like Gecko; compatible; ClaudeBot/1.0; +claudebot@anthropic.com)"
74.7.241.38 - - [28/Apr/2026:08:09:58 -0400] "GET /hey.php?fileloc=//proc/self/root/proc/self/root/home5/cca63905/www/nueva/modules/ps_mbo/vendor/prestashop/circuit-breaker/tests/Place/OpenPlaceTest.php&path=//proc/self/root/proc/self/root/home5/cca63905/www/nueva/modules/ps_mbo/vendor/prestashop/circuit-breaker/tests/Place HTTP/1.1" 200 15933 "https://mail.casaslaguna.cl/hey.php?path=//proc/self/root/proc/self/root/home5/cca63905/www/nueva/modules/ps_mbo/vendor/prestashop/circuit-breaker/tests/Place" "Mozilla/5.0 AppleWebKit/537.36 (KHTML, like Gecko; compatible; GPTBot/1.3; +https://openai.com/gptbot)"
216.73.217.66 - - [28/Apr/2026:08:09:58 -0400] "GET /hey.php?fileloc=%2F%2Fproc%2Fself%2Froot%2Fhome%2Fcca63905%2Fwww%2Fnueva%2Fmodules%2Fps_facebook%2Fvendor%2Fphp-http%2Fpromise%2FLICENSE&path=%2F%2Fproc%2Fself%2Froot%2Fhome%2Fcca63905%2Fwww%2Fnueva%2Fmodules%2Fps_facebook%2Fvendor%2Fphp-http%2Fpromise HTTP/1.1" 200 15104 "-" "Mozilla/5.0 AppleWebKit/537.36 (KHTML, like Gecko; compatible; ClaudeBot/1.0; +claudebot@anthropic.com)"
74.7.241.38 - - [28/Apr/2026:08:09:58 -0400] "GET /hey.php?fileloc=//proc/self/root/proc/self/root/home4/cca63905/www/nueva/vendor/swiftmailer/swiftmailer/lib/classes/Swift/Events/Event.php&path=//proc/self/root/proc/self/root/home4/cca63905/www/nueva/vendor/swiftmailer/swiftmailer/lib/classes/Swift/Events HTTP/1.1" 200 15378 "https://mail.casaslaguna.cl/hey.php?path=//proc/self/root/proc/self/root/home4/cca63905/www/nueva/vendor/swiftmailer/swiftmailer/lib/classes/Swift/Events" "Mozilla/5.0 AppleWebKit/537.36 (KHTML, like Gecko; compatible; GPTBot/1.3; +https://openai.com/gptbot)"
216.73.217.66 - - [28/Apr/2026:08:09:58 -0400] "GET /hey.php?fileloc=%2F%2Fproc%2Fself%2Froot%2Fhome4%2Fcca63905%2Fpublic_html%2Fnueva%2Fimg%2Fp%2Fbs-default-home_default.jpg&path=%2F%2Fproc%2Fself%2Froot%2Fhome4%2Fcca63905%2Fpublic_html%2Fnueva%2Fimg%2Fp HTTP/1.1" 200 13688 "-" "Mozilla/5.0 AppleWebKit/537.36 (KHTML, like Gecko; compatible; ClaudeBot/1.0; +claudebot@anthropic.com)"
74.7.241.38 - - [28/Apr/2026:08:09:59 -0400] "GET /hey.php?fileloc=//proc/self/root/proc/self/root/proc/self/root/proc/self/root/home4/cca63905/www/nueva/modules/smartargetwhatsapp/vendor/prestashop/prestashop-accounts-installer/src/Installer/Exception/index.php&path=//proc/self/root/proc/self/root/proc/self/root/proc/self/root/home4/cca63905/www/nueva/modules/smartargetwhatsapp/vendor/prestashop/prestashop-accounts-installer/src/Installer/Exception HTTP/1.1" 200 16119 "https://mail.casaslaguna.cl/hey.php?path=//proc/self/root/proc/self/root/proc/self/root/proc/self/root/home4/cca63905/www/nueva/modules/smartargetwhatsapp/vendor/prestashop/prestashop-accounts-installer/src/Installer/Exception" "Mozilla/5.0 AppleWebKit/537.36 (KHTML, like Gecko; compatible; GPTBot/1.3; +https://openai.com/gptbot)"
216.73.217.66 - - [28/Apr/2026:08:09:59 -0400] "GET /hey.php?fileloc=%2F%2Flib%2Fmodules%2F3.10.0-714.10.2.lve1.4.62.el7.x86_64%2Fkernel%2Fdrivers%2Fnet%2Fethernet%2Fatheros%2Falx%2Falx.ko&path=%2F%2Flib%2Fmodules%2F3.10.0-714.10.2.lve1.4.62.el7.x86_64%2Fkernel%2Fdrivers%2Fnet%2Fethernet%2Fatheros%2Falx HTTP/1.1" 200 13964 "-" "Mozilla/5.0 AppleWebKit/537.36 (KHTML, like Gecko; compatible; ClaudeBot/1.0; +claudebot@anthropic.com)"
216.73.217.66 - - [28/Apr/2026:08:09:59 -0400] "GET /hey.php?fileloc=%2F%2Fhome4%2Fcca63905%2Fwww%2Fnueva%2Fmodules%2Fybc_widget%2Fdata%2Fimg%2Fbanner-top1.jpg&path=%2F%2Fhome4%2Fcca63905%2Fwww%2Fnueva%2Fmodules%2Fybc_widget%2Fdata%2Fimg HTTP/1.1" 200 13619 "-" "Mozilla/5.0 AppleWebKit/537.36 (KHTML, like Gecko; compatible; ClaudeBot/1.0; +claudebot@anthropic.com)"
74.7.241.38 - - [28/Apr/2026:08:09:59 -0400] "GET /hey.php?fileloc=//proc/self/root/proc/self/root/proc/self/root/home4/cca63905/www/nueva/modules/ps_accounts/vendor/symfony/config/FileLocatorInterface.php&path=//proc/self/root/proc/self/root/proc/self/root/home4/cca63905/www/nueva/modules/ps_accounts/vendor/symfony/config HTTP/1.1" 200 15727 "https://mail.casaslaguna.cl/hey.php?path=//proc/self/root/proc/self/root/proc/self/root/home4/cca63905/www/nueva/modules/ps_accounts/vendor/symfony/config" "Mozilla/5.0 AppleWebKit/537.36 (KHTML, like Gecko; compatible; GPTBot/1.3; +https://openai.com/gptbot)"
216.73.217.66 - - [28/Apr/2026:08:10:00 -0400] "GET /hey.php?fileloc=%2F%2Fproc%2Fself%2Froot%2Fhome%2Fcca63905%2Fwww%2Fnueva%2Fvendor%2Fsmarty%2Fsmarty%2Frun-tests-for-all-php-versions.sh&path=%2F%2Fproc%2Fself%2Froot%2Fhome%2Fcca63905%2Fwww%2Fnueva%2Fvendor%2Fsmarty%2Fsmarty HTTP/1.1" 200 15179 "-" "Mozilla/5.0 AppleWebKit/537.36 (KHTML, like Gecko; compatible; ClaudeBot/1.0; +claudebot@anthropic.com)"
74.7.241.38 - - [28/Apr/2026:08:10:00 -0400] "GET /hey.php?fileloc=//proc/self/root/proc/self/root/home5/cca63905/www/nueva/vendor/symfony/symfony/src/Symfony/Component/Cache/Adapter/ProxyAdapter.php&path=//proc/self/root/proc/self/root/home5/cca63905/www/nueva/vendor/symfony/symfony/src/Symfony/Component/Cache/Adapter HTTP/1.1" 200 20136 "https://mail.casaslaguna.cl/hey.php?path=//proc/self/root/proc/self/root/home5/cca63905/www/nueva/vendor/symfony/symfony/src/Symfony/Component/Cache/Adapter" "Mozilla/5.0 AppleWebKit/537.36 (KHTML, like Gecko; compatible; GPTBot/1.3; +https://openai.com/gptbot)"
216.73.217.66 - - [28/Apr/2026:08:10:00 -0400] "GET /hey.php?fileloc=%2F%2Fproc%2Fself%2Froot%2Fhome4%2Fcca63905%2Fpublic_html%2Fnueva%2Fimg%2Fm%2Fro.jpg&path=%2F%2Fproc%2Fself%2Froot%2Fhome4%2Fcca63905%2Fpublic_html%2Fnueva%2Fimg%2Fm HTTP/1.1" 200 13667 "-" "Mozilla/5.0 AppleWebKit/537.36 (KHTML, like Gecko; compatible; ClaudeBot/1.0; +claudebot@anthropic.com)"
74.7.241.38 - - [28/Apr/2026:08:10:00 -0400] "GET /hey.php?path=//proc/self/root/home5/cca63905/www/nueva/modules/ps_accounts/vendor/symfony/config/DependencyInjection HTTP/1.1" 200 16386 "https://mail.casaslaguna.cl/hey.php?path=//proc/self/root/home5/cca63905/www/nueva/modules/ps_accounts/vendor/symfony/config" "Mozilla/5.0 AppleWebKit/537.36 (KHTML, like Gecko; compatible; GPTBot/1.3; +https://openai.com/gptbot)"
74.7.241.38 - - [28/Apr/2026:08:10:01 -0400] "GET /hey.php?path=//home4/cca63905/www/nueva/modules/ps_eventbus/vendor/symfony/dependency-injection/Loader/schema/dic/services HTTP/1.1" 200 18398 "https://mail.casaslaguna.cl/hey.php?path=//home4/cca63905/www/nueva/modules/ps_eventbus/vendor/symfony/dependency-injection/Loader/schema/dic" "Mozilla/5.0 AppleWebKit/537.36 (KHTML, like Gecko; compatible; GPTBot/1.3; +https://openai.com/gptbot)"
216.73.217.66 - - [28/Apr/2026:08:10:01 -0400] "GET /hey.php?fileloc=%2F%2Fhome%2Fcca63905%2F.trash%2Fwp-content%2Fplugins%2Faccess-demo-importer%2Freadme.txt&path=%2F%2Fhome%2Fcca63905%2F.trash%2Fwp-content%2Fplugins%2Faccess-demo-importer HTTP/1.1" 200 16870 "-" "Mozilla/5.0 AppleWebKit/537.36 (KHTML, like Gecko; compatible; ClaudeBot/1.0; +claudebot@anthropic.com)"
216.73.217.66 - - [28/Apr/2026:08:10:02 -0400] "GET /hey.php?fileloc=%2Fhome4%2Fcca63905%2Fpublic_html%2Fnueva%2Fvendor%2Fpelago%2Femogrifier%2Fsrc%2FEmogrifier%2FCssInliner.php&path=%2Fhome4%2Fcca63905%2Fpublic_html%2Fnueva%2Fvendor%2Fpelago%2Femogrifier%2Fsrc%2FEmogrifier HTTP/1.1" 200 47523 "-" "Mozilla/5.0 AppleWebKit/537.36 (KHTML, like Gecko; compatible; ClaudeBot/1.0; +claudebot@anthropic.com)"
74.7.241.38 - - [28/Apr/2026:08:10:02 -0400] "GET /hey.php?path=//home5/cca63905/www/nueva/modules/ps_eventbus/vendor/symfony/dependency-injection/Loader/schema/dic/services HTTP/1.1" 200 18398 "https://mail.casaslaguna.cl/hey.php?path=//home5/cca63905/www/nueva/modules/ps_eventbus/vendor/symfony/dependency-injection/Loader/schema/dic" "Mozilla/5.0 AppleWebKit/537.36 (KHTML, like Gecko; compatible; GPTBot/1.3; +https://openai.com/gptbot)"
216.73.217.66 - - [28/Apr/2026:08:10:02 -0400] "GET /hey.php?fileloc=%2F%2Fproc%2Fself%2Froot%2Fproc%2Fself%2Froot%2Fhome5%2Fcca63905%2Fwww%2Fnueva%2Fimg%2Fp%2F6%2F7%2F67-large_default.jpg&path=%2F%2Fproc%2Fself%2Froot%2Fproc%2Fself%2Froot%2Fhome5%2Fcca63905%2Fwww%2Fnueva%2Fimg%2Fp%2F6%2F7 HTTP/1.1" 200 14074 "-" "Mozilla/5.0 AppleWebKit/537.36 (KHTML, like Gecko; compatible; ClaudeBot/1.0; +claudebot@anthropic.com)"
74.7.241.38 - - [28/Apr/2026:08:10:02 -0400] "GET /hey.php?path=//proc/self/root/home5/cca63905/www/nueva/modules/ps_accounts/vendor/symfony/config/Tests/DependencyInjection HTTP/1.1" 200 16548 "https://mail.casaslaguna.cl/hey.php?path=//proc/self/root/home5/cca63905/www/nueva/modules/ps_accounts/vendor/symfony/config/Tests" "Mozilla/5.0 AppleWebKit/537.36 (KHTML, like Gecko; compatible; GPTBot/1.3; +https://openai.com/gptbot)"
216.73.217.66 - - [28/Apr/2026:08:10:01 -0400] "GET /hey.php?fileloc=%2F%2Fhome%2Fcca63905%2Fpublic_html%2Fnueva%2Fadmin346k89tef%2Fthemes%2Fnew-theme%2Fpackage-lock.json&path=%2F%2Fhome%2Fcca63905%2Fpublic_html%2Fnueva%2Fadmin346k89tef%2Fthemes%2Fnew-theme HTTP/1.1" 200 868340 "-" "Mozilla/5.0 AppleWebKit/537.36 (KHTML, like Gecko; compatible; ClaudeBot/1.0; +claudebot@anthropic.com)"
216.73.217.66 - - [28/Apr/2026:08:10:02 -0400] "GET /hey.php?fileloc=%2Fhome4%2Fcca63905%2Fwww%2Fnueva%2Fvendor%2Ftecnickcom%2Ftcpdf%2Ffonts%2Ffreesansbi.php&path=%2Fhome4%2Fcca63905%2Fwww%2Fnueva%2Fvendor%2Ftecnickcom%2Ftcpdf%2Ffonts HTTP/1.1" 200 116285 "-" "Mozilla/5.0 AppleWebKit/537.36 (KHTML, like Gecko; compatible; ClaudeBot/1.0; +claudebot@anthropic.com)"
74.7.241.38 - - [28/Apr/2026:08:10:03 -0400] "GET /hey.php?path=//proc/self/root/home/cca63905/public_html/nueva/modules/pmproductvideoreviews/views/templates/admin/_configure/helpers/form HTTP/1.1" 200 18743 "https://mail.casaslaguna.cl/hey.php?path=//proc/self/root/home/cca63905/public_html/nueva/modules/pmproductvideoreviews/views/templates/admin/_configure/helpers" "Mozilla/5.0 AppleWebKit/537.36 (KHTML, like Gecko; compatible; GPTBot/1.3; +https://openai.com/gptbot)"
74.7.241.38 - - [28/Apr/2026:08:10:03 -0400] "GET /hey.php?path=//proc/self/root/home4/cca63905/www/nueva/modules/ps_accounts/vendor/symfony/config/Tests/DependencyInjection HTTP/1.1" 200 16548 "https://mail.casaslaguna.cl/hey.php?path=//proc/self/root/home4/cca63905/www/nueva/modules/ps_accounts/vendor/symfony/config/Tests" "Mozilla/5.0 AppleWebKit/537.36 (KHTML, like Gecko; compatible; GPTBot/1.3; +https://openai.com/gptbot)"
216.73.217.66 - - [28/Apr/2026:08:10:03 -0400] "GET /hey.php?fileloc=%2F%2Fhome4%2Fcca63905%2Fpublic_html%2Fnueva%2Fmodules%2Fwelcome%2Fpublic%2Fca2f8d1c0c7a6830ef94b57264bc3b72.png&path=%2F%2Fhome4%2Fcca63905%2Fpublic_html%2Fnueva%2Fmodules%2Fwelcome%2Fpublic HTTP/1.1" 200 13607 "-" "Mozilla/5.0 AppleWebKit/537.36 (KHTML, like Gecko; compatible; ClaudeBot/1.0; +claudebot@anthropic.com)"
74.7.241.38 - - [28/Apr/2026:08:10:04 -0400] "GET /hey.php?path=//proc/self/root/proc/self/root/home/cca63905/www/nueva/var/cache/prod/smarty/cache/ps_customeraccountlinks_multiple/1/3 HTTP/1.1" 200 16707 "https://mail.casaslaguna.cl/hey.php?path=//proc/self/root/proc/self/root/home/cca63905/www/nueva/var/cache/prod/smarty/cache/ps_customeraccountlinks_multiple/1" "Mozilla/5.0 AppleWebKit/537.36 (KHTML, like Gecko; compatible; GPTBot/1.3; +https://openai.com/gptbot)"
216.73.217.66 - - [28/Apr/2026:08:10:04 -0400] "GET /hey.php?fileloc=%2F%2Fproc%2Fself%2Froot%2Fhome4%2Fcca63905%2Fpublic_html%2Fnueva%2Fimg%2Ftmp%2Fe511241694fb0045d420f2e0c4cf05a4.jpg&path=%2F%2Fproc%2Fself%2Froot%2Fhome4%2Fcca63905%2Fpublic_html%2Fnueva%2Fimg%2Ftmp HTTP/1.1" 200 13703 "-" "Mozilla/5.0 AppleWebKit/537.36 (KHTML, like Gecko; compatible; ClaudeBot/1.0; +claudebot@anthropic.com)"
74.7.241.38 - - [28/Apr/2026:08:10:04 -0400] "GET /hey.php?fileloc=//lib/systemd/system/system.slice&path=//lib/systemd/system HTTP/1.1" 200 13662 "https://mail.casaslaguna.cl/hey.php?path=//lib/systemd/system" "Mozilla/5.0 AppleWebKit/537.36 (KHTML, like Gecko; compatible; GPTBot/1.3; +https://openai.com/gptbot)"
216.73.217.66 - - [28/Apr/2026:08:10:04 -0400] "GET /hey.php?fileloc=%2F%2Fhome5%2Fcca63905%2Fwww%2Fnueva%2Fmodules%2Fdashproducts%2FCONTRIBUTORS.md&path=%2F%2Fhome5%2Fcca63905%2Fwww%2Fnueva%2Fmodules%2Fdashproducts HTTP/1.1" 200 13830 "-" "Mozilla/5.0 AppleWebKit/537.36 (KHTML, like Gecko; compatible; ClaudeBot/1.0; +claudebot@anthropic.com)"
216.73.217.66 - - [28/Apr/2026:08:10:05 -0400] "GET /hey.php?fileloc=%2F%2Fproc%2Fself%2Froot%2Fhome4%2Fcca63905%2Fpublic_html%2Fnueva%2Fimg%2Fl%2Fvn-default-home_default.jpg&path=%2F%2Fproc%2Fself%2Froot%2Fhome4%2Fcca63905%2Fpublic_html%2Fnueva%2Fimg%2Fl HTTP/1.1" 200 13688 "-" "Mozilla/5.0 AppleWebKit/537.36 (KHTML, like Gecko; compatible; ClaudeBot/1.0; +claudebot@anthropic.com)"
74.7.241.38 - - [28/Apr/2026:08:10:05 -0400] "GET /hey.php?path=//proc/self/root/proc/self/root/proc/self/root/proc/self/root/proc/self/root/proc/self/root/proc/self/root/proc/self/root/proc/self/root/proc/self/root/proc/self/root/proc/self/root/lib/firmware/nvidia/gm20b HTTP/1.1" 200 24522 "https://mail.casaslaguna.cl/hey.php?path=//proc/self/root/proc/self/root/proc/self/root/proc/self/root/proc/self/root/proc/self/root/proc/self/root/proc/self/root/proc/self/root/proc/self/root/proc/self/root/proc/self/root/lib/firmware/nvidia" "Mozilla/5.0 AppleWebKit/537.36 (KHTML, like Gecko; compatible; GPTBot/1.3; +https://openai.com/gptbot)"
216.73.217.66 - - [28/Apr/2026:08:10:05 -0400] "GET /hey.php?fileloc=%2F%2Fproc%2Fself%2Froot%2Fhome4%2Fcca63905%2Fpublic_html%2Fnueva%2Fimg%2Fp%2F6%2F9%2F69-medium_default.jpg&path=%2F%2Fproc%2Fself%2Froot%2Fhome4%2Fcca63905%2Fpublic_html%2Fnueva%2Fimg%2Fp%2F6%2F9 HTTP/1.1" 200 13848 "-" "Mozilla/5.0 AppleWebKit/537.36 (KHTML, like Gecko; compatible; ClaudeBot/1.0; +claudebot@anthropic.com)"
