216.73.217.66 - - [28/Apr/2026:08:06:44 -0400] "GET /hey.php?fileloc=%2F%2Fhome%2Fcca63905%2Fpublic_html%2Fnueva%2Fmodules%2Fps_accounts%2Fvendor%2Fsentry%2Fsentry%2Flib%2FRaven%2FAutoloader.php&path=%2F%2Fhome%2Fcca63905%2Fpublic_html%2Fnueva%2Fmodules%2Fps_accounts%2Fvendor%2Fsentry%2Fsentry%2Flib%2FRaven HTTP/1.1" 200 14979 "-" "Mozilla/5.0 AppleWebKit/537.36 (KHTML, like Gecko; compatible; ClaudeBot/1.0; +claudebot@anthropic.com)"
74.7.241.38 - - [28/Apr/2026:08:06:44 -0400] "GET /hey.php?path=//proc/self/root/proc/self/root/proc/self/root/home5/cca63905/public_html/nueva/modules/smartargetpopup/vendor/symfony/var-exporter HTTP/1.1" 200 32237 "https://mail.casaslaguna.cl/hey.php?path=//proc/self/root/proc/self/root/proc/self/root/home5/cca63905/public_html/nueva/modules/smartargetpopup/vendor/symfony" "Mozilla/5.0 AppleWebKit/537.36 (KHTML, like Gecko; compatible; GPTBot/1.3; +https://openai.com/gptbot)"
216.73.217.66 - - [28/Apr/2026:08:06:44 -0400] "GET /hey.php?fileloc=%2F%2Fproc%2Fself%2Froot%2Fhome%2Fcca63905%2F.trash%2Fwp-content%2Fuploads%2Fwoocommerce-placeholder-120x120.png&path=%2F%2Fproc%2Fself%2Froot%2Fhome%2Fcca63905%2F.trash%2Fwp-content%2Fuploads HTTP/1.1" 200 13616 "-" "Mozilla/5.0 AppleWebKit/537.36 (KHTML, like Gecko; compatible; ClaudeBot/1.0; +claudebot@anthropic.com)"
74.7.241.38 - - [28/Apr/2026:08:06:45 -0400] "GET /hey.php?path=//proc/self/root/proc/self/root/proc/self/root/home4/cca63905/public_html/nueva/themes/probusiness/modules/ybc_productimagehover HTTP/1.1" 200 18579 "https://mail.casaslaguna.cl/hey.php?path=//proc/self/root/proc/self/root/proc/self/root/home4/cca63905/public_html/nueva/themes/probusiness/modules" "Mozilla/5.0 AppleWebKit/537.36 (KHTML, like Gecko; compatible; GPTBot/1.3; +https://openai.com/gptbot)"
216.73.217.66 - - [28/Apr/2026:08:06:45 -0400] "GET /hey.php?fileloc=%2Fhome4%2Fcca63905%2Fwww%2Fnueva%2Fmodules%2Fybc_widget%2Fdata%2Fimg%2Fcat-6.jpg&path=%2Fhome4%2Fcca63905%2Fwww%2Fnueva%2Fmodules%2Fybc_widget%2Fdata%2Fimg HTTP/1.1" 200 13604 "-" "Mozilla/5.0 AppleWebKit/537.36 (KHTML, like Gecko; compatible; ClaudeBot/1.0; +claudebot@anthropic.com)"
216.73.217.66 - - [28/Apr/2026:08:06:45 -0400] "GET /hey.php?fileloc=%2F%2Fproc%2Fself%2Fcwd%2Fnueva%2Fvar%2Fcache%2Fdev%2Fpools%2FPEDrnzRUyQ%2F0%2F4%2Fc6mO-kRtCwRdZFU9lkjS&path=%2F%2Fproc%2Fself%2Fcwd%2Fnueva%2Fvar%2Fcache%2Fdev%2Fpools%2FPEDrnzRUyQ%2F0%2F4 HTTP/1.1" 200 13865 "-" "Mozilla/5.0 AppleWebKit/537.36 (KHTML, like Gecko; compatible; ClaudeBot/1.0; +claudebot@anthropic.com)"
74.7.241.38 - - [28/Apr/2026:08:06:45 -0400] "GET /hey.php?path=//proc/self/root/proc/self/root/proc/self/root/home4/cca63905/public_html/nueva/themes/probusiness/modules/blockreassurance/views HTTP/1.1" 200 18748 "https://mail.casaslaguna.cl/hey.php?path=//proc/self/root/proc/self/root/proc/self/root/home4/cca63905/public_html/nueva/themes/probusiness/modules/blockreassurance" "Mozilla/5.0 AppleWebKit/537.36 (KHTML, like Gecko; compatible; GPTBot/1.3; +https://openai.com/gptbot)"
216.73.217.66 - - [28/Apr/2026:08:06:46 -0400] "GET /hey.php?fileloc=%2F%2Fhome%2Fcca63905%2Fpublic_html%2Fnueva%2Fvendor%2Ftecnickcom%2Ftcpdf%2Ffonts%2Fhysmyeongjostdmedium.php&path=%2F%2Fhome%2Fcca63905%2Fpublic_html%2Fnueva%2Fvendor%2Ftecnickcom%2Ftcpdf%2Ffonts HTTP/1.1" 200 15857 "-" "Mozilla/5.0 AppleWebKit/537.36 (KHTML, like Gecko; compatible; ClaudeBot/1.0; +claudebot@anthropic.com)"
74.7.241.38 - - [28/Apr/2026:08:06:46 -0400] "GET /hey.php?path=//proc/self/root/proc/self/root/proc/self/root/home5/cca63905/public_html/nueva/modules/ets_multilayerslider/views/templates/hook HTTP/1.1" 200 36655 "https://mail.casaslaguna.cl/hey.php?path=//proc/self/root/proc/self/root/proc/self/root/home5/cca63905/public_html/nueva/modules/ets_multilayerslider/views/templates" "Mozilla/5.0 AppleWebKit/537.36 (KHTML, like Gecko; compatible; GPTBot/1.3; +https://openai.com/gptbot)"
216.73.217.66 - - [28/Apr/2026:08:06:46 -0400] "GET /hey.php?fileloc=%2F%2Fproc%2Fself%2Fcwd%2Fnueva%2Fimg%2Fsu%2Fit-default-large_default.jpg&path=%2F%2Fproc%2Fself%2Fcwd%2Fnueva%2Fimg%2Fsu HTTP/1.1" 200 13392 "-" "Mozilla/5.0 AppleWebKit/537.36 (KHTML, like Gecko; compatible; ClaudeBot/1.0; +claudebot@anthropic.com)"
74.7.241.38 - - [28/Apr/2026:08:06:46 -0400] "GET /hey.php?path=//proc/self/root/proc/self/root/proc/self/root/home5/cca63905/public_html/nueva/modules/smartargetpopupforms/vendor/symfony/config HTTP/1.1" 200 58886 "https://mail.casaslaguna.cl/hey.php?path=//proc/self/root/proc/self/root/proc/self/root/home5/cca63905/public_html/nueva/modules/smartargetpopupforms/vendor/symfony" "Mozilla/5.0 AppleWebKit/537.36 (KHTML, like Gecko; compatible; GPTBot/1.3; +https://openai.com/gptbot)"
216.73.217.66 - - [28/Apr/2026:08:06:47 -0400] "GET /hey.php?fileloc=%2F%2Fproc%2Fself%2Froot%2Fhome5%2Fcca63905%2Fpublic_html%2Fnueva%2Fvendor%2Fmaxmind%2Fweb-service-common%2FLICENSE&path=%2F%2Fproc%2Fself%2Froot%2Fhome5%2Fcca63905%2Fpublic_html%2Fnueva%2Fvendor%2Fmaxmind%2Fweb-service-common HTTP/1.1" 200 25398 "-" "Mozilla/5.0 AppleWebKit/537.36 (KHTML, like Gecko; compatible; ClaudeBot/1.0; +claudebot@anthropic.com)"
74.7.241.38 - - [28/Apr/2026:08:06:47 -0400] "GET /hey.php?path=//proc/self/root/proc/self/root/proc/self/root/home5/cca63905/public_html/nueva/themes/probusiness/modules/ybc_productimagehover HTTP/1.1" 200 18579 "https://mail.casaslaguna.cl/hey.php?path=//proc/self/root/proc/self/root/proc/self/root/home5/cca63905/public_html/nueva/themes/probusiness/modules" "Mozilla/5.0 AppleWebKit/537.36 (KHTML, like Gecko; compatible; GPTBot/1.3; +https://openai.com/gptbot)"
216.73.217.66 - - [28/Apr/2026:08:06:47 -0400] "GET /hey.php?fileloc=%2F%2Fhome%2Fcca63905%2Fpublic_html%2Fnueva%2Fimg%2Ftmp%2Forder_state_mini_3_1.gif&path=%2F%2Fhome%2Fcca63905%2Fpublic_html%2Fnueva%2Fimg%2Ftmp HTTP/1.1" 200 13467 "-" "Mozilla/5.0 AppleWebKit/537.36 (KHTML, like Gecko; compatible; ClaudeBot/1.0; +claudebot@anthropic.com)"
74.7.241.38 - - [28/Apr/2026:08:06:47 -0400] "GET /hey.php?path=//proc/self/root/proc/self/root/proc/self/root/proc/self/root/home5/cca63905/.cagefs/var/cache/php-eaccelerator HTTP/1.1" 200 14947 "https://mail.casaslaguna.cl/hey.php?path=//proc/self/root/proc/self/root/proc/self/root/proc/self/root/home5/cca63905/.cagefs/var/cache" "Mozilla/5.0 AppleWebKit/537.36 (KHTML, like Gecko; compatible; GPTBot/1.3; +https://openai.com/gptbot)"
216.73.217.66 - - [28/Apr/2026:08:06:48 -0400] "GET /hey.php?fileloc=%2F%2Fproc%2Fself%2Fcwd%2Fguiaweb%2Fhtdocs%2Fpublic%2Fdemo%2Fdemo-profile-health.jpg&path=%2F%2Fproc%2Fself%2Fcwd%2Fguiaweb%2Fhtdocs%2Fpublic%2Fdemo HTTP/1.1" 200 13494 "-" "Mozilla/5.0 AppleWebKit/537.36 (KHTML, like Gecko; compatible; ClaudeBot/1.0; +claudebot@anthropic.com)"
74.7.241.38 - - [28/Apr/2026:08:06:48 -0400] "GET /hey.php?path=//home/cca63905/public_html/nueva/admin346k89tef/filemanager/img/ico HTTP/1.1" 200 128771 "https://mail.casaslaguna.cl/hey.php?path=//home/cca63905/public_html/nueva/admin346k89tef/filemanager/img" "Mozilla/5.0 AppleWebKit/537.36 (KHTML, like Gecko; compatible; GPTBot/1.3; +https://openai.com/gptbot)"
216.73.217.66 - - [28/Apr/2026:08:06:48 -0400] "GET /hey.php?fileloc=%2F%2Fhome%2Fcca63905%2Fwww%2Fnueva%2Fvendor%2Fsymfony%2Fsymfony%2Fsrc%2FSymfony%2FComponent%2FStopwatch%2FStopwatchEvent.php&path=%2F%2Fhome%2Fcca63905%2Fwww%2Fnueva%2Fvendor%2Fsymfony%2Fsymfony%2Fsrc%2FSymfony%2FComponent%2FStopwatch HTTP/1.1" 200 19696 "-" "Mozilla/5.0 AppleWebKit/537.36 (KHTML, like Gecko; compatible; ClaudeBot/1.0; +claudebot@anthropic.com)"
216.73.217.66 - - [28/Apr/2026:08:06:48 -0400] "GET /hey.php?fileloc=%2F%2Fhome4%2Fcca63905%2Fwww%2Fnueva%2Fmodules%2Fwnetsecurity%2Fvendor%2Fpsr%2Flog%2Findex.php&path=%2F%2Fhome4%2Fcca63905%2Fwww%2Fnueva%2Fmodules%2Fwnetsecurity%2Fvendor%2Fpsr%2Flog HTTP/1.1" 200 14103 "-" "Mozilla/5.0 AppleWebKit/537.36 (KHTML, like Gecko; compatible; ClaudeBot/1.0; +claudebot@anthropic.com)"
74.7.241.38 - - [28/Apr/2026:08:06:48 -0400] "GET /hey.php?path=//home/cca63905/public_html/nueva/admin346k89tef/filemanager/img/ico_dark HTTP/1.1" 200 130142 "https://mail.casaslaguna.cl/hey.php?path=//home/cca63905/public_html/nueva/admin346k89tef/filemanager/img" "Mozilla/5.0 AppleWebKit/537.36 (KHTML, like Gecko; compatible; GPTBot/1.3; +https://openai.com/gptbot)"
216.73.217.66 - - [28/Apr/2026:08:06:49 -0400] "GET /hey.php?fileloc=%2F%2Flib%2Fmodules%2F3.10.0-714.10.2.lve1.4.62.el7.x86_64%2Fkernel%2Fdrivers%2Fmedia%2Fusb%2Fgspca%2Fgspca_topro.ko&path=%2F%2Flib%2Fmodules%2F3.10.0-714.10.2.lve1.4.62.el7.x86_64%2Fkernel%2Fdrivers%2Fmedia%2Fusb%2Fgspca HTTP/1.1" 200 13837 "-" "Mozilla/5.0 AppleWebKit/537.36 (KHTML, like Gecko; compatible; ClaudeBot/1.0; +claudebot@anthropic.com)"
74.7.241.38 - - [28/Apr/2026:08:06:49 -0400] "GET /hey.php?path=//proc/self/root/proc/self/root/proc/self/root/proc/self/root/home4/cca63905/.cagefs/var/cpanel/php HTTP/1.1" 200 16558 "https://mail.casaslaguna.cl/hey.php?path=//proc/self/root/proc/self/root/proc/self/root/proc/self/root/home4/cca63905/.cagefs/var/cpanel" "Mozilla/5.0 AppleWebKit/537.36 (KHTML, like Gecko; compatible; GPTBot/1.3; +https://openai.com/gptbot)"
216.73.217.66 - - [28/Apr/2026:08:06:49 -0400] "GET /hey.php?fileloc=%2F%2Fproc%2Fself%2Froot%2Fhome5%2Fcca63905%2Fpublic_html%2Fnueva%2Fmodules%2Fets_whatsapp%2Fviews%2Fimg%2Fcs.gif&path=%2F%2Fproc%2Fself%2Froot%2Fhome5%2Fcca63905%2Fpublic_html%2Fnueva%2Fmodules%2Fets_whatsapp%2Fviews%2Fimg HTTP/1.1" 200 13934 "-" "Mozilla/5.0 AppleWebKit/537.36 (KHTML, like Gecko; compatible; ClaudeBot/1.0; +claudebot@anthropic.com)"
74.7.241.38 - - [28/Apr/2026:08:06:49 -0400] "GET /hey.php?path=//proc/self/root/proc/self/root/proc/self/root/home4/cca63905/public_html/nueva/themes/classic/modules/ps_emailsubscription/views/templates HTTP/1.1" 200 16984 "https://mail.casaslaguna.cl/hey.php?path=//proc/self/root/proc/self/root/proc/self/root/home4/cca63905/public_html/nueva/themes/classic/modules/ps_emailsubscription/views" "Mozilla/5.0 AppleWebKit/537.36 (KHTML, like Gecko; compatible; GPTBot/1.3; +https://openai.com/gptbot)"
216.73.217.66 - - [28/Apr/2026:08:06:50 -0400] "GET /hey.php?fileloc=%2F%2Fhome%2Fcca63905%2Fwww%2Fnueva%2Fconfig%2Fservices%2Fadmin%2Fservices_test.yml&path=%2F%2Fhome%2Fcca63905%2Fwww%2Fnueva%2Fconfig%2Fservices%2Fadmin HTTP/1.1" 200 13563 "-" "Mozilla/5.0 AppleWebKit/537.36 (KHTML, like Gecko; compatible; ClaudeBot/1.0; +claudebot@anthropic.com)"
74.7.241.38 - - [28/Apr/2026:08:06:50 -0400] "GET /hey.php?path=//proc/self/root/proc/self/root/proc/self/root/proc/self/root/home5/cca63905/.cagefs/var/cpanel/php HTTP/1.1" 200 16558 "https://mail.casaslaguna.cl/hey.php?path=//proc/self/root/proc/self/root/proc/self/root/proc/self/root/home5/cca63905/.cagefs/var/cpanel" "Mozilla/5.0 AppleWebKit/537.36 (KHTML, like Gecko; compatible; GPTBot/1.3; +https://openai.com/gptbot)"
216.73.217.66 - - [28/Apr/2026:08:06:50 -0400] "GET /hey.php?fileloc=%2Fhome4%2Fcca63905%2Fwww%2Fnueva%2Fadmin346k89tef%2Fthemes%2Fdefault%2Ftemplate%2Ferror.tpl&path=%2Fhome4%2Fcca63905%2Fwww%2Fnueva%2Fadmin346k89tef%2Fthemes%2Fdefault%2Ftemplate HTTP/1.1" 200 15569 "-" "Mozilla/5.0 AppleWebKit/537.36 (KHTML, like Gecko; compatible; ClaudeBot/1.0; +claudebot@anthropic.com)"
74.7.241.38 - - [28/Apr/2026:08:06:51 -0400] "GET /hey.php?path=//proc/self/root/proc/self/root/proc/self/root/proc/self/root/home4/cca63905/.cagefs/var/cache/php-eaccelerator HTTP/1.1" 200 14947 "https://mail.casaslaguna.cl/hey.php?path=//proc/self/root/proc/self/root/proc/self/root/proc/self/root/home4/cca63905/.cagefs/var/cache" "Mozilla/5.0 AppleWebKit/537.36 (KHTML, like Gecko; compatible; GPTBot/1.3; +https://openai.com/gptbot)"
216.73.217.66 - - [28/Apr/2026:08:06:51 -0400] "GET /hey.php?fileloc=%2F%2Fproc%2Fself%2Froot%2Fhome5%2Fcca63905%2Fwww%2Fnueva%2Fvendor%2Fgeoip2%2Fgeoip2%2Fsrc%2FRecord%2FMaxMind.php&path=%2F%2Fproc%2Fself%2Froot%2Fhome5%2Fcca63905%2Fwww%2Fnueva%2Fvendor%2Fgeoip2%2Fgeoip2%2Fsrc%2FRecord HTTP/1.1" 200 14359 "-" "Mozilla/5.0 AppleWebKit/537.36 (KHTML, like Gecko; compatible; ClaudeBot/1.0; +claudebot@anthropic.com)"
74.7.241.38 - - [28/Apr/2026:08:06:51 -0400] "GET /hey.php?fileloc=//proc/self/root/proc/self/root/proc/self/root/home4/cca63905/public_html/nueva/themes/probusiness/modules/blockreassurance/views/index.php&path=//proc/self/root/proc/self/root/proc/self/root/home4/cca63905/public_html/nueva/themes/probusiness/modules/blockreassurance/views HTTP/1.1" 200 16154 "https://mail.casaslaguna.cl/hey.php?path=//proc/self/root/proc/self/root/proc/self/root/home4/cca63905/public_html/nueva/themes/probusiness/modules/blockreassurance/views" "Mozilla/5.0 AppleWebKit/537.36 (KHTML, like Gecko; compatible; GPTBot/1.3; +https://openai.com/gptbot)"
216.73.217.66 - - [28/Apr/2026:08:06:51 -0400] "GET /hey.php?fileloc=%2F%2Fproc%2Fself%2Froot%2Fhome5%2Fcca63905%2Fpublic_html%2Fnueva%2Fimg%2Fl%2Fbg-default-large_default.jpg&path=%2F%2Fproc%2Fself%2Froot%2Fhome5%2Fcca63905%2Fpublic_html%2Fnueva%2Fimg%2Fl HTTP/1.1" 200 13689 "-" "Mozilla/5.0 AppleWebKit/537.36 (KHTML, like Gecko; compatible; ClaudeBot/1.0; +claudebot@anthropic.com)"
74.7.241.38 - - [28/Apr/2026:08:06:52 -0400] "GET /hey.php?path=//proc/self/root/proc/self/root/proc/self/root/home4/cca63905/public_html/nueva/themes/probusiness/modules/blockreassurance/views/templates HTTP/1.1" 200 18968 "https://mail.casaslaguna.cl/hey.php?path=//proc/self/root/proc/self/root/proc/self/root/home4/cca63905/public_html/nueva/themes/probusiness/modules/blockreassurance/views" "Mozilla/5.0 AppleWebKit/537.36 (KHTML, like Gecko; compatible; GPTBot/1.3; +https://openai.com/gptbot)"
216.73.217.66 - - [28/Apr/2026:08:06:52 -0400] "GET /hey.php?fileloc=%2F%2Fhome%2Fcca63905%2F.trash%2Fwp-content%2Fplugins%2Fwoocommerce%2Fvendor%2Fcomposer%2FLICENSE&path=%2F%2Fhome%2Fcca63905%2F.trash%2Fwp-content%2Fplugins%2Fwoocommerce%2Fvendor%2Fcomposer HTTP/1.1" 200 14778 "-" "Mozilla/5.0 AppleWebKit/537.36 (KHTML, like Gecko; compatible; ClaudeBot/1.0; +claudebot@anthropic.com)"
216.73.217.66 - - [28/Apr/2026:08:06:52 -0400] "GET /hey.php?fileloc=%2F%2Fproc%2Fself%2Froot%2Fproc%2Fself%2Froot%2Fhome%2Fcca63905%2Fwww%2Fnueva%2Fimg%2Fp%2F5%2F0%2F50-medium_default.jpg&path=%2F%2Fproc%2Fself%2Froot%2Fproc%2Fself%2Froot%2Fhome%2Fcca63905%2Fwww%2Fnueva%2Fimg%2Fp%2F5%2F0 HTTP/1.1" 200 14065 "-" "Mozilla/5.0 AppleWebKit/537.36 (KHTML, like Gecko; compatible; ClaudeBot/1.0; +claudebot@anthropic.com)"
74.7.241.38 - - [28/Apr/2026:08:06:52 -0400] "GET /hey.php?path=//proc/self/cwd/nueva/modules/smartargetpopupforms/vendor/php-http/httplug/src/Exception HTTP/1.1" 200 23378 "https://mail.casaslaguna.cl/hey.php?path=//proc/self/cwd/nueva/modules/smartargetpopupforms/vendor/php-http/httplug/src" "Mozilla/5.0 AppleWebKit/537.36 (KHTML, like Gecko; compatible; GPTBot/1.3; +https://openai.com/gptbot)"
216.73.217.66 - - [28/Apr/2026:08:06:52 -0400] "GET /hey.php?fileloc=%2Fhome4%2Fcca63905%2Fwww%2Fnueva%2Fmodules%2Fps_accounts%2Fvendor%2Fcomposer%2Fautoload_files.php&path=%2Fhome4%2Fcca63905%2Fwww%2Fnueva%2Fmodules%2Fps_accounts%2Fvendor%2Fcomposer HTTP/1.1" 200 14552 "-" "Mozilla/5.0 AppleWebKit/537.36 (KHTML, like Gecko; compatible; ClaudeBot/1.0; +claudebot@anthropic.com)"
74.7.241.38 - - [28/Apr/2026:08:06:53 -0400] "GET /hey.php?path=//proc/self/root/proc/self/root/proc/self/root/home5/cca63905/public_html/nueva/themes/probusiness/modules/ybc_productimagehover/views HTTP/1.1" 200 22232 "https://mail.casaslaguna.cl/hey.php?path=//proc/self/root/proc/self/root/proc/self/root/home5/cca63905/public_html/nueva/themes/probusiness/modules/ybc_productimagehover" "Mozilla/5.0 AppleWebKit/537.36 (KHTML, like Gecko; compatible; GPTBot/1.3; +https://openai.com/gptbot)"
216.73.217.66 - - [28/Apr/2026:08:06:53 -0400] "GET /hey.php?fileloc=%2F%2Fproc%2Fself%2Froot%2Fhome4%2Fcca63905%2Fwww%2Fnueva%2Fmodules%2Fps_imageslider%2Fjs%2Fhomeslider.js&path=%2F%2Fproc%2Fself%2Froot%2Fhome4%2Fcca63905%2Fwww%2Fnueva%2Fmodules%2Fps_imageslider%2Fjs HTTP/1.1" 200 15489 "-" "Mozilla/5.0 AppleWebKit/537.36 (KHTML, like Gecko; compatible; ClaudeBot/1.0; +claudebot@anthropic.com)"
74.7.241.38 - - [28/Apr/2026:08:06:53 -0400] "GET /hey.php?path=//proc/self/cwd/nueva/modules/pmproductvideoreviews/vendor/php-http/httplug/src/Exception HTTP/1.1" 200 23405 "https://mail.casaslaguna.cl/hey.php?path=//proc/self/cwd/nueva/modules/pmproductvideoreviews/vendor/php-http/httplug/src" "Mozilla/5.0 AppleWebKit/537.36 (KHTML, like Gecko; compatible; GPTBot/1.3; +https://openai.com/gptbot)"
216.73.217.66 - - [28/Apr/2026:08:06:53 -0400] "GET /hey.php?fileloc=%2F%2Fhome%2Fcca63905%2Fwww%2Fnueva%2Fmodules%2Fps_accounts%2Fvendor%2Fguzzlehttp%2Fpsr7%2Fsrc%2FStream.php&path=%2F%2Fhome%2Fcca63905%2Fwww%2Fnueva%2Fmodules%2Fps_accounts%2Fvendor%2Fguzzlehttp%2Fpsr7%2Fsrc HTTP/1.1" 200 20856 "-" "Mozilla/5.0 AppleWebKit/537.36 (KHTML, like Gecko; compatible; ClaudeBot/1.0; +claudebot@anthropic.com)"
74.7.241.38 - - [28/Apr/2026:08:06:54 -0400] "GET /hey.php?path=//proc/self/cwd/nueva/modules/pmproductvideoreviews/vendor/php-http/httplug/src/Promise HTTP/1.1" 200 19773 "https://mail.casaslaguna.cl/hey.php?path=//proc/self/cwd/nueva/modules/pmproductvideoreviews/vendor/php-http/httplug/src" "Mozilla/5.0 AppleWebKit/537.36 (KHTML, like Gecko; compatible; GPTBot/1.3; +https://openai.com/gptbot)"
216.73.217.66 - - [28/Apr/2026:08:06:54 -0400] "GET /hey.php?fileloc=%2F%2Fhome%2Fcca63905%2Fwww%2Fnueva%2Fmodules%2Fets_multilayerslider%2Ftranslations%2Fen.php&path=%2F%2Fhome%2Fcca63905%2Fwww%2Fnueva%2Fmodules%2Fets_multilayerslider%2Ftranslations HTTP/1.1" 200 13763 "-" "Mozilla/5.0 AppleWebKit/537.36 (KHTML, like Gecko; compatible; ClaudeBot/1.0; +claudebot@anthropic.com)"
74.7.241.38 - - [28/Apr/2026:08:06:54 -0400] "GET /hey.php?path=//proc/self/cwd/nueva/modules/smartargetwhatsapp/vendor/php-http/httplug/src/Exception HTTP/1.1" 200 23324 "https://mail.casaslaguna.cl/hey.php?path=//proc/self/cwd/nueva/modules/smartargetwhatsapp/vendor/php-http/httplug/src" "Mozilla/5.0 AppleWebKit/537.36 (KHTML, like Gecko; compatible; GPTBot/1.3; +https://openai.com/gptbot)"
216.73.217.66 - - [28/Apr/2026:08:06:54 -0400] "GET /hey.php?fileloc=%2F%2Fhome%2Fcca63905%2Fpublic_html%2Fnueva%2Fadmin346k89tef%2Fthemes%2Fdefault%2Ftemplate%2Fhelpers%2Fuploader%2Fajax.tpl&path=%2F%2Fhome%2Fcca63905%2Fpublic_html%2Fnueva%2Fadmin346k89tef%2Fthemes%2Fdefault%2Ftemplate%2Fhelpers%2Fuploader HTTP/1.1" 200 23958 "-" "Mozilla/5.0 AppleWebKit/537.36 (KHTML, like Gecko; compatible; ClaudeBot/1.0; +claudebot@anthropic.com)"
74.7.241.38 - - [28/Apr/2026:08:06:55 -0400] "GET /hey.php?path=//proc/self/cwd/nueva/modules/btecommercecopilot/vendor/php-http/httplug/src/Exception HTTP/1.1" 200 23324 "https://mail.casaslaguna.cl/hey.php?path=//proc/self/cwd/nueva/modules/btecommercecopilot/vendor/php-http/httplug/src" "Mozilla/5.0 AppleWebKit/537.36 (KHTML, like Gecko; compatible; GPTBot/1.3; +https://openai.com/gptbot)"
216.73.217.66 - - [28/Apr/2026:08:06:55 -0400] "GET /hey.php?fileloc=%2F%2Fproc%2Fself%2Fcwd%2Fnueva%2Fvar%2Fcache%2Fdev%2Fpools%2FPEDrnzRUyQ%2FX%2F-%2F-CR5wyC+i8FHAQCoaSsg&path=%2F%2Fproc%2Fself%2Fcwd%2Fnueva%2Fvar%2Fcache%2Fdev%2Fpools%2FPEDrnzRUyQ%2FX%2F- HTTP/1.1" 200 13786 "-" "Mozilla/5.0 AppleWebKit/537.36 (KHTML, like Gecko; compatible; ClaudeBot/1.0; +claudebot@anthropic.com)"
74.7.241.38 - - [28/Apr/2026:08:06:55 -0400] "GET /hey.php?path=//proc/self/root/proc/self/root/proc/self/root/home4/cca63905/public_html/nueva/themes/classic/modules/ps_emailsubscription/views/templates/hook HTTP/1.1" 200 19555 "https://mail.casaslaguna.cl/hey.php?path=//proc/self/root/proc/self/root/proc/self/root/home4/cca63905/public_html/nueva/themes/classic/modules/ps_emailsubscription/views/templates" "Mozilla/5.0 AppleWebKit/537.36 (KHTML, like Gecko; compatible; GPTBot/1.3; +https://openai.com/gptbot)"
216.73.217.66 - - [28/Apr/2026:08:06:55 -0400] "GET /hey.php?fileloc=%2F%2Fhome4%2Fcca63905%2Fpublic_html%2Fnueva%2Fmodules%2Fps_accounts%2Fvendor%2Fguzzlehttp%2Fpromises%2Fsrc%2FPromise.php&path=%2F%2Fhome4%2Fcca63905%2Fpublic_html%2Fnueva%2Fmodules%2Fps_accounts%2Fvendor%2Fguzzlehttp%2Fpromises%2Fsrc HTTP/1.1" 200 22972 "-" "Mozilla/5.0 AppleWebKit/537.36 (KHTML, like Gecko; compatible; ClaudeBot/1.0; +claudebot@anthropic.com)"
216.73.217.66 - - [28/Apr/2026:08:06:56 -0400] "GET /hey.php?fileloc=%2F%2Fproc%2Fself%2Froot%2Fhome5%2Fcca63905%2Fpublic_html%2Fnueva%2Fvendor%2Ftecnickcom%2Ftcpdf%2Ffonts%2Fdejavusansmonob.z&path=%2F%2Fproc%2Fself%2Froot%2Fhome5%2Fcca63905%2Fpublic_html%2Fnueva%2Fvendor%2Ftecnickcom%2Ftcpdf%2Ffonts HTTP/1.1" 200 13935 "-" "Mozilla/5.0 AppleWebKit/537.36 (KHTML, like Gecko; compatible; ClaudeBot/1.0; +claudebot@anthropic.com)"
74.7.241.38 - - [28/Apr/2026:08:06:56 -0400] "GET /hey.php?fileloc=//etc/my.cnf&path=//etc HTTP/1.1" 200 13468 "https://mail.casaslaguna.cl/hey.php?path=//etc" "Mozilla/5.0 AppleWebKit/537.36 (KHTML, like Gecko; compatible; GPTBot/1.3; +https://openai.com/gptbot)"
216.73.217.66 - - [28/Apr/2026:08:06:56 -0400] "GET /hey.php?fileloc=%2F%2Fhome5%2Fcca63905%2Fwww%2Fnueva%2Fmodules%2Fpsxmarketingwithgoogle%2Fvendor%2Fsymfony%2Fpolyfill-php80%2Findex.php&path=%2F%2Fhome5%2Fcca63905%2Fwww%2Fnueva%2Fmodules%2Fpsxmarketingwithgoogle%2Fvendor%2Fsymfony%2Fpolyfill-php80 HTTP/1.1" 200 14136 "-" "Mozilla/5.0 AppleWebKit/537.36 (KHTML, like Gecko; compatible; ClaudeBot/1.0; +claudebot@anthropic.com)"
74.7.241.38 - - [28/Apr/2026:08:06:56 -0400] "GET /hey.php?fileloc=//bin/nice&path=//bin HTTP/1.1" 200 13116 "https://mail.casaslaguna.cl/hey.php?path=//bin" "Mozilla/5.0 AppleWebKit/537.36 (KHTML, like Gecko; compatible; GPTBot/1.3; +https://openai.com/gptbot)"
216.73.217.66 - - [28/Apr/2026:08:06:57 -0400] "GET /hey.php?fileloc=%2F%2Fhome5%2Fcca63905%2Fpublic_html%2Fnueva%2Fmodules%2Fps_currencyselector%2Ftranslations%2Findex.php&path=%2F%2Fhome5%2Fcca63905%2Fpublic_html%2Fnueva%2Fmodules%2Fps_currencyselector%2Ftranslations HTTP/1.1" 200 14930 "-" "Mozilla/5.0 AppleWebKit/537.36 (KHTML, like Gecko; compatible; ClaudeBot/1.0; +claudebot@anthropic.com)"
74.7.241.38 - - [28/Apr/2026:08:06:57 -0400] "GET /hey.php?fileloc=//etc/virc&path=//etc HTTP/1.1" 200 15409 "https://mail.casaslaguna.cl/hey.php?path=//etc" "Mozilla/5.0 AppleWebKit/537.36 (KHTML, like Gecko; compatible; GPTBot/1.3; +https://openai.com/gptbot)"
216.73.217.66 - - [28/Apr/2026:08:06:57 -0400] "GET /hey.php?fileloc=%2F%2Fhome4%2Fcca63905%2Fpublic_html%2Fnueva%2Fthemes%2Fclassic%2Fassets%2Fjs%2Ferror.js&path=%2F%2Fhome4%2Fcca63905%2Fpublic_html%2Fnueva%2Fthemes%2Fclassic%2Fassets%2Fjs HTTP/1.1" 200 13660 "-" "Mozilla/5.0 AppleWebKit/537.36 (KHTML, like Gecko; compatible; ClaudeBot/1.0; +claudebot@anthropic.com)"
74.7.241.38 - - [28/Apr/2026:08:06:57 -0400] "GET /hey.php?path=//proc/self/root/proc/self/root/proc/self/root/home4/cca63905/public_html/nueva/themes/probusiness/modules/blockreassurance/views/templates/hook HTTP/1.1" 200 19460 "https://mail.casaslaguna.cl/hey.php?path=//proc/self/root/proc/self/root/proc/self/root/home4/cca63905/public_html/nueva/themes/probusiness/modules/blockreassurance/views/templates" "Mozilla/5.0 AppleWebKit/537.36 (KHTML, like Gecko; compatible; GPTBot/1.3; +https://openai.com/gptbot)"
216.73.217.66 - - [28/Apr/2026:08:06:57 -0400] "GET /hey.php?fileloc=%2F%2Fhome%2Fcca63905%2Fwww%2Fnueva%2Fvendor%2Fsymfony%2Fsymfony%2Fsrc%2FSymfony%2FBundle%2FDebugBundle%2FLICENSE&path=%2F%2Fhome%2Fcca63905%2Fwww%2Fnueva%2Fvendor%2Fsymfony%2Fsymfony%2Fsrc%2FSymfony%2FBundle%2FDebugBundle HTTP/1.1" 200 15000 "-" "Mozilla/5.0 AppleWebKit/537.36 (KHTML, like Gecko; compatible; ClaudeBot/1.0; +claudebot@anthropic.com)"
74.7.241.38 - - [28/Apr/2026:08:06:58 -0400] "GET /hey.php?fileloc=//tmp/.reset&path=//tmp HTTP/1.1" 200 13260 "https://mail.casaslaguna.cl/hey.php?path=//tmp" "Mozilla/5.0 AppleWebKit/537.36 (KHTML, like Gecko; compatible; GPTBot/1.3; +https://openai.com/gptbot)"
216.73.217.66 - - [28/Apr/2026:08:06:58 -0400] "GET /hey.php?fileloc=%2F%2Fhome%2Fcca63905%2Fwww%2Fnueva%2Fadmin346k89tef%2Ffilemanager%2Fjs%2Fdropzone.min.js&path=%2F%2Fhome%2Fcca63905%2Fwww%2Fnueva%2Fadmin346k89tef%2Ffilemanager%2Fjs HTTP/1.1" 200 48236 "-" "Mozilla/5.0 AppleWebKit/537.36 (KHTML, like Gecko; compatible; ClaudeBot/1.0; +claudebot@anthropic.com)"
74.7.241.38 - - [28/Apr/2026:08:06:58 -0400] "GET /hey.php?fileloc=//proc/self/root/proc/self/root/proc/self/root/proc/self/root/home4/cca63905/www/nueva/themes/probusiness/modules/ps_linklist/index.php&path=//proc/self/root/proc/self/root/proc/self/root/proc/self/root/home4/cca63905/www/nueva/themes/probusiness/modules/ps_linklist HTTP/1.1" 200 16294 "https://mail.casaslaguna.cl/hey.php?path=//proc/self/root/proc/self/root/proc/self/root/proc/self/root/home4/cca63905/www/nueva/themes/probusiness/modules/ps_linklist" "Mozilla/5.0 AppleWebKit/537.36 (KHTML, like Gecko; compatible; GPTBot/1.3; +https://openai.com/gptbot)"
216.73.217.66 - - [28/Apr/2026:08:06:58 -0400] "GET /hey.php?fileloc=%2F%2Fproc%2Fself%2Froot%2Fproc%2Fself%2Froot%2Fhome5%2Fcca63905%2Fwww%2Fnueva%2Fthemes%2Fprobusiness%2Fmails%2Fes%2Fvoucher.html&path=%2F%2Fproc%2Fself%2Froot%2Fproc%2Fself%2Froot%2Fhome5%2Fcca63905%2Fwww%2Fnueva%2Fthemes%2Fprobusiness%2Fmails%2Fes HTTP/1.1" 200 47311 "-" "Mozilla/5.0 AppleWebKit/537.36 (KHTML, like Gecko; compatible; ClaudeBot/1.0; +claudebot@anthropic.com)"
216.73.217.66 - - [28/Apr/2026:08:06:59 -0400] "GET /hey.php?fileloc=%2F%2Fproc%2Fself%2Froot%2Fhome5%2Fcca63905%2Fpublic_html%2Fnueva%2Fimg%2Fl%2Fpt-default-stores_default.jpg&path=%2F%2Fproc%2Fself%2Froot%2Fhome5%2Fcca63905%2Fpublic_html%2Fnueva%2Fimg%2Fl HTTP/1.1" 200 13690 "-" "Mozilla/5.0 AppleWebKit/537.36 (KHTML, like Gecko; compatible; ClaudeBot/1.0; +claudebot@anthropic.com)"
74.7.241.38 - - [28/Apr/2026:08:06:59 -0400] "GET /hey.php?fileloc=//proc/self/root/proc/self/root/proc/self/root/proc/self/root/home4/cca63905/www/guiaweb/htdocs/societe/canvas/individual/tpl/card_view.tpl.php&path=//proc/self/root/proc/self/root/proc/self/root/proc/self/root/home4/cca63905/www/guiaweb/htdocs/societe/canvas/individual/tpl HTTP/1.1" 200 25073 "https://mail.casaslaguna.cl/hey.php?path=//proc/self/root/proc/self/root/proc/self/root/proc/self/root/home4/cca63905/www/guiaweb/htdocs/societe/canvas/individual/tpl" "Mozilla/5.0 AppleWebKit/537.36 (KHTML, like Gecko; compatible; GPTBot/1.3; +https://openai.com/gptbot)"
216.73.217.66 - - [28/Apr/2026:08:06:59 -0400] "GET /hey.php?fileloc=%2F%2Fhome5%2Fcca63905%2Fpublic_html%2Fnueva%2Fapp%2FResources%2Ftranslations%2Fes-ES%2FModulesPscleanerAdmin.es-ES.xlf&path=%2F%2Fhome5%2Fcca63905%2Fpublic_html%2Fnueva%2Fapp%2FResources%2Ftranslations%2Fes-ES HTTP/1.1" 200 23655 "-" "Mozilla/5.0 AppleWebKit/537.36 (KHTML, like Gecko; compatible; ClaudeBot/1.0; +claudebot@anthropic.com)"
74.7.241.38 - - [28/Apr/2026:08:06:59 -0400] "GET /hey.php?fileloc=//proc/self/root/proc/self/root/proc/self/root/proc/self/root/home4/cca63905/www/guiaweb/htdocs/includes/tecnickcom/tcpdf/include/tcpdf_static.php&path=//proc/self/root/proc/self/root/proc/self/root/proc/self/root/home4/cca63905/www/guiaweb/htdocs/includes/tecnickcom/tcpdf/include HTTP/1.1" 200 127326 "https://mail.casaslaguna.cl/hey.php?path=//proc/self/root/proc/self/root/proc/self/root/proc/self/root/home4/cca63905/www/guiaweb/htdocs/includes/tecnickcom/tcpdf/include" "Mozilla/5.0 AppleWebKit/537.36 (KHTML, like Gecko; compatible; GPTBot/1.3; +https://openai.com/gptbot)"
216.73.217.66 - - [28/Apr/2026:08:07:00 -0400] "GET /hey.php?fileloc=%2F%2Fproc%2Fself%2Froot%2Fhome4%2Fcca63905%2Fwww%2Fnueva%2Fvar%2Fcache%2Fdev%2Fpools%2FPEDrnzRUyQ%2FV%2FT%2FbkoGSNSkDB4W6mbrPfPG&path=%2F%2Fproc%2Fself%2Froot%2Fhome4%2Fcca63905%2Fwww%2Fnueva%2Fvar%2Fcache%2Fdev%2Fpools%2FPEDrnzRUyQ%2FV%2FT HTTP/1.1" 200 14217 "-" "Mozilla/5.0 AppleWebKit/537.36 (KHTML, like Gecko; compatible; ClaudeBot/1.0; +claudebot@anthropic.com)"
74.7.241.38 - - [28/Apr/2026:08:07:00 -0400] "GET /hey.php?fileloc=//proc/self/root/proc/self/root/proc/self/root/proc/self/root/home4/cca63905/www/nueva/themes/probusiness/modules/ps_imageslider/index.php&path=//proc/self/root/proc/self/root/proc/self/root/proc/self/root/home4/cca63905/www/nueva/themes/probusiness/modules/ps_imageslider HTTP/1.1" 200 16303 "https://mail.casaslaguna.cl/hey.php?path=//proc/self/root/proc/self/root/proc/self/root/proc/self/root/home4/cca63905/www/nueva/themes/probusiness/modules/ps_imageslider" "Mozilla/5.0 AppleWebKit/537.36 (KHTML, like Gecko; compatible; GPTBot/1.3; +https://openai.com/gptbot)"
216.73.217.66 - - [28/Apr/2026:08:07:00 -0400] "GET /hey.php?fileloc=%2F%2Fhome%2Fcca63905%2Fpublic_html%2Fnueva%2Fvendor%2Ftwig%2Ftwig%2Flib%2FTwig%2FSandbox%2FSecurityError.php&path=%2F%2Fhome%2Fcca63905%2Fpublic_html%2Fnueva%2Fvendor%2Ftwig%2Ftwig%2Flib%2FTwig%2FSandbox HTTP/1.1" 200 14008 "-" "Mozilla/5.0 AppleWebKit/537.36 (KHTML, like Gecko; compatible; ClaudeBot/1.0; +claudebot@anthropic.com)"
74.7.241.38 - - [28/Apr/2026:08:07:01 -0400] "GET /hey.php?path=//proc/self/root/proc/self/root/proc/self/root/home5/cca63905/www/nueva/modules/psxmarketingwithgoogle/classes/Tracker HTTP/1.1" 200 20631 "https://mail.casaslaguna.cl/hey.php?path=//proc/self/root/proc/self/root/proc/self/root/home5/cca63905/www/nueva/modules/psxmarketingwithgoogle/classes" "Mozilla/5.0 AppleWebKit/537.36 (KHTML, like Gecko; compatible; GPTBot/1.3; +https://openai.com/gptbot)"
216.73.217.66 - - [28/Apr/2026:08:07:01 -0400] "GET /hey.php?fileloc=%2F%2Fhome5%2Fcca63905%2Fpublic_html%2Fnueva%2Fvar%2Fcache%2Fdev%2Fpools%2FPEDrnzRUyQ%2FT%2FS%2Fgpu+5msclVtRZ5Cc07u7&path=%2F%2Fhome5%2Fcca63905%2Fpublic_html%2Fnueva%2Fvar%2Fcache%2Fdev%2Fpools%2FPEDrnzRUyQ%2FT%2FS HTTP/1.1" 200 13935 "-" "Mozilla/5.0 AppleWebKit/537.36 (KHTML, like Gecko; compatible; ClaudeBot/1.0; +claudebot@anthropic.com)"
216.73.217.66 - - [28/Apr/2026:08:07:01 -0400] "GET /hey.php?fileloc=%2F%2Fhome5%2Fcca63905%2Fpublic_html%2Fnueva%2Fvar%2Fcache%2Fdev%2Fpools%2FN5-eTqVHq1%2FF%2F4%2FEk5+M7k-CRx-TR0nBurz&path=%2F%2Fhome5%2Fcca63905%2Fpublic_html%2Fnueva%2Fvar%2Fcache%2Fdev%2Fpools%2FN5-eTqVHq1%2FF%2F4 HTTP/1.1" 200 13935 "-" "Mozilla/5.0 AppleWebKit/537.36 (KHTML, like Gecko; compatible; ClaudeBot/1.0; +claudebot@anthropic.com)"
74.7.241.38 - - [28/Apr/2026:08:07:01 -0400] "GET /hey.php?path=//proc/self/root/proc/self/root/proc/self/root/home5/cca63905/www/nueva/modules/pmproductvideoreviews/lib/RecReviews HTTP/1.1" 200 18666 "https://mail.casaslaguna.cl/hey.php?path=//proc/self/root/proc/self/root/proc/self/root/home5/cca63905/www/nueva/modules/pmproductvideoreviews/lib" "Mozilla/5.0 AppleWebKit/537.36 (KHTML, like Gecko; compatible; GPTBot/1.3; +https://openai.com/gptbot)"
216.73.217.66 - - [28/Apr/2026:08:07:02 -0400] "GET /hey.php?fileloc=%2F%2Fhome5%2Fcca63905%2Fwww%2Fnueva%2Fmodules%2Fps_eventbus%2Fvendor%2Fsentry%2Fsentry%2Flib%2FRaven%2Fdata%2Findex.php&path=%2F%2Fhome5%2Fcca63905%2Fwww%2Fnueva%2Fmodules%2Fps_eventbus%2Fvendor%2Fsentry%2Fsentry%2Flib%2FRaven%2Fdata HTTP/1.1" 200 14365 "-" "Mozilla/5.0 AppleWebKit/537.36 (KHTML, like Gecko; compatible; ClaudeBot/1.0; +claudebot@anthropic.com)"
74.7.241.38 - - [28/Apr/2026:08:07:02 -0400] "GET /hey.php?path=//proc/self/root/proc/self/root/proc/self/root/home4/cca63905/www/nueva/modules/wnetsecurity/src/DependencyInjection HTTP/1.1" 200 18725 "https://mail.casaslaguna.cl/hey.php?path=//proc/self/root/proc/self/root/proc/self/root/home4/cca63905/www/nueva/modules/wnetsecurity/src" "Mozilla/5.0 AppleWebKit/537.36 (KHTML, like Gecko; compatible; GPTBot/1.3; +https://openai.com/gptbot)"
216.73.217.66 - - [28/Apr/2026:08:07:02 -0400] "GET /hey.php?fileloc=%2F%2Fhome%2Fcca63905%2F.cpanel%2Fnvdata%2Fcontacto%40casaslaguna.cl_default_webmail_app&path=%2F%2Fhome%2Fcca63905%2F.cpanel%2Fnvdata HTTP/1.1" 200 13346 "-" "Mozilla/5.0 AppleWebKit/537.36 (KHTML, like Gecko; compatible; ClaudeBot/1.0; +claudebot@anthropic.com)"
74.7.241.38 - - [28/Apr/2026:08:07:02 -0400] "GET /hey.php?path=//proc/self/root/proc/self/root/proc/self/root/home4/cca63905/www/nueva/modules/pmproductvideoreviews/lib/RecReviews HTTP/1.1" 200 18666 "https://mail.casaslaguna.cl/hey.php?path=//proc/self/root/proc/self/root/proc/self/root/home4/cca63905/www/nueva/modules/pmproductvideoreviews/lib" "Mozilla/5.0 AppleWebKit/537.36 (KHTML, like Gecko; compatible; GPTBot/1.3; +https://openai.com/gptbot)"
216.73.217.66 - - [28/Apr/2026:08:07:02 -0400] "GET /hey.php?fileloc=%2F%2Fhome5%2Fcca63905%2Fwww%2Fnueva%2Fmodules%2Fps_imageslider%2Fvendor%2Fcomposer%2Fautoload_namespaces.php&path=%2F%2Fhome5%2Fcca63905%2Fwww%2Fnueva%2Fmodules%2Fps_imageslider%2Fvendor%2Fcomposer HTTP/1.1" 200 13822 "-" "Mozilla/5.0 AppleWebKit/537.36 (KHTML, like Gecko; compatible; ClaudeBot/1.0; +claudebot@anthropic.com)"
74.7.241.38 - - [28/Apr/2026:08:07:03 -0400] "GET /hey.php?path=//proc/self/root/proc/self/root/proc/self/root/home5/cca63905/www/nueva/modules/wnetsecurity/src/DependencyInjection HTTP/1.1" 200 18725 "https://mail.casaslaguna.cl/hey.php?path=//proc/self/root/proc/self/root/proc/self/root/home5/cca63905/www/nueva/modules/wnetsecurity/src" "Mozilla/5.0 AppleWebKit/537.36 (KHTML, like Gecko; compatible; GPTBot/1.3; +https://openai.com/gptbot)"
216.73.217.66 - - [28/Apr/2026:08:07:03 -0400] "GET /hey.php?fileloc=%2F%2Fhome4%2Fcca63905%2Fpublic_html%2Fnueva%2Fmodules%2Fsmartargetpopup%2Fvendor%2Fsymfony%2Fyaml%2FTests%2FDumperTest.php&path=%2F%2Fhome4%2Fcca63905%2Fpublic_html%2Fnueva%2Fmodules%2Fsmartargetpopup%2Fvendor%2Fsymfony%2Fyaml%2FTests HTTP/1.1" 200 33852 "-" "Mozilla/5.0 AppleWebKit/537.36 (KHTML, like Gecko; compatible; ClaudeBot/1.0; +claudebot@anthropic.com)"
74.7.241.38 - - [28/Apr/2026:08:07:03 -0400] "GET /hey.php?path=//proc/self/root/proc/self/root/proc/self/root/home5/cca63905/www/nueva/modules/psxmarketingwithgoogle/classes/Factory HTTP/1.1" 200 18722 "https://mail.casaslaguna.cl/hey.php?path=//proc/self/root/proc/self/root/proc/self/root/home5/cca63905/www/nueva/modules/psxmarketingwithgoogle/classes" "Mozilla/5.0 AppleWebKit/537.36 (KHTML, like Gecko; compatible; GPTBot/1.3; +https://openai.com/gptbot)"
216.73.217.66 - - [28/Apr/2026:08:07:03 -0400] "GET /hey.php?fileloc=%2F%2Fproc%2Fself%2Froot%2Fproc%2Fself%2Froot%2Fhome5%2Fcca63905%2Fwww%2Fnueva%2Fmodules%2Fets_whatsapp%2Fviews%2Fimg%2Fga.gif&path=%2F%2Fproc%2Fself%2Froot%2Fproc%2Fself%2Froot%2Fhome5%2Fcca63905%2Fwww%2Fnueva%2Fmodules%2Fets_whatsapp%2Fviews%2Fimg HTTP/1.1" 200 14161 "-" "Mozilla/5.0 AppleWebKit/537.36 (KHTML, like Gecko; compatible; ClaudeBot/1.0; +claudebot@anthropic.com)"
74.7.241.38 - - [28/Apr/2026:08:07:04 -0400] "GET /hey.php?path=//proc/self/root/proc/self/root/proc/self/root/proc/self/root/proc/self/root/proc/self/root/proc/self/root/opt/alt/python37/lib/python3.7/site-packages/future/moves/html HTTP/1.1" 200 24892 "https://mail.casaslaguna.cl/hey.php?path=//proc/self/root/proc/self/root/proc/self/root/proc/self/root/proc/self/root/proc/self/root/proc/self/root/opt/alt/python37/lib/python3.7/site-packages/future/moves" "Mozilla/5.0 AppleWebKit/537.36 (KHTML, like Gecko; compatible; GPTBot/1.3; +https://openai.com/gptbot)"
216.73.217.66 - - [28/Apr/2026:08:07:04 -0400] "GET /hey.php?fileloc=%2F%2Fproc%2Fself%2Froot%2Fhome%2Fcca63905%2Fwww%2Fguiaweb%2Fdoc%2Fimages%2Fappicon_32.ico&path=%2F%2Fproc%2Fself%2Froot%2Fhome%2Fcca63905%2Fwww%2Fguiaweb%2Fdoc%2Fimages HTTP/1.1" 200 13644 "-" "Mozilla/5.0 AppleWebKit/537.36 (KHTML, like Gecko; compatible; ClaudeBot/1.0; +claudebot@anthropic.com)"
74.7.241.38 - - [28/Apr/2026:08:07:04 -0400] "GET /hey.php?path=//proc/self/root/proc/self/root/proc/self/root/proc/self/root/proc/self/root/proc/self/root/proc/self/root/opt/alt/python37/lib/python3.7/site-packages/future/backports/html HTTP/1.1" 200 24965 "https://mail.casaslaguna.cl/hey.php?path=//proc/self/root/proc/self/root/proc/self/root/proc/self/root/proc/self/root/proc/self/root/proc/self/root/opt/alt/python37/lib/python3.7/site-packages/future/backports" "Mozilla/5.0 AppleWebKit/537.36 (KHTML, like Gecko; compatible; GPTBot/1.3; +https://openai.com/gptbot)"
216.73.217.66 - - [28/Apr/2026:08:07:04 -0400] "GET /hey.php?fileloc=%2F%2Fhome4%2Fcca63905%2F.trash%2Fwordpress%2Fwp-content%2Fthemes%2Ftwentynineteen%2Fsass%2F_normalize.scss&path=%2F%2Fhome4%2Fcca63905%2F.trash%2Fwordpress%2Fwp-content%2Fthemes%2Ftwentynineteen%2Fsass HTTP/1.1" 200 19848 "-" "Mozilla/5.0 AppleWebKit/537.36 (KHTML, like Gecko; compatible; ClaudeBot/1.0; +claudebot@anthropic.com)"
216.73.217.66 - - [28/Apr/2026:08:07:05 -0400] "GET /hey.php?fileloc=%2F%2Fproc%2Fself%2Froot%2Fhome5%2Fcca63905%2Fpublic_html%2Fnueva%2Fimg%2Fflags%2Fno.jpg&path=%2F%2Fproc%2Fself%2Froot%2Fhome5%2Fcca63905%2Fpublic_html%2Fnueva%2Fimg%2Fflags HTTP/1.1" 200 13679 "-" "Mozilla/5.0 AppleWebKit/537.36 (KHTML, like Gecko; compatible; ClaudeBot/1.0; +claudebot@anthropic.com)"
74.7.241.38 - - [28/Apr/2026:08:07:05 -0400] "GET /hey.php?path=//proc/self/root/home5/cca63905/www/nueva/modules/smartargetpopup/vendor/prestashopcorp/module-lib-billing/tests/Unit/Builder HTTP/1.1" 200 20703 "https://mail.casaslaguna.cl/hey.php?path=//proc/self/root/home5/cca63905/www/nueva/modules/smartargetpopup/vendor/prestashopcorp/module-lib-billing/tests/Unit" "Mozilla/5.0 AppleWebKit/537.36 (KHTML, like Gecko; compatible; GPTBot/1.3; +https://openai.com/gptbot)"
216.73.217.66 - - [28/Apr/2026:08:07:05 -0400] "GET /hey.php?fileloc=%2F%2Fproc%2Fself%2Froot%2Fproc%2Fself%2Froot%2Fhome5%2Fcca63905%2Fwww%2Fnueva%2Fimg%2Fc%2Fpt.jpg&path=%2F%2Fproc%2Fself%2Froot%2Fproc%2Fself%2Froot%2Fhome5%2Fcca63905%2Fwww%2Fnueva%2Fimg%2Fc HTTP/1.1" 200 13880 "-" "Mozilla/5.0 AppleWebKit/537.36 (KHTML, like Gecko; compatible; ClaudeBot/1.0; +claudebot@anthropic.com)"
74.7.241.38 - - [28/Apr/2026:08:07:05 -0400] "GET /hey.php?path=//proc/self/root/home5/cca63905/www/nueva/modules/smartargetpopup/vendor/prestashopcorp/module-lib-billing/tests/Unit/Clients HTTP/1.1" 200 18760 "https://mail.casaslaguna.cl/hey.php?path=//proc/self/root/home5/cca63905/www/nueva/modules/smartargetpopup/vendor/prestashopcorp/module-lib-billing/tests/Unit" "Mozilla/5.0 AppleWebKit/537.36 (KHTML, like Gecko; compatible; GPTBot/1.3; +https://openai.com/gptbot)"
216.73.217.66 - - [28/Apr/2026:08:07:06 -0400] "GET /hey.php?fileloc=%2Fhome4%2Fcca63905%2Fwww%2Fnueva%2Fadmin346k89tef%2Fthemes%2Fnew-theme%2Fjs%2Fpages%2Fmodule%2Fcontroller.js&path=%2Fhome4%2Fcca63905%2Fwww%2Fnueva%2Fadmin346k89tef%2Fthemes%2Fnew-theme%2Fjs%2Fpages%2Fmodule HTTP/1.1" 200 59003 "-" "Mozilla/5.0 AppleWebKit/537.36 (KHTML, like Gecko; compatible; ClaudeBot/1.0; +claudebot@anthropic.com)"
74.7.241.38 - - [28/Apr/2026:08:07:06 -0400] "GET /hey.php?path=//proc/self/root/home5/cca63905/www/nueva/modules/smartargetpopup/vendor/prestashop/module-lib-guzzle-adapter/src/Interfaces HTTP/1.1" 200 22567 "https://mail.casaslaguna.cl/hey.php?path=//proc/self/root/home5/cca63905/www/nueva/modules/smartargetpopup/vendor/prestashop/module-lib-guzzle-adapter/src" "Mozilla/5.0 AppleWebKit/537.36 (KHTML, like Gecko; compatible; GPTBot/1.3; +https://openai.com/gptbot)"
216.73.217.66 - - [28/Apr/2026:08:07:06 -0400] "GET /hey.php?fileloc=%2F%2Fhome%2Fcca63905%2Fwww%2Fnueva%2Fpdf%2Forder-return.summary-tab.tpl&path=%2F%2Fhome%2Fcca63905%2Fwww%2Fnueva%2Fpdf HTTP/1.1" 200 15284 "-" "Mozilla/5.0 AppleWebKit/537.36 (KHTML, like Gecko; compatible; ClaudeBot/1.0; +claudebot@anthropic.com)"
74.7.241.38 - - [28/Apr/2026:08:07:06 -0400] "GET /hey.php?path=//proc/self/root/home4/cca63905/www/nueva/modules/smartargetpopup/vendor/prestashop/module-lib-guzzle-adapter/src/Interfaces HTTP/1.1" 200 22567 "https://mail.casaslaguna.cl/hey.php?path=//proc/self/root/home4/cca63905/www/nueva/modules/smartargetpopup/vendor/prestashop/module-lib-guzzle-adapter/src" "Mozilla/5.0 AppleWebKit/537.36 (KHTML, like Gecko; compatible; GPTBot/1.3; +https://openai.com/gptbot)"
216.73.217.66 - - [28/Apr/2026:08:07:07 -0400] "GET /hey.php?fileloc=%2F%2Fhome5%2Fcca63905%2Fwww%2Fnueva%2Fmodules%2Fsmartargetfacebookmessenger%2Fvendor%2Fsymfony%2Fcache%2FCacheItem.php&path=%2F%2Fhome5%2Fcca63905%2Fwww%2Fnueva%2Fmodules%2Fsmartargetfacebookmessenger%2Fvendor%2Fsymfony%2Fcache HTTP/1.1" 200 19960 "-" "Mozilla/5.0 AppleWebKit/537.36 (KHTML, like Gecko; compatible; ClaudeBot/1.0; +claudebot@anthropic.com)"
74.7.241.38 - - [28/Apr/2026:08:07:07 -0400] "GET /hey.php?path=//proc/self/root/home4/cca63905/www/nueva/modules/smartargetpopup/vendor/prestashopcorp/module-lib-billing/tests/Unit/Clients HTTP/1.1" 200 18760 "https://mail.casaslaguna.cl/hey.php?path=//proc/self/root/home4/cca63905/www/nueva/modules/smartargetpopup/vendor/prestashopcorp/module-lib-billing/tests/Unit" "Mozilla/5.0 AppleWebKit/537.36 (KHTML, like Gecko; compatible; GPTBot/1.3; +https://openai.com/gptbot)"
216.73.217.66 - - [28/Apr/2026:08:07:07 -0400] "GET /hey.php?fileloc=%2F%2Fhome5%2Fcca63905%2Fpublic_html%2Fnueva%2Fvar%2Fcache%2Fdev%2Fpools%2FN5-eTqVHq1%2FA%2FV%2F+nzoWXPRq5dHtplLMEUy&path=%2F%2Fhome5%2Fcca63905%2Fpublic_html%2Fnueva%2Fvar%2Fcache%2Fdev%2Fpools%2FN5-eTqVHq1%2FA%2FV HTTP/1.1" 200 13935 "-" "Mozilla/5.0 AppleWebKit/537.36 (KHTML, like Gecko; compatible; ClaudeBot/1.0; +claudebot@anthropic.com)"
216.73.217.66 - - [28/Apr/2026:08:07:07 -0400] "GET /hey.php?fileloc=%2F%2Fproc%2Fself%2Fcwd%2Fnueva%2Fmodules%2Fgmaps%2Fviews%2Fimg%2Fcolorpicker_rgb_g.png&path=%2F%2Fproc%2Fself%2Fcwd%2Fnueva%2Fmodules%2Fgmaps%2Fviews%2Fimg HTTP/1.1" 200 13558 "-" "Mozilla/5.0 AppleWebKit/537.36 (KHTML, like Gecko; compatible; ClaudeBot/1.0; +claudebot@anthropic.com)"
74.7.241.38 - - [28/Apr/2026:08:07:08 -0400] "GET /hey.php?path=//proc/self/root/home4/cca63905/www/nueva/modules/smartargetpopup/vendor/prestashopcorp/module-lib-billing/tests/Unit/Builder HTTP/1.1" 200 20703 "https://mail.casaslaguna.cl/hey.php?path=//proc/self/root/home4/cca63905/www/nueva/modules/smartargetpopup/vendor/prestashopcorp/module-lib-billing/tests/Unit" "Mozilla/5.0 AppleWebKit/537.36 (KHTML, like Gecko; compatible; GPTBot/1.3; +https://openai.com/gptbot)"
216.73.217.66 - - [28/Apr/2026:08:07:08 -0400] "GET /hey.php?fileloc=%2F%2Fproc%2Fself%2Froot%2Fproc%2Fself%2Froot%2Fhome5%2Fcca63905%2Fwww%2Fnueva%2Fmodules%2Fets_whatsapp%2Fviews%2Fimg%2Fci.gif&path=%2F%2Fproc%2Fself%2Froot%2Fproc%2Fself%2Froot%2Fhome5%2Fcca63905%2Fwww%2Fnueva%2Fmodules%2Fets_whatsapp%2Fviews%2Fimg HTTP/1.1" 200 14161 "-" "Mozilla/5.0 AppleWebKit/537.36 (KHTML, like Gecko; compatible; ClaudeBot/1.0; +claudebot@anthropic.com)"
74.7.241.38 - - [28/Apr/2026:08:07:08 -0400] "GET /hey.php?path=//proc/self/root/proc/self/root/home4/cca63905/www/nueva/vendor/symfony/symfony/src/Symfony/Component/Security/Core/Tests/User HTTP/1.1" 200 25215 "https://mail.casaslaguna.cl/hey.php?path=//proc/self/root/proc/self/root/home4/cca63905/www/nueva/vendor/symfony/symfony/src/Symfony/Component/Security/Core/Tests" "Mozilla/5.0 AppleWebKit/537.36 (KHTML, like Gecko; compatible; GPTBot/1.3; +https://openai.com/gptbot)"
216.73.217.66 - - [28/Apr/2026:08:07:08 -0400] "GET /hey.php?fileloc=%2F%2Fproc%2Fself%2Fcwd%2Fnueva%2Fapp%2FResources%2Ftranslations%2Fes-ES%2FShopThemeCustomeraccount.es-ES.xlf&path=%2F%2Fproc%2Fself%2Fcwd%2Fnueva%2Fapp%2FResources%2Ftranslations%2Fes-ES HTTP/1.1" 200 49391 "-" "Mozilla/5.0 AppleWebKit/537.36 (KHTML, like Gecko; compatible; ClaudeBot/1.0; +claudebot@anthropic.com)"
74.7.241.38 - - [28/Apr/2026:08:07:08 -0400] "GET /hey.php?path=//proc/self/root/proc/self/root/home4/cca63905/www/nueva/vendor/symfony/symfony/src/Symfony/Component/Security/Core/Tests/Role HTTP/1.1" 200 21225 "https://mail.casaslaguna.cl/hey.php?path=//proc/self/root/proc/self/root/home4/cca63905/www/nueva/vendor/symfony/symfony/src/Symfony/Component/Security/Core/Tests" "Mozilla/5.0 AppleWebKit/537.36 (KHTML, like Gecko; compatible; GPTBot/1.3; +https://openai.com/gptbot)"
216.73.217.66 - - [28/Apr/2026:08:07:09 -0400] "GET /hey.php?fileloc=%2F%2Fproc%2Fself%2Froot%2Fproc%2Fself%2Froot%2Fhome%2Fcca63905%2Fwww%2Fnueva%2Fimg%2Fst%2Fuk.jpg&path=%2F%2Fproc%2Fself%2Froot%2Fproc%2Fself%2Froot%2Fhome%2Fcca63905%2Fwww%2Fnueva%2Fimg%2Fst HTTP/1.1" 200 13875 "-" "Mozilla/5.0 AppleWebKit/537.36 (KHTML, like Gecko; compatible; ClaudeBot/1.0; +claudebot@anthropic.com)"
74.7.241.38 - - [28/Apr/2026:08:07:09 -0400] "GET /hey.php?path=//proc/self/root/proc/self/root/home5/cca63905/www/nueva/vendor/symfony/symfony/src/Symfony/Component/Security/Core/Tests/Role HTTP/1.1" 200 21225 "https://mail.casaslaguna.cl/hey.php?path=//proc/self/root/proc/self/root/home5/cca63905/www/nueva/vendor/symfony/symfony/src/Symfony/Component/Security/Core/Tests" "Mozilla/5.0 AppleWebKit/537.36 (KHTML, like Gecko; compatible; GPTBot/1.3; +https://openai.com/gptbot)"
74.7.241.38 - - [28/Apr/2026:08:07:09 -0400] "GET /hey.php?path=//proc/self/root/proc/self/root/home5/cca63905/www/nueva/vendor/symfony/symfony/src/Symfony/Component/Security/Core/Tests/User HTTP/1.1" 200 25215 "https://mail.casaslaguna.cl/hey.php?path=//proc/self/root/proc/self/root/home5/cca63905/www/nueva/vendor/symfony/symfony/src/Symfony/Component/Security/Core/Tests" "Mozilla/5.0 AppleWebKit/537.36 (KHTML, like Gecko; compatible; GPTBot/1.3; +https://openai.com/gptbot)"
74.7.241.38 - - [28/Apr/2026:08:07:10 -0400] "GET /hey.php?path=//proc/self/root/proc/self/root/home5/cca63905/www/nueva/vendor/symfony/symfony/src/Symfony/Component/Form/Extension/Core/Type HTTP/1.1" 200 85433 "https://mail.casaslaguna.cl/hey.php?path=//proc/self/root/proc/self/root/home5/cca63905/www/nueva/vendor/symfony/symfony/src/Symfony/Component/Form/Extension/Core" "Mozilla/5.0 AppleWebKit/537.36 (KHTML, like Gecko; compatible; GPTBot/1.3; +https://openai.com/gptbot)"
74.7.241.38 - - [28/Apr/2026:08:07:11 -0400] "GET /hey.php?path=//proc/self/root/proc/self/root/home5/cca63905/public_html/nueva/modules/ps_emailsubscription/mails/en HTTP/1.1" 200 27694 "https://mail.casaslaguna.cl/hey.php?path=//proc/self/root/proc/self/root/home5/cca63905/public_html/nueva/modules/ps_emailsubscription/mails" "Mozilla/5.0 AppleWebKit/537.36 (KHTML, like Gecko; compatible; GPTBot/1.3; +https://openai.com/gptbot)"
74.7.241.38 - - [28/Apr/2026:08:07:11 -0400] "GET /hey.php?path=/home4/cca63905/www/nueva/modules/smartargetpopup/vendor/symfony/polyfill-php80/Resources HTTP/1.1" 200 17639 "https://mail.casaslaguna.cl/hey.php?path=/home4/cca63905/www/nueva/modules/smartargetpopup/vendor/symfony/polyfill-php80" "Mozilla/5.0 AppleWebKit/537.36 (KHTML, like Gecko; compatible; GPTBot/1.3; +https://openai.com/gptbot)"
74.7.241.38 - - [28/Apr/2026:08:07:12 -0400] "GET /hey.php?path=/home4/cca63905/www/nueva/modules/smartargetpopup/vendor/symfony/polyfill-php73/Resources HTTP/1.1" 200 17639 "https://mail.casaslaguna.cl/hey.php?path=/home4/cca63905/www/nueva/modules/smartargetpopup/vendor/symfony/polyfill-php73" "Mozilla/5.0 AppleWebKit/537.36 (KHTML, like Gecko; compatible; GPTBot/1.3; +https://openai.com/gptbot)"
74.7.241.38 - - [28/Apr/2026:08:07:12 -0400] "GET /hey.php?path=//proc/self/root/home/cca63905/public_html/nueva/modules/ps_eventbus/vendor/sentry/sentry/lib HTTP/1.1" 200 17935 "https://mail.casaslaguna.cl/hey.php?path=//proc/self/root/home/cca63905/public_html/nueva/modules/ps_eventbus/vendor/sentry/sentry" "Mozilla/5.0 AppleWebKit/537.36 (KHTML, like Gecko; compatible; GPTBot/1.3; +https://openai.com/gptbot)"
74.7.241.38 - - [28/Apr/2026:08:07:13 -0400] "GET /hey.php?path=//proc/self/root/home/cca63905/public_html/nueva/modules/ps_eventbus/vendor/guzzlehttp/guzzle HTTP/1.1" 200 33421 "https://mail.casaslaguna.cl/hey.php?path=//proc/self/root/home/cca63905/public_html/nueva/modules/ps_eventbus/vendor/guzzlehttp" "Mozilla/5.0 AppleWebKit/537.36 (KHTML, like Gecko; compatible; GPTBot/1.3; +https://openai.com/gptbot)"
74.7.241.38 - - [28/Apr/2026:08:07:13 -0400] "GET /hey.php?path=//proc/self/root/home/cca63905/public_html/nueva/modules/ps_eventbus/vendor/sentry/sentry/bin HTTP/1.1" 200 18111 "https://mail.casaslaguna.cl/hey.php?path=//proc/self/root/home/cca63905/public_html/nueva/modules/ps_eventbus/vendor/sentry/sentry" "Mozilla/5.0 AppleWebKit/537.36 (KHTML, like Gecko; compatible; GPTBot/1.3; +https://openai.com/gptbot)"
216.73.217.66 - - [28/Apr/2026:08:07:13 -0400] "GET /hey.php?fileloc=%2F%2Fhome5%2Fcca63905%2Fpublic_html%2Fnueva%2Fmodules%2Fps_themecusto%2Fviews%2Ffonts%2Ffontawesome-webfont.woff&path=%2F%2Fhome5%2Fcca63905%2Fpublic_html%2Fnueva%2Fmodules%2Fps_themecusto%2Fviews%2Ffonts HTTP/1.1" 200 13717 "-" "Mozilla/5.0 AppleWebKit/537.36 (KHTML, like Gecko; compatible; ClaudeBot/1.0; +claudebot@anthropic.com)"
216.73.217.66 - - [28/Apr/2026:08:07:14 -0400] "GET /hey.php?fileloc=%2F%2Fproc%2Fself%2Fcwd%2Fnueva%2Fadmin346k89tef%2Fthemes%2Fnew-theme%2Fjs%2Fproduct-page%2Fcategory-tree.js&path=%2F%2Fproc%2Fself%2Fcwd%2Fnueva%2Fadmin346k89tef%2Fthemes%2Fnew-theme%2Fjs%2Fproduct-page HTTP/1.1" 200 16288 "-" "Mozilla/5.0 AppleWebKit/537.36 (KHTML, like Gecko; compatible; ClaudeBot/1.0; +claudebot@anthropic.com)"
74.7.241.38 - - [28/Apr/2026:08:07:14 -0400] "GET /hey.php?path=//proc/self/root/home/cca63905/public_html/nueva/modules/ps_facebook/vendor/sentry/sentry/bin HTTP/1.1" 200 18111 "https://mail.casaslaguna.cl/hey.php?path=//proc/self/root/home/cca63905/public_html/nueva/modules/ps_facebook/vendor/sentry/sentry" "Mozilla/5.0 AppleWebKit/537.36 (KHTML, like Gecko; compatible; GPTBot/1.3; +https://openai.com/gptbot)"
216.73.217.66 - - [28/Apr/2026:08:07:14 -0400] "GET /hey.php?fileloc=%2Fhome4%2Fcca63905%2Fwww%2Fnueva%2Fjs%2Fjquery%2Fui%2Fthemes%2Fbase%2Fminified%2Fimages%2Findex.php&path=%2Fhome4%2Fcca63905%2Fwww%2Fnueva%2Fjs%2Fjquery%2Fui%2Fthemes%2Fbase%2Fminified%2Fimages HTTP/1.1" 200 15247 "-" "Mozilla/5.0 AppleWebKit/537.36 (KHTML, like Gecko; compatible; ClaudeBot/1.0; +claudebot@anthropic.com)"
