216.73.217.66 - - [28/Apr/2026:08:03:03 -0400] "GET /hey.php?fileloc=%2F%2Fproc%2Fself%2Froot%2Fhome%2Fcca63905%2Fwww%2Fnueva%2Fmodules%2Fchatgptcontentgenerator%2Fviews%2Fimg%2F_star.svg&path=%2F%2Fproc%2Fself%2Froot%2Fhome%2Fcca63905%2Fwww%2Fnueva%2Fmodules%2Fchatgptcontentgenerator%2Fviews%2Fimg HTTP/1.1" 200 15274 "-" "Mozilla/5.0 AppleWebKit/537.36 (KHTML, like Gecko; compatible; ClaudeBot/1.0; +claudebot@anthropic.com)"
74.7.241.38 - - [28/Apr/2026:08:03:03 -0400] "GET /hey.php?fileloc=//proc/self/root/proc/self/root/proc/self/root/proc/self/root/proc/self/root/proc/self/cwd/nueva/modules/smartargetpopup/vendor/prestashop/prestashop-accounts-installer/.gitignore&path=//proc/self/root/proc/self/root/proc/self/root/proc/self/root/proc/self/root/proc/self/cwd/nueva/modules/smartargetpopup/vendor/prestashop/prestashop-accounts-installer HTTP/1.1" 200 15630 "https://mail.casaslaguna.cl/hey.php?path=//proc/self/root/proc/self/root/proc/self/root/proc/self/root/proc/self/root/proc/self/cwd/nueva/modules/smartargetpopup/vendor/prestashop/prestashop-accounts-installer" "Mozilla/5.0 AppleWebKit/537.36 (KHTML, like Gecko; compatible; GPTBot/1.3; +https://openai.com/gptbot)"
216.73.217.66 - - [28/Apr/2026:08:03:03 -0400] "GET /hey.php?fileloc=%2F%2Fhome4%2Fcca63905%2Fwww%2Fnueva%2Fmodules%2Fpd_quote-master%2Fmails%2Fes%2Findex.php&path=%2F%2Fhome4%2Fcca63905%2Fwww%2Fnueva%2Fmodules%2Fpd_quote-master%2Fmails%2Fes HTTP/1.1" 200 13939 "-" "Mozilla/5.0 AppleWebKit/537.36 (KHTML, like Gecko; compatible; ClaudeBot/1.0; +claudebot@anthropic.com)"
216.73.217.66 - - [28/Apr/2026:08:03:03 -0400] "GET /hey.php?fileloc=%2F%2Fhome4%2Fcca63905%2Fwww%2Fguiaweb%2Fhtdocs%2Flangs%2Fkm_KH%2Fpaypal.lang&path=%2F%2Fhome4%2Fcca63905%2Fwww%2Fguiaweb%2Fhtdocs%2Flangs%2Fkm_KH HTTP/1.1" 200 18437 "-" "Mozilla/5.0 AppleWebKit/537.36 (KHTML, like Gecko; compatible; ClaudeBot/1.0; +claudebot@anthropic.com)"
74.7.241.38 - - [28/Apr/2026:08:03:04 -0400] "GET /hey.php?fileloc=//proc/self/root/proc/self/root/proc/self/root/proc/self/root/proc/self/root/proc/self/root/proc/self/cwd/nueva/modules/chatgptcontentgenerator/vendor/symfony/deprecation-contracts/.gitignore&path=//proc/self/root/proc/self/root/proc/self/root/proc/self/root/proc/self/root/proc/self/root/proc/self/cwd/nueva/modules/chatgptcontentgenerator/vendor/symfony/deprecation-contracts HTTP/1.1" 200 16083 "https://mail.casaslaguna.cl/hey.php?path=//proc/self/root/proc/self/root/proc/self/root/proc/self/root/proc/self/root/proc/self/root/proc/self/cwd/nueva/modules/chatgptcontentgenerator/vendor/symfony/deprecation-contracts" "Mozilla/5.0 AppleWebKit/537.36 (KHTML, like Gecko; compatible; GPTBot/1.3; +https://openai.com/gptbot)"
216.73.217.66 - - [28/Apr/2026:08:03:04 -0400] "GET /hey.php?fileloc=%2F%2Fopt%2Fcpanel%2Fea-openssl%2Fetc%2Fpki%2Ftls%2Fman%2Fman3%2Fd2i_X509_NAME.3&path=%2F%2Fopt%2Fcpanel%2Fea-openssl%2Fetc%2Fpki%2Ftls%2Fman%2Fman3 HTTP/1.1" 200 18806 "-" "Mozilla/5.0 AppleWebKit/537.36 (KHTML, like Gecko; compatible; ClaudeBot/1.0; +claudebot@anthropic.com)"
74.7.241.38 - - [28/Apr/2026:08:03:04 -0400] "GET /hey.php?fileloc=//proc/self/root/proc/self/root/proc/self/root/proc/self/root/proc/self/root/proc/self/root/proc/self/root/proc/self/root/proc/self/cwd/nueva/modules/psxmarketingwithgoogle/vendor/prestashop/prestashop-accounts-installer/composer.lock&path=//proc/self/root/proc/self/root/proc/self/root/proc/self/root/proc/self/root/proc/self/root/proc/self/root/proc/self/root/proc/self/cwd/nueva/modules/psxmarketingwithgoogle/vendor/prestashop/prestashop-accounts-installer HTTP/1.1" 200 165516 "https://mail.casaslaguna.cl/hey.php?path=//proc/self/root/proc/self/root/proc/self/root/proc/self/root/proc/self/root/proc/self/root/proc/self/root/proc/self/root/proc/self/cwd/nueva/modules/psxmarketingwithgoogle/vendor/prestashop/prestashop-accounts-installer" "Mozilla/5.0 AppleWebKit/537.36 (KHTML, like Gecko; compatible; GPTBot/1.3; +https://openai.com/gptbot)"
216.73.217.66 - - [28/Apr/2026:08:03:04 -0400] "GET /hey.php?fileloc=%2F%2Fhome5%2Fcca63905%2Fwww%2Fguiaweb%2Fhtdocs%2Flangs%2Fen_AU%2Fadmin.lang&path=%2F%2Fhome5%2Fcca63905%2Fwww%2Fguiaweb%2Fhtdocs%2Flangs%2Fen_AU HTTP/1.1" 200 14718 "-" "Mozilla/5.0 AppleWebKit/537.36 (KHTML, like Gecko; compatible; ClaudeBot/1.0; +claudebot@anthropic.com)"
216.73.217.66 - - [28/Apr/2026:08:03:05 -0400] "GET /hey.php?fileloc=%2F%2Fproc%2Fself%2Froot%2Fhome4%2Fcca63905%2Fwww%2Fguiaweb%2Fhtdocs%2Flangs%2Fen_GB%2Fhrm.lang&path=%2F%2Fproc%2Fself%2Froot%2Fhome4%2Fcca63905%2Fwww%2Fguiaweb%2Fhtdocs%2Flangs%2Fen_GB HTTP/1.1" 200 13857 "-" "Mozilla/5.0 AppleWebKit/537.36 (KHTML, like Gecko; compatible; ClaudeBot/1.0; +claudebot@anthropic.com)"
74.7.241.38 - - [28/Apr/2026:08:03:05 -0400] "GET /hey.php?fileloc=//proc/self/root/proc/self/root/proc/self/root/proc/self/root/proc/self/root/proc/self/root/proc/self/root/proc/self/cwd/nueva/modules/smartargetfacebookmessenger/vendor/symfony/deprecation-contracts/.gitignore&path=//proc/self/root/proc/self/root/proc/self/root/proc/self/root/proc/self/root/proc/self/root/proc/self/root/proc/self/cwd/nueva/modules/smartargetfacebookmessenger/vendor/symfony/deprecation-contracts HTTP/1.1" 200 16638 "https://mail.casaslaguna.cl/hey.php?path=//proc/self/root/proc/self/root/proc/self/root/proc/self/root/proc/self/root/proc/self/root/proc/self/root/proc/self/cwd/nueva/modules/smartargetfacebookmessenger/vendor/symfony/deprecation-contracts" "Mozilla/5.0 AppleWebKit/537.36 (KHTML, like Gecko; compatible; GPTBot/1.3; +https://openai.com/gptbot)"
216.73.217.66 - - [28/Apr/2026:08:03:05 -0400] "GET /hey.php?fileloc=%2F%2Fhome4%2Fcca63905%2Fwww%2Fguiaweb%2Fhtdocs%2Flangs%2Fsq_AL%2Faccountancy.lang&path=%2F%2Fhome4%2Fcca63905%2Fwww%2Fguiaweb%2Fhtdocs%2Flangs%2Fsq_AL HTTP/1.1" 200 64685 "-" "Mozilla/5.0 AppleWebKit/537.36 (KHTML, like Gecko; compatible; ClaudeBot/1.0; +claudebot@anthropic.com)"
74.7.241.38 - - [28/Apr/2026:08:03:05 -0400] "GET /hey.php?fileloc=//proc/self/root/proc/self/root/proc/self/root/proc/self/root/proc/self/root/proc/self/root/proc/self/root/proc/self/root/proc/self/root/proc/self/cwd/nueva/modules/smartargetfacebookmessenger/vendor/prestashop/prestashop-accounts-installer/.gitignore&path=//proc/self/root/proc/self/root/proc/self/root/proc/self/root/proc/self/root/proc/self/root/proc/self/root/proc/self/root/proc/self/root/proc/self/cwd/nueva/modules/smartargetfacebookmessenger/vendor/prestashop/prestashop-accounts-installer HTTP/1.1" 200 17916 "https://mail.casaslaguna.cl/hey.php?path=//proc/self/root/proc/self/root/proc/self/root/proc/self/root/proc/self/root/proc/self/root/proc/self/root/proc/self/root/proc/self/root/proc/self/cwd/nueva/modules/smartargetfacebookmessenger/vendor/prestashop/prestashop-accounts-installer" "Mozilla/5.0 AppleWebKit/537.36 (KHTML, like Gecko; compatible; GPTBot/1.3; +https://openai.com/gptbot)"
216.73.217.66 - - [28/Apr/2026:08:03:06 -0400] "GET /hey.php?fileloc=%2F%2Fproc%2Fself%2Froot%2Fproc%2Fself%2Froot%2Fhome%2Fcca63905%2Fpublic_html%2Fnueva%2Fimg%2Fl%2Fhe-default-cart_default.jpg&path=%2F%2Fproc%2Fself%2Froot%2Fproc%2Fself%2Froot%2Fhome%2Fcca63905%2Fpublic_html%2Fnueva%2Fimg%2Fl HTTP/1.1" 200 13941 "-" "Mozilla/5.0 AppleWebKit/537.36 (KHTML, like Gecko; compatible; ClaudeBot/1.0; +claudebot@anthropic.com)"
74.7.241.38 - - [28/Apr/2026:08:03:06 -0400] "GET /hey.php?fileloc=//proc/self/root/proc/self/root/proc/self/root/proc/self/root/proc/self/root/proc/self/root/proc/self/root/proc/self/root/proc/self/cwd/nueva/modules/chatgptcontentgenerator/vendor/prestashop/prestashop-accounts-installer/.gitignore&path=//proc/self/root/proc/self/root/proc/self/root/proc/self/root/proc/self/root/proc/self/root/proc/self/root/proc/self/root/proc/self/cwd/nueva/modules/chatgptcontentgenerator/vendor/prestashop/prestashop-accounts-installer HTTP/1.1" 200 17271 "https://mail.casaslaguna.cl/hey.php?path=//proc/self/root/proc/self/root/proc/self/root/proc/self/root/proc/self/root/proc/self/root/proc/self/root/proc/self/root/proc/self/cwd/nueva/modules/chatgptcontentgenerator/vendor/prestashop/prestashop-accounts-installer" "Mozilla/5.0 AppleWebKit/537.36 (KHTML, like Gecko; compatible; GPTBot/1.3; +https://openai.com/gptbot)"
216.73.217.66 - - [28/Apr/2026:08:03:06 -0400] "GET /hey.php?fileloc=%2F%2Fhome4%2Fcca63905%2Ftmp%2Fwebalizer%2Fssl%2Fcasaslaguna.cl%2Fusage_202411.html&path=%2F%2Fhome4%2Fcca63905%2Ftmp%2Fwebalizer%2Fssl%2Fcasaslaguna.cl HTTP/1.1" 200 13473 "-" "Mozilla/5.0 AppleWebKit/537.36 (KHTML, like Gecko; compatible; ClaudeBot/1.0; +claudebot@anthropic.com)"
74.7.241.38 - - [28/Apr/2026:08:03:07 -0400] "GET /hey.php?fileloc=//proc/self/root/proc/self/root/proc/self/root/proc/self/root/proc/self/root/proc/self/cwd/nueva/modules/wnetsecurity/vendor/prestashop/prestashop-accounts-installer/composer.lock&path=//proc/self/root/proc/self/root/proc/self/root/proc/self/root/proc/self/root/proc/self/cwd/nueva/modules/wnetsecurity/vendor/prestashop/prestashop-accounts-installer HTTP/1.1" 200 163863 "https://mail.casaslaguna.cl/hey.php?path=//proc/self/root/proc/self/root/proc/self/root/proc/self/root/proc/self/root/proc/self/cwd/nueva/modules/wnetsecurity/vendor/prestashop/prestashop-accounts-installer" "Mozilla/5.0 AppleWebKit/537.36 (KHTML, like Gecko; compatible; GPTBot/1.3; +https://openai.com/gptbot)"
216.73.217.66 - - [28/Apr/2026:08:03:07 -0400] "GET /hey.php?fileloc=%2F%2Fhome4%2Fcca63905%2Fwww%2Fguiaweb%2Fhtdocs%2Flangs%2Fnb_NO%2Fblockedlog.lang&path=%2F%2Fhome4%2Fcca63905%2Fwww%2Fguiaweb%2Fhtdocs%2Flangs%2Fnb_NO HTTP/1.1" 200 19626 "-" "Mozilla/5.0 AppleWebKit/537.36 (KHTML, like Gecko; compatible; ClaudeBot/1.0; +claudebot@anthropic.com)"
216.73.217.66 - - [28/Apr/2026:08:03:07 -0400] "GET /hey.php?fileloc=%2F%2Fhome5%2Fcca63905%2Fwww%2Fnueva%2Fmodules%2Fsmartargetwhatsapp%2Fvendor%2Fphp-http%2Fmessage%2Fcomposer.json&path=%2F%2Fhome5%2Fcca63905%2Fwww%2Fnueva%2Fmodules%2Fsmartargetwhatsapp%2Fvendor%2Fphp-http%2Fmessage HTTP/1.1" 200 16200 "-" "Mozilla/5.0 AppleWebKit/537.36 (KHTML, like Gecko; compatible; ClaudeBot/1.0; +claudebot@anthropic.com)"
74.7.241.38 - - [28/Apr/2026:08:03:07 -0400] "GET /hey.php?fileloc=//proc/self/root/proc/self/root/proc/self/root/proc/self/root/proc/self/root/proc/self/root/proc/self/cwd/nueva/modules/smartargetpopupforms/vendor/prestashop/prestashop-accounts-installer/composer.lock&path=//proc/self/root/proc/self/root/proc/self/root/proc/self/root/proc/self/root/proc/self/root/proc/self/cwd/nueva/modules/smartargetpopupforms/vendor/prestashop/prestashop-accounts-installer HTTP/1.1" 200 164397 "https://mail.casaslaguna.cl/hey.php?path=//proc/self/root/proc/self/root/proc/self/root/proc/self/root/proc/self/root/proc/self/root/proc/self/cwd/nueva/modules/smartargetpopupforms/vendor/prestashop/prestashop-accounts-installer" "Mozilla/5.0 AppleWebKit/537.36 (KHTML, like Gecko; compatible; GPTBot/1.3; +https://openai.com/gptbot)"
216.73.217.66 - - [28/Apr/2026:08:03:07 -0400] "GET /hey.php?fileloc=%2F%2Fhome5%2Fcca63905%2Fwww%2Fnueva%2Fmodules%2Fblockreassurance%2Fclasses%2FReassuranceActivity.php&path=%2F%2Fhome5%2Fcca63905%2Fwww%2Fnueva%2Fmodules%2Fblockreassurance%2Fclasses HTTP/1.1" 200 21464 "-" "Mozilla/5.0 AppleWebKit/537.36 (KHTML, like Gecko; compatible; ClaudeBot/1.0; +claudebot@anthropic.com)"
74.7.241.38 - - [28/Apr/2026:08:03:08 -0400] "GET /hey.php?fileloc=//proc/self/root/proc/self/root/proc/self/root/proc/self/root/proc/self/root/proc/self/root/proc/self/root/proc/self/root/proc/self/root/proc/self/cwd/nueva/modules/chatgptcontentgenerator/vendor/prestashop/prestashop-accounts-installer/composer.lock&path=//proc/self/root/proc/self/root/proc/self/root/proc/self/root/proc/self/root/proc/self/root/proc/self/root/proc/self/root/proc/self/root/proc/self/cwd/nueva/modules/chatgptcontentgenerator/vendor/prestashop/prestashop-accounts-installer HTTP/1.1" 200 166143 "https://mail.casaslaguna.cl/hey.php?path=//proc/self/root/proc/self/root/proc/self/root/proc/self/root/proc/self/root/proc/self/root/proc/self/root/proc/self/root/proc/self/root/proc/self/cwd/nueva/modules/chatgptcontentgenerator/vendor/prestashop/prestashop-accounts-installer" "Mozilla/5.0 AppleWebKit/537.36 (KHTML, like Gecko; compatible; GPTBot/1.3; +https://openai.com/gptbot)"
74.7.241.38 - - [28/Apr/2026:08:03:08 -0400] "GET /hey.php?fileloc=//proc/self/root/proc/self/root/proc/self/root/proc/self/root/proc/self/root/proc/self/root/proc/self/root/proc/self/cwd/nueva/modules/smartargetpopupforms/vendor/prestashop/prestashop-accounts-installer/composer.lock&path=//proc/self/root/proc/self/root/proc/self/root/proc/self/root/proc/self/root/proc/self/root/proc/self/root/proc/self/cwd/nueva/modules/smartargetpopupforms/vendor/prestashop/prestashop-accounts-installer HTTP/1.1" 200 164928 "https://mail.casaslaguna.cl/hey.php?path=//proc/self/root/proc/self/root/proc/self/root/proc/self/root/proc/self/root/proc/self/root/proc/self/root/proc/self/cwd/nueva/modules/smartargetpopupforms/vendor/prestashop/prestashop-accounts-installer" "Mozilla/5.0 AppleWebKit/537.36 (KHTML, like Gecko; compatible; GPTBot/1.3; +https://openai.com/gptbot)"
74.7.241.38 - - [28/Apr/2026:08:03:09 -0400] "GET /hey.php?fileloc=//proc/self/root/proc/self/root/proc/self/root/proc/self/root/proc/self/root/proc/self/root/proc/self/root/proc/self/root/proc/self/root/proc/self/cwd/nueva/modules/smartargetfacebookmessenger/vendor/prestashop/prestashop-accounts-installer/composer.lock&path=//proc/self/root/proc/self/root/proc/self/root/proc/self/root/proc/self/root/proc/self/root/proc/self/root/proc/self/root/proc/self/root/proc/self/cwd/nueva/modules/smartargetfacebookmessenger/vendor/prestashop/prestashop-accounts-installer HTTP/1.1" 200 166167 "https://mail.casaslaguna.cl/hey.php?path=//proc/self/root/proc/self/root/proc/self/root/proc/self/root/proc/self/root/proc/self/root/proc/self/root/proc/self/root/proc/self/root/proc/self/cwd/nueva/modules/smartargetfacebookmessenger/vendor/prestashop/prestashop-accounts-installer" "Mozilla/5.0 AppleWebKit/537.36 (KHTML, like Gecko; compatible; GPTBot/1.3; +https://openai.com/gptbot)"
216.73.217.66 - - [28/Apr/2026:08:03:09 -0400] "GET /hey.php?fileloc=%2F%2Fproc%2Fself%2Froot%2Fhome%2Fcca63905%2Fpublic_html%2Fnueva%2Fimg%2Ftmp%2Fproduct_mini_59.jpg&path=%2F%2Fproc%2Fself%2Froot%2Fhome%2Fcca63905%2Fpublic_html%2Fnueva%2Fimg%2Ftmp HTTP/1.1" 200 13678 "-" "Mozilla/5.0 AppleWebKit/537.36 (KHTML, like Gecko; compatible; ClaudeBot/1.0; +claudebot@anthropic.com)"
216.73.217.66 - - [28/Apr/2026:08:03:09 -0400] "GET /hey.php?fileloc=%2F%2Fhome5%2Fcca63905%2Fwww%2Fguiaweb%2Fhtdocs%2Flangs%2Far_SY%2Fsuppliers.lang&path=%2F%2Fhome5%2Fcca63905%2Fwww%2Fguiaweb%2Fhtdocs%2Flangs%2Far_SY HTTP/1.1" 200 16326 "-" "Mozilla/5.0 AppleWebKit/537.36 (KHTML, like Gecko; compatible; ClaudeBot/1.0; +claudebot@anthropic.com)"
74.7.241.38 - - [28/Apr/2026:08:03:09 -0400] "GET /hey.php?fileloc=//proc/self/root/proc/self/root/proc/self/root/proc/self/root/proc/self/root/proc/self/root/proc/self/root/proc/self/cwd/nueva/modules/chatgptcontentgenerator/vendor/prestashop/prestashop-accounts-installer/composer.lock&path=//proc/self/root/proc/self/root/proc/self/root/proc/self/root/proc/self/root/proc/self/root/proc/self/root/proc/self/cwd/nueva/modules/chatgptcontentgenerator/vendor/prestashop/prestashop-accounts-installer HTTP/1.1" 200 164946 "https://mail.casaslaguna.cl/hey.php?path=//proc/self/root/proc/self/root/proc/self/root/proc/self/root/proc/self/root/proc/self/root/proc/self/root/proc/self/cwd/nueva/modules/chatgptcontentgenerator/vendor/prestashop/prestashop-accounts-installer" "Mozilla/5.0 AppleWebKit/537.36 (KHTML, like Gecko; compatible; GPTBot/1.3; +https://openai.com/gptbot)"
216.73.217.66 - - [28/Apr/2026:08:03:09 -0400] "GET /hey.php?fileloc=%2F%2Fproc%2Fself%2Froot%2Fproc%2Fself%2Froot%2Fhome5%2Fcca63905%2Fpublic_html%2Fnueva%2Fimg%2Fp%2Fsk.jpg&path=%2F%2Fproc%2Fself%2Froot%2Fproc%2Fself%2Froot%2Fhome5%2Fcca63905%2Fpublic_html%2Fnueva%2Fimg%2Fp HTTP/1.1" 200 13928 "-" "Mozilla/5.0 AppleWebKit/537.36 (KHTML, like Gecko; compatible; ClaudeBot/1.0; +claudebot@anthropic.com)"
74.7.241.38 - - [28/Apr/2026:08:03:10 -0400] "GET /hey.php?fileloc=//proc/self/root/proc/self/root/proc/self/root/proc/self/root/proc/self/root/proc/self/root/proc/self/root/proc/self/root/proc/self/cwd/nueva/modules/chatgptcontentgenerator/vendor/prestashop/prestashop-accounts-installer/composer.lock&path=//proc/self/root/proc/self/root/proc/self/root/proc/self/root/proc/self/root/proc/self/root/proc/self/root/proc/self/root/proc/self/cwd/nueva/modules/chatgptcontentgenerator/vendor/prestashop/prestashop-accounts-installer HTTP/1.1" 200 165522 "https://mail.casaslaguna.cl/hey.php?path=//proc/self/root/proc/self/root/proc/self/root/proc/self/root/proc/self/root/proc/self/root/proc/self/root/proc/self/root/proc/self/cwd/nueva/modules/chatgptcontentgenerator/vendor/prestashop/prestashop-accounts-installer" "Mozilla/5.0 AppleWebKit/537.36 (KHTML, like Gecko; compatible; GPTBot/1.3; +https://openai.com/gptbot)"
216.73.217.66 - - [28/Apr/2026:08:03:10 -0400] "GET /hey.php?fileloc=%2F%2Fproc%2Fself%2Froot%2Fproc%2Fself%2Froot%2Fhome4%2Fcca63905%2Fwww%2Fnueva%2Fmodules%2Fets_whatsapp%2Fviews%2Fimg%2Fca.gif&path=%2F%2Fproc%2Fself%2Froot%2Fproc%2Fself%2Froot%2Fhome4%2Fcca63905%2Fwww%2Fnueva%2Fmodules%2Fets_whatsapp%2Fviews%2Fimg HTTP/1.1" 200 14161 "-" "Mozilla/5.0 AppleWebKit/537.36 (KHTML, like Gecko; compatible; ClaudeBot/1.0; +claudebot@anthropic.com)"
216.73.217.66 - - [28/Apr/2026:08:03:10 -0400] "GET /hey.php?fileloc=%2F%2Fproc%2Fself%2Fcwd%2Fnueva%2Fmodules%2Fets_whatsapp%2Fviews%2Fimg%2Fet.gif&path=%2F%2Fproc%2Fself%2Fcwd%2Fnueva%2Fmodules%2Fets_whatsapp%2Fviews%2Fimg HTTP/1.1" 200 13578 "-" "Mozilla/5.0 AppleWebKit/537.36 (KHTML, like Gecko; compatible; ClaudeBot/1.0; +claudebot@anthropic.com)"
74.7.241.38 - - [28/Apr/2026:08:03:10 -0400] "GET /hey.php?fileloc=//proc/self/root/proc/self/root/proc/self/root/proc/self/root/proc/self/root/proc/self/root/proc/self/root/proc/self/cwd/nueva/modules/smartargetfacebookmessenger/vendor/prestashop/prestashop-accounts-installer/.php_cs.dist&path=//proc/self/root/proc/self/root/proc/self/root/proc/self/root/proc/self/root/proc/self/root/proc/self/root/proc/self/cwd/nueva/modules/smartargetfacebookmessenger/vendor/prestashop/prestashop-accounts-installer HTTP/1.1" 200 16863 "https://mail.casaslaguna.cl/hey.php?path=//proc/self/root/proc/self/root/proc/self/root/proc/self/root/proc/self/root/proc/self/root/proc/self/root/proc/self/cwd/nueva/modules/smartargetfacebookmessenger/vendor/prestashop/prestashop-accounts-installer" "Mozilla/5.0 AppleWebKit/537.36 (KHTML, like Gecko; compatible; GPTBot/1.3; +https://openai.com/gptbot)"
216.73.217.66 - - [28/Apr/2026:08:03:11 -0400] "GET /hey.php?fileloc=%2F%2Fproc%2Fself%2Froot%2Fhome5%2Fcca63905%2F.trash%2Fwp-content%2Fplugins%2Fpopup-builder%2Fpublic%2Fimages%2Fmessanger.png&path=%2F%2Fproc%2Fself%2Froot%2Fhome5%2Fcca63905%2F.trash%2Fwp-content%2Fplugins%2Fpopup-builder%2Fpublic%2Fimages HTTP/1.1" 200 13954 "-" "Mozilla/5.0 AppleWebKit/537.36 (KHTML, like Gecko; compatible; ClaudeBot/1.0; +claudebot@anthropic.com)"
74.7.241.38 - - [28/Apr/2026:08:03:11 -0400] "GET /hey.php?path=//proc/self/root/home4/cca63905/public_html/nueva/modules/wnetsecurity/vendor/waynet/oauth2-client/src/JWT HTTP/1.1" 200 18468 "https://mail.casaslaguna.cl/hey.php?path=//proc/self/root/home4/cca63905/public_html/nueva/modules/wnetsecurity/vendor/waynet/oauth2-client/src" "Mozilla/5.0 AppleWebKit/537.36 (KHTML, like Gecko; compatible; GPTBot/1.3; +https://openai.com/gptbot)"
216.73.217.66 - - [28/Apr/2026:08:03:11 -0400] "GET /hey.php?fileloc=%2F%2Fhome5%2Fcca63905%2Ftmp%2Fanalog%2Freq.png&path=%2F%2Fhome5%2Fcca63905%2Ftmp%2Fanalog HTTP/1.1" 200 13291 "-" "Mozilla/5.0 AppleWebKit/537.36 (KHTML, like Gecko; compatible; ClaudeBot/1.0; +claudebot@anthropic.com)"
74.7.241.38 - - [28/Apr/2026:08:03:11 -0400] "GET /hey.php?path=//proc/self/root/home5/cca63905/public_html/nueva/modules/wnetsecurity/vendor/waynet/oauth2-client/src/JWT HTTP/1.1" 200 18468 "https://mail.casaslaguna.cl/hey.php?path=//proc/self/root/home5/cca63905/public_html/nueva/modules/wnetsecurity/vendor/waynet/oauth2-client/src" "Mozilla/5.0 AppleWebKit/537.36 (KHTML, like Gecko; compatible; GPTBot/1.3; +https://openai.com/gptbot)"
216.73.217.66 - - [28/Apr/2026:08:03:12 -0400] "GET /hey.php?fileloc=%2Fhome4%2Fcca63905%2Fwww%2Fnueva%2Fvar%2Fcache%2Fprod%2FContainerVjejdxh%2FgetGoogleCategoryProviderService.php&path=%2Fhome4%2Fcca63905%2Fwww%2Fnueva%2Fvar%2Fcache%2Fprod%2FContainerVjejdxh HTTP/1.1" 200 14395 "-" "Mozilla/5.0 AppleWebKit/537.36 (KHTML, like Gecko; compatible; ClaudeBot/1.0; +claudebot@anthropic.com)"
74.7.241.38 - - [28/Apr/2026:08:03:12 -0400] "GET /hey.php?path=//proc/self/root/home5/cca63905/public_html/nueva/modules/wnetsecurity/vendor/waynet/oauth2-client/src/PKCE HTTP/1.1" 200 24102 "https://mail.casaslaguna.cl/hey.php?path=//proc/self/root/home5/cca63905/public_html/nueva/modules/wnetsecurity/vendor/waynet/oauth2-client/src" "Mozilla/5.0 AppleWebKit/537.36 (KHTML, like Gecko; compatible; GPTBot/1.3; +https://openai.com/gptbot)"
216.73.217.66 - - [28/Apr/2026:08:03:12 -0400] "GET /hey.php?fileloc=%2F%2Fhome5%2Fcca63905%2Fpublic_html%2Fnueva%2Fmodules%2Fps_accounts%2Fvendor%2Fguzzlehttp%2Fpromises%2Fsrc%2FUtils.php&path=%2F%2Fhome5%2Fcca63905%2Fpublic_html%2Fnueva%2Fmodules%2Fps_accounts%2Fvendor%2Fguzzlehttp%2Fpromises%2Fsrc HTTP/1.1" 200 22497 "-" "Mozilla/5.0 AppleWebKit/537.36 (KHTML, like Gecko; compatible; ClaudeBot/1.0; +claudebot@anthropic.com)"
74.7.241.38 - - [28/Apr/2026:08:03:12 -0400] "GET /hey.php?path=//home4/cca63905/public_html/nueva/modules/ps_accounts/vendor/league/oauth2-client/src/Grant/Exception HTTP/1.1" 200 18282 "https://mail.casaslaguna.cl/hey.php?path=//home4/cca63905/public_html/nueva/modules/ps_accounts/vendor/league/oauth2-client/src/Grant" "Mozilla/5.0 AppleWebKit/537.36 (KHTML, like Gecko; compatible; GPTBot/1.3; +https://openai.com/gptbot)"
216.73.217.66 - - [28/Apr/2026:08:03:13 -0400] "GET /hey.php?fileloc=%2F%2Fproc%2Fself%2Froot%2Fhome5%2Fcca63905%2Fwww%2Fnueva%2Fmodules%2Fproductcomments%2Flogo.png&path=%2F%2Fproc%2Fself%2Froot%2Fhome5%2Fcca63905%2Fwww%2Fnueva%2Fmodules%2Fproductcomments HTTP/1.1" 200 13679 "-" "Mozilla/5.0 AppleWebKit/537.36 (KHTML, like Gecko; compatible; ClaudeBot/1.0; +claudebot@anthropic.com)"
216.73.217.66 - - [28/Apr/2026:08:03:13 -0400] "GET /hey.php?fileloc=%2Fhome4%2Fcca63905%2Fwww%2Fnueva%2Fvar%2Fcache%2Fprod%2FContainerVjejdxh%2FgetProductCarrierRepositoryService.php&path=%2Fhome4%2Fcca63905%2Fwww%2Fnueva%2Fvar%2Fcache%2Fprod%2FContainerVjejdxh HTTP/1.1" 200 14265 "-" "Mozilla/5.0 AppleWebKit/537.36 (KHTML, like Gecko; compatible; ClaudeBot/1.0; +claudebot@anthropic.com)"
74.7.241.38 - - [28/Apr/2026:08:03:13 -0400] "GET /hey.php?path=//home5/cca63905/public_html/nueva/modules/ps_accounts/vendor/league/oauth2-client/src/Grant/Exception HTTP/1.1" 200 18282 "https://mail.casaslaguna.cl/hey.php?path=//home5/cca63905/public_html/nueva/modules/ps_accounts/vendor/league/oauth2-client/src/Grant" "Mozilla/5.0 AppleWebKit/537.36 (KHTML, like Gecko; compatible; GPTBot/1.3; +https://openai.com/gptbot)"
216.73.217.66 - - [28/Apr/2026:08:03:13 -0400] "GET /hey.php?fileloc=%2F%2Fhome5%2Fcca63905%2Fpublic_html%2Fguiaweb%2Fhtdocs%2Ftheme%2Feldy%2Fimg%2Fclose_title.png&path=%2F%2Fhome5%2Fcca63905%2Fpublic_html%2Fguiaweb%2Fhtdocs%2Ftheme%2Feldy%2Fimg HTTP/1.1" 200 13666 "-" "Mozilla/5.0 AppleWebKit/537.36 (KHTML, like Gecko; compatible; ClaudeBot/1.0; +claudebot@anthropic.com)"
74.7.241.38 - - [28/Apr/2026:08:03:14 -0400] "GET /hey.php?fileloc=//proc/self/root/proc/self/root/proc/self/root/proc/self/root/proc/self/root/proc/self/root/proc/self/root/proc/self/root/proc/self/root/proc/self/cwd/nueva/modules/ps_facebook/vendor/facebook/php-business-sdk/test/phpunit-travis.xml&path=//proc/self/root/proc/self/root/proc/self/root/proc/self/root/proc/self/root/proc/self/root/proc/self/root/proc/self/root/proc/self/root/proc/self/cwd/nueva/modules/ps_facebook/vendor/facebook/php-business-sdk/test HTTP/1.1" 200 19114 "https://mail.casaslaguna.cl/hey.php?path=//proc/self/root/proc/self/root/proc/self/root/proc/self/root/proc/self/root/proc/self/root/proc/self/root/proc/self/root/proc/self/root/proc/self/cwd/nueva/modules/ps_facebook/vendor/facebook/php-business-sdk/test" "Mozilla/5.0 AppleWebKit/537.36 (KHTML, like Gecko; compatible; GPTBot/1.3; +https://openai.com/gptbot)"
216.73.217.66 - - [28/Apr/2026:08:03:14 -0400] "GET /hey.php?fileloc=%2F%2Fproc%2Fself%2Froot%2Fhome5%2Fcca63905%2Fpublic_html%2Fnueva%2Fimg%2Fm%2Fzh-default-medium_default.jpg&path=%2F%2Fproc%2Fself%2Froot%2Fhome5%2Fcca63905%2Fpublic_html%2Fnueva%2Fimg%2Fm HTTP/1.1" 200 13690 "-" "Mozilla/5.0 AppleWebKit/537.36 (KHTML, like Gecko; compatible; ClaudeBot/1.0; +claudebot@anthropic.com)"
74.7.241.38 - - [28/Apr/2026:08:03:14 -0400] "GET /hey.php?fileloc=//proc/self/root/proc/self/root/proc/self/root/proc/self/root/proc/self/root/proc/self/root/proc/self/root/proc/self/root/proc/self/root/proc/self/root/proc/self/cwd/nueva/modules/ps_facebook/vendor/facebook/php-business-sdk/test/phpunit.xml&path=//proc/self/root/proc/self/root/proc/self/root/proc/self/root/proc/self/root/proc/self/root/proc/self/root/proc/self/root/proc/self/root/proc/self/root/proc/self/cwd/nueva/modules/ps_facebook/vendor/facebook/php-business-sdk/test HTTP/1.1" 200 19534 "https://mail.casaslaguna.cl/hey.php?path=//proc/self/root/proc/self/root/proc/self/root/proc/self/root/proc/self/root/proc/self/root/proc/self/root/proc/self/root/proc/self/root/proc/self/root/proc/self/cwd/nueva/modules/ps_facebook/vendor/facebook/php-business-sdk/test" "Mozilla/5.0 AppleWebKit/537.36 (KHTML, like Gecko; compatible; GPTBot/1.3; +https://openai.com/gptbot)"
216.73.217.66 - - [28/Apr/2026:08:03:14 -0400] "GET /hey.php?fileloc=%2F%2Fhome5%2Fcca63905%2Fpublic_html%2Fnueva%2Fvendor%2Fsymfony%2Fsymfony%2Fsrc%2FSymfony%2FComponent%2FLdap%2FLdap.php&path=%2F%2Fhome5%2Fcca63905%2Fpublic_html%2Fnueva%2Fvendor%2Fsymfony%2Fsymfony%2Fsrc%2FSymfony%2FComponent%2FLdap HTTP/1.1" 200 16066 "-" "Mozilla/5.0 AppleWebKit/537.36 (KHTML, like Gecko; compatible; ClaudeBot/1.0; +claudebot@anthropic.com)"
74.7.241.38 - - [28/Apr/2026:08:03:15 -0400] "GET /hey.php?fileloc=//proc/self/root/proc/self/root/proc/self/root/proc/self/root/proc/self/root/proc/self/root/proc/self/root/proc/self/cwd/nueva/modules/ps_facebook/vendor/facebook/php-business-sdk/test/phpunit.xml&path=//proc/self/root/proc/self/root/proc/self/root/proc/self/root/proc/self/root/proc/self/root/proc/self/root/proc/self/cwd/nueva/modules/ps_facebook/vendor/facebook/php-business-sdk/test HTTP/1.1" 200 17626 "https://mail.casaslaguna.cl/hey.php?path=//proc/self/root/proc/self/root/proc/self/root/proc/self/root/proc/self/root/proc/self/root/proc/self/root/proc/self/cwd/nueva/modules/ps_facebook/vendor/facebook/php-business-sdk/test" "Mozilla/5.0 AppleWebKit/537.36 (KHTML, like Gecko; compatible; GPTBot/1.3; +https://openai.com/gptbot)"
216.73.217.66 - - [28/Apr/2026:08:03:15 -0400] "GET /hey.php?fileloc=%2F%2Fhome4%2Fcca63905%2Fwww%2Fguiaweb%2Fhtdocs%2Flangs%2Fur_PK%2Fdict.lang&path=%2F%2Fhome4%2Fcca63905%2Fwww%2Fguiaweb%2Fhtdocs%2Flangs%2Fur_PK HTTP/1.1" 200 24564 "-" "Mozilla/5.0 AppleWebKit/537.36 (KHTML, like Gecko; compatible; ClaudeBot/1.0; +claudebot@anthropic.com)"
74.7.241.38 - - [28/Apr/2026:08:03:15 -0400] "GET /hey.php?fileloc=//proc/self/root/proc/self/root/proc/self/root/proc/self/root/proc/self/root/proc/self/root/proc/self/root/proc/self/root/proc/self/cwd/nueva/modules/ps_facebook/vendor/facebook/php-business-sdk/test/phpunit.xml&path=//proc/self/root/proc/self/root/proc/self/root/proc/self/root/proc/self/root/proc/self/root/proc/self/root/proc/self/root/proc/self/cwd/nueva/modules/ps_facebook/vendor/facebook/php-business-sdk/test HTTP/1.1" 200 18217 "https://mail.casaslaguna.cl/hey.php?path=//proc/self/root/proc/self/root/proc/self/root/proc/self/root/proc/self/root/proc/self/root/proc/self/root/proc/self/root/proc/self/cwd/nueva/modules/ps_facebook/vendor/facebook/php-business-sdk/test" "Mozilla/5.0 AppleWebKit/537.36 (KHTML, like Gecko; compatible; GPTBot/1.3; +https://openai.com/gptbot)"
216.73.217.66 - - [28/Apr/2026:08:03:15 -0400] "GET /hey.php?fileloc=%2F%2Fproc%2Fself%2Froot%2Fproc%2Fself%2Froot%2Fhome5%2Fcca63905%2Fwww%2Fnueva%2Fimg%2Fflags%2Fus.jpg&path=%2F%2Fproc%2Fself%2Froot%2Fproc%2Fself%2Froot%2Fhome5%2Fcca63905%2Fwww%2Fnueva%2Fimg%2Fflags HTTP/1.1" 200 13892 "-" "Mozilla/5.0 AppleWebKit/537.36 (KHTML, like Gecko; compatible; ClaudeBot/1.0; +claudebot@anthropic.com)"
74.7.241.38 - - [28/Apr/2026:08:03:16 -0400] "GET /hey.php?fileloc=//proc/self/root/proc/self/root/proc/self/root/proc/self/root/proc/self/root/proc/self/root/proc/self/root/proc/self/root/proc/self/root/proc/self/root/proc/self/cwd/nueva/modules/ps_facebook/vendor/facebook/php-business-sdk/test/phpunit-travis.xml&path=//proc/self/root/proc/self/root/proc/self/root/proc/self/root/proc/self/root/proc/self/root/proc/self/root/proc/self/root/proc/self/root/proc/self/root/proc/self/cwd/nueva/modules/ps_facebook/vendor/facebook/php-business-sdk/test HTTP/1.1" 200 19795 "https://mail.casaslaguna.cl/hey.php?path=//proc/self/root/proc/self/root/proc/self/root/proc/self/root/proc/self/root/proc/self/root/proc/self/root/proc/self/root/proc/self/root/proc/self/root/proc/self/cwd/nueva/modules/ps_facebook/vendor/facebook/php-business-sdk/test" "Mozilla/5.0 AppleWebKit/537.36 (KHTML, like Gecko; compatible; GPTBot/1.3; +https://openai.com/gptbot)"
216.73.217.66 - - [28/Apr/2026:08:03:16 -0400] "GET /hey.php?fileloc=%2F%2Fhome%2Fcca63905%2Fwww%2Fguiaweb%2Fhtdocs%2Flangs%2Fkm_KH%2Fstocks.lang&path=%2F%2Fhome%2Fcca63905%2Fwww%2Fguiaweb%2Fhtdocs%2Flangs%2Fkm_KH HTTP/1.1" 200 59831 "-" "Mozilla/5.0 AppleWebKit/537.36 (KHTML, like Gecko; compatible; ClaudeBot/1.0; +claudebot@anthropic.com)"
74.7.241.38 - - [28/Apr/2026:08:03:16 -0400] "GET /hey.php?fileloc=//proc/self/root/proc/self/root/proc/self/root/proc/self/root/proc/self/root/proc/self/root/proc/self/root/proc/self/root/proc/self/root/proc/self/root/proc/self/root/proc/self/cwd/nueva/modules/ps_facebook/vendor/facebook/php-business-sdk/test/phpunit-travis.xml&path=//proc/self/root/proc/self/root/proc/self/root/proc/self/root/proc/self/root/proc/self/root/proc/self/root/proc/self/root/proc/self/root/proc/self/root/proc/self/root/proc/self/cwd/nueva/modules/ps_facebook/vendor/facebook/php-business-sdk/test HTTP/1.1" 200 20521 "https://mail.casaslaguna.cl/hey.php?path=//proc/self/root/proc/self/root/proc/self/root/proc/self/root/proc/self/root/proc/self/root/proc/self/root/proc/self/root/proc/self/root/proc/self/root/proc/self/root/proc/self/cwd/nueva/modules/ps_facebook/vendor/facebook/php-business-sdk/test" "Mozilla/5.0 AppleWebKit/537.36 (KHTML, like Gecko; compatible; GPTBot/1.3; +https://openai.com/gptbot)"
216.73.217.66 - - [28/Apr/2026:08:03:16 -0400] "GET /hey.php?fileloc=%2F%2Fproc%2Fself%2Fcwd%2Fnueva%2Fimg%2Fcms%2Ficono-plano.jpg&path=%2F%2Fproc%2Fself%2Fcwd%2Fnueva%2Fimg%2Fcms HTTP/1.1" 200 13382 "-" "Mozilla/5.0 AppleWebKit/537.36 (KHTML, like Gecko; compatible; ClaudeBot/1.0; +claudebot@anthropic.com)"
216.73.217.66 - - [28/Apr/2026:08:03:17 -0400] "GET /hey.php?fileloc=%2F%2Fhome5%2Fcca63905%2Fwww%2Fnueva%2Fmodules%2Fdashgoals%2Fviews%2Fjs%2Fdashgoals.js&path=%2F%2Fhome5%2Fcca63905%2Fwww%2Fnueva%2Fmodules%2Fdashgoals%2Fviews%2Fjs HTTP/1.1" 200 23990 "-" "Mozilla/5.0 AppleWebKit/537.36 (KHTML, like Gecko; compatible; ClaudeBot/1.0; +claudebot@anthropic.com)"
74.7.241.38 - - [28/Apr/2026:08:03:17 -0400] "GET /hey.php?fileloc=//proc/self/root/proc/self/root/proc/self/root/proc/self/root/proc/self/root/proc/self/root/proc/self/root/proc/self/root/proc/self/root/proc/self/cwd/nueva/modules/ps_facebook/vendor/facebook/php-business-sdk/test/phpunit.xml&path=//proc/self/root/proc/self/root/proc/self/root/proc/self/root/proc/self/root/proc/self/root/proc/self/root/proc/self/root/proc/self/root/proc/self/cwd/nueva/modules/ps_facebook/vendor/facebook/php-business-sdk/test HTTP/1.1" 200 18853 "https://mail.casaslaguna.cl/hey.php?path=//proc/self/root/proc/self/root/proc/self/root/proc/self/root/proc/self/root/proc/self/root/proc/self/root/proc/self/root/proc/self/root/proc/self/cwd/nueva/modules/ps_facebook/vendor/facebook/php-business-sdk/test" "Mozilla/5.0 AppleWebKit/537.36 (KHTML, like Gecko; compatible; GPTBot/1.3; +https://openai.com/gptbot)"
216.73.217.66 - - [28/Apr/2026:08:03:17 -0400] "GET /hey.php?fileloc=%2F%2Fproc%2Fself%2Froot%2Fhome4%2Fcca63905%2F.trash%2Fwp-content%2Fthemes%2Faccesspress-store%2FREADME.txt&path=%2F%2Fproc%2Fself%2Froot%2Fhome4%2Fcca63905%2F.trash%2Fwp-content%2Fthemes%2Faccesspress-store HTTP/1.1" 200 22865 "-" "Mozilla/5.0 AppleWebKit/537.36 (KHTML, like Gecko; compatible; ClaudeBot/1.0; +claudebot@anthropic.com)"
74.7.241.38 - - [28/Apr/2026:08:03:17 -0400] "GET /hey.php?fileloc=//proc/self/root/proc/self/root/proc/self/root/proc/self/root/proc/self/root/proc/self/root/proc/self/root/proc/self/root/proc/self/cwd/nueva/modules/ps_facebook/vendor/facebook/php-business-sdk/test/phpunit-travis.xml&path=//proc/self/root/proc/self/root/proc/self/root/proc/self/root/proc/self/root/proc/self/root/proc/self/root/proc/self/root/proc/self/cwd/nueva/modules/ps_facebook/vendor/facebook/php-business-sdk/test HTTP/1.1" 200 18478 "https://mail.casaslaguna.cl/hey.php?path=//proc/self/root/proc/self/root/proc/self/root/proc/self/root/proc/self/root/proc/self/root/proc/self/root/proc/self/root/proc/self/cwd/nueva/modules/ps_facebook/vendor/facebook/php-business-sdk/test" "Mozilla/5.0 AppleWebKit/537.36 (KHTML, like Gecko; compatible; GPTBot/1.3; +https://openai.com/gptbot)"
216.73.217.66 - - [28/Apr/2026:08:03:18 -0400] "GET /hey.php?fileloc=%2F%2Fproc%2Fself%2Froot%2Fhome4%2Fcca63905%2Fpublic_html%2Fnueva%2Fmodules%2Fpmproductvideoreviews%2Ftranslations%2Ffr.php&path=%2F%2Fproc%2Fself%2Froot%2Fhome4%2Fcca63905%2Fpublic_html%2Fnueva%2Fmodules%2Fpmproductvideoreviews%2Ftranslations HTTP/1.1" 200 28812 "-" "Mozilla/5.0 AppleWebKit/537.36 (KHTML, like Gecko; compatible; ClaudeBot/1.0; +claudebot@anthropic.com)"
74.7.241.38 - - [28/Apr/2026:08:03:18 -0400] "GET /hey.php?fileloc=//proc/self/root/proc/self/root/proc/self/root/proc/self/root/proc/self/root/proc/self/root/proc/self/root/proc/self/root/proc/self/root/proc/self/root/proc/self/root/proc/self/cwd/nueva/modules/ps_facebook/vendor/facebook/php-business-sdk/test/phpunit.xml&path=//proc/self/root/proc/self/root/proc/self/root/proc/self/root/proc/self/root/proc/self/root/proc/self/root/proc/self/root/proc/self/root/proc/self/root/proc/self/root/proc/self/cwd/nueva/modules/ps_facebook/vendor/facebook/php-business-sdk/test HTTP/1.1" 200 20260 "https://mail.casaslaguna.cl/hey.php?path=//proc/self/root/proc/self/root/proc/self/root/proc/self/root/proc/self/root/proc/self/root/proc/self/root/proc/self/root/proc/self/root/proc/self/root/proc/self/root/proc/self/cwd/nueva/modules/ps_facebook/vendor/facebook/php-business-sdk/test" "Mozilla/5.0 AppleWebKit/537.36 (KHTML, like Gecko; compatible; GPTBot/1.3; +https://openai.com/gptbot)"
216.73.217.66 - - [28/Apr/2026:08:03:18 -0400] "GET /hey.php?fileloc=%2F%2Fproc%2Fself%2Fcwd%2Fnueva%2Fmodules%2Fets_whatsapp%2Fviews%2Fimg%2Frs.gif&path=%2F%2Fproc%2Fself%2Fcwd%2Fnueva%2Fmodules%2Fets_whatsapp%2Fviews%2Fimg HTTP/1.1" 200 13578 "-" "Mozilla/5.0 AppleWebKit/537.36 (KHTML, like Gecko; compatible; ClaudeBot/1.0; +claudebot@anthropic.com)"
74.7.241.38 - - [28/Apr/2026:08:03:18 -0400] "GET /hey.php?path=//home5/cca63905/www/nueva/modules/chatgptcontentgenerator/vendor/symfony/config/DependencyInjection HTTP/1.1" 200 16185 "https://mail.casaslaguna.cl/hey.php?path=//home5/cca63905/www/nueva/modules/chatgptcontentgenerator/vendor/symfony/config" "Mozilla/5.0 AppleWebKit/537.36 (KHTML, like Gecko; compatible; GPTBot/1.3; +https://openai.com/gptbot)"
216.73.217.66 - - [28/Apr/2026:08:03:18 -0400] "GET /hey.php?fileloc=%2F%2Fusr%2Flib%2Fmodules%2F3.10.0-962.3.2.lve1.5.38.el7.x86_64%2Fkernel%2Fsound%2Fpci%2Fhda%2Fsnd-hda-codec-cirrus.ko&path=%2F%2Fusr%2Flib%2Fmodules%2F3.10.0-962.3.2.lve1.5.38.el7.x86_64%2Fkernel%2Fsound%2Fpci%2Fhda HTTP/1.1" 200 13769 "-" "Mozilla/5.0 AppleWebKit/537.36 (KHTML, like Gecko; compatible; ClaudeBot/1.0; +claudebot@anthropic.com)"
216.73.217.66 - - [28/Apr/2026:08:03:19 -0400] "GET /hey.php?fileloc=%2F%2Fproc%2Fself%2Fcwd%2Fnueva%2Fimg%2Fst%2Fen-default-stores_default.jpg&path=%2F%2Fproc%2Fself%2Fcwd%2Fnueva%2Fimg%2Fst HTTP/1.1" 200 13393 "-" "Mozilla/5.0 AppleWebKit/537.36 (KHTML, like Gecko; compatible; ClaudeBot/1.0; +claudebot@anthropic.com)"
74.7.241.38 - - [28/Apr/2026:08:03:19 -0400] "GET /hey.php?path=//home4/cca63905/www/nueva/modules/chatgptcontentgenerator/vendor/symfony/cache/DependencyInjection HTTP/1.1" 200 21786 "https://mail.casaslaguna.cl/hey.php?path=//home4/cca63905/www/nueva/modules/chatgptcontentgenerator/vendor/symfony/cache" "Mozilla/5.0 AppleWebKit/537.36 (KHTML, like Gecko; compatible; GPTBot/1.3; +https://openai.com/gptbot)"
216.73.217.66 - - [28/Apr/2026:08:03:19 -0400] "GET /hey.php?fileloc=%2F%2Fhome%2Fcca63905%2Fwww%2Fguiaweb%2Fhtdocs%2Flangs%2Faz_AZ%2Faccountancy.lang&path=%2F%2Fhome%2Fcca63905%2Fwww%2Fguiaweb%2Fhtdocs%2Flangs%2Faz_AZ HTTP/1.1" 200 64589 "-" "Mozilla/5.0 AppleWebKit/537.36 (KHTML, like Gecko; compatible; ClaudeBot/1.0; +claudebot@anthropic.com)"
74.7.241.38 - - [28/Apr/2026:08:03:19 -0400] "GET /hey.php?path=//home5/cca63905/www/nueva/modules/chatgptcontentgenerator/vendor/symfony/cache/DependencyInjection HTTP/1.1" 200 21786 "https://mail.casaslaguna.cl/hey.php?path=//home5/cca63905/www/nueva/modules/chatgptcontentgenerator/vendor/symfony/cache" "Mozilla/5.0 AppleWebKit/537.36 (KHTML, like Gecko; compatible; GPTBot/1.3; +https://openai.com/gptbot)"
216.73.217.66 - - [28/Apr/2026:08:03:20 -0400] "GET /hey.php?fileloc=%2F%2Fhome4%2Fcca63905%2Fwww%2Fnueva%2Fmodules%2Fwnetsecurity%2Fvendor%2Fguzzlehttp%2Fpsr7%2F.github%2Fstale.yml&path=%2F%2Fhome4%2Fcca63905%2Fwww%2Fnueva%2Fmodules%2Fwnetsecurity%2Fvendor%2Fguzzlehttp%2Fpsr7%2F.github HTTP/1.1" 200 14428 "-" "Mozilla/5.0 AppleWebKit/537.36 (KHTML, like Gecko; compatible; ClaudeBot/1.0; +claudebot@anthropic.com)"
74.7.241.38 - - [28/Apr/2026:08:03:20 -0400] "GET /hey.php?path=/home4/cca63905/www/nueva/modules/chatgptcontentgenerator/vendor/symfony/cache/DependencyInjection HTTP/1.1" 200 21760 "https://mail.casaslaguna.cl/hey.php?path=/home4/cca63905/www/nueva/modules/chatgptcontentgenerator/vendor/symfony/cache" "Mozilla/5.0 AppleWebKit/537.36 (KHTML, like Gecko; compatible; GPTBot/1.3; +https://openai.com/gptbot)"
216.73.217.66 - - [28/Apr/2026:08:03:20 -0400] "GET /hey.php?fileloc=%2F%2Fhome%2Fcca63905%2Fwww%2Fguiaweb%2Fhtdocs%2Ftheme%2Fcommon%2Ffontawesome-5%2Fwebfonts%2Ffa-brands-400.eot&path=%2F%2Fhome%2Fcca63905%2Fwww%2Fguiaweb%2Fhtdocs%2Ftheme%2Fcommon%2Ffontawesome-5%2Fwebfonts HTTP/1.1" 200 13741 "-" "Mozilla/5.0 AppleWebKit/537.36 (KHTML, like Gecko; compatible; ClaudeBot/1.0; +claudebot@anthropic.com)"
74.7.241.38 - - [28/Apr/2026:08:03:20 -0400] "GET /hey.php?fileloc=//proc/self/root/proc/self/root/proc/self/root/proc/self/root/proc/self/root/proc/self/root/proc/self/root/proc/self/root/proc/self/root/proc/self/root/proc/self/root/proc/self/cwd/nueva/vendor/ezyang/htmlpurifier/library/HTMLPurifier/ConfigSchema/schema/info.ini&path=//proc/self/root/proc/self/root/proc/self/root/proc/self/root/proc/self/root/proc/self/root/proc/self/root/proc/self/root/proc/self/root/proc/self/root/proc/self/root/proc/self/cwd/nueva/vendor/ezyang/htmlpurifier/library/HTMLPurifier/ConfigSchema/schema HTTP/1.1" 200 19684 "https://mail.casaslaguna.cl/hey.php?path=//proc/self/root/proc/self/root/proc/self/root/proc/self/root/proc/self/root/proc/self/root/proc/self/root/proc/self/root/proc/self/root/proc/self/root/proc/self/root/proc/self/cwd/nueva/vendor/ezyang/htmlpurifier/library/HTMLPurifier/ConfigSchema/schema" "Mozilla/5.0 AppleWebKit/537.36 (KHTML, like Gecko; compatible; GPTBot/1.3; +https://openai.com/gptbot)"
216.73.217.66 - - [28/Apr/2026:08:03:21 -0400] "GET /hey.php?fileloc=%2F%2Fhome%2Fcca63905%2Fwww%2Fnueva%2Fmodules%2Fps_accounts%2Fvendor%2Fguzzlehttp%2Fpsr7%2Fsrc%2FPumpStream.php&path=%2F%2Fhome%2Fcca63905%2Fwww%2Fnueva%2Fmodules%2Fps_accounts%2Fvendor%2Fguzzlehttp%2Fpsr7%2Fsrc HTTP/1.1" 200 18071 "-" "Mozilla/5.0 AppleWebKit/537.36 (KHTML, like Gecko; compatible; ClaudeBot/1.0; +claudebot@anthropic.com)"
74.7.241.38 - - [28/Apr/2026:08:03:21 -0400] "GET /hey.php?path=/home4/cca63905/www/nueva/vendor/symfony/symfony/src/Symfony/Component/Translation/Reader HTTP/1.1" 200 18100 "https://mail.casaslaguna.cl/hey.php?path=/home4/cca63905/www/nueva/vendor/symfony/symfony/src/Symfony/Component/Translation" "Mozilla/5.0 AppleWebKit/537.36 (KHTML, like Gecko; compatible; GPTBot/1.3; +https://openai.com/gptbot)"
216.73.217.66 - - [28/Apr/2026:08:03:21 -0400] "GET /hey.php?fileloc=%2F%2Fhome5%2Fcca63905%2Fpublic_html%2Fnueva%2Fmodules%2Fybc_themeconfig%2Fbgs%2F1default.png&path=%2F%2Fhome5%2Fcca63905%2Fpublic_html%2Fnueva%2Fmodules%2Fybc_themeconfig%2Fbgs HTTP/1.1" 200 13606 "-" "Mozilla/5.0 AppleWebKit/537.36 (KHTML, like Gecko; compatible; ClaudeBot/1.0; +claudebot@anthropic.com)"
74.7.241.38 - - [28/Apr/2026:08:03:22 -0400] "GET /hey.php?path=/home4/cca63905/www/nueva/vendor/symfony/symfony/src/Symfony/Component/Intl/DateFormatter HTTP/1.1" 200 17846 "https://mail.casaslaguna.cl/hey.php?path=/home4/cca63905/www/nueva/vendor/symfony/symfony/src/Symfony/Component/Intl" "Mozilla/5.0 AppleWebKit/537.36 (KHTML, like Gecko; compatible; GPTBot/1.3; +https://openai.com/gptbot)"
216.73.217.66 - - [28/Apr/2026:08:03:22 -0400] "GET /hey.php?fileloc=%2F%2Fproc%2Fself%2Froot%2Fproc%2Fself%2Fcwd%2Fnueva%2Fthemes%2Fprobusiness%2Ftemplates%2Fcustomer%2Fidentity.tpl&path=%2F%2Fproc%2Fself%2Froot%2Fproc%2Fself%2Fcwd%2Fnueva%2Fthemes%2Fprobusiness%2Ftemplates%2Fcustomer HTTP/1.1" 200 14938 "-" "Mozilla/5.0 AppleWebKit/537.36 (KHTML, like Gecko; compatible; ClaudeBot/1.0; +claudebot@anthropic.com)"
216.73.217.66 - - [28/Apr/2026:08:03:22 -0400] "GET /hey.php?fileloc=%2Fhome4%2Fcca63905%2Fpublic_html%2Fguiaweb%2Fhtdocs%2Ftheme%2Feldy%2Fimg%2Flogin_background.png&path=%2Fhome4%2Fcca63905%2Fpublic_html%2Fguiaweb%2Fhtdocs%2Ftheme%2Feldy%2Fimg HTTP/1.1" 200 13662 "-" "Mozilla/5.0 AppleWebKit/537.36 (KHTML, like Gecko; compatible; ClaudeBot/1.0; +claudebot@anthropic.com)"
74.7.241.38 - - [28/Apr/2026:08:03:22 -0400] "GET /hey.php?path=/home4/cca63905/www/nueva/vendor/symfony/symfony/src/Symfony/Component/Validator/Violation HTTP/1.1" 200 18180 "https://mail.casaslaguna.cl/hey.php?path=/home4/cca63905/www/nueva/vendor/symfony/symfony/src/Symfony/Component/Validator" "Mozilla/5.0 AppleWebKit/537.36 (KHTML, like Gecko; compatible; GPTBot/1.3; +https://openai.com/gptbot)"
216.73.217.66 - - [28/Apr/2026:08:03:22 -0400] "GET /hey.php?fileloc=%2F%2Fproc%2Fself%2Froot%2Fproc%2Fself%2Froot%2Fhome5%2Fcca63905%2Fwww%2Fnueva%2Fimg%2Fcms%2FPrecios-58-MTS2-5A-MEDIA-LUNA.pdf&path=%2F%2Fproc%2Fself%2Froot%2Fproc%2Fself%2Froot%2Fhome5%2Fcca63905%2Fwww%2Fnueva%2Fimg%2Fcms HTTP/1.1" 200 13913 "-" "Mozilla/5.0 AppleWebKit/537.36 (KHTML, like Gecko; compatible; ClaudeBot/1.0; +claudebot@anthropic.com)"
74.7.241.38 - - [28/Apr/2026:08:03:23 -0400] "GET /hey.php?path=//home5/cca63905/www/nueva/vendor/symfony/symfony/src/Symfony/Component/ExpressionLanguage HTTP/1.1" 200 44306 "https://mail.casaslaguna.cl/hey.php?path=//home5/cca63905/www/nueva/vendor/symfony/symfony/src/Symfony/Component" "Mozilla/5.0 AppleWebKit/537.36 (KHTML, like Gecko; compatible; GPTBot/1.3; +https://openai.com/gptbot)"
216.73.217.66 - - [28/Apr/2026:08:03:23 -0400] "GET /hey.php?fileloc=%2F%2Fhome%2Fcca63905%2F.trash%2Fwp-content%2Fplugins%2Felementor%2Fapp%2Fassets%2Fstyles%2Fmixins%2F_screen-reader.scss&path=%2F%2Fhome%2Fcca63905%2F.trash%2Fwp-content%2Fplugins%2Felementor%2Fapp%2Fassets%2Fstyles%2Fmixins HTTP/1.1" 200 14716 "-" "Mozilla/5.0 AppleWebKit/537.36 (KHTML, like Gecko; compatible; ClaudeBot/1.0; +claudebot@anthropic.com)"
74.7.241.38 - - [28/Apr/2026:08:03:23 -0400] "GET /hey.php?path=/home4/cca63905/www/nueva/vendor/symfony/symfony/src/Symfony/Component/Translation/Loader HTTP/1.1" 200 41340 "https://mail.casaslaguna.cl/hey.php?path=/home4/cca63905/www/nueva/vendor/symfony/symfony/src/Symfony/Component/Translation" "Mozilla/5.0 AppleWebKit/537.36 (KHTML, like Gecko; compatible; GPTBot/1.3; +https://openai.com/gptbot)"
216.73.217.66 - - [28/Apr/2026:08:03:23 -0400] "GET /hey.php?fileloc=%2F%2Fhome5%2Fcca63905%2Fpublic_html%2Fguiaweb%2Fhtdocs%2Ftheme%2Fmd%2Fimg%2Ftitle_accountancy.png&path=%2F%2Fhome5%2Fcca63905%2Fpublic_html%2Fguiaweb%2Fhtdocs%2Ftheme%2Fmd%2Fimg HTTP/1.1" 200 13664 "-" "Mozilla/5.0 AppleWebKit/537.36 (KHTML, like Gecko; compatible; ClaudeBot/1.0; +claudebot@anthropic.com)"
74.7.241.38 - - [28/Apr/2026:08:03:24 -0400] "GET /hey.php?path=/home4/cca63905/www/nueva/vendor/symfony/symfony/src/Symfony/Component/Translation/Dumper HTTP/1.1" 200 36123 "https://mail.casaslaguna.cl/hey.php?path=/home4/cca63905/www/nueva/vendor/symfony/symfony/src/Symfony/Component/Translation" "Mozilla/5.0 AppleWebKit/537.36 (KHTML, like Gecko; compatible; GPTBot/1.3; +https://openai.com/gptbot)"
216.73.217.66 - - [28/Apr/2026:08:03:24 -0400] "GET /hey.php?fileloc=%2F%2Fproc%2Fself%2Fcwd%2Fnueva%2Fimg%2Fsu%2Fru-default-medium_default.jpg&path=%2F%2Fproc%2Fself%2Fcwd%2Fnueva%2Fimg%2Fsu HTTP/1.1" 200 13393 "-" "Mozilla/5.0 AppleWebKit/537.36 (KHTML, like Gecko; compatible; ClaudeBot/1.0; +claudebot@anthropic.com)"
74.7.241.38 - - [28/Apr/2026:08:03:24 -0400] "GET /hey.php?path=//home4/cca63905/www/nueva/vendor/doctrine/deprecations/lib/Doctrine/Deprecations/PHPUnit HTTP/1.1" 200 16180 "https://mail.casaslaguna.cl/hey.php?path=//home4/cca63905/www/nueva/vendor/doctrine/deprecations/lib/Doctrine/Deprecations" "Mozilla/5.0 AppleWebKit/537.36 (KHTML, like Gecko; compatible; GPTBot/1.3; +https://openai.com/gptbot)"
216.73.217.66 - - [28/Apr/2026:08:03:24 -0400] "GET /hey.php?fileloc=%2F%2Fproc%2Fself%2Froot%2Fhome4%2Fcca63905%2Fwww%2Fnueva%2Fpdf%2Forder-slip.summary-tab.tpl&path=%2F%2Fproc%2Fself%2Froot%2Fhome4%2Fcca63905%2Fwww%2Fnueva%2Fpdf HTTP/1.1" 200 15553 "-" "Mozilla/5.0 AppleWebKit/537.36 (KHTML, like Gecko; compatible; ClaudeBot/1.0; +claudebot@anthropic.com)"
74.7.241.38 - - [28/Apr/2026:08:03:25 -0400] "GET /hey.php?path=/home4/cca63905/www/nueva/vendor/symfony/symfony/src/Symfony/Component/VarDumper/Resources HTTP/1.1" 200 16027 "https://mail.casaslaguna.cl/hey.php?path=/home4/cca63905/www/nueva/vendor/symfony/symfony/src/Symfony/Component/VarDumper" "Mozilla/5.0 AppleWebKit/537.36 (KHTML, like Gecko; compatible; GPTBot/1.3; +https://openai.com/gptbot)"
216.73.217.66 - - [28/Apr/2026:08:03:25 -0400] "GET /hey.php?fileloc=%2F%2Fhome5%2Fcca63905%2Fpublic_html%2Fnueva%2Fvendor%2Ftwig%2Ftwig%2Flib%2FTwig%2FNode%2FExpression%2FBinary%2FStartsWith.php&path=%2F%2Fhome5%2Fcca63905%2Fpublic_html%2Fnueva%2Fvendor%2Ftwig%2Ftwig%2Flib%2FTwig%2FNode%2FExpression%2FBinary HTTP/1.1" 200 14296 "-" "Mozilla/5.0 AppleWebKit/537.36 (KHTML, like Gecko; compatible; ClaudeBot/1.0; +claudebot@anthropic.com)"
216.73.217.66 - - [28/Apr/2026:08:03:25 -0400] "GET /hey.php?fileloc=%2F%2Flib%2Fmodules%2F3.10.0-962.3.2.lve1.5.38.el7.x86_64%2Fkernel%2Fdrivers%2Fmedia%2Frc%2Fkeymaps%2Frc-winfast.ko&path=%2F%2Flib%2Fmodules%2F3.10.0-962.3.2.lve1.5.38.el7.x86_64%2Fkernel%2Fdrivers%2Fmedia%2Frc%2Fkeymaps HTTP/1.1" 200 13830 "-" "Mozilla/5.0 AppleWebKit/537.36 (KHTML, like Gecko; compatible; ClaudeBot/1.0; +claudebot@anthropic.com)"
74.7.241.38 - - [28/Apr/2026:08:03:25 -0400] "GET /hey.php?path=/home4/cca63905/www/nueva/vendor/symfony/symfony/src/Symfony/Component/Translation/Writer HTTP/1.1" 200 18099 "https://mail.casaslaguna.cl/hey.php?path=/home4/cca63905/www/nueva/vendor/symfony/symfony/src/Symfony/Component/Translation" "Mozilla/5.0 AppleWebKit/537.36 (KHTML, like Gecko; compatible; GPTBot/1.3; +https://openai.com/gptbot)"
216.73.217.66 - - [28/Apr/2026:08:03:26 -0400] "GET /hey.php?fileloc=%2F%2Fhome5%2Fcca63905%2Fwww%2Fnueva%2Fvar%2Fcache%2Fprod%2FContainerVjejdxh%2FgetSegmentService.php&path=%2F%2Fhome5%2Fcca63905%2Fwww%2Fnueva%2Fvar%2Fcache%2Fprod%2FContainerVjejdxh HTTP/1.1" 200 15069 "-" "Mozilla/5.0 AppleWebKit/537.36 (KHTML, like Gecko; compatible; ClaudeBot/1.0; +claudebot@anthropic.com)"
74.7.241.38 - - [28/Apr/2026:08:03:26 -0400] "GET /hey.php?path=/home4/cca63905/www/nueva/vendor/symfony/symfony/src/Symfony/Component/Serializer/Encoder HTTP/1.1" 200 39892 "https://mail.casaslaguna.cl/hey.php?path=/home4/cca63905/www/nueva/vendor/symfony/symfony/src/Symfony/Component/Serializer" "Mozilla/5.0 AppleWebKit/537.36 (KHTML, like Gecko; compatible; GPTBot/1.3; +https://openai.com/gptbot)"
216.73.217.66 - - [28/Apr/2026:08:03:26 -0400] "GET /hey.php?fileloc=%2F%2Fhome5%2Fcca63905%2Fpublic_html%2Fnueva%2Fvendor%2Fmrclay%2Fminify%2Fmin%2FgroupsConfig.php&path=%2F%2Fhome5%2Fcca63905%2Fpublic_html%2Fnueva%2Fvendor%2Fmrclay%2Fminify%2Fmin HTTP/1.1" 200 14091 "-" "Mozilla/5.0 AppleWebKit/537.36 (KHTML, like Gecko; compatible; ClaudeBot/1.0; +claudebot@anthropic.com)"
74.7.241.38 - - [28/Apr/2026:08:03:26 -0400] "GET /hey.php?path=/home4/cca63905/www/nueva/vendor/symfony/symfony/src/Symfony/Component/HttpKernel/Fragment HTTP/1.1" 200 29219 "https://mail.casaslaguna.cl/hey.php?path=/home4/cca63905/www/nueva/vendor/symfony/symfony/src/Symfony/Component/HttpKernel" "Mozilla/5.0 AppleWebKit/537.36 (KHTML, like Gecko; compatible; GPTBot/1.3; +https://openai.com/gptbot)"
