74.7.241.52 - - [01/May/2026:08:08:14 -0400] "GET /hey.php?path=//proc/self/root/proc/self/root/home5/cca63905/www/nueva/var/cache/prod/pools/n6HI94Rds4////////////////S/8 HTTP/1.1" 200 16751 "https://mail.casaslaguna.cl/hey.php?path=//proc/self/root/proc/self/root/home5/cca63905/www/nueva/var/cache/prod/pools/n6HI94Rds4////////////////S" "Mozilla/5.0 AppleWebKit/537.36 (KHTML, like Gecko; compatible; GPTBot/1.3; +https://openai.com/gptbot)"
186.172.38.115 - - [01/May/2026:08:08:14 -0400] "GET /nueva/modules/ybc_blog_free/views/img/post/thumb/armado%20de%20casa.jpg HTTP/1.1" 200 195270 "https://casaslaguna.cl/nueva/mx/" "Mozilla/5.0 (Linux; Android 10; K) AppleWebKit/537.36 (KHTML, like Gecko) Chrome/147.0.0.0 Mobile Safari/537.36"
74.7.241.52 - - [01/May/2026:08:08:14 -0400] "GET /hey.php?path=//proc/self/root/proc/self/root/home5/cca63905/www/nueva/var/cache/prod/pools/n6HI94Rds4////////////////7/K HTTP/1.1" 200 18643 "https://mail.casaslaguna.cl/hey.php?path=//proc/self/root/proc/self/root/home5/cca63905/www/nueva/var/cache/prod/pools/n6HI94Rds4////////////////7" "Mozilla/5.0 AppleWebKit/537.36 (KHTML, like Gecko; compatible; GPTBot/1.3; +https://openai.com/gptbot)"
186.172.38.115 - - [01/May/2026:08:08:11 -0400] "GET /nueva/modules/ybc_blog_free/views/img/post/thumb/IMG_0578.jpeg HTTP/1.1" 200 3403064 "https://casaslaguna.cl/nueva/mx/" "Mozilla/5.0 (Linux; Android 10; K) AppleWebKit/537.36 (KHTML, like Gecko) Chrome/147.0.0.0 Mobile Safari/537.36"
186.172.38.115 - - [01/May/2026:08:08:14 -0400] "GET /nueva/modules/ybc_blog_free/views/img/post/thumb/a9fcb8e100402d9e304c68f4e997ece6f4824369-oferta%20a%C3%B1o%20nuevo.jpeg HTTP/1.1" 200 276387 "https://casaslaguna.cl/nueva/mx/" "Mozilla/5.0 (Linux; Android 10; K) AppleWebKit/537.36 (KHTML, like Gecko) Chrome/147.0.0.0 Mobile Safari/537.36"
74.7.241.52 - - [01/May/2026:08:08:15 -0400] "GET /hey.php?path=//proc/self/root/proc/self/root/home5/cca63905/www/nueva/var/cache/prod/pools/n6HI94Rds4////////////////K/G HTTP/1.1" 200 16751 "https://mail.casaslaguna.cl/hey.php?path=//proc/self/root/proc/self/root/home5/cca63905/www/nueva/var/cache/prod/pools/n6HI94Rds4////////////////K" "Mozilla/5.0 AppleWebKit/537.36 (KHTML, like Gecko; compatible; GPTBot/1.3; +https://openai.com/gptbot)"
186.172.38.115 - - [01/May/2026:08:08:11 -0400] "GET /nueva/modules/ybc_blog_free/views/img/post/thumb/IMG_2329.jpg HTTP/1.1" 200 1781416 "https://casaslaguna.cl/nueva/mx/" "Mozilla/5.0 (Linux; Android 10; K) AppleWebKit/537.36 (KHTML, like Gecko) Chrome/147.0.0.0 Mobile Safari/537.36"
186.172.38.115 - - [01/May/2026:08:08:15 -0400] "GET /nueva/img/cms/video.jpg HTTP/1.1" 200 22594 "https://casaslaguna.cl/nueva/mx/" "Mozilla/5.0 (Linux; Android 10; K) AppleWebKit/537.36 (KHTML, like Gecko) Chrome/147.0.0.0 Mobile Safari/537.36"
74.7.241.52 - - [01/May/2026:08:08:15 -0400] "GET /hey.php?path=//proc/self/root/proc/self/root/home5/cca63905/www/nueva/var/cache/prod/pools/n6HI94Rds4////////////////Z/O HTTP/1.1" 200 16751 "https://mail.casaslaguna.cl/hey.php?path=//proc/self/root/proc/self/root/home5/cca63905/www/nueva/var/cache/prod/pools/n6HI94Rds4////////////////Z" "Mozilla/5.0 AppleWebKit/537.36 (KHTML, like Gecko; compatible; GPTBot/1.3; +https://openai.com/gptbot)"
186.172.38.115 - - [01/May/2026:08:08:11 -0400] "GET /nueva/modules/ets_multilayerslider/views/img/upload/volante%20casas%20laguna%20aculeo3.png HTTP/1.1" 200 4702200 "https://casaslaguna.cl/nueva/mx/" "Mozilla/5.0 (Linux; Android 10; K) AppleWebKit/537.36 (KHTML, like Gecko) Chrome/147.0.0.0 Mobile Safari/537.36"
186.172.38.115 - - [01/May/2026:08:08:15 -0400] "GET /nueva/modules/ybc_themeconfig/images/config/paymentlogos1.png HTTP/1.1" 200 22024 "https://casaslaguna.cl/nueva/mx/" "Mozilla/5.0 (Linux; Android 10; K) AppleWebKit/537.36 (KHTML, like Gecko) Chrome/147.0.0.0 Mobile Safari/537.36"
186.172.38.115 - - [01/May/2026:08:08:15 -0400] "GET /nueva/modules/ybc_themeconfig/img/loading.gif HTTP/1.1" 200 7356 "https://casaslaguna.cl/nueva/mx/" "Mozilla/5.0 (Linux; Android 10; K) AppleWebKit/537.36 (KHTML, like Gecko) Chrome/147.0.0.0 Mobile Safari/537.36"
186.172.38.115 - - [01/May/2026:08:08:11 -0400] "GET /nueva/modules/ets_multilayerslider/views/img/upload/volante%20casas%20laguna%20aculeo2.png HTTP/1.1" 200 4988301 "https://casaslaguna.cl/nueva/mx/" "Mozilla/5.0 (Linux; Android 10; K) AppleWebKit/537.36 (KHTML, like Gecko) Chrome/147.0.0.0 Mobile Safari/537.36"
186.172.38.115 - - [01/May/2026:08:08:15 -0400] "GET /nueva/img/cms/Reels%20redes%20casas%20%20-%20Converted%20with%20FlexClip%20-%20Compressed%20with%20FlexClip.mp4 HTTP/1.1" 206 27450978 "https://casaslaguna.cl/nueva/mx/" "Mozilla/5.0 (Linux; Android 10; K) AppleWebKit/537.36 (KHTML, like Gecko) Chrome/147.0.0.0 Mobile Safari/537.36"
186.172.38.115 - - [01/May/2026:08:08:15 -0400] "GET /nueva/img/cms/proyecto_nuevo__1_.png HTTP/1.1" 200 599441 "https://casaslaguna.cl/nueva/mx/" "Mozilla/5.0 (Linux; Android 10; K) AppleWebKit/537.36 (KHTML, like Gecko) Chrome/147.0.0.0 Mobile Safari/537.36"
186.172.38.115 - - [01/May/2026:08:08:16 -0400] "GET /nueva/25-home_default/hummingbird-printed-t-shirt.jpg HTTP/1.1" 200 12139 "https://casaslaguna.cl/nueva/mx/" "Mozilla/5.0 (Linux; Android 10; K) AppleWebKit/537.36 (KHTML, like Gecko) Chrome/147.0.0.0 Mobile Safari/537.36"
186.172.38.115 - - [01/May/2026:08:08:16 -0400] "GET /nueva/33-home_default/hummingbird-printed-t-shirt.jpg HTTP/1.1" 200 13629 "https://casaslaguna.cl/nueva/mx/" "Mozilla/5.0 (Linux; Android 10; K) AppleWebKit/537.36 (KHTML, like Gecko) Chrome/147.0.0.0 Mobile Safari/537.36"
186.172.38.115 - - [01/May/2026:08:08:16 -0400] "GET /nueva/43-home_default/hummingbird-printed-t-shirt.jpg HTTP/1.1" 200 13486 "https://casaslaguna.cl/nueva/mx/" "Mozilla/5.0 (Linux; Android 10; K) AppleWebKit/537.36 (KHTML, like Gecko) Chrome/147.0.0.0 Mobile Safari/537.36"
186.172.38.115 - - [01/May/2026:08:08:16 -0400] "GET /nueva/50-home_default/hummingbird-printed-t-shirt.jpg HTTP/1.1" 200 12761 "https://casaslaguna.cl/nueva/mx/" "Mozilla/5.0 (Linux; Android 10; K) AppleWebKit/537.36 (KHTML, like Gecko) Chrome/147.0.0.0 Mobile Safari/537.36"
186.172.38.115 - - [01/May/2026:08:08:16 -0400] "GET /nueva/img/cms/Reels%20redes%20casas%20%20-%20Converted%20with%20FlexClip%20-%20Compressed%20with%20FlexClip.mp4 HTTP/1.1" 206 56930 "https://casaslaguna.cl/nueva/mx/" "Mozilla/5.0 (Linux; Android 10; K) AppleWebKit/537.36 (KHTML, like Gecko) Chrome/147.0.0.0 Mobile Safari/537.36"
74.7.241.52 - - [01/May/2026:08:08:16 -0400] "GET /hey.php?path=//proc/self/root/proc/self/root/home5/cca63905/www/nueva/var/cache/prod/pools/n6HI94Rds4////////////////Y/ HTTP/1.1" 200 32626 "https://mail.casaslaguna.cl/hey.php?path=//proc/self/root/proc/self/root/home5/cca63905/www/nueva/var/cache/prod/pools/n6HI94Rds4////////////////Y/+" "Mozilla/5.0 AppleWebKit/537.36 (KHTML, like Gecko; compatible; GPTBot/1.3; +https://openai.com/gptbot)"
186.172.38.115 - - [01/May/2026:08:08:15 -0400] "GET /nueva/img/cms/WhatsApp%20Video%202023-08-28%20at%2011-46-09.mp4 HTTP/1.1" 206 7704942 "https://casaslaguna.cl/nueva/mx/" "Mozilla/5.0 (Linux; Android 10; K) AppleWebKit/537.36 (KHTML, like Gecko) Chrome/147.0.0.0 Mobile Safari/537.36"
186.172.38.115 - - [01/May/2026:08:08:15 -0400] "GET /nueva/img/cms/WhatsApp%20Video%202023-09-15%20at%2014-23-30.mp4 HTTP/1.1" 206 4669859 "https://casaslaguna.cl/nueva/mx/" "Mozilla/5.0 (Linux; Android 10; K) AppleWebKit/537.36 (KHTML, like Gecko) Chrome/147.0.0.0 Mobile Safari/537.36"
186.172.38.115 - - [01/May/2026:08:08:16 -0400] "GET /nueva/68-home_default/casa-93-m2-mediterranea.jpg HTTP/1.1" 200 7275 "https://casaslaguna.cl/nueva/mx/" "Mozilla/5.0 (Linux; Android 10; K) AppleWebKit/537.36 (KHTML, like Gecko) Chrome/147.0.0.0 Mobile Safari/537.36"
186.172.38.115 - - [01/May/2026:08:08:11 -0400] "GET /nueva/modules/ybc_blog_free/views/img/post/thumb/IMG_9204.jpeg HTTP/1.1" 200 4409083 "https://casaslaguna.cl/nueva/mx/" "Mozilla/5.0 (Linux; Android 10; K) AppleWebKit/537.36 (KHTML, like Gecko) Chrome/147.0.0.0 Mobile Safari/537.36"
74.7.241.52 - - [01/May/2026:08:08:16 -0400] "GET /hey.php?path=//proc/self/root/proc/self/root/home5/cca63905/www/nueva/var/cache/prod/pools/n6HI94Rds4////////////////N/- HTTP/1.1" 200 16751 "https://mail.casaslaguna.cl/hey.php?path=//proc/self/root/proc/self/root/home5/cca63905/www/nueva/var/cache/prod/pools/n6HI94Rds4////////////////N" "Mozilla/5.0 AppleWebKit/537.36 (KHTML, like Gecko; compatible; GPTBot/1.3; +https://openai.com/gptbot)"
186.172.38.115 - - [01/May/2026:08:08:16 -0400] "GET /nueva/img/cms/Reels%20redes%20casas%20%20-%20Converted%20with%20FlexClip%20-%20Compressed%20with%20FlexClip.mp4 HTTP/1.1" 206 27262976 "https://casaslaguna.cl/nueva/mx/" "Mozilla/5.0 (Linux; Android 10; K) AppleWebKit/537.36 (KHTML, like Gecko) Chrome/147.0.0.0 Mobile Safari/537.36"
74.7.241.52 - - [01/May/2026:08:08:17 -0400] "GET /hey.php?path=//proc/self/root/proc/self/root/home5/cca63905/www/nueva/var/cache/prod/pools/n6HI94Rds4////////////////C/1 HTTP/1.1" 200 16751 "https://mail.casaslaguna.cl/hey.php?path=//proc/self/root/proc/self/root/home5/cca63905/www/nueva/var/cache/prod/pools/n6HI94Rds4////////////////C" "Mozilla/5.0 AppleWebKit/537.36 (KHTML, like Gecko; compatible; GPTBot/1.3; +https://openai.com/gptbot)"
186.172.38.115 - - [01/May/2026:08:08:16 -0400] "GET /nueva/modules/ets_multilayerslider/views/img/upload/volante%20casas%20laguna%20aculeo1.png HTTP/1.1" 200 4683971 "https://casaslaguna.cl/nueva/mx/" "Mozilla/5.0 (Linux; Android 10; K) AppleWebKit/537.36 (KHTML, like Gecko) Chrome/147.0.0.0 Mobile Safari/537.36"
186.172.38.115 - - [01/May/2026:08:08:16 -0400] "GET /nueva/img/cms/Reels%20redes%20casas%20%20-%20Converted%20with%20FlexClip%20-%20Compressed%20with%20FlexClip.mp4 HTTP/1.1" 206 1671168 "https://casaslaguna.cl/nueva/mx/" "Mozilla/5.0 (Linux; Android 10; K) AppleWebKit/537.36 (KHTML, like Gecko) Chrome/147.0.0.0 Mobile Safari/537.36"
186.172.38.115 - - [01/May/2026:08:08:17 -0400] "GET /nueva/img/favicon.ico?1692935605 HTTP/1.1" 200 67646 "https://casaslaguna.cl/nueva/mx/" "Mozilla/5.0 (Linux; Android 10; K) AppleWebKit/537.36 (KHTML, like Gecko) Chrome/147.0.0.0 Mobile Safari/537.36"
74.7.241.52 - - [01/May/2026:08:08:17 -0400] "GET /hey.php?path=//proc/self/root/proc/self/root/home5/cca63905/www/nueva/var/cache/prod/pools/n6HI94Rds4////////////////8/B HTTP/1.1" 200 16751 "https://mail.casaslaguna.cl/hey.php?path=//proc/self/root/proc/self/root/home5/cca63905/www/nueva/var/cache/prod/pools/n6HI94Rds4////////////////8" "Mozilla/5.0 AppleWebKit/537.36 (KHTML, like Gecko; compatible; GPTBot/1.3; +https://openai.com/gptbot)"
74.7.241.52 - - [01/May/2026:08:08:18 -0400] "GET /hey.php?path=//proc/self/root/proc/self/root/home5/cca63905/www/nueva/var/cache/prod/pools/n6HI94Rds4////////////////D/K HTTP/1.1" 200 16751 "https://mail.casaslaguna.cl/hey.php?path=//proc/self/root/proc/self/root/home5/cca63905/www/nueva/var/cache/prod/pools/n6HI94Rds4////////////////D" "Mozilla/5.0 AppleWebKit/537.36 (KHTML, like Gecko; compatible; GPTBot/1.3; +https://openai.com/gptbot)"
74.7.241.52 - - [01/May/2026:08:08:18 -0400] "GET /hey.php?path=//proc/self/root/proc/self/root/home5/cca63905/www/nueva/var/cache/prod/pools/n6HI94Rds4////////////////V/E HTTP/1.1" 200 16751 "https://mail.casaslaguna.cl/hey.php?path=//proc/self/root/proc/self/root/home5/cca63905/www/nueva/var/cache/prod/pools/n6HI94Rds4////////////////V" "Mozilla/5.0 AppleWebKit/537.36 (KHTML, like Gecko; compatible; GPTBot/1.3; +https://openai.com/gptbot)"
74.7.241.52 - - [01/May/2026:08:08:19 -0400] "GET /hey.php?path=//proc/self/root/proc/self/root/home5/cca63905/www/nueva/var/cache/prod/pools/n6HI94Rds4////////////////L/U HTTP/1.1" 200 16751 "https://mail.casaslaguna.cl/hey.php?path=//proc/self/root/proc/self/root/home5/cca63905/www/nueva/var/cache/prod/pools/n6HI94Rds4////////////////L" "Mozilla/5.0 AppleWebKit/537.36 (KHTML, like Gecko; compatible; GPTBot/1.3; +https://openai.com/gptbot)"
74.7.241.52 - - [01/May/2026:08:08:19 -0400] "GET /hey.php?path=//proc/self/root/proc/self/root/home5/cca63905/www/nueva/var/cache/prod/pools/n6HI94Rds4////////////////M/J HTTP/1.1" 200 16751 "https://mail.casaslaguna.cl/hey.php?path=//proc/self/root/proc/self/root/home5/cca63905/www/nueva/var/cache/prod/pools/n6HI94Rds4////////////////M" "Mozilla/5.0 AppleWebKit/537.36 (KHTML, like Gecko; compatible; GPTBot/1.3; +https://openai.com/gptbot)"
74.7.241.52 - - [01/May/2026:08:08:20 -0400] "GET /hey.php?path=//proc/self/root/proc/self/root/home5/cca63905/www/nueva/var/cache/prod/pools/n6HI94Rds4////////////////F/1 HTTP/1.1" 200 16751 "https://mail.casaslaguna.cl/hey.php?path=//proc/self/root/proc/self/root/home5/cca63905/www/nueva/var/cache/prod/pools/n6HI94Rds4////////////////F" "Mozilla/5.0 AppleWebKit/537.36 (KHTML, like Gecko; compatible; GPTBot/1.3; +https://openai.com/gptbot)"
74.7.241.52 - - [01/May/2026:08:08:20 -0400] "GET /hey.php?path=//proc/self/root/proc/self/root/home5/cca63905/www/nueva/var/cache/prod/pools/n6HI94Rds4////////////////E/P HTTP/1.1" 200 16751 "https://mail.casaslaguna.cl/hey.php?path=//proc/self/root/proc/self/root/home5/cca63905/www/nueva/var/cache/prod/pools/n6HI94Rds4////////////////E" "Mozilla/5.0 AppleWebKit/537.36 (KHTML, like Gecko; compatible; GPTBot/1.3; +https://openai.com/gptbot)"
74.7.241.52 - - [01/May/2026:08:08:21 -0400] "GET /hey.php?path=//proc/self/root/proc/self/root/home5/cca63905/www/nueva/var/cache/prod/pools/n6HI94Rds4////////////////C/K HTTP/1.1" 200 16751 "https://mail.casaslaguna.cl/hey.php?path=//proc/self/root/proc/self/root/home5/cca63905/www/nueva/var/cache/prod/pools/n6HI94Rds4////////////////C" "Mozilla/5.0 AppleWebKit/537.36 (KHTML, like Gecko; compatible; GPTBot/1.3; +https://openai.com/gptbot)"
74.7.241.52 - - [01/May/2026:08:08:21 -0400] "GET /hey.php?path=//proc/self/root/proc/self/root/home5/cca63905/www/nueva/var/cache/prod/pools/n6HI94Rds4////////////////Y//P HTTP/1.1" 200 16756 "https://mail.casaslaguna.cl/hey.php?path=//proc/self/root/proc/self/root/home5/cca63905/www/nueva/var/cache/prod/pools/n6HI94Rds4////////////////Y/" "Mozilla/5.0 AppleWebKit/537.36 (KHTML, like Gecko; compatible; GPTBot/1.3; +https://openai.com/gptbot)"
74.7.241.52 - - [01/May/2026:08:08:22 -0400] "GET /hey.php?path=//proc/self/root/proc/self/root/home5/cca63905/www/nueva/var/cache/prod/pools/n6HI94Rds4////////////////Y//R HTTP/1.1" 200 18652 "https://mail.casaslaguna.cl/hey.php?path=//proc/self/root/proc/self/root/home5/cca63905/www/nueva/var/cache/prod/pools/n6HI94Rds4////////////////Y/" "Mozilla/5.0 AppleWebKit/537.36 (KHTML, like Gecko; compatible; GPTBot/1.3; +https://openai.com/gptbot)"
74.7.241.52 - - [01/May/2026:08:08:22 -0400] "GET /hey.php?path=//proc/self/root/proc/self/root/home5/cca63905/www/nueva/var/cache/prod/pools/n6HI94Rds4////////////////Y//A HTTP/1.1" 200 16756 "https://mail.casaslaguna.cl/hey.php?path=//proc/self/root/proc/self/root/home5/cca63905/www/nueva/var/cache/prod/pools/n6HI94Rds4////////////////Y/" "Mozilla/5.0 AppleWebKit/537.36 (KHTML, like Gecko; compatible; GPTBot/1.3; +https://openai.com/gptbot)"
74.7.241.52 - - [01/May/2026:08:08:23 -0400] "GET /hey.php?path=//proc/self/root/proc/self/root/home5/cca63905/www/nueva/var/cache/prod/pools/n6HI94Rds4////////////////Y//M HTTP/1.1" 200 18652 "https://mail.casaslaguna.cl/hey.php?path=//proc/self/root/proc/self/root/home5/cca63905/www/nueva/var/cache/prod/pools/n6HI94Rds4////////////////Y/" "Mozilla/5.0 AppleWebKit/537.36 (KHTML, like Gecko; compatible; GPTBot/1.3; +https://openai.com/gptbot)"
74.7.241.52 - - [01/May/2026:08:08:23 -0400] "GET /hey.php?path=//proc/self/root/proc/self/root/home5/cca63905/www/nueva/var/cache/prod/pools/n6HI94Rds4////////////////Y//H HTTP/1.1" 200 16756 "https://mail.casaslaguna.cl/hey.php?path=//proc/self/root/proc/self/root/home5/cca63905/www/nueva/var/cache/prod/pools/n6HI94Rds4////////////////Y/" "Mozilla/5.0 AppleWebKit/537.36 (KHTML, like Gecko; compatible; GPTBot/1.3; +https://openai.com/gptbot)"
74.7.241.52 - - [01/May/2026:08:08:24 -0400] "GET /hey.php?path=//proc/self/root/proc/self/root/home5/cca63905/www/nueva/var/cache/prod/pools/n6HI94Rds4////////////////Y//F HTTP/1.1" 200 16756 "https://mail.casaslaguna.cl/hey.php?path=//proc/self/root/proc/self/root/home5/cca63905/www/nueva/var/cache/prod/pools/n6HI94Rds4////////////////Y/" "Mozilla/5.0 AppleWebKit/537.36 (KHTML, like Gecko; compatible; GPTBot/1.3; +https://openai.com/gptbot)"
74.7.241.52 - - [01/May/2026:08:08:25 -0400] "GET /hey.php?path=//proc/self/root/proc/self/root/home5/cca63905/www/nueva/var/cache/prod/pools/n6HI94Rds4////////////////Y//L HTTP/1.1" 200 16756 "https://mail.casaslaguna.cl/hey.php?path=//proc/self/root/proc/self/root/home5/cca63905/www/nueva/var/cache/prod/pools/n6HI94Rds4////////////////Y/" "Mozilla/5.0 AppleWebKit/537.36 (KHTML, like Gecko; compatible; GPTBot/1.3; +https://openai.com/gptbot)"
74.7.241.52 - - [01/May/2026:08:08:25 -0400] "GET /hey.php?path=//proc/self/root/proc/self/root/home5/cca63905/www/nueva/var/cache/prod/pools/n6HI94Rds4////////////////Y//J HTTP/1.1" 200 16756 "https://mail.casaslaguna.cl/hey.php?path=//proc/self/root/proc/self/root/home5/cca63905/www/nueva/var/cache/prod/pools/n6HI94Rds4////////////////Y/" "Mozilla/5.0 AppleWebKit/537.36 (KHTML, like Gecko; compatible; GPTBot/1.3; +https://openai.com/gptbot)"
74.7.241.52 - - [01/May/2026:08:08:26 -0400] "GET /hey.php?path=//proc/self/root/proc/self/root/home5/cca63905/www/nueva/var/cache/prod/pools/n6HI94Rds4////////////////Y//Z HTTP/1.1" 200 16756 "https://mail.casaslaguna.cl/hey.php?path=//proc/self/root/proc/self/root/home5/cca63905/www/nueva/var/cache/prod/pools/n6HI94Rds4////////////////Y/" "Mozilla/5.0 AppleWebKit/537.36 (KHTML, like Gecko; compatible; GPTBot/1.3; +https://openai.com/gptbot)"
74.7.241.52 - - [01/May/2026:08:08:26 -0400] "GET /hey.php?path=//proc/self/root/proc/self/root/home5/cca63905/www/nueva/var/cache/prod/pools/n6HI94Rds4////////////////Y//V HTTP/1.1" 200 16756 "https://mail.casaslaguna.cl/hey.php?path=//proc/self/root/proc/self/root/home5/cca63905/www/nueva/var/cache/prod/pools/n6HI94Rds4////////////////Y/" "Mozilla/5.0 AppleWebKit/537.36 (KHTML, like Gecko; compatible; GPTBot/1.3; +https://openai.com/gptbot)"
74.7.241.52 - - [01/May/2026:08:08:27 -0400] "GET /hey.php?path=//proc/self/root/proc/self/root/home5/cca63905/www/nueva/var/cache/prod/pools/n6HI94Rds4////////////////F/Q HTTP/1.1" 200 16751 "https://mail.casaslaguna.cl/hey.php?path=//proc/self/root/proc/self/root/home5/cca63905/www/nueva/var/cache/prod/pools/n6HI94Rds4////////////////F" "Mozilla/5.0 AppleWebKit/537.36 (KHTML, like Gecko; compatible; GPTBot/1.3; +https://openai.com/gptbot)"
74.7.241.52 - - [01/May/2026:08:08:27 -0400] "GET /hey.php?path=//proc/self/root/proc/self/root/home5/cca63905/www/nueva/var/cache/prod/pools/n6HI94Rds4////////////////W/T HTTP/1.1" 200 18643 "https://mail.casaslaguna.cl/hey.php?path=//proc/self/root/proc/self/root/home5/cca63905/www/nueva/var/cache/prod/pools/n6HI94Rds4////////////////W" "Mozilla/5.0 AppleWebKit/537.36 (KHTML, like Gecko; compatible; GPTBot/1.3; +https://openai.com/gptbot)"
74.7.241.52 - - [01/May/2026:08:08:28 -0400] "GET /hey.php?path=//proc/self/root/proc/self/root/home5/cca63905/www/nueva/var/cache/prod/pools/n6HI94Rds4///////////////5/M HTTP/1.1" 200 16744 "https://mail.casaslaguna.cl/hey.php?path=//proc/self/root/proc/self/root/home5/cca63905/www/nueva/var/cache/prod/pools/n6HI94Rds4///////////////5" "Mozilla/5.0 AppleWebKit/537.36 (KHTML, like Gecko; compatible; GPTBot/1.3; +https://openai.com/gptbot)"
74.7.241.52 - - [01/May/2026:08:08:28 -0400] "GET /hey.php?path=//proc/self/root/proc/self/root/home5/cca63905/www/nueva/var/cache/prod/pools/n6HI94Rds4////////////////P/V HTTP/1.1" 200 16751 "https://mail.casaslaguna.cl/hey.php?path=//proc/self/root/proc/self/root/home5/cca63905/www/nueva/var/cache/prod/pools/n6HI94Rds4////////////////P" "Mozilla/5.0 AppleWebKit/537.36 (KHTML, like Gecko; compatible; GPTBot/1.3; +https://openai.com/gptbot)"
74.7.241.52 - - [01/May/2026:08:08:29 -0400] "GET /hey.php?path=//proc/self/root/proc/self/root/home5/cca63905/www/nueva/var/cache/prod/pools/n6HI94Rds4////////////////O/D HTTP/1.1" 200 16751 "https://mail.casaslaguna.cl/hey.php?path=//proc/self/root/proc/self/root/home5/cca63905/www/nueva/var/cache/prod/pools/n6HI94Rds4////////////////O" "Mozilla/5.0 AppleWebKit/537.36 (KHTML, like Gecko; compatible; GPTBot/1.3; +https://openai.com/gptbot)"
74.7.241.52 - - [01/May/2026:08:08:29 -0400] "GET /hey.php?path=//proc/self/root/proc/self/root/home5/cca63905/www/nueva/var/cache/prod/pools/n6HI94Rds4///////////////H/Z HTTP/1.1" 200 16745 "https://mail.casaslaguna.cl/hey.php?path=//proc/self/root/proc/self/root/home5/cca63905/www/nueva/var/cache/prod/pools/n6HI94Rds4///////////////H" "Mozilla/5.0 AppleWebKit/537.36 (KHTML, like Gecko; compatible; GPTBot/1.3; +https://openai.com/gptbot)"
74.7.241.52 - - [01/May/2026:08:08:30 -0400] "GET /hey.php?path=//proc/self/root/proc/self/root/home5/cca63905/www/nueva/var/cache/prod/pools/n6HI94Rds4////////////////D/C HTTP/1.1" 200 18643 "https://mail.casaslaguna.cl/hey.php?path=//proc/self/root/proc/self/root/home5/cca63905/www/nueva/var/cache/prod/pools/n6HI94Rds4////////////////D" "Mozilla/5.0 AppleWebKit/537.36 (KHTML, like Gecko; compatible; GPTBot/1.3; +https://openai.com/gptbot)"
74.7.241.52 - - [01/May/2026:08:08:30 -0400] "GET /hey.php?path=//proc/self/root/proc/self/root/home4/cca63905/www/nueva/var/cache/prod/pools/n6HI94Rds4//////////////Y/ HTTP/1.1" 200 32558 "https://mail.casaslaguna.cl/hey.php?path=//proc/self/root/proc/self/root/home4/cca63905/www/nueva/var/cache/prod/pools/n6HI94Rds4//////////////Y/+" "Mozilla/5.0 AppleWebKit/537.36 (KHTML, like Gecko; compatible; GPTBot/1.3; +https://openai.com/gptbot)"
74.7.241.52 - - [01/May/2026:08:08:31 -0400] "GET /hey.php?path=//proc/self/root/proc/self/root/home4/cca63905/www/nueva/var/cache/prod/pools/n6HI94Rds4/S////////////////P HTTP/1.1" 200 16736 "https://mail.casaslaguna.cl/hey.php?path=//proc/self/root/proc/self/root/home4/cca63905/www/nueva/var/cache/prod/pools/n6HI94Rds4/S///////////////" "Mozilla/5.0 AppleWebKit/537.36 (KHTML, like Gecko; compatible; GPTBot/1.3; +https://openai.com/gptbot)"
74.7.241.52 - - [01/May/2026:08:08:31 -0400] "GET /hey.php?path=//proc/self/root/proc/self/root/home5/cca63905/www/nueva/var/cache/prod/pools/n6HI94Rds4////////////////V/K HTTP/1.1" 200 18643 "https://mail.casaslaguna.cl/hey.php?path=//proc/self/root/proc/self/root/home5/cca63905/www/nueva/var/cache/prod/pools/n6HI94Rds4////////////////V" "Mozilla/5.0 AppleWebKit/537.36 (KHTML, like Gecko; compatible; GPTBot/1.3; +https://openai.com/gptbot)"
74.7.241.52 - - [01/May/2026:08:08:32 -0400] "GET /hey.php?path=//proc/self/root/proc/self/root/home4/cca63905/www/nueva/var/cache/prod/pools/n6HI94Rds4//////////////5/6 HTTP/1.1" 200 16739 "https://mail.casaslaguna.cl/hey.php?path=//proc/self/root/proc/self/root/home4/cca63905/www/nueva/var/cache/prod/pools/n6HI94Rds4//////////////5" "Mozilla/5.0 AppleWebKit/537.36 (KHTML, like Gecko; compatible; GPTBot/1.3; +https://openai.com/gptbot)"
74.7.241.52 - - [01/May/2026:08:08:32 -0400] "GET /hey.php?path=//proc/self/root/proc/self/root/home5/cca63905/www/nueva/var/cache/prod/pools/n6HI94Rds4///////////////H/O HTTP/1.1" 200 16745 "https://mail.casaslaguna.cl/hey.php?path=//proc/self/root/proc/self/root/home5/cca63905/www/nueva/var/cache/prod/pools/n6HI94Rds4///////////////H" "Mozilla/5.0 AppleWebKit/537.36 (KHTML, like Gecko; compatible; GPTBot/1.3; +https://openai.com/gptbot)"
74.7.241.52 - - [01/May/2026:08:08:33 -0400] "GET /hey.php?path=//proc/self/root/proc/self/root/home4/cca63905/www/nueva/var/cache/prod/pools/n6HI94Rds4////////////////K/W HTTP/1.1" 200 16751 "https://mail.casaslaguna.cl/hey.php?path=//proc/self/root/proc/self/root/home4/cca63905/www/nueva/var/cache/prod/pools/n6HI94Rds4////////////////K" "Mozilla/5.0 AppleWebKit/537.36 (KHTML, like Gecko; compatible; GPTBot/1.3; +https://openai.com/gptbot)"
74.7.241.52 - - [01/May/2026:08:08:33 -0400] "GET /hey.php?path=//proc/self/root/proc/self/root/home4/cca63905/www/nueva/var/cache/prod/pools/n6HI94Rds4/Y////////////////J HTTP/1.1" 200 16736 "https://mail.casaslaguna.cl/hey.php?path=//proc/self/root/proc/self/root/home4/cca63905/www/nueva/var/cache/prod/pools/n6HI94Rds4/Y///////////////" "Mozilla/5.0 AppleWebKit/537.36 (KHTML, like Gecko; compatible; GPTBot/1.3; +https://openai.com/gptbot)"
74.7.241.52 - - [01/May/2026:08:08:34 -0400] "GET /hey.php?path=//proc/self/root/proc/self/root/home4/cca63905/www/nueva/var/cache/prod/pools/n6HI94Rds4///L/////////////I HTTP/1.1" 200 16733 "https://mail.casaslaguna.cl/hey.php?path=//proc/self/root/proc/self/root/home4/cca63905/www/nueva/var/cache/prod/pools/n6HI94Rds4///L////////////" "Mozilla/5.0 AppleWebKit/537.36 (KHTML, like Gecko; compatible; GPTBot/1.3; +https://openai.com/gptbot)"
74.7.241.52 - - [01/May/2026:08:08:34 -0400] "GET /hey.php?path=//proc/self/root/proc/self/root/home4/cca63905/www/nueva/var/cache/prod/pools/n6HI94Rds4///////////////- HTTP/1.1" 200 29317 "https://mail.casaslaguna.cl/hey.php?path=//proc/self/root/proc/self/root/home4/cca63905/www/nueva/var/cache/prod/pools/n6HI94Rds4//////////////" "Mozilla/5.0 AppleWebKit/537.36 (KHTML, like Gecko; compatible; GPTBot/1.3; +https://openai.com/gptbot)"
74.7.241.52 - - [01/May/2026:08:08:35 -0400] "GET /hey.php?path=//proc/self/root/proc/self/root/home4/cca63905/www/nueva/var/cache/prod/pools/n6HI94Rds4////////////////Y/Z HTTP/1.1" 200 16751 "https://mail.casaslaguna.cl/hey.php?path=//proc/self/root/proc/self/root/home4/cca63905/www/nueva/var/cache/prod/pools/n6HI94Rds4////////////////Y" "Mozilla/5.0 AppleWebKit/537.36 (KHTML, like Gecko; compatible; GPTBot/1.3; +https://openai.com/gptbot)"
186.172.38.115 - - [01/May/2026:08:08:35 -0400] "GET /nueva/img/cms/Reels%20redes%20casas%20%20-%20Converted%20with%20FlexClip%20-%20Compressed%20with%20FlexClip.mp4 HTTP/1.1" 206 25165824 "https://casaslaguna.cl/nueva/mx/" "Mozilla/5.0 (Linux; Android 10; K) AppleWebKit/537.36 (KHTML, like Gecko) Chrome/147.0.0.0 Mobile Safari/537.36"
74.7.241.52 - - [01/May/2026:08:08:36 -0400] "GET /hey.php?path=//proc/self/root/proc/self/root/home5/cca63905/www/nueva/var/cache/prod/pools/n6HI94Rds4/L////////////////P HTTP/1.1" 200 16736 "https://mail.casaslaguna.cl/hey.php?path=//proc/self/root/proc/self/root/home5/cca63905/www/nueva/var/cache/prod/pools/n6HI94Rds4/L///////////////" "Mozilla/5.0 AppleWebKit/537.36 (KHTML, like Gecko; compatible; GPTBot/1.3; +https://openai.com/gptbot)"
74.7.241.52 - - [01/May/2026:08:08:36 -0400] "GET /hey.php?path=//proc/self/root/proc/self/root/home4/cca63905/www/nueva/var/cache/prod/pools/n6HI94Rds4//////////////Y//+ HTTP/1.1" 200 14856 "https://mail.casaslaguna.cl/hey.php?path=//proc/self/root/proc/self/root/home4/cca63905/www/nueva/var/cache/prod/pools/n6HI94Rds4//////////////Y/" "Mozilla/5.0 AppleWebKit/537.36 (KHTML, like Gecko; compatible; GPTBot/1.3; +https://openai.com/gptbot)"
74.7.241.52 - - [01/May/2026:08:08:37 -0400] "GET /hey.php?path=//proc/self/root/proc/self/root/home4/cca63905/www/nueva/var/cache/prod/pools/n6HI94Rds4//////////////Y//V HTTP/1.1" 200 16744 "https://mail.casaslaguna.cl/hey.php?path=//proc/self/root/proc/self/root/home4/cca63905/www/nueva/var/cache/prod/pools/n6HI94Rds4//////////////Y/" "Mozilla/5.0 AppleWebKit/537.36 (KHTML, like Gecko; compatible; GPTBot/1.3; +https://openai.com/gptbot)"
74.7.241.52 - - [01/May/2026:08:08:37 -0400] "GET /hey.php?path=//proc/self/root/proc/self/root/home4/cca63905/www/nueva/var/cache/prod/pools/n6HI94Rds4//////////////Y//A HTTP/1.1" 200 16744 "https://mail.casaslaguna.cl/hey.php?path=//proc/self/root/proc/self/root/home4/cca63905/www/nueva/var/cache/prod/pools/n6HI94Rds4//////////////Y/" "Mozilla/5.0 AppleWebKit/537.36 (KHTML, like Gecko; compatible; GPTBot/1.3; +https://openai.com/gptbot)"
74.7.241.52 - - [01/May/2026:08:08:38 -0400] "GET /hey.php?path=//proc/self/root/proc/self/root/home4/cca63905/www/nueva/var/cache/prod/pools/n6HI94Rds4//////////////Y//P HTTP/1.1" 200 16744 "https://mail.casaslaguna.cl/hey.php?path=//proc/self/root/proc/self/root/home4/cca63905/www/nueva/var/cache/prod/pools/n6HI94Rds4//////////////Y/" "Mozilla/5.0 AppleWebKit/537.36 (KHTML, like Gecko; compatible; GPTBot/1.3; +https://openai.com/gptbot)"
74.7.241.52 - - [01/May/2026:08:08:38 -0400] "GET /hey.php?path=//proc/self/root/proc/self/root/home4/cca63905/www/nueva/var/cache/prod/pools/n6HI94Rds4//////////////Y//L HTTP/1.1" 200 16744 "https://mail.casaslaguna.cl/hey.php?path=//proc/self/root/proc/self/root/home4/cca63905/www/nueva/var/cache/prod/pools/n6HI94Rds4//////////////Y/" "Mozilla/5.0 AppleWebKit/537.36 (KHTML, like Gecko; compatible; GPTBot/1.3; +https://openai.com/gptbot)"
186.172.38.115 - - [01/May/2026:08:08:38 -0400] "GET /nueva/img/cms/WhatsApp%20Video%202023-08-28%20at%2011-46-09.mp4 HTTP/1.1" 206 7426414 "https://casaslaguna.cl/nueva/mx/" "Mozilla/5.0 (Linux; Android 10; K) AppleWebKit/537.36 (KHTML, like Gecko) Chrome/147.0.0.0 Mobile Safari/537.36"
186.172.38.115 - - [01/May/2026:08:08:38 -0400] "GET /nueva/img/cms/WhatsApp%20Video%202023-08-28%20at%2011-46-09.mp4 HTTP/1.1" 206 7147886 "https://casaslaguna.cl/nueva/mx/" "Mozilla/5.0 (Linux; Android 10; K) AppleWebKit/537.36 (KHTML, like Gecko) Chrome/147.0.0.0 Mobile Safari/537.36"
74.7.241.52 - - [01/May/2026:08:08:39 -0400] "GET /hey.php?path=//proc/self/root/proc/self/root/home4/cca63905/www/nueva/var/cache/prod/pools/n6HI94Rds4//////////////Y//M HTTP/1.1" 200 18632 "https://mail.casaslaguna.cl/hey.php?path=//proc/self/root/proc/self/root/home4/cca63905/www/nueva/var/cache/prod/pools/n6HI94Rds4//////////////Y/" "Mozilla/5.0 AppleWebKit/537.36 (KHTML, like Gecko; compatible; GPTBot/1.3; +https://openai.com/gptbot)"
74.7.241.52 - - [01/May/2026:08:08:39 -0400] "GET /hey.php?path=//proc/self/root/proc/self/root/home4/cca63905/www/nueva/var/cache/prod/pools/n6HI94Rds4//////////////Y//F HTTP/1.1" 200 16744 "https://mail.casaslaguna.cl/hey.php?path=//proc/self/root/proc/self/root/home4/cca63905/www/nueva/var/cache/prod/pools/n6HI94Rds4//////////////Y/" "Mozilla/5.0 AppleWebKit/537.36 (KHTML, like Gecko; compatible; GPTBot/1.3; +https://openai.com/gptbot)"
74.7.241.52 - - [01/May/2026:08:08:40 -0400] "GET /hey.php?path=//proc/self/root/proc/self/root/home4/cca63905/www/nueva/var/cache/prod/pools/n6HI94Rds4//////////////Y//R HTTP/1.1" 200 18632 "https://mail.casaslaguna.cl/hey.php?path=//proc/self/root/proc/self/root/home4/cca63905/www/nueva/var/cache/prod/pools/n6HI94Rds4//////////////Y/" "Mozilla/5.0 AppleWebKit/537.36 (KHTML, like Gecko; compatible; GPTBot/1.3; +https://openai.com/gptbot)"
74.7.241.52 - - [01/May/2026:08:08:40 -0400] "GET /hey.php?path=//proc/self/root/proc/self/root/home4/cca63905/www/nueva/var/cache/prod/pools/n6HI94Rds4///////////////-/K HTTP/1.1" 200 16745 "https://mail.casaslaguna.cl/hey.php?path=//proc/self/root/proc/self/root/home4/cca63905/www/nueva/var/cache/prod/pools/n6HI94Rds4///////////////-" "Mozilla/5.0 AppleWebKit/537.36 (KHTML, like Gecko; compatible; GPTBot/1.3; +https://openai.com/gptbot)"
74.7.241.52 - - [01/May/2026:08:08:41 -0400] "GET /hey.php?path=//proc/self/root/proc/self/root/home4/cca63905/www/nueva/var/cache/prod/pools/n6HI94Rds4///////////////-/T HTTP/1.1" 200 16745 "https://mail.casaslaguna.cl/hey.php?path=//proc/self/root/proc/self/root/home4/cca63905/www/nueva/var/cache/prod/pools/n6HI94Rds4///////////////-" "Mozilla/5.0 AppleWebKit/537.36 (KHTML, like Gecko; compatible; GPTBot/1.3; +https://openai.com/gptbot)"
186.172.38.115 - - [01/May/2026:08:08:41 -0400] "GET /nueva/img/cms/WhatsApp%20Video%202023-08-28%20at%2011-46-09.mp4 HTTP/1.1" 206 37230 "https://casaslaguna.cl/nueva/mx/" "Mozilla/5.0 (Linux; Android 10; K) AppleWebKit/537.36 (KHTML, like Gecko) Chrome/147.0.0.0 Mobile Safari/537.36"
186.172.38.115 - - [01/May/2026:08:08:40 -0400] "GET /nueva/img/cms/Reels%20redes%20casas%20%20-%20Converted%20with%20FlexClip%20-%20Compressed%20with%20FlexClip.mp4 HTTP/1.1" 206 3702784 "https://casaslaguna.cl/nueva/mx/" "Mozilla/5.0 (Linux; Android 10; K) AppleWebKit/537.36 (KHTML, like Gecko) Chrome/147.0.0.0 Mobile Safari/537.36"
74.7.241.52 - - [01/May/2026:08:08:41 -0400] "GET /hey.php?path=//proc/self/root/proc/self/root/home4/cca63905/www/nueva/var/cache/prod/pools/n6HI94Rds4///////////////-/J HTTP/1.1" 200 16745 "https://mail.casaslaguna.cl/hey.php?path=//proc/self/root/proc/self/root/home4/cca63905/www/nueva/var/cache/prod/pools/n6HI94Rds4///////////////-" "Mozilla/5.0 AppleWebKit/537.36 (KHTML, like Gecko; compatible; GPTBot/1.3; +https://openai.com/gptbot)"
74.7.241.52 - - [01/May/2026:08:08:42 -0400] "GET /hey.php?path=//proc/self/root/proc/self/root/home4/cca63905/www/nueva/var/cache/prod/pools/n6HI94Rds4//////////////Y// HTTP/1.1" 200 32591 "https://mail.casaslaguna.cl/hey.php?path=//proc/self/root/proc/self/root/home4/cca63905/www/nueva/var/cache/prod/pools/n6HI94Rds4//////////////Y//+" "Mozilla/5.0 AppleWebKit/537.36 (KHTML, like Gecko; compatible; GPTBot/1.3; +https://openai.com/gptbot)"
186.172.38.115 - - [01/May/2026:08:08:41 -0400] "GET /nueva/img/cms/Reels%20redes%20casas%20%20-%20Converted%20with%20FlexClip%20-%20Compressed%20with%20FlexClip.mp4 HTTP/1.1" 206 1982464 "https://casaslaguna.cl/nueva/mx/" "Mozilla/5.0 (Linux; Android 10; K) AppleWebKit/537.36 (KHTML, like Gecko) Chrome/147.0.0.0 Mobile Safari/537.36"
74.7.241.52 - - [01/May/2026:08:08:42 -0400] "GET /hey.php?path=//proc/self/root/proc/self/root/home4/cca63905/www/nueva/var/cache/prod/pools/n6HI94Rds4//////////////Y//J HTTP/1.1" 200 16744 "https://mail.casaslaguna.cl/hey.php?path=//proc/self/root/proc/self/root/home4/cca63905/www/nueva/var/cache/prod/pools/n6HI94Rds4//////////////Y/" "Mozilla/5.0 AppleWebKit/537.36 (KHTML, like Gecko; compatible; GPTBot/1.3; +https://openai.com/gptbot)"
186.172.38.115 - - [01/May/2026:08:08:43 -0400] "GET /nueva/img/cms/Reels%20redes%20casas%20%20-%20Converted%20with%20FlexClip%20-%20Compressed%20with%20FlexClip.mp4 HTTP/1.1" 206 65536 "https://casaslaguna.cl/nueva/mx/" "Mozilla/5.0 (Linux; Android 10; K) AppleWebKit/537.36 (KHTML, like Gecko) Chrome/147.0.0.0 Mobile Safari/537.36"
186.172.38.115 - - [01/May/2026:08:08:43 -0400] "GET /nueva/img/cms/Reels%20redes%20casas%20%20-%20Converted%20with%20FlexClip%20-%20Compressed%20with%20FlexClip.mp4 HTTP/1.1" 206 1228800 "https://casaslaguna.cl/nueva/mx/" "Mozilla/5.0 (Linux; Android 10; K) AppleWebKit/537.36 (KHTML, like Gecko) Chrome/147.0.0.0 Mobile Safari/537.36"
74.7.241.52 - - [01/May/2026:08:08:43 -0400] "GET /hey.php?path=//proc/self/root/proc/self/root/home5/cca63905/www/nueva/var/cache/prod/pools/n6HI94Rds4///////////////K HTTP/1.1" 200 32559 "https://mail.casaslaguna.cl/hey.php?path=//proc/self/root/proc/self/root/home5/cca63905/www/nueva/var/cache/prod/pools/n6HI94Rds4//////////////" "Mozilla/5.0 AppleWebKit/537.36 (KHTML, like Gecko; compatible; GPTBot/1.3; +https://openai.com/gptbot)"
74.7.241.52 - - [01/May/2026:08:08:43 -0400] "GET /hey.php?path=//proc/self/root/proc/self/root/home5/cca63905/www/nueva/var/cache/prod/pools/n6HI94Rds4///////////////V/W HTTP/1.1" 200 16745 "https://mail.casaslaguna.cl/hey.php?path=//proc/self/root/proc/self/root/home5/cca63905/www/nueva/var/cache/prod/pools/n6HI94Rds4///////////////V" "Mozilla/5.0 AppleWebKit/537.36 (KHTML, like Gecko; compatible; GPTBot/1.3; +https://openai.com/gptbot)"
186.172.38.115 - - [01/May/2026:08:08:43 -0400] "GET /nueva/img/cms/Reels%20redes%20casas%20%20-%20Converted%20with%20FlexClip%20-%20Compressed%20with%20FlexClip.mp4 HTTP/1.1" 206 1228800 "https://casaslaguna.cl/nueva/mx/" "Mozilla/5.0 (Linux; Android 10; K) AppleWebKit/537.36 (KHTML, like Gecko) Chrome/147.0.0.0 Mobile Safari/537.36"
74.7.241.52 - - [01/May/2026:08:08:44 -0400] "GET /hey.php?path=//proc/self/root/proc/self/root/home4/cca63905/www/nueva/var/cache/prod/pools/n6HI94Rds4//////////////J HTTP/1.1" 200 32525 "https://mail.casaslaguna.cl/hey.php?path=//proc/self/root/proc/self/root/home4/cca63905/www/nueva/var/cache/prod/pools/n6HI94Rds4/////////////" "Mozilla/5.0 AppleWebKit/537.36 (KHTML, like Gecko; compatible; GPTBot/1.3; +https://openai.com/gptbot)"
74.7.241.52 - - [01/May/2026:08:08:44 -0400] "GET /hey.php?path=//proc/self/root/proc/self/root/home4/cca63905/www/nueva/var/cache/prod/pools/n6HI94Rds4///////////////E/R HTTP/1.1" 200 16745 "https://mail.casaslaguna.cl/hey.php?path=//proc/self/root/proc/self/root/home4/cca63905/www/nueva/var/cache/prod/pools/n6HI94Rds4///////////////E" "Mozilla/5.0 AppleWebKit/537.36 (KHTML, like Gecko; compatible; GPTBot/1.3; +https://openai.com/gptbot)"
74.7.241.52 - - [01/May/2026:08:08:45 -0400] "GET /hey.php?path=//proc/self/root/proc/self/root/home4/cca63905/www/nueva/var/cache/prod/pools/n6HI94Rds4////////////////N/2 HTTP/1.1" 200 16751 "https://mail.casaslaguna.cl/hey.php?path=//proc/self/root/proc/self/root/home4/cca63905/www/nueva/var/cache/prod/pools/n6HI94Rds4////////////////N" "Mozilla/5.0 AppleWebKit/537.36 (KHTML, like Gecko; compatible; GPTBot/1.3; +https://openai.com/gptbot)"
74.7.241.52 - - [01/May/2026:08:08:46 -0400] "GET /hey.php?path=//proc/self/root/proc/self/root/home5/cca63905/www/nueva/var/cache/prod/pools/n6HI94Rds4////////////////Z/B HTTP/1.1" 200 16751 "https://mail.casaslaguna.cl/hey.php?path=//proc/self/root/proc/self/root/home5/cca63905/www/nueva/var/cache/prod/pools/n6HI94Rds4////////////////Z" "Mozilla/5.0 AppleWebKit/537.36 (KHTML, like Gecko; compatible; GPTBot/1.3; +https://openai.com/gptbot)"
74.7.241.52 - - [01/May/2026:08:08:46 -0400] "GET /hey.php?path=//proc/self/root/proc/self/root/home5/cca63905/www/nueva/var/cache/prod/pools/n6HI94Rds4///////////////I/X HTTP/1.1" 200 16745 "https://mail.casaslaguna.cl/hey.php?path=//proc/self/root/proc/self/root/home5/cca63905/www/nueva/var/cache/prod/pools/n6HI94Rds4///////////////I" "Mozilla/5.0 AppleWebKit/537.36 (KHTML, like Gecko; compatible; GPTBot/1.3; +https://openai.com/gptbot)"
74.7.241.52 - - [01/May/2026:08:08:47 -0400] "GET /hey.php?path=//proc/self/root/proc/self/root/home5/cca63905/www/nueva/var/cache/prod/pools/n6HI94Rds4///////////////8/X HTTP/1.1" 200 16745 "https://mail.casaslaguna.cl/hey.php?path=//proc/self/root/proc/self/root/home5/cca63905/www/nueva/var/cache/prod/pools/n6HI94Rds4///////////////8" "Mozilla/5.0 AppleWebKit/537.36 (KHTML, like Gecko; compatible; GPTBot/1.3; +https://openai.com/gptbot)"
74.7.241.52 - - [01/May/2026:08:08:47 -0400] "GET /hey.php?path=//proc/self/root/proc/self/root/home5/cca63905/www/nueva/var/cache/prod/pools/n6HI94Rds4/M//////////////R HTTP/1.1" 200 16726 "https://mail.casaslaguna.cl/hey.php?path=//proc/self/root/proc/self/root/home5/cca63905/www/nueva/var/cache/prod/pools/n6HI94Rds4/M/////////////" "Mozilla/5.0 AppleWebKit/537.36 (KHTML, like Gecko; compatible; GPTBot/1.3; +https://openai.com/gptbot)"
74.7.241.52 - - [01/May/2026:08:08:48 -0400] "GET /hey.php?path=//proc/self/root/proc/self/root/home4/cca63905/www/nueva/var/cache/prod/pools/n6HI94Rds4//////////////Y///M HTTP/1.1" 200 18641 "https://mail.casaslaguna.cl/hey.php?path=//proc/self/root/proc/self/root/home4/cca63905/www/nueva/var/cache/prod/pools/n6HI94Rds4//////////////Y//" "Mozilla/5.0 AppleWebKit/537.36 (KHTML, like Gecko; compatible; GPTBot/1.3; +https://openai.com/gptbot)"
74.7.241.52 - - [01/May/2026:08:08:48 -0400] "GET /hey.php?path=//proc/self/root/proc/self/root/home4/cca63905/www/nueva/var/cache/prod/pools/n6HI94Rds4//////////////Y///J HTTP/1.1" 200 16749 "https://mail.casaslaguna.cl/hey.php?path=//proc/self/root/proc/self/root/home4/cca63905/www/nueva/var/cache/prod/pools/n6HI94Rds4//////////////Y//" "Mozilla/5.0 AppleWebKit/537.36 (KHTML, like Gecko; compatible; GPTBot/1.3; +https://openai.com/gptbot)"
74.7.241.52 - - [01/May/2026:08:08:49 -0400] "GET /hey.php?path=//proc/self/root/proc/self/root/home4/cca63905/www/nueva/var/cache/prod/pools/n6HI94Rds4//////////////Y///A HTTP/1.1" 200 16749 "https://mail.casaslaguna.cl/hey.php?path=//proc/self/root/proc/self/root/home4/cca63905/www/nueva/var/cache/prod/pools/n6HI94Rds4//////////////Y//" "Mozilla/5.0 AppleWebKit/537.36 (KHTML, like Gecko; compatible; GPTBot/1.3; +https://openai.com/gptbot)"
74.7.241.52 - - [01/May/2026:08:08:49 -0400] "GET /hey.php?path=//proc/self/root/proc/self/root/home4/cca63905/www/nueva/var/cache/prod/pools/n6HI94Rds4//////////////Y///V HTTP/1.1" 200 16749 "https://mail.casaslaguna.cl/hey.php?path=//proc/self/root/proc/self/root/home4/cca63905/www/nueva/var/cache/prod/pools/n6HI94Rds4//////////////Y//" "Mozilla/5.0 AppleWebKit/537.36 (KHTML, like Gecko; compatible; GPTBot/1.3; +https://openai.com/gptbot)"
74.7.241.52 - - [01/May/2026:08:08:50 -0400] "GET /hey.php?path=//proc/self/root/proc/self/root/home4/cca63905/www/nueva/var/cache/prod/pools/n6HI94Rds4//////////////J/F HTTP/1.1" 200 16738 "https://mail.casaslaguna.cl/hey.php?path=//proc/self/root/proc/self/root/home4/cca63905/www/nueva/var/cache/prod/pools/n6HI94Rds4//////////////J" "Mozilla/5.0 AppleWebKit/537.36 (KHTML, like Gecko; compatible; GPTBot/1.3; +https://openai.com/gptbot)"
74.7.241.52 - - [01/May/2026:08:08:50 -0400] "GET /hey.php?path=//proc/self/root/proc/self/root/home4/cca63905/www/nueva/var/cache/prod/pools/n6HI94Rds4//////////////J/E HTTP/1.1" 200 16739 "https://mail.casaslaguna.cl/hey.php?path=//proc/self/root/proc/self/root/home4/cca63905/www/nueva/var/cache/prod/pools/n6HI94Rds4//////////////J" "Mozilla/5.0 AppleWebKit/537.36 (KHTML, like Gecko; compatible; GPTBot/1.3; +https://openai.com/gptbot)"
74.7.241.52 - - [01/May/2026:08:08:51 -0400] "GET /hey.php?path=//proc/self/root/proc/self/root/home4/cca63905/www/nueva/var/cache/prod/pools/n6HI94Rds4//////////////J/Z HTTP/1.1" 200 16739 "https://mail.casaslaguna.cl/hey.php?path=//proc/self/root/proc/self/root/home4/cca63905/www/nueva/var/cache/prod/pools/n6HI94Rds4//////////////J" "Mozilla/5.0 AppleWebKit/537.36 (KHTML, like Gecko; compatible; GPTBot/1.3; +https://openai.com/gptbot)"
74.7.241.52 - - [01/May/2026:08:08:51 -0400] "GET /hey.php?path=//proc/self/root/proc/self/root/home4/cca63905/www/nueva/var/cache/prod/pools/n6HI94Rds4//////////////J/T HTTP/1.1" 200 18623 "https://mail.casaslaguna.cl/hey.php?path=//proc/self/root/proc/self/root/home4/cca63905/www/nueva/var/cache/prod/pools/n6HI94Rds4//////////////J" "Mozilla/5.0 AppleWebKit/537.36 (KHTML, like Gecko; compatible; GPTBot/1.3; +https://openai.com/gptbot)"
74.7.241.52 - - [01/May/2026:08:08:52 -0400] "GET /hey.php?path=//proc/self/root/proc/self/root/home4/cca63905/www/nueva/var/cache/prod/pools/n6HI94Rds4//////////////J/Q HTTP/1.1" 200 16739 "https://mail.casaslaguna.cl/hey.php?path=//proc/self/root/proc/self/root/home4/cca63905/www/nueva/var/cache/prod/pools/n6HI94Rds4//////////////J" "Mozilla/5.0 AppleWebKit/537.36 (KHTML, like Gecko; compatible; GPTBot/1.3; +https://openai.com/gptbot)"
74.7.241.52 - - [01/May/2026:08:08:52 -0400] "GET /hey.php?path=//proc/self/root/proc/self/root/home4/cca63905/www/nueva/var/cache/prod/pools/n6HI94Rds4//////////////Y///F HTTP/1.1" 200 16749 "https://mail.casaslaguna.cl/hey.php?path=//proc/self/root/proc/self/root/home4/cca63905/www/nueva/var/cache/prod/pools/n6HI94Rds4//////////////Y//" "Mozilla/5.0 AppleWebKit/537.36 (KHTML, like Gecko; compatible; GPTBot/1.3; +https://openai.com/gptbot)"
74.7.241.52 - - [01/May/2026:08:08:53 -0400] "GET /hey.php?path=//proc/self/root/proc/self/root/home4/cca63905/www/nueva/var/cache/prod/pools/n6HI94Rds4//////////////Y///P HTTP/1.1" 200 16749 "https://mail.casaslaguna.cl/hey.php?path=//proc/self/root/proc/self/root/home4/cca63905/www/nueva/var/cache/prod/pools/n6HI94Rds4//////////////Y//" "Mozilla/5.0 AppleWebKit/537.36 (KHTML, like Gecko; compatible; GPTBot/1.3; +https://openai.com/gptbot)"
74.7.241.52 - - [01/May/2026:08:08:54 -0400] "GET /hey.php?path=//proc/self/root/proc/self/root/home4/cca63905/www/nueva/var/cache/prod/pools/n6HI94Rds4//////////////J/D HTTP/1.1" 200 18623 "https://mail.casaslaguna.cl/hey.php?path=//proc/self/root/proc/self/root/home4/cca63905/www/nueva/var/cache/prod/pools/n6HI94Rds4//////////////J" "Mozilla/5.0 AppleWebKit/537.36 (KHTML, like Gecko; compatible; GPTBot/1.3; +https://openai.com/gptbot)"
74.7.241.52 - - [01/May/2026:08:08:54 -0400] "GET /hey.php?path=//proc/self/root/proc/self/root/home4/cca63905/www/nueva/var/cache/prod/pools/n6HI94Rds4//////////////Y///L HTTP/1.1" 200 16749 "https://mail.casaslaguna.cl/hey.php?path=//proc/self/root/proc/self/root/home4/cca63905/www/nueva/var/cache/prod/pools/n6HI94Rds4//////////////Y//" "Mozilla/5.0 AppleWebKit/537.36 (KHTML, like Gecko; compatible; GPTBot/1.3; +https://openai.com/gptbot)"
74.7.241.52 - - [01/May/2026:08:08:55 -0400] "GET /hey.php?path=//proc/self/root/proc/self/root/home4/cca63905/www/nueva/var/cache/prod/pools/n6HI94Rds4//////////////J/P HTTP/1.1" 200 16739 "https://mail.casaslaguna.cl/hey.php?path=//proc/self/root/proc/self/root/home4/cca63905/www/nueva/var/cache/prod/pools/n6HI94Rds4//////////////J" "Mozilla/5.0 AppleWebKit/537.36 (KHTML, like Gecko; compatible; GPTBot/1.3; +https://openai.com/gptbot)"
74.7.241.52 - - [01/May/2026:08:08:55 -0400] "GET /hey.php?path=//proc/self/root/proc/self/root/home4/cca63905/www/nueva/var/cache/prod/pools/n6HI94Rds4//////////////J/1 HTTP/1.1" 200 18623 "https://mail.casaslaguna.cl/hey.php?path=//proc/self/root/proc/self/root/home4/cca63905/www/nueva/var/cache/prod/pools/n6HI94Rds4//////////////J" "Mozilla/5.0 AppleWebKit/537.36 (KHTML, like Gecko; compatible; GPTBot/1.3; +https://openai.com/gptbot)"
74.7.241.52 - - [01/May/2026:08:08:56 -0400] "GET /hey.php?path=//proc/self/root/proc/self/root/home4/cca63905/www/nueva/var/cache/prod/pools/n6HI94Rds4//////////////J/- HTTP/1.1" 200 16738 "https://mail.casaslaguna.cl/hey.php?path=//proc/self/root/proc/self/root/home4/cca63905/www/nueva/var/cache/prod/pools/n6HI94Rds4//////////////J" "Mozilla/5.0 AppleWebKit/537.36 (KHTML, like Gecko; compatible; GPTBot/1.3; +https://openai.com/gptbot)"
74.7.241.52 - - [01/May/2026:08:08:56 -0400] "GET /hey.php?path=//proc/self/root/proc/self/root/home4/cca63905/www/nueva/var/cache/prod/pools/n6HI94Rds4//////////////Y///+ HTTP/1.1" 200 14857 "https://mail.casaslaguna.cl/hey.php?path=//proc/self/root/proc/self/root/home4/cca63905/www/nueva/var/cache/prod/pools/n6HI94Rds4//////////////Y//" "Mozilla/5.0 AppleWebKit/537.36 (KHTML, like Gecko; compatible; GPTBot/1.3; +https://openai.com/gptbot)"
74.7.241.52 - - [01/May/2026:08:08:57 -0400] "GET /hey.php?path=//proc/self/root/proc/self/root/home4/cca63905/www/nueva/var/cache/prod/pools/n6HI94Rds4//////////////J/W HTTP/1.1" 200 16739 "https://mail.casaslaguna.cl/hey.php?path=//proc/self/root/proc/self/root/home4/cca63905/www/nueva/var/cache/prod/pools/n6HI94Rds4//////////////J" "Mozilla/5.0 AppleWebKit/537.36 (KHTML, like Gecko; compatible; GPTBot/1.3; +https://openai.com/gptbot)"
74.7.241.52 - - [01/May/2026:08:08:57 -0400] "GET /hey.php?path=//proc/self/root/proc/self/root/home4/cca63905/www/nueva/var/cache/prod/pools/n6HI94Rds4//////////////Y///Z HTTP/1.1" 200 16749 "https://mail.casaslaguna.cl/hey.php?path=//proc/self/root/proc/self/root/home4/cca63905/www/nueva/var/cache/prod/pools/n6HI94Rds4//////////////Y//" "Mozilla/5.0 AppleWebKit/537.36 (KHTML, like Gecko; compatible; GPTBot/1.3; +https://openai.com/gptbot)"
74.7.241.52 - - [01/May/2026:08:08:58 -0400] "GET /hey.php?path=//proc/self/root/proc/self/root/home4/cca63905/www/nueva/var/cache/prod/pools/n6HI94Rds4//////////////Y///R HTTP/1.1" 200 18641 "https://mail.casaslaguna.cl/hey.php?path=//proc/self/root/proc/self/root/home4/cca63905/www/nueva/var/cache/prod/pools/n6HI94Rds4//////////////Y//" "Mozilla/5.0 AppleWebKit/537.36 (KHTML, like Gecko; compatible; GPTBot/1.3; +https://openai.com/gptbot)"
74.7.241.52 - - [01/May/2026:08:08:58 -0400] "GET /hey.php?path=//proc/self/root/proc/self/root/home4/cca63905/www/nueva/var/cache/prod/pools/n6HI94Rds4//////////////Y///H HTTP/1.1" 200 16749 "https://mail.casaslaguna.cl/hey.php?path=//proc/self/root/proc/self/root/home4/cca63905/www/nueva/var/cache/prod/pools/n6HI94Rds4//////////////Y//" "Mozilla/5.0 AppleWebKit/537.36 (KHTML, like Gecko; compatible; GPTBot/1.3; +https://openai.com/gptbot)"
74.7.241.52 - - [01/May/2026:08:08:59 -0400] "GET /hey.php?path=//proc/self/root/proc/self/root/home5/cca63905/www/nueva/var/cache/prod/pools/n6HI94Rds4///////////////K/H HTTP/1.1" 200 16745 "https://mail.casaslaguna.cl/hey.php?path=//proc/self/root/proc/self/root/home5/cca63905/www/nueva/var/cache/prod/pools/n6HI94Rds4///////////////K" "Mozilla/5.0 AppleWebKit/537.36 (KHTML, like Gecko; compatible; GPTBot/1.3; +https://openai.com/gptbot)"
74.7.241.52 - - [01/May/2026:08:08:59 -0400] "GET /hey.php?path=//proc/self/root/proc/self/root/home5/cca63905/www/nueva/var/cache/prod/pools/n6HI94Rds4///////////////K/G HTTP/1.1" 200 16745 "https://mail.casaslaguna.cl/hey.php?path=//proc/self/root/proc/self/root/home5/cca63905/www/nueva/var/cache/prod/pools/n6HI94Rds4///////////////K" "Mozilla/5.0 AppleWebKit/537.36 (KHTML, like Gecko; compatible; GPTBot/1.3; +https://openai.com/gptbot)"
74.7.241.52 - - [01/May/2026:08:09:00 -0400] "GET /hey.php?path=//proc/self/root/proc/self/root/home5/cca63905/www/nueva/var/cache/prod/pools/n6HI94Rds4///////////////K/V HTTP/1.1" 200 16745 "https://mail.casaslaguna.cl/hey.php?path=//proc/self/root/proc/self/root/home5/cca63905/www/nueva/var/cache/prod/pools/n6HI94Rds4///////////////K" "Mozilla/5.0 AppleWebKit/537.36 (KHTML, like Gecko; compatible; GPTBot/1.3; +https://openai.com/gptbot)"
