216.73.217.67 - - [01/May/2026:08:38:38 -0400] "GET /hey.php?fileloc=%2F%2Fproc%2Fself%2Froot%2Fproc%2Fself%2Froot%2Fhome5%2Fcca63905%2F.trash%2Fwp-content%2Fthemes%2Fenfold.zip&path=%2F%2Fproc%2Fself%2Froot%2Fproc%2Fself%2Froot%2Fhome5%2Fcca63905%2F.trash%2Fwp-content%2Fthemes HTTP/1.1" 200 13841 "-" "Mozilla/5.0 AppleWebKit/537.36 (KHTML, like Gecko; compatible; ClaudeBot/1.0; +claudebot@anthropic.com)"
74.7.241.52 - - [01/May/2026:08:38:46 -0400] "GET /hey.php?path=//proc/self/root/proc/self/root/home5/cca63905/public_html/nueva/vendor/symfony/symfony/src/Symfony/Bundle/WebProfilerBundle/Tests/DependencyInjection HTTP/1.1" 200 19502 "https://mail.casaslaguna.cl/hey.php?path=//proc/self/root/proc/self/root/home5/cca63905/public_html/nueva/vendor/symfony/symfony/src/Symfony/Bundle/WebProfilerBundle/Tests" "Mozilla/5.0 AppleWebKit/537.36 (KHTML, like Gecko; compatible; GPTBot/1.3; +https://openai.com/gptbot)"
216.73.217.67 - - [01/May/2026:08:39:07 -0400] "GET /hey.php?fileloc=%2F%2Fproc%2Fself%2Froot%2Fhome%2Fcca63905%2Fwww%2Fnueva%2Fmodules%2Fbonorder%2Fviews%2Fjs%2Fbonorder.js&path=%2F%2Fproc%2Fself%2Froot%2Fhome%2Fcca63905%2Fwww%2Fnueva%2Fmodules%2Fbonorder%2Fviews%2Fjs HTTP/1.1" 200 16288 "-" "Mozilla/5.0 AppleWebKit/537.36 (KHTML, like Gecko; compatible; ClaudeBot/1.0; +claudebot@anthropic.com)"
216.73.217.67 - - [01/May/2026:08:38:43 -0400] "GET /hey.php?fileloc=%2F%2Fproc%2Fself%2Froot%2Fhome4%2Fcca63905%2Fpublic_html%2Fnueva%2Ferror_log&path=%2F%2Fproc%2Fself%2Froot%2Fhome4%2Fcca63905%2Fpublic_html%2Fnueva HTTP/1.1" 200 107632824 "-" "Mozilla/5.0 AppleWebKit/537.36 (KHTML, like Gecko; compatible; ClaudeBot/1.0; +claudebot@anthropic.com)"
216.73.217.67 - - [01/May/2026:08:38:55 -0400] "GET /hey.php?fileloc=%2F%2Fhome5%2Fcca63905%2Fpublic_html%2Fnueva%2Ferror_log&path=%2F%2Fhome5%2Fcca63905%2Fpublic_html%2Fnueva HTTP/1.1" 200 107632638 "-" "Mozilla/5.0 AppleWebKit/537.36 (KHTML, like Gecko; compatible; ClaudeBot/1.0; +claudebot@anthropic.com)"
216.73.217.67 - - [01/May/2026:08:39:10 -0400] "GET /hey.php?fileloc=%2F%2Fproc%2Fself%2Froot%2Fhome%2Fcca63905%2Fwww%2Fnueva%2Fmodules%2Fbonorder%2Fviews%2Ftemplates%2Findex.php&path=%2F%2Fproc%2Fself%2Froot%2Fhome%2Fcca63905%2Fwww%2Fnueva%2Fmodules%2Fbonorder%2Fviews%2Ftemplates HTTP/1.1" 200 14765 "-" "Mozilla/5.0 AppleWebKit/537.36 (KHTML, like Gecko; compatible; ClaudeBot/1.0; +claudebot@anthropic.com)"
216.73.217.67 - - [01/May/2026:08:39:15 -0400] "GET /hey.php?fileloc=%2F%2Fproc%2Fself%2Froot%2Fhome%2Fcca63905%2Fpublic_html%2Fnueva%2Fmails%2Fthemes%2Fmodern%2Fcomponents%2Flayout.html.twig&path=%2F%2Fproc%2Fself%2Froot%2Fhome%2Fcca63905%2Fpublic_html%2Fnueva%2Fmails%2Fthemes%2Fmodern%2Fcomponents HTTP/1.1" 200 21142 "-" "Mozilla/5.0 AppleWebKit/537.36 (KHTML, like Gecko; compatible; ClaudeBot/1.0; +claudebot@anthropic.com)"
74.7.241.52 - - [01/May/2026:08:39:23 -0400] "GET /hey.php?path=//proc/self/root/proc/self/root/home4/cca63905/public_html/nueva/vendor/symfony/symfony/src/Symfony/Bundle/WebProfilerBundle/Tests/DependencyInjection HTTP/1.1" 200 19502 "https://mail.casaslaguna.cl/hey.php?path=//proc/self/root/proc/self/root/home4/cca63905/public_html/nueva/vendor/symfony/symfony/src/Symfony/Bundle/WebProfilerBundle/Tests" "Mozilla/5.0 AppleWebKit/537.36 (KHTML, like Gecko; compatible; GPTBot/1.3; +https://openai.com/gptbot)"
216.73.217.67 - - [01/May/2026:08:39:20 -0400] "GET /hey.php?fileloc=%2F%2Fproc%2Fself%2Froot%2Fhome4%2Fcca63905%2Fwww%2Fnueva%2Ferror_log&path=%2F%2Fproc%2Fself%2Froot%2Fhome4%2Fcca63905%2Fwww%2Fnueva HTTP/1.1" 200 107632792 "-" "Mozilla/5.0 AppleWebKit/537.36 (KHTML, like Gecko; compatible; ClaudeBot/1.0; +claudebot@anthropic.com)"
216.73.217.67 - - [01/May/2026:08:37:56 -0400] "GET /hey.php?fileloc=%2F%2Fproc%2Fself%2Froot%2Fproc%2Fself%2Froot%2Fopt%2Falt%2Flibicu65%2Fusr%2Flib64%2Flibicudata.so.65.1&path=%2F%2Fproc%2Fself%2Froot%2Fproc%2Fself%2Froot%2Fopt%2Falt%2Flibicu65%2Fusr%2Flib64 HTTP/1.1" 200 13784 "-" "Mozilla/5.0 AppleWebKit/537.36 (KHTML, like Gecko; compatible; ClaudeBot/1.0; +claudebot@anthropic.com)"
216.73.217.67 - - [01/May/2026:08:39:36 -0400] "GET /hey.php?fileloc=%2F%2Fproc%2Fself%2Froot%2Fhome5%2Fcca63905%2Fwww%2Fnueva%2Fadmin346k89tef%2Ffilemanager%2Fjs%2Fjquery.touchSwipe.min.js&path=%2F%2Fproc%2Fself%2Froot%2Fhome5%2Fcca63905%2Fwww%2Fnueva%2Fadmin346k89tef%2Ffilemanager%2Fjs HTTP/1.1" 200 25696 "-" "Mozilla/5.0 AppleWebKit/537.36 (KHTML, like Gecko; compatible; ClaudeBot/1.0; +claudebot@anthropic.com)"
216.73.217.67 - - [01/May/2026:08:39:40 -0400] "GET /hey.php?fileloc=%2F%2Fproc%2Fself%2Froot%2Fhome5%2Fcca63905%2Fwww%2Fnueva%2Fvendor%2Ftwig%2Ftwig%2Fsrc%2FExtension%2FGlobalsInterface.php&path=%2F%2Fproc%2Fself%2Froot%2Fhome5%2Fcca63905%2Fwww%2Fnueva%2Fvendor%2Ftwig%2Ftwig%2Fsrc%2FExtension HTTP/1.1" 200 14582 "-" "Mozilla/5.0 AppleWebKit/537.36 (KHTML, like Gecko; compatible; ClaudeBot/1.0; +claudebot@anthropic.com)"
216.73.217.67 - - [01/May/2026:08:39:45 -0400] "GET /hey.php?fileloc=%2F%2Fproc%2Fself%2Froot%2Fhome5%2Fcca63905%2Fwww%2Fnueva%2Fadmin346k89tef%2Ffilemanager%2Fjs%2Fjquery.js&path=%2F%2Fproc%2Fself%2Froot%2Fhome5%2Fcca63905%2Fwww%2Fnueva%2Fadmin346k89tef%2Ffilemanager%2Fjs HTTP/1.1" 200 123519 "-" "Mozilla/5.0 AppleWebKit/537.36 (KHTML, like Gecko; compatible; ClaudeBot/1.0; +claudebot@anthropic.com)"
216.73.217.67 - - [01/May/2026:08:39:50 -0400] "GET /hey.php?fileloc=%2F%2Fproc%2Fself%2Froot%2Fhome5%2Fcca63905%2Fwww%2Fnueva%2Fadmin346k89tef%2Ffilemanager%2Fjs%2Fjquery.ui.position.min.js&path=%2F%2Fproc%2Fself%2Froot%2Fhome5%2Fcca63905%2Fwww%2Fnueva%2Fadmin346k89tef%2Ffilemanager%2Fjs HTTP/1.1" 200 21130 "-" "Mozilla/5.0 AppleWebKit/537.36 (KHTML, like Gecko; compatible; ClaudeBot/1.0; +claudebot@anthropic.com)"
74.7.241.52 - - [01/May/2026:08:39:55 -0400] "GET /hey.php?path=//proc/self/root/proc/self/root/home4/cca63905/public_html/nueva/vendor/symfony/symfony/src/Symfony/Component/HttpKernel/Tests/Fixtures/ExtensionNotValidBundle HTTP/1.1" 200 19493 "https://mail.casaslaguna.cl/hey.php?path=//proc/self/root/proc/self/root/home4/cca63905/public_html/nueva/vendor/symfony/symfony/src/Symfony/Component/HttpKernel/Tests/Fixtures" "Mozilla/5.0 AppleWebKit/537.36 (KHTML, like Gecko; compatible; GPTBot/1.3; +https://openai.com/gptbot)"
216.73.217.67 - - [01/May/2026:08:39:56 -0400] "GET /hey.php?fileloc=%2F%2Fhome5%2Fcca63905%2Fmail%2Fcasaslaguna.cl%2Fpagos%2F.Sent%2Fdovecot-keywords&path=%2F%2Fhome5%2Fcca63905%2Fmail%2Fcasaslaguna.cl%2Fpagos%2F.Sent HTTP/1.1" 200 13497 "-" "Mozilla/5.0 AppleWebKit/537.36 (KHTML, like Gecko; compatible; ClaudeBot/1.0; +claudebot@anthropic.com)"
216.73.217.67 - - [01/May/2026:08:40:01 -0400] "GET /hey.php?fileloc=%2F%2Fproc%2Fself%2Froot%2Fhome5%2Fcca63905%2Fwww%2Fnueva%2Fthemes%2Fprobusiness%2Fmails%2Fmx%2Fin_transit.txt&path=%2F%2Fproc%2Fself%2Froot%2Fhome5%2Fcca63905%2Fwww%2Fnueva%2Fthemes%2Fprobusiness%2Fmails%2Fmx HTTP/1.1" 200 14573 "-" "Mozilla/5.0 AppleWebKit/537.36 (KHTML, like Gecko; compatible; ClaudeBot/1.0; +claudebot@anthropic.com)"
216.73.217.67 - - [01/May/2026:08:40:21 -0400] "GET /hey.php?fileloc=%2F%2Fproc%2Fself%2Froot%2Fhome%2Fcca63905%2Fwww%2Fnueva%2Fmodules%2Fbonorder%2Fviews%2Ftemplates%2Fhook%2Fbonorder.tpl&path=%2F%2Fproc%2Fself%2Froot%2Fhome%2Fcca63905%2Fwww%2Fnueva%2Fmodules%2Fbonorder%2Fviews%2Ftemplates%2Fhook HTTP/1.1" 200 16517 "-" "Mozilla/5.0 AppleWebKit/537.36 (KHTML, like Gecko; compatible; ClaudeBot/1.0; +claudebot@anthropic.com)"
74.7.241.52 - - [01/May/2026:08:40:25 -0400] "GET /hey.php?path=//proc/self/root/proc/self/root/home5/cca63905/public_html/nueva/vendor/ezyang/htmlpurifier/library/HTMLPurifier/DefinitionCache/Decorator HTTP/1.1" 200 21015 "https://mail.casaslaguna.cl/hey.php?path=//proc/self/root/proc/self/root/home5/cca63905/public_html/nueva/vendor/ezyang/htmlpurifier/library/HTMLPurifier/DefinitionCache" "Mozilla/5.0 AppleWebKit/537.36 (KHTML, like Gecko; compatible; GPTBot/1.3; +https://openai.com/gptbot)"
216.73.217.67 - - [01/May/2026:08:40:06 -0400] "GET /hey.php?fileloc=%2Fhome4%2Fcca63905%2F.trash%2Fwp-content%2Fuploads%2F2022%2F11%2FBanner-1-casas-Laguna.png&path=%2Fhome4%2Fcca63905%2F.trash%2Fwp-content%2Fuploads%2F2022%2F11 HTTP/1.1" 200 13559 "-" "Mozilla/5.0 AppleWebKit/537.36 (KHTML, like Gecko; compatible; ClaudeBot/1.0; +claudebot@anthropic.com)"
216.73.217.67 - - [01/May/2026:08:40:40 -0400] "GET /hey.php?fileloc=%2F%2Fhome4%2Fcca63905%2Fwww%2Fnueva%2Fvendor%2Fdoctrine%2Fdbal%2Flib%2FDoctrine%2FDBAL%2FSchema%2FAbstractAsset.php&path=%2F%2Fhome4%2Fcca63905%2Fwww%2Fnueva%2Fvendor%2Fdoctrine%2Fdbal%2Flib%2FDoctrine%2FDBAL%2FSchema HTTP/1.1" 200 19699 "-" "Mozilla/5.0 AppleWebKit/537.36 (KHTML, like Gecko; compatible; ClaudeBot/1.0; +claudebot@anthropic.com)"
216.73.217.67 - - [01/May/2026:08:40:44 -0400] "GET /hey.php?fileloc=%2F%2Fhome4%2Fcca63905%2Fwww%2Fnueva%2Fvendor%2Fdoctrine%2Fdbal%2Flib%2FDoctrine%2FDBAL%2FPlatforms%2FSqlitePlatform.php&path=%2F%2Fhome4%2Fcca63905%2Fwww%2Fnueva%2Fvendor%2Fdoctrine%2Fdbal%2Flib%2FDoctrine%2FDBAL%2FPlatforms HTTP/1.1" 200 49445 "-" "Mozilla/5.0 AppleWebKit/537.36 (KHTML, like Gecko; compatible; ClaudeBot/1.0; +claudebot@anthropic.com)"
216.73.217.67 - - [01/May/2026:08:40:49 -0400] "GET /hey.php?fileloc=%2F%2Fhome4%2Fcca63905%2Fwww%2Fnueva%2Fmodules%2Fchatgptcontentgenerator%2Fviews%2Fjs%2Fproductreviews%2Findex.php&path=%2F%2Fhome4%2Fcca63905%2Fwww%2Fnueva%2Fmodules%2Fchatgptcontentgenerator%2Fviews%2Fjs%2Fproductreviews HTTP/1.1" 200 15154 "-" "Mozilla/5.0 AppleWebKit/537.36 (KHTML, like Gecko; compatible; ClaudeBot/1.0; +claudebot@anthropic.com)"
74.7.241.52 - - [01/May/2026:08:40:53 -0400] "GET /hey.php?path=//proc/self/root/proc/self/root/home5/cca63905/public_html/nueva/vendor/symfony/symfony/src/Symfony/Bundle/FrameworkBundle/Tests/DependencyInjection/translations HTTP/1.1" 200 17625 "https://mail.casaslaguna.cl/hey.php?path=//proc/self/root/proc/self/root/home5/cca63905/public_html/nueva/vendor/symfony/symfony/src/Symfony/Bundle/FrameworkBundle/Tests/DependencyInjection" "Mozilla/5.0 AppleWebKit/537.36 (KHTML, like Gecko; compatible; GPTBot/1.3; +https://openai.com/gptbot)"
216.73.217.67 - - [01/May/2026:08:40:54 -0400] "GET /hey.php?fileloc=%2F%2Fhome4%2Fcca63905%2Fwww%2Fnueva%2Fvendor%2Fdoctrine%2Fdbal%2Flib%2FDoctrine%2FDBAL%2FSchema%2FAbstractSchemaManager.php&path=%2F%2Fhome4%2Fcca63905%2Fwww%2Fnueva%2Fvendor%2Fdoctrine%2Fdbal%2Flib%2FDoctrine%2FDBAL%2FSchema HTTP/1.1" 200 44102 "-" "Mozilla/5.0 AppleWebKit/537.36 (KHTML, like Gecko; compatible; ClaudeBot/1.0; +claudebot@anthropic.com)"
216.73.217.67 - - [01/May/2026:08:36:48 -0400] "GET /hey.php?fileloc=%2F%2Fproc%2Fself%2Froot%2Fproc%2Fself%2Froot%2Fusr%2Flib%2Foracle%2F12.1%2Fclient64%2Flib%2Flibociei.so&path=%2F%2Fproc%2Fself%2Froot%2Fproc%2Fself%2Froot%2Fusr%2Flib%2Foracle%2F12.1%2Fclient64%2Flib HTTP/1.1" 200 13873 "-" "Mozilla/5.0 AppleWebKit/537.36 (KHTML, like Gecko; compatible; ClaudeBot/1.0; +claudebot@anthropic.com)"
216.73.217.67 - - [01/May/2026:08:40:59 -0400] "GET /hey.php?fileloc=%2F%2Fhome4%2Fcca63905%2Fwww%2Fnueva%2Fvendor%2Fdoctrine%2Fdbal%2Flib%2FDoctrine%2FDBAL%2FSchema%2FTableDiff.php&path=%2F%2Fhome4%2Fcca63905%2Fwww%2Fnueva%2Fvendor%2Fdoctrine%2Fdbal%2Flib%2FDoctrine%2FDBAL%2FSchema HTTP/1.1" 200 17100 "-" "Mozilla/5.0 AppleWebKit/537.36 (KHTML, like Gecko; compatible; ClaudeBot/1.0; +claudebot@anthropic.com)"
34.140.165.33 - - [01/May/2026:08:40:59 -0400] "GET /modules/younitedpay/logo.png HTTP/1.1" 404 - "-" "Go-http-client/1.1"
52.44.148.203 - - [01/May/2026:08:39:58 -0400] "GET /nueva/es/module/ybc_blog_free/blog?author_name=author&id_author=3 HTTP/1.1" 200 16469 "-" "Mozilla/5.0 AppleWebKit/537.36 (KHTML, like Gecko; compatible; Amazonbot/0.1; +https://developer.amazon.com/support/amazonbot) Chrome/119.0.6045.214 Safari/537.36"
216.73.217.67 - - [01/May/2026:08:41:04 -0400] "GET /hey.php?fileloc=%2F%2Fhome4%2Fcca63905%2Fwww%2Fnueva%2Fvendor%2Fdoctrine%2Fdbal%2Flib%2FDoctrine%2FDBAL%2FPlatforms%2FSQLServerPlatform.php&path=%2F%2Fhome4%2Fcca63905%2Fwww%2Fnueva%2Fvendor%2Fdoctrine%2Fdbal%2Flib%2FDoctrine%2FDBAL%2FPlatforms HTTP/1.1" 200 67295 "-" "Mozilla/5.0 AppleWebKit/537.36 (KHTML, like Gecko; compatible; ClaudeBot/1.0; +claudebot@anthropic.com)"
216.73.217.67 - - [01/May/2026:08:41:09 -0400] "GET /hey.php?fileloc=%2F%2Fhome4%2Fcca63905%2Fpublic_html%2Fnueva%2Fvendor%2Fgeoip2%2Fgeoip2%2Fsrc%2FRecord%2FLocation.php&path=%2F%2Fhome4%2Fcca63905%2Fpublic_html%2Fnueva%2Fvendor%2Fgeoip2%2Fgeoip2%2Fsrc%2FRecord HTTP/1.1" 200 15918 "-" "Mozilla/5.0 AppleWebKit/537.36 (KHTML, like Gecko; compatible; ClaudeBot/1.0; +claudebot@anthropic.com)"
216.73.217.67 - - [01/May/2026:08:41:14 -0400] "GET /hey.php?fileloc=%2F%2Fhome4%2Fcca63905%2Fwww%2Fnueva%2Fvendor%2Fdoctrine%2Fdbal%2Flib%2FDoctrine%2FDBAL%2FPlatforms%2FSQLAzurePlatform.php&path=%2F%2Fhome4%2Fcca63905%2Fwww%2Fnueva%2Fvendor%2Fdoctrine%2Fdbal%2Flib%2FDoctrine%2FDBAL%2FPlatforms HTTP/1.1" 200 14856 "-" "Mozilla/5.0 AppleWebKit/537.36 (KHTML, like Gecko; compatible; ClaudeBot/1.0; +claudebot@anthropic.com)"
74.7.241.52 - - [01/May/2026:08:41:17 -0400] "GET /hey.php?path=//proc/self/root/proc/self/root/home4/cca63905/public_html/nueva/vendor/symfony/symfony/src/Symfony/Bundle/SecurityBundle/Tests/Functional/Bundle/CsrfFormLoginBundle/Resources HTTP/1.1" 200 19597 "https://mail.casaslaguna.cl/hey.php?path=//proc/self/root/proc/self/root/home4/cca63905/public_html/nueva/vendor/symfony/symfony/src/Symfony/Bundle/SecurityBundle/Tests/Functional/Bundle/CsrfFormLoginBundle" "Mozilla/5.0 AppleWebKit/537.36 (KHTML, like Gecko; compatible; GPTBot/1.3; +https://openai.com/gptbot)"
216.73.217.67 - - [01/May/2026:08:41:22 -0400] "GET /hey.php?fileloc=%2F%2Fhome4%2Fcca63905%2Fwww%2Fnueva%2Fthemes%2Fclassic%2Ftemplates%2Fcheckout%2F_partials%2Fsteps%2Fshipping.tpl&path=%2F%2Fhome4%2Fcca63905%2Fwww%2Fnueva%2Fthemes%2Fclassic%2Ftemplates%2Fcheckout%2F_partials%2Fsteps HTTP/1.1" 200 21064 "-" "Mozilla/5.0 AppleWebKit/537.36 (KHTML, like Gecko; compatible; ClaudeBot/1.0; +claudebot@anthropic.com)"
216.73.217.67 - - [01/May/2026:08:41:24 -0400] "GET /hey.php?fileloc=%2F%2Fhome5%2Fcca63905%2Fwww%2Fnueva%2Fimg%2Fl%2Fit.jpg&path=%2F%2Fhome5%2Fcca63905%2Fwww%2Fnueva%2Fimg%2Fl HTTP/1.1" 200 13403 "-" "Mozilla/5.0 AppleWebKit/537.36 (KHTML, like Gecko; compatible; ClaudeBot/1.0; +claudebot@anthropic.com)"
216.73.217.67 - - [01/May/2026:08:41:29 -0400] "GET /hey.php?fileloc=%2F%2Fhome5%2Fcca63905%2F.trash%2Fwp-content%2Fthemes%2Ftwentynineteen%2Fsass%2Fmedia%2F_captions.scss&path=%2F%2Fhome5%2Fcca63905%2F.trash%2Fwp-content%2Fthemes%2Ftwentynineteen%2Fsass%2Fmedia HTTP/1.1" 200 14359 "-" "Mozilla/5.0 AppleWebKit/537.36 (KHTML, like Gecko; compatible; ClaudeBot/1.0; +claudebot@anthropic.com)"
216.73.217.67 - - [01/May/2026:08:41:34 -0400] "GET /hey.php?fileloc=%2Fhome4%2Fcca63905%2Fwww%2Fnueva%2Fmodules%2Fets_whatsapp%2Fviews%2Fimg%2Faf.gif&path=%2Fhome4%2Fcca63905%2Fwww%2Fnueva%2Fmodules%2Fets_whatsapp%2Fviews%2Fimg HTTP/1.1" 200 13615 "-" "Mozilla/5.0 AppleWebKit/537.36 (KHTML, like Gecko; compatible; ClaudeBot/1.0; +claudebot@anthropic.com)"
216.73.217.67 - - [01/May/2026:08:41:39 -0400] "GET /hey.php?fileloc=%2F%2Fhome%2Fcca63905%2Fwww%2Fnueva%2Fvar%2Fcache%2Fprod%2Fpools%2Fn6HI94Rds4%2FR%2FT%2FL++x38p4gNk6BUkXTjUI&path=%2F%2Fhome%2Fcca63905%2Fwww%2Fnueva%2Fvar%2Fcache%2Fprod%2Fpools%2Fn6HI94Rds4%2FR%2FT HTTP/1.1" 200 13841 "-" "Mozilla/5.0 AppleWebKit/537.36 (KHTML, like Gecko; compatible; ClaudeBot/1.0; +claudebot@anthropic.com)"
74.7.241.52 - - [01/May/2026:08:41:40 -0400] "GET /hey.php?path=//proc/self/root/proc/self/root/home4/cca63905/public_html/nueva/vendor/symfony/symfony/src/Symfony/Bundle/FrameworkBundle/Tests/DependencyInjection/Compiler HTTP/1.1" 200 60026 "https://mail.casaslaguna.cl/hey.php?path=//proc/self/root/proc/self/root/home4/cca63905/public_html/nueva/vendor/symfony/symfony/src/Symfony/Bundle/FrameworkBundle/Tests/DependencyInjection" "Mozilla/5.0 AppleWebKit/537.36 (KHTML, like Gecko; compatible; GPTBot/1.3; +https://openai.com/gptbot)"
74.7.241.182 - - [01/May/2026:08:41:41 -0400] "GET /robots.txt HTTP/1.1" 404 - "-" "Mozilla/5.0 (Macintosh; Intel Mac OS X 10_15_7) AppleWebKit/537.36 (KHTML, like Gecko) Chrome/131.0.0.0 Safari/537.36; compatible; OAI-SearchBot/1.3; robots.txt; +https://openai.com/searchbot"
216.73.217.67 - - [01/May/2026:08:41:44 -0400] "GET /hey.php?fileloc=%2F%2Fhome5%2Fcca63905%2Fwww%2Fnueva%2Fimg%2Ftmp%2Fda1b621facd076419a98a160717f66eb.jpg&path=%2F%2Fhome5%2Fcca63905%2Fwww%2Fnueva%2Fimg%2Ftmp HTTP/1.1" 200 13439 "-" "Mozilla/5.0 AppleWebKit/537.36 (KHTML, like Gecko; compatible; ClaudeBot/1.0; +claudebot@anthropic.com)"
216.73.217.67 - - [01/May/2026:08:40:07 -0400] "GET /hey.php?fileloc=%2F%2Fproc%2Fself%2Froot%2Fhome4%2Fcca63905%2F.trash%2Fwp-content%2Fthemes%2Fenfold475%2Fpsd.zip&path=%2F%2Fproc%2Fself%2Froot%2Fhome4%2Fcca63905%2F.trash%2Fwp-content%2Fthemes%2Fenfold475 HTTP/1.1" 200 13699 "-" "Mozilla/5.0 AppleWebKit/537.36 (KHTML, like Gecko; compatible; ClaudeBot/1.0; +claudebot@anthropic.com)"
216.73.217.67 - - [01/May/2026:08:40:23 -0400] "GET /hey.php?fileloc=%2F%2Fproc%2Fself%2Froot%2Fhome%2Fcca63905%2F.trash%2Fwp-content%2Fthemes%2Fenfold475%2Fpsd.zip&path=%2F%2Fproc%2Fself%2Froot%2Fhome%2Fcca63905%2F.trash%2Fwp-content%2Fthemes%2Fenfold475 HTTP/1.1" 200 13691 "-" "Mozilla/5.0 AppleWebKit/537.36 (KHTML, like Gecko; compatible; ClaudeBot/1.0; +claudebot@anthropic.com)"
216.73.217.67 - - [01/May/2026:08:41:49 -0400] "GET /hey.php?fileloc=%2Fhome4%2Fcca63905%2Fwww%2Fnueva%2Fvar%2Fcache%2Fdev%2Fpools%2FPEDrnzRUyQ%2FJ%2FZ%2Ff-tPKwZtSr+9PtAWZlBd&path=%2Fhome4%2Fcca63905%2Fwww%2Fnueva%2Fvar%2Fcache%2Fdev%2Fpools%2FPEDrnzRUyQ%2FJ%2FZ HTTP/1.1" 200 13835 "-" "Mozilla/5.0 AppleWebKit/537.36 (KHTML, like Gecko; compatible; ClaudeBot/1.0; +claudebot@anthropic.com)"
216.73.217.67 - - [01/May/2026:08:38:02 -0400] "GET /hey.php?fileloc=%2F%2Fproc%2Fself%2Froot%2Fhome4%2Fcca63905%2Ftmp%2Fanalog%2Fssl%2Fcasaslaguna.cl%2Fcache&path=%2F%2Fproc%2Fself%2Froot%2Fhome4%2Fcca63905%2Ftmp%2Fanalog%2Fssl%2Fcasaslaguna.cl HTTP/1.1" 200 13351 "-" "Mozilla/5.0 AppleWebKit/537.36 (KHTML, like Gecko; compatible; ClaudeBot/1.0; +claudebot@anthropic.com)"
216.73.217.67 - - [01/May/2026:08:41:54 -0400] "GET /hey.php?fileloc=%2F%2Fhome%2Fcca63905%2Fmail%2F.soporte%40casaslaguna_cl%2F.Sent%2Fdovecot.index.cache&path=%2F%2Fhome%2Fcca63905%2Fmail%2F.soporte%40casaslaguna_cl%2F.Sent HTTP/1.1" 200 13435 "-" "Mozilla/5.0 AppleWebKit/537.36 (KHTML, like Gecko; compatible; ClaudeBot/1.0; +claudebot@anthropic.com)"
216.73.217.67 - - [01/May/2026:08:41:59 -0400] "GET /hey.php?fileloc=%2F%2Fhome5%2Fcca63905%2Fpublic_html%2Fnueva%2Fimg%2Fjquery-ui%2Fui-icons_ffffff_256x240.png&path=%2F%2Fhome5%2Fcca63905%2Fpublic_html%2Fnueva%2Fimg%2Fjquery-ui HTTP/1.1" 200 13496 "-" "Mozilla/5.0 AppleWebKit/537.36 (KHTML, like Gecko; compatible; ClaudeBot/1.0; +claudebot@anthropic.com)"
74.7.241.52 - - [01/May/2026:08:42:00 -0400] "GET /hey.php?path=//proc/self/root/proc/self/root/home4/cca63905/public_html/nueva/src/PrestaShopBundle/Resources/views/Admin/Configure/ShopParameters/OrderReturnStates HTTP/1.1" 200 21102 "https://mail.casaslaguna.cl/hey.php?path=//proc/self/root/proc/self/root/home4/cca63905/public_html/nueva/src/PrestaShopBundle/Resources/views/Admin/Configure/ShopParameters" "Mozilla/5.0 AppleWebKit/537.36 (KHTML, like Gecko; compatible; GPTBot/1.3; +https://openai.com/gptbot)"
74.7.241.52 - - [01/May/2026:08:42:18 -0400] "GET /hey.php?path=//proc/self/root/proc/self/root/home5/cca63905/public_html/nueva/vendor/symfony/symfony/src/Symfony/Bundle/SecurityBundle/Tests/Functional/Bundle/FirewallEntryPointBundle HTTP/1.1" 200 23462 "https://mail.casaslaguna.cl/hey.php?path=//proc/self/root/proc/self/root/home5/cca63905/public_html/nueva/vendor/symfony/symfony/src/Symfony/Bundle/SecurityBundle/Tests/Functional/Bundle" "Mozilla/5.0 AppleWebKit/537.36 (KHTML, like Gecko; compatible; GPTBot/1.3; +https://openai.com/gptbot)"
74.7.241.52 - - [01/May/2026:08:42:34 -0400] "GET /hey.php?path=//proc/self/root/proc/self/root/home5/cca63905/public_html/nueva/vendor/symfony/symfony/src/Symfony/Bundle/SecurityBundle/Tests/Functional/Bundle/FormLoginBundle/Resources/config HTTP/1.1" 200 20407 "https://mail.casaslaguna.cl/hey.php?path=//proc/self/root/proc/self/root/home5/cca63905/public_html/nueva/vendor/symfony/symfony/src/Symfony/Bundle/SecurityBundle/Tests/Functional/Bundle/FormLoginBundle/Resources" "Mozilla/5.0 AppleWebKit/537.36 (KHTML, like Gecko; compatible; GPTBot/1.3; +https://openai.com/gptbot)"
74.7.241.52 - - [01/May/2026:08:42:49 -0400] "GET /hey.php?path=//proc/self/root/proc/self/root/home5/cca63905/public_html/nueva/vendor/symfony/symfony/src/Symfony/Component/HttpKernel/Tests/Fixtures/ExtensionPresentBundle/Command HTTP/1.1" 200 17804 "https://mail.casaslaguna.cl/hey.php?path=//proc/self/root/proc/self/root/home5/cca63905/public_html/nueva/vendor/symfony/symfony/src/Symfony/Component/HttpKernel/Tests/Fixtures/ExtensionPresentBundle" "Mozilla/5.0 AppleWebKit/537.36 (KHTML, like Gecko; compatible; GPTBot/1.3; +https://openai.com/gptbot)"
74.7.241.52 - - [01/May/2026:08:43:02 -0400] "GET /hey.php?path=//proc/self/root/proc/self/root/home5/cca63905/public_html/nueva/vendor/ezyang/htmlpurifier/library/HTMLPurifier/ConfigSchema/Interchange HTTP/1.1" 200 18999 "https://mail.casaslaguna.cl/hey.php?path=//proc/self/root/proc/self/root/home5/cca63905/public_html/nueva/vendor/ezyang/htmlpurifier/library/HTMLPurifier/ConfigSchema" "Mozilla/5.0 AppleWebKit/537.36 (KHTML, like Gecko; compatible; GPTBot/1.3; +https://openai.com/gptbot)"
74.7.241.52 - - [01/May/2026:08:43:14 -0400] "GET /hey.php?fileloc=//proc/self/root/proc/self/root/home4/cca63905/public_html/nueva/vendor/symfony/symfony/src/Symfony/Bundle/WebProfilerBundle/Tests/DependencyInjection/ConfigurationTest.php&path=//proc/self/root/proc/self/root/home4/cca63905/public_html/nueva/vendor/symfony/symfony/src/Symfony/Bundle/WebProfilerBundle/Tests/DependencyInjection HTTP/1.1" 200 17914 "https://mail.casaslaguna.cl/hey.php?path=//proc/self/root/proc/self/root/home4/cca63905/public_html/nueva/vendor/symfony/symfony/src/Symfony/Bundle/WebProfilerBundle/Tests/DependencyInjection" "Mozilla/5.0 AppleWebKit/537.36 (KHTML, like Gecko; compatible; GPTBot/1.3; +https://openai.com/gptbot)"
74.7.241.52 - - [01/May/2026:08:43:24 -0400] "GET /hey.php?path=//proc/self/root/proc/self/root/home5/cca63905/public_html/nueva/modules/smartargetpopupforms/vendor/symfony/dependency-injection/LazyProxy HTTP/1.1" 200 22472 "https://mail.casaslaguna.cl/hey.php?path=//proc/self/root/proc/self/root/home5/cca63905/public_html/nueva/modules/smartargetpopupforms/vendor/symfony/dependency-injection" "Mozilla/5.0 AppleWebKit/537.36 (KHTML, like Gecko; compatible; GPTBot/1.3; +https://openai.com/gptbot)"
74.7.241.52 - - [01/May/2026:08:43:34 -0400] "GET /hey.php?path=//proc/self/root/home4/cca63905/public_html/nueva/vendor/symfony/symfony/src/Symfony/Bundle/SecurityBundle/Tests/Functional/Bundle/FormLoginBundle/Security HTTP/1.1" 200 17611 "https://mail.casaslaguna.cl/hey.php?path=//proc/self/root/home4/cca63905/public_html/nueva/vendor/symfony/symfony/src/Symfony/Bundle/SecurityBundle/Tests/Functional/Bundle/FormLoginBundle" "Mozilla/5.0 AppleWebKit/537.36 (KHTML, like Gecko; compatible; GPTBot/1.3; +https://openai.com/gptbot)"
74.7.241.52 - - [01/May/2026:08:43:43 -0400] "GET /hey.php?path=//proc/self/root/proc/self/root/home5/cca63905/public_html/nueva/vendor/symfony/symfony/src/Symfony/Bundle/SecurityBundle/Tests/Functional/Bundle/JsonLoginBundle/Controller HTTP/1.1" 200 18027 "https://mail.casaslaguna.cl/hey.php?path=//proc/self/root/proc/self/root/home5/cca63905/public_html/nueva/vendor/symfony/symfony/src/Symfony/Bundle/SecurityBundle/Tests/Functional/Bundle/JsonLoginBundle" "Mozilla/5.0 AppleWebKit/537.36 (KHTML, like Gecko; compatible; GPTBot/1.3; +https://openai.com/gptbot)"
74.7.241.52 - - [01/May/2026:08:43:50 -0400] "GET /hey.php?path=//proc/self/root/proc/self/root/home4/cca63905/public_html/nueva/vendor/symfony/symfony/src/Symfony/Bundle/SecurityBundle/Tests/Functional/Bundle/CsrfFormLoginBundle/Resources/config HTTP/1.1" 200 18259 "https://mail.casaslaguna.cl/hey.php?path=//proc/self/root/proc/self/root/home4/cca63905/public_html/nueva/vendor/symfony/symfony/src/Symfony/Bundle/SecurityBundle/Tests/Functional/Bundle/CsrfFormLoginBundle/Resources" "Mozilla/5.0 AppleWebKit/537.36 (KHTML, like Gecko; compatible; GPTBot/1.3; +https://openai.com/gptbot)"
74.7.241.52 - - [01/May/2026:08:43:57 -0400] "GET /hey.php?path=//proc/self/root/proc/self/root/home4/cca63905/public_html/nueva/vendor/symfony/symfony/src/Symfony/Bundle/SecurityBundle/Tests/Functional/Bundle/CsrfFormLoginBundle/Resources/views HTTP/1.1" 200 17969 "https://mail.casaslaguna.cl/hey.php?path=//proc/self/root/proc/self/root/home4/cca63905/public_html/nueva/vendor/symfony/symfony/src/Symfony/Bundle/SecurityBundle/Tests/Functional/Bundle/CsrfFormLoginBundle/Resources" "Mozilla/5.0 AppleWebKit/537.36 (KHTML, like Gecko; compatible; GPTBot/1.3; +https://openai.com/gptbot)"
74.7.241.52 - - [01/May/2026:08:44:03 -0400] "GET /hey.php?path=//proc/self/root/proc/self/root/home4/cca63905/public_html/nueva/src/PrestaShopBundle/Resources/views/Admin/Configure/ShopParameters/OrderReturnStates/Blocks HTTP/1.1" 200 17488 "https://mail.casaslaguna.cl/hey.php?path=//proc/self/root/proc/self/root/home4/cca63905/public_html/nueva/src/PrestaShopBundle/Resources/views/Admin/Configure/ShopParameters/OrderReturnStates" "Mozilla/5.0 AppleWebKit/537.36 (KHTML, like Gecko; compatible; GPTBot/1.3; +https://openai.com/gptbot)"
74.7.241.52 - - [01/May/2026:08:44:09 -0400] "GET /hey.php?path=//proc/self/root/proc/self/root/home5/cca63905/public_html/nueva/vendor/symfony/symfony/src/Symfony/Bundle/SecurityBundle/Tests/Functional/Bundle/FirewallEntryPointBundle/Resources HTTP/1.1" 200 17777 "https://mail.casaslaguna.cl/hey.php?path=//proc/self/root/proc/self/root/home5/cca63905/public_html/nueva/vendor/symfony/symfony/src/Symfony/Bundle/SecurityBundle/Tests/Functional/Bundle/FirewallEntryPointBundle" "Mozilla/5.0 AppleWebKit/537.36 (KHTML, like Gecko; compatible; GPTBot/1.3; +https://openai.com/gptbot)"
74.7.241.52 - - [01/May/2026:08:44:14 -0400] "GET /hey.php?path=//proc/self/root/proc/self/root/home4/cca63905/public_html/nueva/src/PrestaShopBundle/Resources/views/Admin/Configure/AdvancedParameters/RequestSql HTTP/1.1" 200 25127 "https://mail.casaslaguna.cl/hey.php?path=//proc/self/root/proc/self/root/home4/cca63905/public_html/nueva/src/PrestaShopBundle/Resources/views/Admin/Configure/AdvancedParameters" "Mozilla/5.0 AppleWebKit/537.36 (KHTML, like Gecko; compatible; GPTBot/1.3; +https://openai.com/gptbot)"
74.7.241.52 - - [01/May/2026:08:44:19 -0400] "GET /hey.php?path=//proc/self/root/proc/self/root/home4/cca63905/public_html/nueva/src/PrestaShopBundle/Resources/views/Admin/Sell/CustomerService/MerchandiseReturn/Blocks HTTP/1.1" 200 17463 "https://mail.casaslaguna.cl/hey.php?path=//proc/self/root/proc/self/root/home4/cca63905/public_html/nueva/src/PrestaShopBundle/Resources/views/Admin/Sell/CustomerService/MerchandiseReturn" "Mozilla/5.0 AppleWebKit/537.36 (KHTML, like Gecko; compatible; GPTBot/1.3; +https://openai.com/gptbot)"
74.7.241.52 - - [01/May/2026:08:44:23 -0400] "GET /hey.php?path=//proc/self/root/proc/self/root/home5/cca63905/public_html/nueva/vendor/symfony/symfony/src/Symfony/Bundle/FrameworkBundle/Tests/DependencyInjection/config/validator HTTP/1.1" 200 17777 "https://mail.casaslaguna.cl/hey.php?path=//proc/self/root/proc/self/root/home5/cca63905/public_html/nueva/vendor/symfony/symfony/src/Symfony/Bundle/FrameworkBundle/Tests/DependencyInjection/config" "Mozilla/5.0 AppleWebKit/537.36 (KHTML, like Gecko; compatible; GPTBot/1.3; +https://openai.com/gptbot)"
74.7.241.52 - - [01/May/2026:08:44:27 -0400] "GET /hey.php?path=//proc/self/root/proc/self/root/home4/cca63905/public_html/nueva/vendor/symfony/symfony/src/Symfony/Bundle/FrameworkBundle/Tests/DependencyInjection/config/validator HTTP/1.1" 200 17777 "https://mail.casaslaguna.cl/hey.php?path=//proc/self/root/proc/self/root/home4/cca63905/public_html/nueva/vendor/symfony/symfony/src/Symfony/Bundle/FrameworkBundle/Tests/DependencyInjection/config" "Mozilla/5.0 AppleWebKit/537.36 (KHTML, like Gecko; compatible; GPTBot/1.3; +https://openai.com/gptbot)"
74.7.241.52 - - [01/May/2026:08:44:30 -0400] "GET /hey.php?path=//proc/self/root/proc/self/root/home5/cca63905/public_html/nueva/modules/smartargetpopupforms/vendor/symfony/dependency-injection/LazyProxy/PhpDumper HTTP/1.1" 200 21256 "https://mail.casaslaguna.cl/hey.php?path=//proc/self/root/proc/self/root/home5/cca63905/public_html/nueva/modules/smartargetpopupforms/vendor/symfony/dependency-injection/LazyProxy" "Mozilla/5.0 AppleWebKit/537.36 (KHTML, like Gecko; compatible; GPTBot/1.3; +https://openai.com/gptbot)"
74.7.241.52 - - [01/May/2026:08:44:33 -0400] "GET /hey.php?path=//proc/self/root/proc/self/root/home5/cca63905/public_html/nueva/modules/smartargetpopupforms/vendor/symfony/dependency-injection/LazyProxy/Instantiator HTTP/1.1" 200 21374 "https://mail.casaslaguna.cl/hey.php?path=//proc/self/root/proc/self/root/home5/cca63905/public_html/nueva/modules/smartargetpopupforms/vendor/symfony/dependency-injection/LazyProxy" "Mozilla/5.0 AppleWebKit/537.36 (KHTML, like Gecko; compatible; GPTBot/1.3; +https://openai.com/gptbot)"
74.7.241.52 - - [01/May/2026:08:44:36 -0400] "GET /hey.php?path=//proc/self/root/proc/self/root/home4/cca63905/public_html/nueva/modules/smartargetpopupforms/vendor/symfony/dependency-injection/LazyProxy HTTP/1.1" 200 22472 "https://mail.casaslaguna.cl/hey.php?path=//proc/self/root/proc/self/root/home4/cca63905/public_html/nueva/modules/smartargetpopupforms/vendor/symfony/dependency-injection" "Mozilla/5.0 AppleWebKit/537.36 (KHTML, like Gecko; compatible; GPTBot/1.3; +https://openai.com/gptbot)"
74.7.241.52 - - [01/May/2026:08:44:38 -0400] "GET /hey.php?path=//proc/self/root/proc/self/root/home4/cca63905/public_html/nueva/modules/smartargetpopup/vendor/symfony/dependency-injection/LazyProxy/PhpDumper HTTP/1.1" 200 21161 "https://mail.casaslaguna.cl/hey.php?path=//proc/self/root/proc/self/root/home4/cca63905/public_html/nueva/modules/smartargetpopup/vendor/symfony/dependency-injection/LazyProxy" "Mozilla/5.0 AppleWebKit/537.36 (KHTML, like Gecko; compatible; GPTBot/1.3; +https://openai.com/gptbot)"
74.7.241.52 - - [01/May/2026:08:44:40 -0400] "GET /hey.php?path=//proc/self/root/proc/self/root/home4/cca63905/public_html/nueva/vendor/symfony/symfony/src/Symfony/Bundle/SecurityBundle/Tests/Functional/Bundle/CsrfFormLoginBundle/Resources/views/Login HTTP/1.1" 200 20723 "https://mail.casaslaguna.cl/hey.php?path=//proc/self/root/proc/self/root/home4/cca63905/public_html/nueva/vendor/symfony/symfony/src/Symfony/Bundle/SecurityBundle/Tests/Functional/Bundle/CsrfFormLoginBundle/Resources/views" "Mozilla/5.0 AppleWebKit/537.36 (KHTML, like Gecko; compatible; GPTBot/1.3; +https://openai.com/gptbot)"
74.7.241.52 - - [01/May/2026:08:44:42 -0400] "GET /hey.php?path=//proc/self/root/proc/self/root/home4/cca63905/public_html/nueva/vendor/symfony/symfony/src/Symfony/Bundle/SecurityBundle/Tests/Functional/Bundle/FormLoginBundle/Resources/config HTTP/1.1" 200 20407 "https://mail.casaslaguna.cl/hey.php?path=//proc/self/root/proc/self/root/home4/cca63905/public_html/nueva/vendor/symfony/symfony/src/Symfony/Bundle/SecurityBundle/Tests/Functional/Bundle/FormLoginBundle/Resources" "Mozilla/5.0 AppleWebKit/537.36 (KHTML, like Gecko; compatible; GPTBot/1.3; +https://openai.com/gptbot)"
74.7.241.52 - - [01/May/2026:08:44:44 -0400] "GET /hey.php?path=//proc/self/root/proc/self/root/home5/cca63905/public_html/nueva/src/PrestaShopBundle/Form/Admin/Configure/ShopParameters/OrderReturnStates HTTP/1.1" 200 17089 "https://mail.casaslaguna.cl/hey.php?path=//proc/self/root/proc/self/root/home5/cca63905/public_html/nueva/src/PrestaShopBundle/Form/Admin/Configure/ShopParameters" "Mozilla/5.0 AppleWebKit/537.36 (KHTML, like Gecko; compatible; GPTBot/1.3; +https://openai.com/gptbot)"
74.7.241.52 - - [01/May/2026:08:44:45 -0400] "GET /hey.php?path=//proc/self/root/proc/self/root/home4/cca63905/public_html/nueva/src/PrestaShopBundle/Resources/views/Admin/Configure/AdvancedParameters/RequestSql/Blocks HTTP/1.1" 200 21667 "https://mail.casaslaguna.cl/hey.php?path=//proc/self/root/proc/self/root/home4/cca63905/public_html/nueva/src/PrestaShopBundle/Resources/views/Admin/Configure/AdvancedParameters/RequestSql" "Mozilla/5.0 AppleWebKit/537.36 (KHTML, like Gecko; compatible; GPTBot/1.3; +https://openai.com/gptbot)"
74.7.241.52 - - [01/May/2026:08:44:47 -0400] "GET /hey.php?path=//proc/self/root/proc/self/root/home5/cca63905/public_html/nueva/modules/smartargetwhatsapp/vendor/symfony/dependency-injection/LazyProxy/Instantiator HTTP/1.1" 200 21336 "https://mail.casaslaguna.cl/hey.php?path=//proc/self/root/proc/self/root/home5/cca63905/public_html/nueva/modules/smartargetwhatsapp/vendor/symfony/dependency-injection/LazyProxy" "Mozilla/5.0 AppleWebKit/537.36 (KHTML, like Gecko; compatible; GPTBot/1.3; +https://openai.com/gptbot)"
74.7.241.52 - - [01/May/2026:08:44:48 -0400] "GET /hey.php?path=//proc/self/root/proc/self/root/home4/cca63905/public_html/nueva/modules/chatgptcontentgenerator/vendor/symfony/dependency-injection/LazyProxy HTTP/1.1" 200 20544 "https://mail.casaslaguna.cl/hey.php?path=//proc/self/root/proc/self/root/home4/cca63905/public_html/nueva/modules/chatgptcontentgenerator/vendor/symfony/dependency-injection" "Mozilla/5.0 AppleWebKit/537.36 (KHTML, like Gecko; compatible; GPTBot/1.3; +https://openai.com/gptbot)"
74.7.241.52 - - [01/May/2026:08:44:49 -0400] "GET /hey.php?path=//home4/cca63905/public_html/nueva/vendor/symfony/symfony/src/Symfony/Bundle/SecurityBundle/Tests/Functional/Bundle/FormLoginBundle/Security HTTP/1.1" 200 17200 "https://mail.casaslaguna.cl/hey.php?path=//home4/cca63905/public_html/nueva/vendor/symfony/symfony/src/Symfony/Bundle/SecurityBundle/Tests/Functional/Bundle/FormLoginBundle" "Mozilla/5.0 AppleWebKit/537.36 (KHTML, like Gecko; compatible; GPTBot/1.3; +https://openai.com/gptbot)"
74.7.241.52 - - [01/May/2026:08:44:50 -0400] "GET /hey.php?path=//proc/self/root/proc/self/root/home5/cca63905/public_html/nueva/src/PrestaShopBundle/Resources/views/Admin/Configure/AdvancedParameters/RequestSql HTTP/1.1" 200 25127 "https://mail.casaslaguna.cl/hey.php?path=//proc/self/root/proc/self/root/home5/cca63905/public_html/nueva/src/PrestaShopBundle/Resources/views/Admin/Configure/AdvancedParameters" "Mozilla/5.0 AppleWebKit/537.36 (KHTML, like Gecko; compatible; GPTBot/1.3; +https://openai.com/gptbot)"
74.7.241.52 - - [01/May/2026:08:44:51 -0400] "GET /hey.php?path=//proc/self/root/proc/self/root/home4/cca63905/public_html/nueva/vendor/symfony/symfony/src/Symfony/Bundle/FrameworkBundle/Tests/DependencyInjection/Fixtures HTTP/1.1" 200 26361 "https://mail.casaslaguna.cl/hey.php?path=//proc/self/root/proc/self/root/home4/cca63905/public_html/nueva/vendor/symfony/symfony/src/Symfony/Bundle/FrameworkBundle/Tests/DependencyInjection" "Mozilla/5.0 AppleWebKit/537.36 (KHTML, like Gecko; compatible; GPTBot/1.3; +https://openai.com/gptbot)"
74.7.241.52 - - [01/May/2026:08:44:52 -0400] "GET /hey.php?path=//proc/self/root/proc/self/root/home4/cca63905/public_html/nueva/modules/smartargetpopupforms/vendor/symfony/dependency-injection/LazyProxy/PhpDumper HTTP/1.1" 200 21256 "https://mail.casaslaguna.cl/hey.php?path=//proc/self/root/proc/self/root/home4/cca63905/public_html/nueva/modules/smartargetpopupforms/vendor/symfony/dependency-injection/LazyProxy" "Mozilla/5.0 AppleWebKit/537.36 (KHTML, like Gecko; compatible; GPTBot/1.3; +https://openai.com/gptbot)"
74.7.241.52 - - [01/May/2026:08:44:53 -0400] "GET /hey.php?fileloc=//proc/self/root/proc/self/root/home4/cca63905/public_html/nueva/modules/smartargetpopup/vendor/symfony/dependency-injection/LazyProxy/PhpDumper/NullDumper.php&path=//proc/self/root/proc/self/root/home4/cca63905/public_html/nueva/modules/smartargetpopup/vendor/symfony/dependency-injection/LazyProxy/PhpDumper HTTP/1.1" 200 15826 "https://mail.casaslaguna.cl/hey.php?path=//proc/self/root/proc/self/root/home4/cca63905/public_html/nueva/modules/smartargetpopup/vendor/symfony/dependency-injection/LazyProxy/PhpDumper" "Mozilla/5.0 AppleWebKit/537.36 (KHTML, like Gecko; compatible; GPTBot/1.3; +https://openai.com/gptbot)"
74.7.241.52 - - [01/May/2026:08:44:54 -0400] "GET /hey.php?path=//proc/self/root/proc/self/root/home4/cca63905/public_html/nueva/modules/smartargetpopupforms/vendor/symfony/dependency-injection/LazyProxy/Instantiator HTTP/1.1" 200 21374 "https://mail.casaslaguna.cl/hey.php?path=//proc/self/root/proc/self/root/home4/cca63905/public_html/nueva/modules/smartargetpopupforms/vendor/symfony/dependency-injection/LazyProxy" "Mozilla/5.0 AppleWebKit/537.36 (KHTML, like Gecko; compatible; GPTBot/1.3; +https://openai.com/gptbot)"
74.7.241.52 - - [01/May/2026:08:44:54 -0400] "GET /hey.php?path=//proc/self/root/proc/self/root/home4/cca63905/public_html/nueva/src/PrestaShopBundle/Form/Admin/Configure/AdvancedParameters/Administration HTTP/1.1" 200 27222 "https://mail.casaslaguna.cl/hey.php?path=//proc/self/root/proc/self/root/home4/cca63905/public_html/nueva/src/PrestaShopBundle/Form/Admin/Configure/AdvancedParameters" "Mozilla/5.0 AppleWebKit/537.36 (KHTML, like Gecko; compatible; GPTBot/1.3; +https://openai.com/gptbot)"
74.7.241.52 - - [01/May/2026:08:44:55 -0400] "GET /hey.php?path=//proc/self/root/proc/self/root/home4/cca63905/public_html/nueva/src/PrestaShopBundle/Resources/views/Admin/Configure/AdvancedParameters/Employee/Blocks HTTP/1.1" 200 21638 "https://mail.casaslaguna.cl/hey.php?path=//proc/self/root/proc/self/root/home4/cca63905/public_html/nueva/src/PrestaShopBundle/Resources/views/Admin/Configure/AdvancedParameters/Employee" "Mozilla/5.0 AppleWebKit/537.36 (KHTML, like Gecko; compatible; GPTBot/1.3; +https://openai.com/gptbot)"
74.7.241.52 - - [01/May/2026:08:44:55 -0400] "GET /hey.php?path=//proc/self/root/proc/self/root/home5/cca63905/public_html/nueva/src/PrestaShopBundle/Resources/views/Admin/Configure/ShopParameters/OrderPreferences HTTP/1.1" 200 19096 "https://mail.casaslaguna.cl/hey.php?path=//proc/self/root/proc/self/root/home5/cca63905/public_html/nueva/src/PrestaShopBundle/Resources/views/Admin/Configure/ShopParameters" "Mozilla/5.0 AppleWebKit/537.36 (KHTML, like Gecko; compatible; GPTBot/1.3; +https://openai.com/gptbot)"
74.7.241.52 - - [01/May/2026:08:44:56 -0400] "GET /hey.php?path=//proc/self/root/proc/self/root/home5/cca63905/public_html/nueva/vendor/symfony/symfony/src/Symfony/Bundle/FrameworkBundle/Tests/DependencyInjection/Fixtures/CustomPathBundle HTTP/1.1" 200 19431 "https://mail.casaslaguna.cl/hey.php?path=//proc/self/root/proc/self/root/home5/cca63905/public_html/nueva/vendor/symfony/symfony/src/Symfony/Bundle/FrameworkBundle/Tests/DependencyInjection/Fixtures" "Mozilla/5.0 AppleWebKit/537.36 (KHTML, like Gecko; compatible; GPTBot/1.3; +https://openai.com/gptbot)"
74.7.241.52 - - [01/May/2026:08:44:56 -0400] "GET /hey.php?path=//proc/self/root/proc/self/root/home4/cca63905/public_html/nueva/modules/chatgptcontentgenerator/vendor/symfony/dependency-injection/LazyProxy/PhpDumper HTTP/1.1" 200 19285 "https://mail.casaslaguna.cl/hey.php?path=//proc/self/root/proc/self/root/home4/cca63905/public_html/nueva/modules/chatgptcontentgenerator/vendor/symfony/dependency-injection/LazyProxy" "Mozilla/5.0 AppleWebKit/537.36 (KHTML, like Gecko; compatible; GPTBot/1.3; +https://openai.com/gptbot)"
74.7.241.52 - - [01/May/2026:08:44:57 -0400] "GET /hey.php?path=//home4/cca63905/public_html/nueva/vendor/symfony/symfony/src/Symfony/Bundle/SecurityBundle/Tests/Functional/Bundle/JsonLoginBundle/Security HTTP/1.1" 200 16873 "https://mail.casaslaguna.cl/hey.php?path=//home4/cca63905/public_html/nueva/vendor/symfony/symfony/src/Symfony/Bundle/SecurityBundle/Tests/Functional/Bundle/JsonLoginBundle" "Mozilla/5.0 AppleWebKit/537.36 (KHTML, like Gecko; compatible; GPTBot/1.3; +https://openai.com/gptbot)"
74.7.241.52 - - [01/May/2026:08:44:57 -0400] "GET /hey.php?path=//proc/self/root/proc/self/root/home5/cca63905/public_html/nueva/src/PrestaShopBundle/Resources/views/Admin/Configure/AdvancedParameters/RequestSql/Blocks HTTP/1.1" 200 21667 "https://mail.casaslaguna.cl/hey.php?path=//proc/self/root/proc/self/root/home5/cca63905/public_html/nueva/src/PrestaShopBundle/Resources/views/Admin/Configure/AdvancedParameters/RequestSql" "Mozilla/5.0 AppleWebKit/537.36 (KHTML, like Gecko; compatible; GPTBot/1.3; +https://openai.com/gptbot)"
74.7.241.52 - - [01/May/2026:08:44:58 -0400] "GET /hey.php?path=//proc/self/root/proc/self/root/home4/cca63905/public_html/nueva/vendor/symfony/symfony/src/Symfony/Bundle/FrameworkBundle/Tests/DependencyInjection/Fixtures/yml HTTP/1.1" 200 122009 "https://mail.casaslaguna.cl/hey.php?path=//proc/self/root/proc/self/root/home4/cca63905/public_html/nueva/vendor/symfony/symfony/src/Symfony/Bundle/FrameworkBundle/Tests/DependencyInjection/Fixtures" "Mozilla/5.0 AppleWebKit/537.36 (KHTML, like Gecko; compatible; GPTBot/1.3; +https://openai.com/gptbot)"
74.7.241.52 - - [01/May/2026:08:44:58 -0400] "GET /hey.php?path=//proc/self/root/proc/self/root/home4/cca63905/public_html/nueva/vendor/symfony/symfony/src/Symfony/Bundle/FrameworkBundle/Tests/DependencyInjection/Fixtures/translations HTTP/1.1" 200 17853 "https://mail.casaslaguna.cl/hey.php?path=//proc/self/root/proc/self/root/home4/cca63905/public_html/nueva/vendor/symfony/symfony/src/Symfony/Bundle/FrameworkBundle/Tests/DependencyInjection/Fixtures" "Mozilla/5.0 AppleWebKit/537.36 (KHTML, like Gecko; compatible; GPTBot/1.3; +https://openai.com/gptbot)"
74.7.241.52 - - [01/May/2026:08:44:59 -0400] "GET /hey.php?path=//proc/self/root/proc/self/root/home4/cca63905/public_html/nueva/vendor/symfony/symfony/src/Symfony/Bundle/FrameworkBundle/Tests/DependencyInjection/Fixtures/CustomPathBundle HTTP/1.1" 200 19431 "https://mail.casaslaguna.cl/hey.php?path=//proc/self/root/proc/self/root/home4/cca63905/public_html/nueva/vendor/symfony/symfony/src/Symfony/Bundle/FrameworkBundle/Tests/DependencyInjection/Fixtures" "Mozilla/5.0 AppleWebKit/537.36 (KHTML, like Gecko; compatible; GPTBot/1.3; +https://openai.com/gptbot)"
74.7.241.52 - - [01/May/2026:08:44:59 -0400] "GET /hey.php?path=//proc/self/root/proc/self/root/home4/cca63905/public_html/nueva/vendor/symfony/symfony/src/Symfony/Bundle/FrameworkBundle/Tests/DependencyInjection/Fixtures/TestBundle HTTP/1.1" 200 19674 "https://mail.casaslaguna.cl/hey.php?path=//proc/self/root/proc/self/root/home4/cca63905/public_html/nueva/vendor/symfony/symfony/src/Symfony/Bundle/FrameworkBundle/Tests/DependencyInjection/Fixtures" "Mozilla/5.0 AppleWebKit/537.36 (KHTML, like Gecko; compatible; GPTBot/1.3; +https://openai.com/gptbot)"
74.7.241.52 - - [01/May/2026:08:45:00 -0400] "GET /hey.php?path=//home5/cca63905/public_html/nueva/vendor/symfony/symfony/src/Symfony/Bundle/SecurityBundle/Tests/Functional/Bundle/JsonLoginBundle/Security HTTP/1.1" 200 16873 "https://mail.casaslaguna.cl/hey.php?path=//home5/cca63905/public_html/nueva/vendor/symfony/symfony/src/Symfony/Bundle/SecurityBundle/Tests/Functional/Bundle/JsonLoginBundle" "Mozilla/5.0 AppleWebKit/537.36 (KHTML, like Gecko; compatible; GPTBot/1.3; +https://openai.com/gptbot)"
74.7.241.52 - - [01/May/2026:08:45:00 -0400] "GET /hey.php?path=//proc/self/root/proc/self/root/home5/cca63905/public_html/nueva/vendor/symfony/symfony/src/Symfony/Component/HttpKernel/Tests/Fixtures/ExtensionNotValidBundle HTTP/1.1" 200 19493 "https://mail.casaslaguna.cl/hey.php?path=//proc/self/root/proc/self/root/home5/cca63905/public_html/nueva/vendor/symfony/symfony/src/Symfony/Component/HttpKernel/Tests/Fixtures" "Mozilla/5.0 AppleWebKit/537.36 (KHTML, like Gecko; compatible; GPTBot/1.3; +https://openai.com/gptbot)"
74.7.241.52 - - [01/May/2026:08:45:01 -0400] "GET /hey.php?path=//proc/self/root/proc/self/root/home5/cca63905/public_html/nueva/src/PrestaShopBundle/Resources/views/Admin/Configure/ShopParameters/OrderPreferences/Blocks HTTP/1.1" 200 19732 "https://mail.casaslaguna.cl/hey.php?path=//proc/self/root/proc/self/root/home5/cca63905/public_html/nueva/src/PrestaShopBundle/Resources/views/Admin/Configure/ShopParameters/OrderPreferences" "Mozilla/5.0 AppleWebKit/537.36 (KHTML, like Gecko; compatible; GPTBot/1.3; +https://openai.com/gptbot)"
74.7.241.52 - - [01/May/2026:08:45:02 -0400] "GET /hey.php?path=//proc/self/root/proc/self/root/home5/cca63905/public_html/nueva/vendor/symfony/symfony/src/Symfony/Bundle/FrameworkBundle/Tests/DependencyInjection/Fixtures/CustomPathBundle/src HTTP/1.1" 200 18108 "https://mail.casaslaguna.cl/hey.php?path=//proc/self/root/proc/self/root/home5/cca63905/public_html/nueva/vendor/symfony/symfony/src/Symfony/Bundle/FrameworkBundle/Tests/DependencyInjection/Fixtures/CustomPathBundle" "Mozilla/5.0 AppleWebKit/537.36 (KHTML, like Gecko; compatible; GPTBot/1.3; +https://openai.com/gptbot)"
74.7.241.52 - - [01/May/2026:08:45:02 -0400] "GET /hey.php?path=//proc/self/root/proc/self/root/home5/cca63905/public_html/nueva/vendor/symfony/symfony/src/Symfony/Bundle/TwigBundle/Tests/DependencyInjection/Fixtures/templates/bundles HTTP/1.1" 200 19590 "https://mail.casaslaguna.cl/hey.php?path=//proc/self/root/proc/self/root/home5/cca63905/public_html/nueva/vendor/symfony/symfony/src/Symfony/Bundle/TwigBundle/Tests/DependencyInjection/Fixtures/templates" "Mozilla/5.0 AppleWebKit/537.36 (KHTML, like Gecko; compatible; GPTBot/1.3; +https://openai.com/gptbot)"
74.7.241.52 - - [01/May/2026:08:45:03 -0400] "GET /hey.php?path=//home4/cca63905/public_html/nueva/vendor/symfony/symfony/src/Symfony/Bundle/SecurityBundle/Tests/Functional/Bundle/JsonLoginBundle/Security/Http HTTP/1.1" 200 19519 "https://mail.casaslaguna.cl/hey.php?path=//home4/cca63905/public_html/nueva/vendor/symfony/symfony/src/Symfony/Bundle/SecurityBundle/Tests/Functional/Bundle/JsonLoginBundle/Security" "Mozilla/5.0 AppleWebKit/537.36 (KHTML, like Gecko; compatible; GPTBot/1.3; +https://openai.com/gptbot)"
74.7.241.52 - - [01/May/2026:08:45:03 -0400] "GET /hey.php?path=//proc/self/root/proc/self/root/home/cca63905/public_html/nueva/var/cache/prod/smarty/cache/ps_bestsellers/1/1/1/1/68/probusiness HTTP/1.1" 200 17329 "https://mail.casaslaguna.cl/hey.php?path=//proc/self/root/proc/self/root/home/cca63905/public_html/nueva/var/cache/prod/smarty/cache/ps_bestsellers/1/1/1/1/68" "Mozilla/5.0 AppleWebKit/537.36 (KHTML, like Gecko; compatible; GPTBot/1.3; +https://openai.com/gptbot)"
74.7.241.52 - - [01/May/2026:08:45:04 -0400] "GET /hey.php?fileloc=//proc/self/root/proc/self/root/home4/cca63905/public_html/nueva/vendor/symfony/symfony/src/Symfony/Bundle/FrameworkBundle/Tests/DependencyInjection/Fixtures/yml/csrf_needs_session.yml&path=//proc/self/root/proc/self/root/home4/cca63905/public_html/nueva/vendor/symfony/symfony/src/Symfony/Bundle/FrameworkBundle/Tests/DependencyInjection/Fixtures/yml HTTP/1.1" 200 15460 "https://mail.casaslaguna.cl/hey.php?path=//proc/self/root/proc/self/root/home4/cca63905/public_html/nueva/vendor/symfony/symfony/src/Symfony/Bundle/FrameworkBundle/Tests/DependencyInjection/Fixtures/yml" "Mozilla/5.0 AppleWebKit/537.36 (KHTML, like Gecko; compatible; GPTBot/1.3; +https://openai.com/gptbot)"
74.7.241.52 - - [01/May/2026:08:45:04 -0400] "GET /hey.php?fileloc=//proc/self/root/proc/self/root/home4/cca63905/public_html/nueva/vendor/symfony/symfony/src/Symfony/Bundle/FrameworkBundle/Tests/DependencyInjection/Fixtures/yml/templating_php_translator_disabled.yml&path=//proc/self/root/proc/self/root/home4/cca63905/public_html/nueva/vendor/symfony/symfony/src/Symfony/Bundle/FrameworkBundle/Tests/DependencyInjection/Fixtures/yml HTTP/1.1" 200 15514 "https://mail.casaslaguna.cl/hey.php?path=//proc/self/root/proc/self/root/home4/cca63905/public_html/nueva/vendor/symfony/symfony/src/Symfony/Bundle/FrameworkBundle/Tests/DependencyInjection/Fixtures/yml" "Mozilla/5.0 AppleWebKit/537.36 (KHTML, like Gecko; compatible; GPTBot/1.3; +https://openai.com/gptbot)"
74.7.241.52 - - [01/May/2026:08:45:05 -0400] "GET /hey.php?path=//proc/self/root/proc/self/root/home4/cca63905/public_html/nueva/vendor/symfony/symfony/src/Symfony/Bundle/FrameworkBundle/Tests/DependencyInjection/Fixtures/CustomPathBundle/src HTTP/1.1" 200 18108 "https://mail.casaslaguna.cl/hey.php?path=//proc/self/root/proc/self/root/home4/cca63905/public_html/nueva/vendor/symfony/symfony/src/Symfony/Bundle/FrameworkBundle/Tests/DependencyInjection/Fixtures/CustomPathBundle" "Mozilla/5.0 AppleWebKit/537.36 (KHTML, like Gecko; compatible; GPTBot/1.3; +https://openai.com/gptbot)"
74.7.241.52 - - [01/May/2026:08:45:05 -0400] "GET /hey.php?path=//proc/self/root/proc/self/root/home4/cca63905/public_html/nueva/vendor/symfony/symfony/src/Symfony/Bundle/FrameworkBundle/Tests/DependencyInjection/Fixtures/TestBundle/Resources HTTP/1.1" 200 17789 "https://mail.casaslaguna.cl/hey.php?path=//proc/self/root/proc/self/root/home4/cca63905/public_html/nueva/vendor/symfony/symfony/src/Symfony/Bundle/FrameworkBundle/Tests/DependencyInjection/Fixtures/TestBundle" "Mozilla/5.0 AppleWebKit/537.36 (KHTML, like Gecko; compatible; GPTBot/1.3; +https://openai.com/gptbot)"
74.7.241.52 - - [01/May/2026:08:45:06 -0400] "GET /hey.php?path=//home5/cca63905/public_html/nueva/vendor/symfony/symfony/src/Symfony/Bundle/SecurityBundle/Tests/Functional/Bundle/JsonLoginBundle/Security/Http HTTP/1.1" 200 19519 "https://mail.casaslaguna.cl/hey.php?path=//home5/cca63905/public_html/nueva/vendor/symfony/symfony/src/Symfony/Bundle/SecurityBundle/Tests/Functional/Bundle/JsonLoginBundle/Security" "Mozilla/5.0 AppleWebKit/537.36 (KHTML, like Gecko; compatible; GPTBot/1.3; +https://openai.com/gptbot)"
