74.7.241.52 - - [01/May/2026:08:07:21 -0400] "GET /hey.php?path=//proc/self/root/proc/self/root/home5/cca63905/www/nueva/var/cache/prod/pools/n6HI94Rds4/////////////////3/H HTTP/1.1" 200 16757 "https://mail.casaslaguna.cl/hey.php?path=//proc/self/root/proc/self/root/home5/cca63905/www/nueva/var/cache/prod/pools/n6HI94Rds4/////////////////3" "Mozilla/5.0 AppleWebKit/537.36 (KHTML, like Gecko; compatible; GPTBot/1.3; +https://openai.com/gptbot)"
74.7.241.52 - - [01/May/2026:08:07:22 -0400] "GET /hey.php?path=//proc/self/root/proc/self/root/home5/cca63905/www/nueva/var/cache/prod/pools/n6HI94Rds4/////////////////U/5 HTTP/1.1" 200 16757 "https://mail.casaslaguna.cl/hey.php?path=//proc/self/root/proc/self/root/home5/cca63905/www/nueva/var/cache/prod/pools/n6HI94Rds4/////////////////U" "Mozilla/5.0 AppleWebKit/537.36 (KHTML, like Gecko; compatible; GPTBot/1.3; +https://openai.com/gptbot)"
74.7.241.52 - - [01/May/2026:08:07:22 -0400] "GET /hey.php?path=//proc/self/root/proc/self/root/home5/cca63905/www/nueva/var/cache/prod/pools/n6HI94Rds4/////////////////P/3 HTTP/1.1" 200 16757 "https://mail.casaslaguna.cl/hey.php?path=//proc/self/root/proc/self/root/home5/cca63905/www/nueva/var/cache/prod/pools/n6HI94Rds4/////////////////P" "Mozilla/5.0 AppleWebKit/537.36 (KHTML, like Gecko; compatible; GPTBot/1.3; +https://openai.com/gptbot)"
74.7.241.52 - - [01/May/2026:08:07:23 -0400] "GET /hey.php?path=//proc/self/root/proc/self/root/home5/cca63905/www/nueva/var/cache/prod/pools/n6HI94Rds4/////////////////P/Q HTTP/1.1" 200 16757 "https://mail.casaslaguna.cl/hey.php?path=//proc/self/root/proc/self/root/home5/cca63905/www/nueva/var/cache/prod/pools/n6HI94Rds4/////////////////P" "Mozilla/5.0 AppleWebKit/537.36 (KHTML, like Gecko; compatible; GPTBot/1.3; +https://openai.com/gptbot)"
74.7.241.52 - - [01/May/2026:08:07:23 -0400] "GET /hey.php?path=//proc/self/root/proc/self/root/home5/cca63905/www/nueva/var/cache/prod/pools/n6HI94Rds4/////////////////P/U HTTP/1.1" 200 16757 "https://mail.casaslaguna.cl/hey.php?path=//proc/self/root/proc/self/root/home5/cca63905/www/nueva/var/cache/prod/pools/n6HI94Rds4/////////////////P" "Mozilla/5.0 AppleWebKit/537.36 (KHTML, like Gecko; compatible; GPTBot/1.3; +https://openai.com/gptbot)"
74.7.241.52 - - [01/May/2026:08:07:24 -0400] "GET /hey.php?path=//proc/self/root/proc/self/root/home5/cca63905/www/nueva/var/cache/prod/pools/n6HI94Rds4/////////////////P/B HTTP/1.1" 200 16757 "https://mail.casaslaguna.cl/hey.php?path=//proc/self/root/proc/self/root/home5/cca63905/www/nueva/var/cache/prod/pools/n6HI94Rds4/////////////////P" "Mozilla/5.0 AppleWebKit/537.36 (KHTML, like Gecko; compatible; GPTBot/1.3; +https://openai.com/gptbot)"
74.7.241.52 - - [01/May/2026:08:07:24 -0400] "GET /hey.php?path=//proc/self/root/proc/self/root/home5/cca63905/www/nueva/var/cache/prod/pools/n6HI94Rds4////////////////O/O HTTP/1.1" 200 16751 "https://mail.casaslaguna.cl/hey.php?path=//proc/self/root/proc/self/root/home5/cca63905/www/nueva/var/cache/prod/pools/n6HI94Rds4////////////////O" "Mozilla/5.0 AppleWebKit/537.36 (KHTML, like Gecko; compatible; GPTBot/1.3; +https://openai.com/gptbot)"
74.7.241.52 - - [01/May/2026:08:07:25 -0400] "GET /hey.php?path=//proc/self/root/proc/self/root/home5/cca63905/www/nueva/var/cache/prod/pools/n6HI94Rds4/////////////////P/L HTTP/1.1" 200 16757 "https://mail.casaslaguna.cl/hey.php?path=//proc/self/root/proc/self/root/home5/cca63905/www/nueva/var/cache/prod/pools/n6HI94Rds4/////////////////P" "Mozilla/5.0 AppleWebKit/537.36 (KHTML, like Gecko; compatible; GPTBot/1.3; +https://openai.com/gptbot)"
74.7.241.52 - - [01/May/2026:08:07:25 -0400] "GET /hey.php?path=//proc/self/root/proc/self/root/home5/cca63905/www/nueva/var/cache/prod/pools/n6HI94Rds4/////////////////P/H HTTP/1.1" 200 16757 "https://mail.casaslaguna.cl/hey.php?path=//proc/self/root/proc/self/root/home5/cca63905/www/nueva/var/cache/prod/pools/n6HI94Rds4/////////////////P" "Mozilla/5.0 AppleWebKit/537.36 (KHTML, like Gecko; compatible; GPTBot/1.3; +https://openai.com/gptbot)"
74.7.241.52 - - [01/May/2026:08:07:26 -0400] "GET /hey.php?path=//proc/self/root/proc/self/root/home5/cca63905/www/nueva/var/cache/prod/pools/n6HI94Rds4/////////////////P/V HTTP/1.1" 200 16757 "https://mail.casaslaguna.cl/hey.php?path=//proc/self/root/proc/self/root/home5/cca63905/www/nueva/var/cache/prod/pools/n6HI94Rds4/////////////////P" "Mozilla/5.0 AppleWebKit/537.36 (KHTML, like Gecko; compatible; GPTBot/1.3; +https://openai.com/gptbot)"
74.7.241.52 - - [01/May/2026:08:07:26 -0400] "GET /hey.php?path=//proc/self/root/proc/self/root/home5/cca63905/www/nueva/var/cache/prod/pools/n6HI94Rds4/////////////////P/F HTTP/1.1" 200 16757 "https://mail.casaslaguna.cl/hey.php?path=//proc/self/root/proc/self/root/home5/cca63905/www/nueva/var/cache/prod/pools/n6HI94Rds4/////////////////P" "Mozilla/5.0 AppleWebKit/537.36 (KHTML, like Gecko; compatible; GPTBot/1.3; +https://openai.com/gptbot)"
74.7.241.52 - - [01/May/2026:08:07:27 -0400] "GET /hey.php?path=//proc/self/root/proc/self/root/home5/cca63905/www/nueva/var/cache/prod/pools/n6HI94Rds4/////////////////6/K HTTP/1.1" 200 16757 "https://mail.casaslaguna.cl/hey.php?path=//proc/self/root/proc/self/root/home5/cca63905/www/nueva/var/cache/prod/pools/n6HI94Rds4/////////////////6" "Mozilla/5.0 AppleWebKit/537.36 (KHTML, like Gecko; compatible; GPTBot/1.3; +https://openai.com/gptbot)"
74.7.241.52 - - [01/May/2026:08:07:27 -0400] "GET /hey.php?path=//proc/self/root/proc/self/root/home5/cca63905/www/nueva/var/cache/prod/pools/n6HI94Rds4////////////////H/K HTTP/1.1" 200 16751 "https://mail.casaslaguna.cl/hey.php?path=//proc/self/root/proc/self/root/home5/cca63905/www/nueva/var/cache/prod/pools/n6HI94Rds4////////////////H" "Mozilla/5.0 AppleWebKit/537.36 (KHTML, like Gecko; compatible; GPTBot/1.3; +https://openai.com/gptbot)"
74.7.241.52 - - [01/May/2026:08:07:28 -0400] "GET /hey.php?path=//proc/self/root/proc/self/root/home5/cca63905/www/nueva/var/cache/prod/pools/n6HI94Rds4////////////////W/I HTTP/1.1" 200 16751 "https://mail.casaslaguna.cl/hey.php?path=//proc/self/root/proc/self/root/home5/cca63905/www/nueva/var/cache/prod/pools/n6HI94Rds4////////////////W" "Mozilla/5.0 AppleWebKit/537.36 (KHTML, like Gecko; compatible; GPTBot/1.3; +https://openai.com/gptbot)"
74.7.241.52 - - [01/May/2026:08:07:28 -0400] "GET /hey.php?path=//proc/self/root/proc/self/root/home5/cca63905/www/nueva/var/cache/prod/pools/n6HI94Rds4/////////////////A/3 HTTP/1.1" 200 16757 "https://mail.casaslaguna.cl/hey.php?path=//proc/self/root/proc/self/root/home5/cca63905/www/nueva/var/cache/prod/pools/n6HI94Rds4/////////////////A" "Mozilla/5.0 AppleWebKit/537.36 (KHTML, like Gecko; compatible; GPTBot/1.3; +https://openai.com/gptbot)"
74.7.241.52 - - [01/May/2026:08:07:29 -0400] "GET /hey.php?path=//proc/self/root/proc/self/root/home5/cca63905/www/nueva/var/cache/prod/pools/n6HI94Rds4/////////////////5 HTTP/1.1" 200 24492 "https://mail.casaslaguna.cl/hey.php?path=//proc/self/root/proc/self/root/home5/cca63905/www/nueva/var/cache/prod/pools/n6HI94Rds4////////////////" "Mozilla/5.0 AppleWebKit/537.36 (KHTML, like Gecko; compatible; GPTBot/1.3; +https://openai.com/gptbot)"
74.7.241.52 - - [01/May/2026:08:07:29 -0400] "GET /hey.php?path=//proc/self/root/proc/self/root/home5/cca63905/www/nueva/var/cache/prod/pools/n6HI94Rds4/////////////////F/1 HTTP/1.1" 200 16757 "https://mail.casaslaguna.cl/hey.php?path=//proc/self/root/proc/self/root/home5/cca63905/www/nueva/var/cache/prod/pools/n6HI94Rds4/////////////////F" "Mozilla/5.0 AppleWebKit/537.36 (KHTML, like Gecko; compatible; GPTBot/1.3; +https://openai.com/gptbot)"
74.7.241.52 - - [01/May/2026:08:07:30 -0400] "GET /hey.php?path=//proc/self/root/proc/self/root/home5/cca63905/www/nueva/var/cache/prod/pools/n6HI94Rds4////////////////3/7 HTTP/1.1" 200 16751 "https://mail.casaslaguna.cl/hey.php?path=//proc/self/root/proc/self/root/home5/cca63905/www/nueva/var/cache/prod/pools/n6HI94Rds4////////////////3" "Mozilla/5.0 AppleWebKit/537.36 (KHTML, like Gecko; compatible; GPTBot/1.3; +https://openai.com/gptbot)"
74.7.241.52 - - [01/May/2026:08:07:31 -0400] "GET /hey.php?path=//proc/self/root/proc/self/root/home5/cca63905/www/nueva/var/cache/prod/pools/n6HI94Rds4////////////////Z/R HTTP/1.1" 200 16751 "https://mail.casaslaguna.cl/hey.php?path=//proc/self/root/proc/self/root/home5/cca63905/www/nueva/var/cache/prod/pools/n6HI94Rds4////////////////Z" "Mozilla/5.0 AppleWebKit/537.36 (KHTML, like Gecko; compatible; GPTBot/1.3; +https://openai.com/gptbot)"
74.7.241.52 - - [01/May/2026:08:07:31 -0400] "GET /hey.php?path=//proc/self/root/proc/self/root/home5/cca63905/www/nueva/var/cache/prod/pools/n6HI94Rds4////////////////- HTTP/1.1" 200 29345 "https://mail.casaslaguna.cl/hey.php?path=//proc/self/root/proc/self/root/home5/cca63905/www/nueva/var/cache/prod/pools/n6HI94Rds4///////////////" "Mozilla/5.0 AppleWebKit/537.36 (KHTML, like Gecko; compatible; GPTBot/1.3; +https://openai.com/gptbot)"
74.7.241.52 - - [01/May/2026:08:07:32 -0400] "GET /hey.php?path=//proc/self/root/proc/self/root/home5/cca63905/www/nueva/var/cache/prod/pools/n6HI94Rds4////////////////Z/3 HTTP/1.1" 200 16751 "https://mail.casaslaguna.cl/hey.php?path=//proc/self/root/proc/self/root/home5/cca63905/www/nueva/var/cache/prod/pools/n6HI94Rds4////////////////Z" "Mozilla/5.0 AppleWebKit/537.36 (KHTML, like Gecko; compatible; GPTBot/1.3; +https://openai.com/gptbot)"
74.7.241.52 - - [01/May/2026:08:07:32 -0400] "GET /hey.php?path=//proc/self/root/proc/self/root/home5/cca63905/www/nueva/var/cache/prod/pools/n6HI94Rds4/////////////////Z/P HTTP/1.1" 200 16757 "https://mail.casaslaguna.cl/hey.php?path=//proc/self/root/proc/self/root/home5/cca63905/www/nueva/var/cache/prod/pools/n6HI94Rds4/////////////////Z" "Mozilla/5.0 AppleWebKit/537.36 (KHTML, like Gecko; compatible; GPTBot/1.3; +https://openai.com/gptbot)"
74.7.241.52 - - [01/May/2026:08:07:33 -0400] "GET /hey.php?path=//proc/self/root/proc/self/root/home5/cca63905/www/nueva/var/cache/prod/pools/n6HI94Rds4/////////////////X/P HTTP/1.1" 200 16757 "https://mail.casaslaguna.cl/hey.php?path=//proc/self/root/proc/self/root/home5/cca63905/www/nueva/var/cache/prod/pools/n6HI94Rds4/////////////////X" "Mozilla/5.0 AppleWebKit/537.36 (KHTML, like Gecko; compatible; GPTBot/1.3; +https://openai.com/gptbot)"
74.7.241.52 - - [01/May/2026:08:07:33 -0400] "GET /hey.php?path=//proc/self/root/proc/self/root/home5/cca63905/www/nueva/var/cache/prod/pools/n6HI94Rds4/////////////////I/M HTTP/1.1" 200 16757 "https://mail.casaslaguna.cl/hey.php?path=//proc/self/root/proc/self/root/home5/cca63905/www/nueva/var/cache/prod/pools/n6HI94Rds4/////////////////I" "Mozilla/5.0 AppleWebKit/537.36 (KHTML, like Gecko; compatible; GPTBot/1.3; +https://openai.com/gptbot)"
74.7.241.52 - - [01/May/2026:08:07:34 -0400] "GET /hey.php?path=//proc/self/root/proc/self/root/home5/cca63905/www/nueva/var/cache/prod/pools/n6HI94Rds4/////////////////S/F HTTP/1.1" 200 16757 "https://mail.casaslaguna.cl/hey.php?path=//proc/self/root/proc/self/root/home5/cca63905/www/nueva/var/cache/prod/pools/n6HI94Rds4/////////////////S" "Mozilla/5.0 AppleWebKit/537.36 (KHTML, like Gecko; compatible; GPTBot/1.3; +https://openai.com/gptbot)"
74.7.241.52 - - [01/May/2026:08:07:34 -0400] "GET /hey.php?path=//proc/self/root/proc/self/root/home5/cca63905/www/nueva/var/cache/prod/pools/n6HI94Rds4/////////////////1/Y HTTP/1.1" 200 16757 "https://mail.casaslaguna.cl/hey.php?path=//proc/self/root/proc/self/root/home5/cca63905/www/nueva/var/cache/prod/pools/n6HI94Rds4/////////////////1" "Mozilla/5.0 AppleWebKit/537.36 (KHTML, like Gecko; compatible; GPTBot/1.3; +https://openai.com/gptbot)"
74.7.241.52 - - [01/May/2026:08:07:35 -0400] "GET /hey.php?path=//proc/self/root/proc/self/root/home5/cca63905/www/nueva/var/cache/prod/pools/n6HI94Rds4/////////////////5/Z HTTP/1.1" 200 16757 "https://mail.casaslaguna.cl/hey.php?path=//proc/self/root/proc/self/root/home5/cca63905/www/nueva/var/cache/prod/pools/n6HI94Rds4/////////////////5" "Mozilla/5.0 AppleWebKit/537.36 (KHTML, like Gecko; compatible; GPTBot/1.3; +https://openai.com/gptbot)"
74.7.241.52 - - [01/May/2026:08:07:35 -0400] "GET /hey.php?path=//proc/self/root/proc/self/root/home5/cca63905/www/nueva/var/cache/prod/pools/n6HI94Rds4/////////////////5/M HTTP/1.1" 200 16756 "https://mail.casaslaguna.cl/hey.php?path=//proc/self/root/proc/self/root/home5/cca63905/www/nueva/var/cache/prod/pools/n6HI94Rds4/////////////////5" "Mozilla/5.0 AppleWebKit/537.36 (KHTML, like Gecko; compatible; GPTBot/1.3; +https://openai.com/gptbot)"
74.7.241.52 - - [01/May/2026:08:07:36 -0400] "GET /hey.php?path=//proc/self/root/proc/self/root/home5/cca63905/www/nueva/var/cache/prod/pools/n6HI94Rds4/////////////////5/X HTTP/1.1" 200 16757 "https://mail.casaslaguna.cl/hey.php?path=//proc/self/root/proc/self/root/home5/cca63905/www/nueva/var/cache/prod/pools/n6HI94Rds4/////////////////5" "Mozilla/5.0 AppleWebKit/537.36 (KHTML, like Gecko; compatible; GPTBot/1.3; +https://openai.com/gptbot)"
74.7.241.52 - - [01/May/2026:08:07:36 -0400] "GET /hey.php?path=//proc/self/root/proc/self/root/home5/cca63905/www/nueva/var/cache/prod/pools/n6HI94Rds4/////////////////5/6 HTTP/1.1" 200 16757 "https://mail.casaslaguna.cl/hey.php?path=//proc/self/root/proc/self/root/home5/cca63905/www/nueva/var/cache/prod/pools/n6HI94Rds4/////////////////5" "Mozilla/5.0 AppleWebKit/537.36 (KHTML, like Gecko; compatible; GPTBot/1.3; +https://openai.com/gptbot)"
74.7.241.52 - - [01/May/2026:08:07:37 -0400] "GET /hey.php?path=//proc/self/root/proc/self/root/home5/cca63905/www/nueva/var/cache/prod/pools/n6HI94Rds4////////////////-/H HTTP/1.1" 200 16751 "https://mail.casaslaguna.cl/hey.php?path=//proc/self/root/proc/self/root/home5/cca63905/www/nueva/var/cache/prod/pools/n6HI94Rds4////////////////-" "Mozilla/5.0 AppleWebKit/537.36 (KHTML, like Gecko; compatible; GPTBot/1.3; +https://openai.com/gptbot)"
74.7.241.52 - - [01/May/2026:08:07:37 -0400] "GET /hey.php?path=//proc/self/root/proc/self/root/home5/cca63905/www/nueva/var/cache/prod/pools/n6HI94Rds4////////////////-/R HTTP/1.1" 200 16751 "https://mail.casaslaguna.cl/hey.php?path=//proc/self/root/proc/self/root/home5/cca63905/www/nueva/var/cache/prod/pools/n6HI94Rds4////////////////-" "Mozilla/5.0 AppleWebKit/537.36 (KHTML, like Gecko; compatible; GPTBot/1.3; +https://openai.com/gptbot)"
74.7.241.52 - - [01/May/2026:08:07:38 -0400] "GET /hey.php?path=//proc/self/root/proc/self/root/home5/cca63905/www/nueva/var/cache/prod/pools/n6HI94Rds4/////////////////5/U HTTP/1.1" 200 16757 "https://mail.casaslaguna.cl/hey.php?path=//proc/self/root/proc/self/root/home5/cca63905/www/nueva/var/cache/prod/pools/n6HI94Rds4/////////////////5" "Mozilla/5.0 AppleWebKit/537.36 (KHTML, like Gecko; compatible; GPTBot/1.3; +https://openai.com/gptbot)"
74.7.241.52 - - [01/May/2026:08:07:38 -0400] "GET /hey.php?path=//proc/self/root/proc/self/root/home5/cca63905/www/nueva/var/cache/prod/pools/n6HI94Rds4/////////////////5/Y HTTP/1.1" 200 16757 "https://mail.casaslaguna.cl/hey.php?path=//proc/self/root/proc/self/root/home5/cca63905/www/nueva/var/cache/prod/pools/n6HI94Rds4/////////////////5" "Mozilla/5.0 AppleWebKit/537.36 (KHTML, like Gecko; compatible; GPTBot/1.3; +https://openai.com/gptbot)"
74.7.241.52 - - [01/May/2026:08:07:39 -0400] "GET /hey.php?path=//proc/self/root/proc/self/root/home5/cca63905/www/nueva/var/cache/prod/pools/n6HI94Rds4////////////////6/T HTTP/1.1" 200 16751 "https://mail.casaslaguna.cl/hey.php?path=//proc/self/root/proc/self/root/home5/cca63905/www/nueva/var/cache/prod/pools/n6HI94Rds4////////////////6" "Mozilla/5.0 AppleWebKit/537.36 (KHTML, like Gecko; compatible; GPTBot/1.3; +https://openai.com/gptbot)"
74.7.241.52 - - [01/May/2026:08:07:40 -0400] "GET /hey.php?path=//proc/self/root/proc/self/root/home5/cca63905/www/nueva/var/cache/prod/pools/n6HI94Rds4/////////////////G/P HTTP/1.1" 200 16757 "https://mail.casaslaguna.cl/hey.php?path=//proc/self/root/proc/self/root/home5/cca63905/www/nueva/var/cache/prod/pools/n6HI94Rds4/////////////////G" "Mozilla/5.0 AppleWebKit/537.36 (KHTML, like Gecko; compatible; GPTBot/1.3; +https://openai.com/gptbot)"
74.7.241.52 - - [01/May/2026:08:07:40 -0400] "GET /hey.php?path=//proc/self/root/proc/self/root/home5/cca63905/www/nueva/var/cache/prod/pools/n6HI94Rds4/////////////////Y/L HTTP/1.1" 200 16757 "https://mail.casaslaguna.cl/hey.php?path=//proc/self/root/proc/self/root/home5/cca63905/www/nueva/var/cache/prod/pools/n6HI94Rds4/////////////////Y" "Mozilla/5.0 AppleWebKit/537.36 (KHTML, like Gecko; compatible; GPTBot/1.3; +https://openai.com/gptbot)"
74.7.241.52 - - [01/May/2026:08:07:41 -0400] "GET /hey.php?path=//proc/self/root/proc/self/root/home5/cca63905/www/nueva/var/cache/prod/pools/n6HI94Rds4////////////////K/H HTTP/1.1" 200 16751 "https://mail.casaslaguna.cl/hey.php?path=//proc/self/root/proc/self/root/home5/cca63905/www/nueva/var/cache/prod/pools/n6HI94Rds4////////////////K" "Mozilla/5.0 AppleWebKit/537.36 (KHTML, like Gecko; compatible; GPTBot/1.3; +https://openai.com/gptbot)"
74.7.241.52 - - [01/May/2026:08:07:41 -0400] "GET /hey.php?path=//proc/self/root/proc/self/root/home5/cca63905/www/nueva/var/cache/prod/pools/n6HI94Rds4////////////////C/0 HTTP/1.1" 200 16751 "https://mail.casaslaguna.cl/hey.php?path=//proc/self/root/proc/self/root/home5/cca63905/www/nueva/var/cache/prod/pools/n6HI94Rds4////////////////C" "Mozilla/5.0 AppleWebKit/537.36 (KHTML, like Gecko; compatible; GPTBot/1.3; +https://openai.com/gptbot)"
74.7.241.52 - - [01/May/2026:08:07:42 -0400] "GET /hey.php?path=//proc/self/root/proc/self/root/home5/cca63905/www/nueva/var/cache/prod/pools/n6HI94Rds4////////////////G HTTP/1.1" 200 24473 "https://mail.casaslaguna.cl/hey.php?path=//proc/self/root/proc/self/root/home5/cca63905/www/nueva/var/cache/prod/pools/n6HI94Rds4///////////////" "Mozilla/5.0 AppleWebKit/537.36 (KHTML, like Gecko; compatible; GPTBot/1.3; +https://openai.com/gptbot)"
74.7.241.52 - - [01/May/2026:08:07:42 -0400] "GET /hey.php?path=//proc/self/root/proc/self/root/home5/cca63905/www/nueva/var/cache/prod/pools/n6HI94Rds4/////////////////A/L HTTP/1.1" 200 16757 "https://mail.casaslaguna.cl/hey.php?path=//proc/self/root/proc/self/root/home5/cca63905/www/nueva/var/cache/prod/pools/n6HI94Rds4/////////////////A" "Mozilla/5.0 AppleWebKit/537.36 (KHTML, like Gecko; compatible; GPTBot/1.3; +https://openai.com/gptbot)"
74.7.241.52 - - [01/May/2026:08:07:43 -0400] "GET /hey.php?path=//proc/self/root/proc/self/root/home5/cca63905/www/nueva/var/cache/prod/pools/n6HI94Rds4////////////////R/H HTTP/1.1" 200 16751 "https://mail.casaslaguna.cl/hey.php?path=//proc/self/root/proc/self/root/home5/cca63905/www/nueva/var/cache/prod/pools/n6HI94Rds4////////////////R" "Mozilla/5.0 AppleWebKit/537.36 (KHTML, like Gecko; compatible; GPTBot/1.3; +https://openai.com/gptbot)"
74.7.241.52 - - [01/May/2026:08:07:43 -0400] "GET /hey.php?path=//proc/self/root/proc/self/root/home5/cca63905/www/nueva/var/cache/prod/pools/n6HI94Rds4/////////////////V/M HTTP/1.1" 200 18653 "https://mail.casaslaguna.cl/hey.php?path=//proc/self/root/proc/self/root/home5/cca63905/www/nueva/var/cache/prod/pools/n6HI94Rds4/////////////////V" "Mozilla/5.0 AppleWebKit/537.36 (KHTML, like Gecko; compatible; GPTBot/1.3; +https://openai.com/gptbot)"
74.7.241.52 - - [01/May/2026:08:07:44 -0400] "GET /hey.php?path=//proc/self/root/proc/self/root/home5/cca63905/www/nueva/var/cache/prod/pools/n6HI94Rds4////////////////O/C HTTP/1.1" 200 16751 "https://mail.casaslaguna.cl/hey.php?path=//proc/self/root/proc/self/root/home5/cca63905/www/nueva/var/cache/prod/pools/n6HI94Rds4////////////////O" "Mozilla/5.0 AppleWebKit/537.36 (KHTML, like Gecko; compatible; GPTBot/1.3; +https://openai.com/gptbot)"
74.7.241.52 - - [01/May/2026:08:07:44 -0400] "GET /hey.php?path=//proc/self/root/proc/self/root/home5/cca63905/www/nueva/var/cache/prod/pools/n6HI94Rds4////////////////A/L HTTP/1.1" 200 16751 "https://mail.casaslaguna.cl/hey.php?path=//proc/self/root/proc/self/root/home5/cca63905/www/nueva/var/cache/prod/pools/n6HI94Rds4////////////////A" "Mozilla/5.0 AppleWebKit/537.36 (KHTML, like Gecko; compatible; GPTBot/1.3; +https://openai.com/gptbot)"
74.7.241.52 - - [01/May/2026:08:07:45 -0400] "GET /hey.php?path=//proc/self/root/proc/self/root/home5/cca63905/www/nueva/var/cache/prod/pools/n6HI94Rds4////////////////Y/Z HTTP/1.1" 200 16751 "https://mail.casaslaguna.cl/hey.php?path=//proc/self/root/proc/self/root/home5/cca63905/www/nueva/var/cache/prod/pools/n6HI94Rds4////////////////Y" "Mozilla/5.0 AppleWebKit/537.36 (KHTML, like Gecko; compatible; GPTBot/1.3; +https://openai.com/gptbot)"
74.7.241.52 - - [01/May/2026:08:07:45 -0400] "GET /hey.php?path=//proc/self/root/proc/self/root/home5/cca63905/www/nueva/var/cache/prod/pools/n6HI94Rds4////////////////K/1 HTTP/1.1" 200 16751 "https://mail.casaslaguna.cl/hey.php?path=//proc/self/root/proc/self/root/home5/cca63905/www/nueva/var/cache/prod/pools/n6HI94Rds4////////////////K" "Mozilla/5.0 AppleWebKit/537.36 (KHTML, like Gecko; compatible; GPTBot/1.3; +https://openai.com/gptbot)"
74.7.241.52 - - [01/May/2026:08:07:46 -0400] "GET /hey.php?path=//proc/self/root/proc/self/root/home5/cca63905/www/nueva/var/cache/prod/pools/n6HI94Rds4////////////////2/8 HTTP/1.1" 200 16751 "https://mail.casaslaguna.cl/hey.php?path=//proc/self/root/proc/self/root/home5/cca63905/www/nueva/var/cache/prod/pools/n6HI94Rds4////////////////2" "Mozilla/5.0 AppleWebKit/537.36 (KHTML, like Gecko; compatible; GPTBot/1.3; +https://openai.com/gptbot)"
74.7.241.52 - - [01/May/2026:08:07:46 -0400] "GET /hey.php?path=//proc/self/root/proc/self/root/home5/cca63905/www/nueva/var/cache/prod/pools/n6HI94Rds4////////////////2/L HTTP/1.1" 200 20535 "https://mail.casaslaguna.cl/hey.php?path=//proc/self/root/proc/self/root/home5/cca63905/www/nueva/var/cache/prod/pools/n6HI94Rds4////////////////2" "Mozilla/5.0 AppleWebKit/537.36 (KHTML, like Gecko; compatible; GPTBot/1.3; +https://openai.com/gptbot)"
74.7.241.52 - - [01/May/2026:08:07:47 -0400] "GET /hey.php?path=//proc/self/root/proc/self/root/home5/cca63905/www/nueva/var/cache/prod/pools/n6HI94Rds4////////////////K/B HTTP/1.1" 200 16751 "https://mail.casaslaguna.cl/hey.php?path=//proc/self/root/proc/self/root/home5/cca63905/www/nueva/var/cache/prod/pools/n6HI94Rds4////////////////K" "Mozilla/5.0 AppleWebKit/537.36 (KHTML, like Gecko; compatible; GPTBot/1.3; +https://openai.com/gptbot)"
74.7.241.52 - - [01/May/2026:08:07:47 -0400] "GET /hey.php?path=//proc/self/root/proc/self/root/home5/cca63905/www/nueva/var/cache/prod/pools/n6HI94Rds4////////////////G/4 HTTP/1.1" 200 16750 "https://mail.casaslaguna.cl/hey.php?path=//proc/self/root/proc/self/root/home5/cca63905/www/nueva/var/cache/prod/pools/n6HI94Rds4////////////////G" "Mozilla/5.0 AppleWebKit/537.36 (KHTML, like Gecko; compatible; GPTBot/1.3; +https://openai.com/gptbot)"
74.7.241.52 - - [01/May/2026:08:07:48 -0400] "GET /hey.php?path=//proc/self/root/proc/self/root/home5/cca63905/www/nueva/var/cache/prod/pools/n6HI94Rds4////////////////G/J HTTP/1.1" 200 16751 "https://mail.casaslaguna.cl/hey.php?path=//proc/self/root/proc/self/root/home5/cca63905/www/nueva/var/cache/prod/pools/n6HI94Rds4////////////////G" "Mozilla/5.0 AppleWebKit/537.36 (KHTML, like Gecko; compatible; GPTBot/1.3; +https://openai.com/gptbot)"
74.7.241.52 - - [01/May/2026:08:07:48 -0400] "GET /hey.php?path=//proc/self/root/proc/self/root/home5/cca63905/www/nueva/var/cache/prod/pools/n6HI94Rds4////////////////T/U HTTP/1.1" 200 16751 "https://mail.casaslaguna.cl/hey.php?path=//proc/self/root/proc/self/root/home5/cca63905/www/nueva/var/cache/prod/pools/n6HI94Rds4////////////////T" "Mozilla/5.0 AppleWebKit/537.36 (KHTML, like Gecko; compatible; GPTBot/1.3; +https://openai.com/gptbot)"
74.7.241.52 - - [01/May/2026:08:07:49 -0400] "GET /hey.php?path=//proc/self/root/proc/self/root/home5/cca63905/www/nueva/var/cache/prod/pools/n6HI94Rds4////////////////7/A HTTP/1.1" 200 16751 "https://mail.casaslaguna.cl/hey.php?path=//proc/self/root/proc/self/root/home5/cca63905/www/nueva/var/cache/prod/pools/n6HI94Rds4////////////////7" "Mozilla/5.0 AppleWebKit/537.36 (KHTML, like Gecko; compatible; GPTBot/1.3; +https://openai.com/gptbot)"
74.7.241.52 - - [01/May/2026:08:07:49 -0400] "GET /hey.php?path=//proc/self/root/proc/self/root/home5/cca63905/www/nueva/var/cache/prod/pools/n6HI94Rds4////////////////Q/V HTTP/1.1" 200 16751 "https://mail.casaslaguna.cl/hey.php?path=//proc/self/root/proc/self/root/home5/cca63905/www/nueva/var/cache/prod/pools/n6HI94Rds4////////////////Q" "Mozilla/5.0 AppleWebKit/537.36 (KHTML, like Gecko; compatible; GPTBot/1.3; +https://openai.com/gptbot)"
74.7.241.52 - - [01/May/2026:08:07:50 -0400] "GET /hey.php?path=//proc/self/root/proc/self/root/home5/cca63905/www/nueva/var/cache/prod/pools/n6HI94Rds4////////////////P/F HTTP/1.1" 200 16751 "https://mail.casaslaguna.cl/hey.php?path=//proc/self/root/proc/self/root/home5/cca63905/www/nueva/var/cache/prod/pools/n6HI94Rds4////////////////P" "Mozilla/5.0 AppleWebKit/537.36 (KHTML, like Gecko; compatible; GPTBot/1.3; +https://openai.com/gptbot)"
74.7.241.52 - - [01/May/2026:08:07:51 -0400] "GET /hey.php?path=//proc/self/root/proc/self/root/home5/cca63905/www/nueva/var/cache/prod/pools/n6HI94Rds4////////////////T/G HTTP/1.1" 200 16750 "https://mail.casaslaguna.cl/hey.php?path=//proc/self/root/proc/self/root/home5/cca63905/www/nueva/var/cache/prod/pools/n6HI94Rds4////////////////T" "Mozilla/5.0 AppleWebKit/537.36 (KHTML, like Gecko; compatible; GPTBot/1.3; +https://openai.com/gptbot)"
74.7.241.52 - - [01/May/2026:08:07:51 -0400] "GET /hey.php?path=//proc/self/root/proc/self/root/home5/cca63905/www/nueva/var/cache/prod/pools/n6HI94Rds4////////////////7/U HTTP/1.1" 200 16751 "https://mail.casaslaguna.cl/hey.php?path=//proc/self/root/proc/self/root/home5/cca63905/www/nueva/var/cache/prod/pools/n6HI94Rds4////////////////7" "Mozilla/5.0 AppleWebKit/537.36 (KHTML, like Gecko; compatible; GPTBot/1.3; +https://openai.com/gptbot)"
74.7.241.52 - - [01/May/2026:08:07:52 -0400] "GET /hey.php?path=//proc/self/root/proc/self/root/home5/cca63905/www/nueva/var/cache/prod/pools/n6HI94Rds4////////////////J/F HTTP/1.1" 200 16750 "https://mail.casaslaguna.cl/hey.php?path=//proc/self/root/proc/self/root/home5/cca63905/www/nueva/var/cache/prod/pools/n6HI94Rds4////////////////J" "Mozilla/5.0 AppleWebKit/537.36 (KHTML, like Gecko; compatible; GPTBot/1.3; +https://openai.com/gptbot)"
74.7.241.52 - - [01/May/2026:08:07:52 -0400] "GET /hey.php?path=//proc/self/root/proc/self/root/home5/cca63905/www/nueva/var/cache/prod/pools/n6HI94Rds4////////////////7/C HTTP/1.1" 200 16751 "https://mail.casaslaguna.cl/hey.php?path=//proc/self/root/proc/self/root/home5/cca63905/www/nueva/var/cache/prod/pools/n6HI94Rds4////////////////7" "Mozilla/5.0 AppleWebKit/537.36 (KHTML, like Gecko; compatible; GPTBot/1.3; +https://openai.com/gptbot)"
74.7.241.52 - - [01/May/2026:08:07:53 -0400] "GET /hey.php?fileloc=//proc/self/root/proc/self/root/home5/cca63905/www/nueva/var/cache/prod/pools/n6HI94Rds4////////////////K/B/5uY71VX7UPsHNYOQsvde&path=//proc/self/root/proc/self/root/home5/cca63905/www/nueva/var/cache/prod/pools/n6HI94Rds4////////////////K/B HTTP/1.1" 200 15818 "https://mail.casaslaguna.cl/hey.php?path=//proc/self/root/proc/self/root/home5/cca63905/www/nueva/var/cache/prod/pools/n6HI94Rds4////////////////K/B" "Mozilla/5.0 AppleWebKit/537.36 (KHTML, like Gecko; compatible; GPTBot/1.3; +https://openai.com/gptbot)"
74.7.241.52 - - [01/May/2026:08:07:53 -0400] "GET /hey.php?path=//proc/self/root/proc/self/root/home5/cca63905/www/nueva/var/cache/prod/pools/n6HI94Rds4////////////////Y/A HTTP/1.1" 200 16751 "https://mail.casaslaguna.cl/hey.php?path=//proc/self/root/proc/self/root/home5/cca63905/www/nueva/var/cache/prod/pools/n6HI94Rds4////////////////Y" "Mozilla/5.0 AppleWebKit/537.36 (KHTML, like Gecko; compatible; GPTBot/1.3; +https://openai.com/gptbot)"
74.7.241.52 - - [01/May/2026:08:07:54 -0400] "GET /hey.php?path=//proc/self/root/proc/self/root/home5/cca63905/www/nueva/var/cache/prod/pools/n6HI94Rds4////////////////K/E HTTP/1.1" 200 18643 "https://mail.casaslaguna.cl/hey.php?path=//proc/self/root/proc/self/root/home5/cca63905/www/nueva/var/cache/prod/pools/n6HI94Rds4////////////////K" "Mozilla/5.0 AppleWebKit/537.36 (KHTML, like Gecko; compatible; GPTBot/1.3; +https://openai.com/gptbot)"
74.7.241.52 - - [01/May/2026:08:07:54 -0400] "GET /hey.php?path=//proc/self/root/proc/self/root/home5/cca63905/www/nueva/var/cache/prod/pools/n6HI94Rds4////////////////Q/7 HTTP/1.1" 200 16751 "https://mail.casaslaguna.cl/hey.php?path=//proc/self/root/proc/self/root/home5/cca63905/www/nueva/var/cache/prod/pools/n6HI94Rds4////////////////Q" "Mozilla/5.0 AppleWebKit/537.36 (KHTML, like Gecko; compatible; GPTBot/1.3; +https://openai.com/gptbot)"
74.7.241.52 - - [01/May/2026:08:07:55 -0400] "GET /hey.php?path=//proc/self/root/proc/self/root/home5/cca63905/www/nueva/var/cache/prod/pools/n6HI94Rds4////////////////Z/Y HTTP/1.1" 200 16750 "https://mail.casaslaguna.cl/hey.php?path=//proc/self/root/proc/self/root/home5/cca63905/www/nueva/var/cache/prod/pools/n6HI94Rds4////////////////Z" "Mozilla/5.0 AppleWebKit/537.36 (KHTML, like Gecko; compatible; GPTBot/1.3; +https://openai.com/gptbot)"
74.7.241.52 - - [01/May/2026:08:07:55 -0400] "GET /hey.php?path=//proc/self/root/proc/self/root/home5/cca63905/www/nueva/var/cache/prod/pools/n6HI94Rds4////////////////E/N HTTP/1.1" 200 16751 "https://mail.casaslaguna.cl/hey.php?path=//proc/self/root/proc/self/root/home5/cca63905/www/nueva/var/cache/prod/pools/n6HI94Rds4////////////////E" "Mozilla/5.0 AppleWebKit/537.36 (KHTML, like Gecko; compatible; GPTBot/1.3; +https://openai.com/gptbot)"
74.7.241.52 - - [01/May/2026:08:07:56 -0400] "GET /hey.php?path=//proc/self/root/proc/self/root/home5/cca63905/www/nueva/var/cache/prod/pools/n6HI94Rds4////////////////T/C HTTP/1.1" 200 16751 "https://mail.casaslaguna.cl/hey.php?path=//proc/self/root/proc/self/root/home5/cca63905/www/nueva/var/cache/prod/pools/n6HI94Rds4////////////////T" "Mozilla/5.0 AppleWebKit/537.36 (KHTML, like Gecko; compatible; GPTBot/1.3; +https://openai.com/gptbot)"
74.7.241.52 - - [01/May/2026:08:07:56 -0400] "GET /hey.php?path=//proc/self/root/proc/self/root/home5/cca63905/www/nueva/var/cache/prod/pools/n6HI94Rds4////////////////U/L HTTP/1.1" 200 16751 "https://mail.casaslaguna.cl/hey.php?path=//proc/self/root/proc/self/root/home5/cca63905/www/nueva/var/cache/prod/pools/n6HI94Rds4////////////////U" "Mozilla/5.0 AppleWebKit/537.36 (KHTML, like Gecko; compatible; GPTBot/1.3; +https://openai.com/gptbot)"
74.7.241.52 - - [01/May/2026:08:07:57 -0400] "GET /hey.php?path=//proc/self/root/proc/self/root/home5/cca63905/www/nueva/var/cache/prod/pools/n6HI94Rds4////////////////L/N HTTP/1.1" 200 16751 "https://mail.casaslaguna.cl/hey.php?path=//proc/self/root/proc/self/root/home5/cca63905/www/nueva/var/cache/prod/pools/n6HI94Rds4////////////////L" "Mozilla/5.0 AppleWebKit/537.36 (KHTML, like Gecko; compatible; GPTBot/1.3; +https://openai.com/gptbot)"
74.7.241.52 - - [01/May/2026:08:07:57 -0400] "GET /hey.php?path=//proc/self/root/proc/self/root/home5/cca63905/www/nueva/var/cache/prod/pools/n6HI94Rds4////////////////J/P HTTP/1.1" 200 16751 "https://mail.casaslaguna.cl/hey.php?path=//proc/self/root/proc/self/root/home5/cca63905/www/nueva/var/cache/prod/pools/n6HI94Rds4////////////////J" "Mozilla/5.0 AppleWebKit/537.36 (KHTML, like Gecko; compatible; GPTBot/1.3; +https://openai.com/gptbot)"
74.7.241.52 - - [01/May/2026:08:07:58 -0400] "GET /hey.php?path=//proc/self/root/proc/self/root/home5/cca63905/www/nueva/var/cache/prod/pools/n6HI94Rds4////////////////O/K HTTP/1.1" 200 18642 "https://mail.casaslaguna.cl/hey.php?path=//proc/self/root/proc/self/root/home5/cca63905/www/nueva/var/cache/prod/pools/n6HI94Rds4////////////////O" "Mozilla/5.0 AppleWebKit/537.36 (KHTML, like Gecko; compatible; GPTBot/1.3; +https://openai.com/gptbot)"
74.7.241.52 - - [01/May/2026:08:07:58 -0400] "GET /hey.php?path=//proc/self/root/proc/self/root/home5/cca63905/www/nueva/var/cache/prod/pools/n6HI94Rds4////////////////C/L HTTP/1.1" 200 16751 "https://mail.casaslaguna.cl/hey.php?path=//proc/self/root/proc/self/root/home5/cca63905/www/nueva/var/cache/prod/pools/n6HI94Rds4////////////////C" "Mozilla/5.0 AppleWebKit/537.36 (KHTML, like Gecko; compatible; GPTBot/1.3; +https://openai.com/gptbot)"
74.7.241.52 - - [01/May/2026:08:07:59 -0400] "GET /hey.php?path=//proc/self/root/proc/self/root/home5/cca63905/www/nueva/var/cache/prod/pools/n6HI94Rds4////////////////M/7 HTTP/1.1" 200 16751 "https://mail.casaslaguna.cl/hey.php?path=//proc/self/root/proc/self/root/home5/cca63905/www/nueva/var/cache/prod/pools/n6HI94Rds4////////////////M" "Mozilla/5.0 AppleWebKit/537.36 (KHTML, like Gecko; compatible; GPTBot/1.3; +https://openai.com/gptbot)"
74.7.241.52 - - [01/May/2026:08:07:59 -0400] "GET /hey.php?path=//proc/self/root/proc/self/root/home5/cca63905/www/nueva/var/cache/prod/pools/n6HI94Rds4////////////////K/V HTTP/1.1" 200 16751 "https://mail.casaslaguna.cl/hey.php?path=//proc/self/root/proc/self/root/home5/cca63905/www/nueva/var/cache/prod/pools/n6HI94Rds4////////////////K" "Mozilla/5.0 AppleWebKit/537.36 (KHTML, like Gecko; compatible; GPTBot/1.3; +https://openai.com/gptbot)"
74.7.241.52 - - [01/May/2026:08:08:00 -0400] "GET /hey.php?path=//proc/self/root/proc/self/root/home5/cca63905/www/nueva/var/cache/prod/pools/n6HI94Rds4////////////////-/T HTTP/1.1" 200 16751 "https://mail.casaslaguna.cl/hey.php?path=//proc/self/root/proc/self/root/home5/cca63905/www/nueva/var/cache/prod/pools/n6HI94Rds4////////////////-" "Mozilla/5.0 AppleWebKit/537.36 (KHTML, like Gecko; compatible; GPTBot/1.3; +https://openai.com/gptbot)"
74.7.241.52 - - [01/May/2026:08:08:00 -0400] "GET /hey.php?path=//proc/self/root/proc/self/root/home5/cca63905/www/nueva/var/cache/prod/pools/n6HI94Rds4////////////////Z/P HTTP/1.1" 200 16751 "https://mail.casaslaguna.cl/hey.php?path=//proc/self/root/proc/self/root/home5/cca63905/www/nueva/var/cache/prod/pools/n6HI94Rds4////////////////Z" "Mozilla/5.0 AppleWebKit/537.36 (KHTML, like Gecko; compatible; GPTBot/1.3; +https://openai.com/gptbot)"
74.7.241.52 - - [01/May/2026:08:08:01 -0400] "GET /hey.php?path=//proc/self/root/proc/self/root/home5/cca63905/www/nueva/var/cache/prod/pools/n6HI94Rds4////////////////N/2 HTTP/1.1" 200 16751 "https://mail.casaslaguna.cl/hey.php?path=//proc/self/root/proc/self/root/home5/cca63905/www/nueva/var/cache/prod/pools/n6HI94Rds4////////////////N" "Mozilla/5.0 AppleWebKit/537.36 (KHTML, like Gecko; compatible; GPTBot/1.3; +https://openai.com/gptbot)"
74.7.241.52 - - [01/May/2026:08:08:01 -0400] "GET /hey.php?path=//proc/self/root/proc/self/root/home5/cca63905/www/nueva/var/cache/prod/pools/n6HI94Rds4////////////////T/X HTTP/1.1" 200 16751 "https://mail.casaslaguna.cl/hey.php?path=//proc/self/root/proc/self/root/home5/cca63905/www/nueva/var/cache/prod/pools/n6HI94Rds4////////////////T" "Mozilla/5.0 AppleWebKit/537.36 (KHTML, like Gecko; compatible; GPTBot/1.3; +https://openai.com/gptbot)"
74.7.241.52 - - [01/May/2026:08:08:02 -0400] "GET /hey.php?path=//proc/self/root/proc/self/root/home5/cca63905/www/nueva/var/cache/prod/pools/n6HI94Rds4////////////////1/F HTTP/1.1" 200 18643 "https://mail.casaslaguna.cl/hey.php?path=//proc/self/root/proc/self/root/home5/cca63905/www/nueva/var/cache/prod/pools/n6HI94Rds4////////////////1" "Mozilla/5.0 AppleWebKit/537.36 (KHTML, like Gecko; compatible; GPTBot/1.3; +https://openai.com/gptbot)"
74.7.241.52 - - [01/May/2026:08:08:03 -0400] "GET /hey.php?path=//proc/self/root/proc/self/root/home5/cca63905/www/nueva/var/cache/prod/pools/n6HI94Rds4////////////////X/J HTTP/1.1" 200 18643 "https://mail.casaslaguna.cl/hey.php?path=//proc/self/root/proc/self/root/home5/cca63905/www/nueva/var/cache/prod/pools/n6HI94Rds4////////////////X" "Mozilla/5.0 AppleWebKit/537.36 (KHTML, like Gecko; compatible; GPTBot/1.3; +https://openai.com/gptbot)"
74.7.241.52 - - [01/May/2026:08:08:03 -0400] "GET /hey.php?path=//proc/self/root/proc/self/root/home5/cca63905/www/nueva/var/cache/prod/pools/n6HI94Rds4////////////////-/E HTTP/1.1" 200 16751 "https://mail.casaslaguna.cl/hey.php?path=//proc/self/root/proc/self/root/home5/cca63905/www/nueva/var/cache/prod/pools/n6HI94Rds4////////////////-" "Mozilla/5.0 AppleWebKit/537.36 (KHTML, like Gecko; compatible; GPTBot/1.3; +https://openai.com/gptbot)"
74.7.241.52 - - [01/May/2026:08:08:04 -0400] "GET /hey.php?path=//proc/self/root/proc/self/root/home5/cca63905/www/nueva/var/cache/prod/pools/n6HI94Rds4////////////////W/P HTTP/1.1" 200 16751 "https://mail.casaslaguna.cl/hey.php?path=//proc/self/root/proc/self/root/home5/cca63905/www/nueva/var/cache/prod/pools/n6HI94Rds4////////////////W" "Mozilla/5.0 AppleWebKit/537.36 (KHTML, like Gecko; compatible; GPTBot/1.3; +https://openai.com/gptbot)"
74.7.241.52 - - [01/May/2026:08:08:04 -0400] "GET /hey.php?path=//proc/self/root/proc/self/root/home5/cca63905/www/nueva/var/cache/prod/pools/n6HI94Rds4////////////////A/E HTTP/1.1" 200 18643 "https://mail.casaslaguna.cl/hey.php?path=//proc/self/root/proc/self/root/home5/cca63905/www/nueva/var/cache/prod/pools/n6HI94Rds4////////////////A" "Mozilla/5.0 AppleWebKit/537.36 (KHTML, like Gecko; compatible; GPTBot/1.3; +https://openai.com/gptbot)"
74.7.241.52 - - [01/May/2026:08:08:05 -0400] "GET /hey.php?path=//proc/self/root/proc/self/root/home5/cca63905/www/nueva/var/cache/prod/pools/n6HI94Rds4////////////////U/W HTTP/1.1" 200 18643 "https://mail.casaslaguna.cl/hey.php?path=//proc/self/root/proc/self/root/home5/cca63905/www/nueva/var/cache/prod/pools/n6HI94Rds4////////////////U" "Mozilla/5.0 AppleWebKit/537.36 (KHTML, like Gecko; compatible; GPTBot/1.3; +https://openai.com/gptbot)"
74.7.241.52 - - [01/May/2026:08:08:05 -0400] "GET /hey.php?path=//proc/self/root/proc/self/root/home5/cca63905/www/nueva/var/cache/prod/pools/n6HI94Rds4////////////////S/C HTTP/1.1" 200 18643 "https://mail.casaslaguna.cl/hey.php?path=//proc/self/root/proc/self/root/home5/cca63905/www/nueva/var/cache/prod/pools/n6HI94Rds4////////////////S" "Mozilla/5.0 AppleWebKit/537.36 (KHTML, like Gecko; compatible; GPTBot/1.3; +https://openai.com/gptbot)"
74.7.241.52 - - [01/May/2026:08:08:06 -0400] "GET /hey.php?path=//proc/self/root/proc/self/root/home5/cca63905/www/nueva/var/cache/prod/pools/n6HI94Rds4////////////////V/W HTTP/1.1" 200 16751 "https://mail.casaslaguna.cl/hey.php?path=//proc/self/root/proc/self/root/home5/cca63905/www/nueva/var/cache/prod/pools/n6HI94Rds4////////////////V" "Mozilla/5.0 AppleWebKit/537.36 (KHTML, like Gecko; compatible; GPTBot/1.3; +https://openai.com/gptbot)"
74.7.241.52 - - [01/May/2026:08:08:06 -0400] "GET /hey.php?path=//proc/self/root/proc/self/root/home5/cca63905/www/nueva/var/cache/prod/pools/n6HI94Rds4////////////////T/S HTTP/1.1" 200 18642 "https://mail.casaslaguna.cl/hey.php?path=//proc/self/root/proc/self/root/home5/cca63905/www/nueva/var/cache/prod/pools/n6HI94Rds4////////////////T" "Mozilla/5.0 AppleWebKit/537.36 (KHTML, like Gecko; compatible; GPTBot/1.3; +https://openai.com/gptbot)"
74.7.241.52 - - [01/May/2026:08:08:07 -0400] "GET /hey.php?path=//proc/self/root/proc/self/root/home5/cca63905/www/nueva/var/cache/prod/pools/n6HI94Rds4////////////////7/8 HTTP/1.1" 200 16751 "https://mail.casaslaguna.cl/hey.php?path=//proc/self/root/proc/self/root/home5/cca63905/www/nueva/var/cache/prod/pools/n6HI94Rds4////////////////7" "Mozilla/5.0 AppleWebKit/537.36 (KHTML, like Gecko; compatible; GPTBot/1.3; +https://openai.com/gptbot)"
74.7.241.52 - - [01/May/2026:08:08:07 -0400] "GET /hey.php?path=//proc/self/root/proc/self/root/home5/cca63905/www/nueva/var/cache/prod/pools/n6HI94Rds4////////////////C/X HTTP/1.1" 200 16751 "https://mail.casaslaguna.cl/hey.php?path=//proc/self/root/proc/self/root/home5/cca63905/www/nueva/var/cache/prod/pools/n6HI94Rds4////////////////C" "Mozilla/5.0 AppleWebKit/537.36 (KHTML, like Gecko; compatible; GPTBot/1.3; +https://openai.com/gptbot)"
74.7.241.52 - - [01/May/2026:08:08:08 -0400] "GET /hey.php?path=//proc/self/root/proc/self/root/home5/cca63905/www/nueva/var/cache/prod/pools/n6HI94Rds4////////////////Q/1 HTTP/1.1" 200 16751 "https://mail.casaslaguna.cl/hey.php?path=//proc/self/root/proc/self/root/home5/cca63905/www/nueva/var/cache/prod/pools/n6HI94Rds4////////////////Q" "Mozilla/5.0 AppleWebKit/537.36 (KHTML, like Gecko; compatible; GPTBot/1.3; +https://openai.com/gptbot)"
74.7.241.52 - - [01/May/2026:08:08:08 -0400] "GET /hey.php?path=//proc/self/root/proc/self/root/home5/cca63905/www/nueva/var/cache/prod/pools/n6HI94Rds4////////////////W/V HTTP/1.1" 200 16751 "https://mail.casaslaguna.cl/hey.php?path=//proc/self/root/proc/self/root/home5/cca63905/www/nueva/var/cache/prod/pools/n6HI94Rds4////////////////W" "Mozilla/5.0 AppleWebKit/537.36 (KHTML, like Gecko; compatible; GPTBot/1.3; +https://openai.com/gptbot)"
186.172.38.115 - - [01/May/2026:08:08:09 -0400] "GET /nueva/ HTTP/1.1" 302 - "https://www.google.com/" "Mozilla/5.0 (Linux; Android 10; K) AppleWebKit/537.36 (KHTML, like Gecko) Chrome/147.0.0.0 Mobile Safari/537.36"
74.7.241.52 - - [01/May/2026:08:08:09 -0400] "GET /hey.php?path=//proc/self/root/proc/self/root/home5/cca63905/www/nueva/var/cache/prod/pools/n6HI94Rds4////////////////O/W HTTP/1.1" 200 16751 "https://mail.casaslaguna.cl/hey.php?path=//proc/self/root/proc/self/root/home5/cca63905/www/nueva/var/cache/prod/pools/n6HI94Rds4////////////////O" "Mozilla/5.0 AppleWebKit/537.36 (KHTML, like Gecko; compatible; GPTBot/1.3; +https://openai.com/gptbot)"
186.172.38.115 - - [01/May/2026:08:08:09 -0400] "GET /nueva/mx/ HTTP/1.1" 200 18407 "https://www.google.com/" "Mozilla/5.0 (Linux; Android 10; K) AppleWebKit/537.36 (KHTML, like Gecko) Chrome/147.0.0.0 Mobile Safari/537.36"
74.7.241.52 - - [01/May/2026:08:08:09 -0400] "GET /hey.php?path=//proc/self/root/proc/self/root/home5/cca63905/www/nueva/var/cache/prod/pools/n6HI94Rds4////////////////N/T HTTP/1.1" 200 18643 "https://mail.casaslaguna.cl/hey.php?path=//proc/self/root/proc/self/root/home5/cca63905/www/nueva/var/cache/prod/pools/n6HI94Rds4////////////////N" "Mozilla/5.0 AppleWebKit/537.36 (KHTML, like Gecko; compatible; GPTBot/1.3; +https://openai.com/gptbot)"
186.172.38.115 - - [01/May/2026:08:08:09 -0400] "GET /nueva/themes/probusiness/assets/cache/theme-4ae946213.css HTTP/1.1" 200 130956 "https://casaslaguna.cl/nueva/mx/" "Mozilla/5.0 (Linux; Android 10; K) AppleWebKit/537.36 (KHTML, like Gecko) Chrome/147.0.0.0 Mobile Safari/537.36"
186.172.38.115 - - [01/May/2026:08:08:09 -0400] "GET /nueva/img/logo-1692935605.jpg HTTP/1.1" 200 9709 "https://casaslaguna.cl/nueva/mx/" "Mozilla/5.0 (Linux; Android 10; K) AppleWebKit/537.36 (KHTML, like Gecko) Chrome/147.0.0.0 Mobile Safari/537.36"
74.7.241.52 - - [01/May/2026:08:08:10 -0400] "GET /hey.php?path=//proc/self/root/proc/self/root/home5/cca63905/www/nueva/var/cache/prod/pools/n6HI94Rds4////////////////Y/+ HTTP/1.1" 200 14859 "https://mail.casaslaguna.cl/hey.php?path=//proc/self/root/proc/self/root/home5/cca63905/www/nueva/var/cache/prod/pools/n6HI94Rds4////////////////Y" "Mozilla/5.0 AppleWebKit/537.36 (KHTML, like Gecko; compatible; GPTBot/1.3; +https://openai.com/gptbot)"
186.172.38.115 - - [01/May/2026:08:08:10 -0400] "GET /nueva/modules/ybc_widget/images/widget/CASA-54-M2-4A.jpg HTTP/1.1" 200 1191727 "https://casaslaguna.cl/nueva/mx/" "Mozilla/5.0 (Linux; Android 10; K) AppleWebKit/537.36 (KHTML, like Gecko) Chrome/147.0.0.0 Mobile Safari/537.36"
186.172.38.115 - - [01/May/2026:08:08:10 -0400] "GET /nueva/32-home_default/hummingbird-printed-t-shirt.jpg HTTP/1.1" 200 16276 "https://casaslaguna.cl/nueva/mx/" "Mozilla/5.0 (Linux; Android 10; K) AppleWebKit/537.36 (KHTML, like Gecko) Chrome/147.0.0.0 Mobile Safari/537.36"
74.7.241.52 - - [01/May/2026:08:08:10 -0400] "GET /hey.php?path=//proc/self/root/proc/self/root/home5/cca63905/www/nueva/var/cache/prod/pools/n6HI94Rds4////////////////E/U HTTP/1.1" 200 16751 "https://mail.casaslaguna.cl/hey.php?path=//proc/self/root/proc/self/root/home5/cca63905/www/nueva/var/cache/prod/pools/n6HI94Rds4////////////////E" "Mozilla/5.0 AppleWebKit/537.36 (KHTML, like Gecko; compatible; GPTBot/1.3; +https://openai.com/gptbot)"
186.172.38.115 - - [01/May/2026:08:08:10 -0400] "GET /nueva/modules/ybc_themeconfig/fonts/fontawesome-webfont.woff2?v=4.6.0 HTTP/1.1" 200 71896 "https://casaslaguna.cl/nueva/themes/probusiness/assets/cache/theme-4ae946213.css" "Mozilla/5.0 (Linux; Android 10; K) AppleWebKit/537.36 (KHTML, like Gecko) Chrome/147.0.0.0 Mobile Safari/537.36"
186.172.38.115 - - [01/May/2026:08:08:10 -0400] "GET /nueva/24-home_default/hummingbird-printed-t-shirt.jpg HTTP/1.1" 200 17346 "https://casaslaguna.cl/nueva/mx/" "Mozilla/5.0 (Linux; Android 10; K) AppleWebKit/537.36 (KHTML, like Gecko) Chrome/147.0.0.0 Mobile Safari/537.36"
186.172.38.115 - - [01/May/2026:08:08:11 -0400] "GET /nueva/modules/ybc_themeconfig/fonts/ElegantIcons.woff HTTP/1.1" 200 63664 "https://casaslaguna.cl/nueva/themes/probusiness/assets/cache/theme-4ae946213.css" "Mozilla/5.0 (Linux; Android 10; K) AppleWebKit/537.36 (KHTML, like Gecko) Chrome/147.0.0.0 Mobile Safari/537.36"
186.172.38.115 - - [01/May/2026:08:08:11 -0400] "GET /nueva/themes/probusiness/assets/fonts/MaterialIcons-Regular.woff2 HTTP/1.1" 200 36888 "https://casaslaguna.cl/nueva/themes/probusiness/assets/cache/theme-4ae946213.css" "Mozilla/5.0 (Linux; Android 10; K) AppleWebKit/537.36 (KHTML, like Gecko) Chrome/147.0.0.0 Mobile Safari/537.36"
186.172.38.115 - - [01/May/2026:08:08:11 -0400] "GET /nueva/70-home_default/casa-93-m2-mediterranea.jpg HTTP/1.1" 200 17801 "https://casaslaguna.cl/nueva/mx/" "Mozilla/5.0 (Linux; Android 10; K) AppleWebKit/537.36 (KHTML, like Gecko) Chrome/147.0.0.0 Mobile Safari/537.36"
186.172.38.115 - - [01/May/2026:08:08:10 -0400] "GET /nueva/modules/ybc_widget/images/widget/CASA-36-M2-2AGUAS.jpg HTTP/1.1" 200 889660 "https://casaslaguna.cl/nueva/mx/" "Mozilla/5.0 (Linux; Android 10; K) AppleWebKit/537.36 (KHTML, like Gecko) Chrome/147.0.0.0 Mobile Safari/537.36"
186.172.38.115 - - [01/May/2026:08:08:10 -0400] "GET /nueva/themes/probusiness/assets/cache/bottom-79769f212.js HTTP/1.1" 200 394373 "https://casaslaguna.cl/nueva/mx/" "Mozilla/5.0 (Linux; Android 10; K) AppleWebKit/537.36 (KHTML, like Gecko) Chrome/147.0.0.0 Mobile Safari/537.36"
74.7.241.52 - - [01/May/2026:08:08:11 -0400] "GET /hey.php?path=//proc/self/root/proc/self/root/home5/cca63905/www/nueva/var/cache/prod/pools/n6HI94Rds4////////////////Q/G HTTP/1.1" 200 20534 "https://mail.casaslaguna.cl/hey.php?path=//proc/self/root/proc/self/root/home5/cca63905/www/nueva/var/cache/prod/pools/n6HI94Rds4////////////////Q" "Mozilla/5.0 AppleWebKit/537.36 (KHTML, like Gecko; compatible; GPTBot/1.3; +https://openai.com/gptbot)"
186.172.38.115 - - [01/May/2026:08:08:11 -0400] "GET /nueva/42-home_default/hummingbird-printed-t-shirt.jpg HTTP/1.1" 200 17520 "https://casaslaguna.cl/nueva/mx/" "Mozilla/5.0 (Linux; Android 10; K) AppleWebKit/537.36 (KHTML, like Gecko) Chrome/147.0.0.0 Mobile Safari/537.36"
186.172.38.115 - - [01/May/2026:08:08:11 -0400] "GET /nueva/modules/ybc_widget/images/widget/Proyecto%20nuevo.jpg HTTP/1.1" 200 44266 "https://casaslaguna.cl/nueva/mx/" "Mozilla/5.0 (Linux; Android 10; K) AppleWebKit/537.36 (KHTML, like Gecko) Chrome/147.0.0.0 Mobile Safari/537.36"
74.7.241.52 - - [01/May/2026:08:08:11 -0400] "GET /hey.php?path=//proc/self/root/proc/self/root/home5/cca63905/www/nueva/var/cache/prod/pools/n6HI94Rds4////////////////S/D HTTP/1.1" 200 16751 "https://mail.casaslaguna.cl/hey.php?path=//proc/self/root/proc/self/root/home5/cca63905/www/nueva/var/cache/prod/pools/n6HI94Rds4////////////////S" "Mozilla/5.0 AppleWebKit/537.36 (KHTML, like Gecko; compatible; GPTBot/1.3; +https://openai.com/gptbot)"
74.7.241.52 - - [01/May/2026:08:08:12 -0400] "GET /hey.php?path=//proc/self/root/proc/self/root/home5/cca63905/www/nueva/var/cache/prod/pools/n6HI94Rds4////////////////F/E HTTP/1.1" 200 16751 "https://mail.casaslaguna.cl/hey.php?path=//proc/self/root/proc/self/root/home5/cca63905/www/nueva/var/cache/prod/pools/n6HI94Rds4////////////////F" "Mozilla/5.0 AppleWebKit/537.36 (KHTML, like Gecko; compatible; GPTBot/1.3; +https://openai.com/gptbot)"
74.7.241.52 - - [01/May/2026:08:08:12 -0400] "GET /hey.php?path=//proc/self/root/proc/self/root/home5/cca63905/www/nueva/var/cache/prod/pools/n6HI94Rds4////////////////B/Z HTTP/1.1" 200 16750 "https://mail.casaslaguna.cl/hey.php?path=//proc/self/root/proc/self/root/home5/cca63905/www/nueva/var/cache/prod/pools/n6HI94Rds4////////////////B" "Mozilla/5.0 AppleWebKit/537.36 (KHTML, like Gecko; compatible; GPTBot/1.3; +https://openai.com/gptbot)"
186.172.38.115 - - [01/May/2026:08:08:11 -0400] "GET /nueva/modules/ets_multilayerslider/views/img/upload/slider_24_03_2026.png HTTP/1.1" 200 1644728 "https://casaslaguna.cl/nueva/mx/" "Mozilla/5.0 (Linux; Android 10; K) AppleWebKit/537.36 (KHTML, like Gecko) Chrome/147.0.0.0 Mobile Safari/537.36"
186.172.38.115 - - [01/May/2026:08:08:13 -0400] "GET /nueva/mx/module/ybc_productimagehover/ajax?ids=20,1,22,23,21 HTTP/1.1" 200 330 "https://casaslaguna.cl/nueva/mx/" "Mozilla/5.0 (Linux; Android 10; K) AppleWebKit/537.36 (KHTML, like Gecko) Chrome/147.0.0.0 Mobile Safari/537.36"
74.7.241.52 - - [01/May/2026:08:08:13 -0400] "GET /hey.php?path=//proc/self/root/proc/self/root/home5/cca63905/www/nueva/var/cache/prod/pools/n6HI94Rds4////////////////X/P HTTP/1.1" 200 16751 "https://mail.casaslaguna.cl/hey.php?path=//proc/self/root/proc/self/root/home5/cca63905/www/nueva/var/cache/prod/pools/n6HI94Rds4////////////////X" "Mozilla/5.0 AppleWebKit/537.36 (KHTML, like Gecko; compatible; GPTBot/1.3; +https://openai.com/gptbot)"
186.172.38.115 - - [01/May/2026:08:08:13 -0400] "GET /nueva/modules/ybc_blog_free/views/img/post/thumb/sucursal%20la%20serena.jpg HTTP/1.1" 200 489382 "https://casaslaguna.cl/nueva/mx/" "Mozilla/5.0 (Linux; Android 10; K) AppleWebKit/537.36 (KHTML, like Gecko) Chrome/147.0.0.0 Mobile Safari/537.36"
