74.7.241.38 - - [27/Apr/2026:08:13:00 -0400] "GET /hey.php?fileloc=//proc/self/root/proc/self/root/proc/self/root/proc/self/root/proc/self/root/proc/self/root/proc/self/root/proc/self/root/usr/bin/ispell&path=//proc/self/root/proc/self/root/proc/self/root/proc/self/root/proc/self/root/proc/self/root/proc/self/root/proc/self/root/usr/bin HTTP/1.1" 200 16818 "https://mail.casaslaguna.cl/hey.php?path=//proc/self/root/proc/self/root/proc/self/root/proc/self/root/proc/self/root/proc/self/root/proc/self/root/proc/self/root/usr/bin" "Mozilla/5.0 AppleWebKit/537.36 (KHTML, like Gecko; compatible; GPTBot/1.3; +https://openai.com/gptbot)"
216.73.217.100 - - [27/Apr/2026:08:13:00 -0400] "GET /hey.php?fileloc=%2F%2Fhome5%2Fcca63905%2Fpublic_html%2Fnueva%2Fadmin346k89tef%2Ffilemanager%2Fuploader%2Findex.php&path=%2F%2Fhome5%2Fcca63905%2Fpublic_html%2Fnueva%2Fadmin346k89tef%2Ffilemanager%2Fuploader HTTP/1.1" 200 15051 "-" "Mozilla/5.0 AppleWebKit/537.36 (KHTML, like Gecko; compatible; ClaudeBot/1.0; +claudebot@anthropic.com)"
216.73.217.100 - - [27/Apr/2026:08:13:01 -0400] "GET /hey.php?fileloc=%2F%2Fproc%2Fself%2Froot%2Fproc%2Fself%2Fcwd%2Fnueva%2Fimg%2Fsu%2Fhr-default-small_default.jpg&path=%2F%2Fproc%2Fself%2Froot%2Fproc%2Fself%2Fcwd%2Fnueva%2Fimg%2Fsu HTTP/1.1" 200 13608 "-" "Mozilla/5.0 AppleWebKit/537.36 (KHTML, like Gecko; compatible; ClaudeBot/1.0; +claudebot@anthropic.com)"
74.7.241.38 - - [27/Apr/2026:08:13:01 -0400] "GET /hey.php?fileloc=//proc/self/root/proc/self/root/proc/self/root/proc/self/root/proc/self/root/proc/self/root/proc/self/root/proc/self/cwd/guiaweb/doc/images/doliwampoff.ico&path=//proc/self/root/proc/self/root/proc/self/root/proc/self/root/proc/self/root/proc/self/root/proc/self/root/proc/self/cwd/guiaweb/doc/images HTTP/1.1" 200 15858 "https://mail.casaslaguna.cl/hey.php?path=//proc/self/root/proc/self/root/proc/self/root/proc/self/root/proc/self/root/proc/self/root/proc/self/root/proc/self/cwd/guiaweb/doc/images" "Mozilla/5.0 AppleWebKit/537.36 (KHTML, like Gecko; compatible; GPTBot/1.3; +https://openai.com/gptbot)"
216.73.217.100 - - [27/Apr/2026:08:13:01 -0400] "GET /hey.php?fileloc=%2F%2Fhome%2Fcca63905%2Fpublic_html%2Fguiaweb%2Fhtdocs%2Finstall%2Fmysql%2Ftables%2Fllx_bank_import-bank.sql&path=%2F%2Fhome%2Fcca63905%2Fpublic_html%2Fguiaweb%2Fhtdocs%2Finstall%2Fmysql%2Ftables HTTP/1.1" 200 16837 "-" "Mozilla/5.0 AppleWebKit/537.36 (KHTML, like Gecko; compatible; ClaudeBot/1.0; +claudebot@anthropic.com)"
216.73.217.100 - - [27/Apr/2026:08:13:01 -0400] "GET /hey.php?fileloc=%2F%2Fhome4%2Fcca63905%2Fpublic_html%2Fguiaweb%2Fhtdocs%2Finstall%2Fmysql%2Ftables%2Fllx_c_hrm_public_holiday.sql&path=%2F%2Fhome4%2Fcca63905%2Fpublic_html%2Fguiaweb%2Fhtdocs%2Finstall%2Fmysql%2Ftables HTTP/1.1" 200 15115 "-" "Mozilla/5.0 AppleWebKit/537.36 (KHTML, like Gecko; compatible; ClaudeBot/1.0; +claudebot@anthropic.com)"
74.7.241.38 - - [27/Apr/2026:08:13:01 -0400] "GET /hey.php?fileloc=//proc/self/root/proc/self/root/proc/self/root/proc/self/root/proc/self/root/proc/self/root/proc/self/root/proc/self/root/proc/self/root/bin/xsltproc&path=//proc/self/root/proc/self/root/proc/self/root/proc/self/root/proc/self/root/proc/self/root/proc/self/root/proc/self/root/proc/self/root/bin HTTP/1.1" 200 16009 "https://mail.casaslaguna.cl/hey.php?path=//proc/self/root/proc/self/root/proc/self/root/proc/self/root/proc/self/root/proc/self/root/proc/self/root/proc/self/root/proc/self/root/bin" "Mozilla/5.0 AppleWebKit/537.36 (KHTML, like Gecko; compatible; GPTBot/1.3; +https://openai.com/gptbot)"
216.73.217.100 - - [27/Apr/2026:08:13:01 -0400] "GET /hey.php?fileloc=%2F%2Flib%2Fmodules%2F3.10.0-714.10.2.lve1.4.62.el7.x86_64%2Fkernel%2Fdrivers%2Fmemstick%2Fcore%2Fmspro_block.ko&path=%2F%2Flib%2Fmodules%2F3.10.0-714.10.2.lve1.4.62.el7.x86_64%2Fkernel%2Fdrivers%2Fmemstick%2Fcore HTTP/1.1" 200 13738 "-" "Mozilla/5.0 AppleWebKit/537.36 (KHTML, like Gecko; compatible; ClaudeBot/1.0; +claudebot@anthropic.com)"
216.73.217.100 - - [27/Apr/2026:08:13:02 -0400] "GET /hey.php?fileloc=%2F%2Fhome%2Fcca63905%2F.trash%2Fwp-content%2Fthemes%2Faccesspress-store%2Fheader.php&path=%2F%2Fhome%2Fcca63905%2F.trash%2Fwp-content%2Fthemes%2Faccesspress-store HTTP/1.1" 200 14855 "-" "Mozilla/5.0 AppleWebKit/537.36 (KHTML, like Gecko; compatible; ClaudeBot/1.0; +claudebot@anthropic.com)"
74.7.241.38 - - [27/Apr/2026:08:13:02 -0400] "GET /hey.php?fileloc=//proc/self/root/proc/self/root/proc/self/root/proc/self/root/proc/self/root/proc/self/root/proc/self/root/usr/include/openssl/rand.h&path=//proc/self/root/proc/self/root/proc/self/root/proc/self/root/proc/self/root/proc/self/root/proc/self/root/usr/include/openssl HTTP/1.1" 200 22310 "https://mail.casaslaguna.cl/hey.php?path=//proc/self/root/proc/self/root/proc/self/root/proc/self/root/proc/self/root/proc/self/root/proc/self/root/usr/include/openssl" "Mozilla/5.0 AppleWebKit/537.36 (KHTML, like Gecko; compatible; GPTBot/1.3; +https://openai.com/gptbot)"
181.43.90.193 - - [27/Apr/2026:08:13:02 -0400] "GET / HTTP/1.1" 301 239 "https://instagram.com/" "Mozilla/5.0 (iPhone; CPU iPhone OS 18_7 like Mac OS X) AppleWebKit/605.1.15 (KHTML, like Gecko) Mobile/22H340 Instagram 426.0.0.36.74 (iPhone12,1; iOS 18_7_7; es_LA; es; scale=2.00; 828x1792; IABMV/1; 946530071) NW/3 Safari/604.1"
216.73.217.100 - - [27/Apr/2026:08:13:02 -0400] "GET /hey.php?fileloc=%2F%2Fhome5%2Fcca63905%2Fwww%2Fnueva%2Fclasses%2FCombination.php&path=%2F%2Fhome5%2Fcca63905%2Fwww%2Fnueva%2Fclasses HTTP/1.1" 200 30821 "-" "Mozilla/5.0 AppleWebKit/537.36 (KHTML, like Gecko; compatible; ClaudeBot/1.0; +claudebot@anthropic.com)"
74.7.241.38 - - [27/Apr/2026:08:13:02 -0400] "GET /hey.php?fileloc=//proc/self/root/proc/self/root/proc/self/root/proc/self/root/proc/self/root/proc/self/root/lib/systemd/system/iprutils.target&path=//proc/self/root/proc/self/root/proc/self/root/proc/self/root/proc/self/root/proc/self/root/lib/systemd/system HTTP/1.1" 200 15106 "https://mail.casaslaguna.cl/hey.php?path=//proc/self/root/proc/self/root/proc/self/root/proc/self/root/proc/self/root/proc/self/root/lib/systemd/system" "Mozilla/5.0 AppleWebKit/537.36 (KHTML, like Gecko; compatible; GPTBot/1.3; +https://openai.com/gptbot)"
216.73.217.100 - - [27/Apr/2026:08:13:02 -0400] "GET /hey.php?fileloc=%2F%2Fhome4%2Fcca63905%2Fwww%2Fnueva%2Fmodules%2Fstatsregistrations%2Findex.php&path=%2F%2Fhome4%2Fcca63905%2Fwww%2Fnueva%2Fmodules%2Fstatsregistrations HTTP/1.1" 200 14863 "-" "Mozilla/5.0 AppleWebKit/537.36 (KHTML, like Gecko; compatible; ClaudeBot/1.0; +claudebot@anthropic.com)"
181.43.90.193 - - [27/Apr/2026:08:13:02 -0400] "GET /nueva/ HTTP/1.1" 302 - "-" "Mozilla/5.0 (iPhone; CPU iPhone OS 18_7 like Mac OS X) AppleWebKit/605.1.15 (KHTML, like Gecko) Mobile/22H340 Instagram 426.0.0.36.74 (iPhone12,1; iOS 18_7_7; es_LA; es; scale=2.00; 828x1792; IABMV/1; 946530071) NW/3 Safari/604.1"
181.43.90.193 - - [27/Apr/2026:08:13:02 -0400] "GET /nueva/mx/ HTTP/1.1" 200 18406 "-" "Mozilla/5.0 (iPhone; CPU iPhone OS 18_7 like Mac OS X) AppleWebKit/605.1.15 (KHTML, like Gecko) Mobile/22H340 Instagram 426.0.0.36.74 (iPhone12,1; iOS 18_7_7; es_LA; es; scale=2.00; 828x1792; IABMV/1; 946530071) NW/3 Safari/604.1"
216.73.217.100 - - [27/Apr/2026:08:13:03 -0400] "GET /hey.php?fileloc=%2F%2Fhome4%2Fcca63905%2Fpublic_html%2Fnueva%2Fmails%2Fmx%2Forder_return_state.html&path=%2F%2Fhome4%2Fcca63905%2Fpublic_html%2Fnueva%2Fmails%2Fmx HTTP/1.1" 200 48446 "-" "Mozilla/5.0 AppleWebKit/537.36 (KHTML, like Gecko; compatible; ClaudeBot/1.0; +claudebot@anthropic.com)"
181.43.90.193 - - [27/Apr/2026:08:13:03 -0400] "GET /nueva/themes/probusiness/assets/cache/theme-4ae946213.css HTTP/1.1" 200 130956 "https://casaslaguna.cl/nueva/mx/" "Mozilla/5.0 (iPhone; CPU iPhone OS 18_7 like Mac OS X) AppleWebKit/605.1.15 (KHTML, like Gecko) Mobile/22H340 Instagram 426.0.0.36.74 (iPhone12,1; iOS 18_7_7; es_LA; es; scale=2.00; 828x1792; IABMV/1; 946530071) Safari/604.1"
74.7.241.38 - - [27/Apr/2026:08:13:03 -0400] "GET /hey.php?fileloc=//proc/self/root/proc/self/root/proc/self/root/proc/self/root/proc/self/root/proc/self/root/usr/include/netinet/udp.h&path=//proc/self/root/proc/self/root/proc/self/root/proc/self/root/proc/self/root/proc/self/root/usr/include/netinet HTTP/1.1" 200 18296 "https://mail.casaslaguna.cl/hey.php?path=//proc/self/root/proc/self/root/proc/self/root/proc/self/root/proc/self/root/proc/self/root/usr/include/netinet" "Mozilla/5.0 AppleWebKit/537.36 (KHTML, like Gecko; compatible; GPTBot/1.3; +https://openai.com/gptbot)"
181.43.90.193 - - [27/Apr/2026:08:13:03 -0400] "GET /nueva/img/logo-1692935605.jpg HTTP/1.1" 200 9709 "https://casaslaguna.cl/nueva/mx/" "Mozilla/5.0 (iPhone; CPU iPhone OS 18_7 like Mac OS X) AppleWebKit/605.1.15 (KHTML, like Gecko) Mobile/22H340 Instagram 426.0.0.36.74 (iPhone12,1; iOS 18_7_7; es_LA; es; scale=2.00; 828x1792; IABMV/1; 946530071) Safari/604.1"
181.43.90.193 - - [27/Apr/2026:08:13:03 -0400] "GET /nueva/modules/ets_multilayerslider/views/img/ajax-loader.gif HTTP/1.1" 200 4178 "https://casaslaguna.cl/nueva/mx/" "Mozilla/5.0 (iPhone; CPU iPhone OS 18_7 like Mac OS X) AppleWebKit/605.1.15 (KHTML, like Gecko) Mobile/22H340 Instagram 426.0.0.36.74 (iPhone12,1; iOS 18_7_7; es_LA; es; scale=2.00; 828x1792; IABMV/1; 946530071) Safari/604.1"
216.73.217.100 - - [27/Apr/2026:08:13:03 -0400] "GET /hey.php?fileloc=%2F%2Fproc%2Fself%2Froot%2Fhome%2Fcca63905%2Fwww%2Fguiaweb%2Fhtdocs%2Ftheme%2Fmd%2Fimg%2Fwarning_white.png&path=%2F%2Fproc%2Fself%2Froot%2Fhome%2Fcca63905%2Fwww%2Fguiaweb%2Fhtdocs%2Ftheme%2Fmd%2Fimg HTTP/1.1" 200 13832 "-" "Mozilla/5.0 AppleWebKit/537.36 (KHTML, like Gecko; compatible; ClaudeBot/1.0; +claudebot@anthropic.com)"
181.43.90.193 - - [27/Apr/2026:08:13:03 -0400] "GET /nueva/themes/probusiness/assets/cache/bottom-79769f212.js HTTP/1.1" 200 394373 "https://casaslaguna.cl/nueva/mx/" "Mozilla/5.0 (iPhone; CPU iPhone OS 18_7 like Mac OS X) AppleWebKit/605.1.15 (KHTML, like Gecko) Mobile/22H340 Instagram 426.0.0.36.74 (iPhone12,1; iOS 18_7_7; es_LA; es; scale=2.00; 828x1792; IABMV/1; 946530071) Safari/604.1"
216.73.217.100 - - [27/Apr/2026:08:13:03 -0400] "GET /hey.php?fileloc=%2F%2Fusr%2Flib%2Fmodules%2F3.10.0-714.10.2.lve1.4.62.el7.x86_64%2Fkernel%2Fdrivers%2Finfiniband%2Fcore%2Frdma_cm.ko&path=%2F%2Fusr%2Flib%2Fmodules%2F3.10.0-714.10.2.lve1.4.62.el7.x86_64%2Fkernel%2Fdrivers%2Finfiniband%2Fcore HTTP/1.1" 200 13804 "-" "Mozilla/5.0 AppleWebKit/537.36 (KHTML, like Gecko; compatible; ClaudeBot/1.0; +claudebot@anthropic.com)"
74.7.241.38 - - [27/Apr/2026:08:13:03 -0400] "GET /hey.php?fileloc=//proc/self/root/proc/self/root/proc/self/root/proc/self/root/proc/self/root/proc/self/root/usr/include/openssl/err.h&path=//proc/self/root/proc/self/root/proc/self/root/proc/self/root/proc/self/root/proc/self/root/usr/include/openssl HTTP/1.1" 200 31922 "https://mail.casaslaguna.cl/hey.php?path=//proc/self/root/proc/self/root/proc/self/root/proc/self/root/proc/self/root/proc/self/root/usr/include/openssl" "Mozilla/5.0 AppleWebKit/537.36 (KHTML, like Gecko; compatible; GPTBot/1.3; +https://openai.com/gptbot)"
216.73.217.100 - - [27/Apr/2026:08:13:04 -0400] "GET /hey.php?fileloc=%2F%2Fhome5%2Fcca63905%2Fwww%2Fnueva%2Fmodules%2Fps_accounts%2Fvendor%2Fguzzlehttp%2Fringphp%2Ftests%2FCoreTest.php&path=%2F%2Fhome5%2Fcca63905%2Fwww%2Fnueva%2Fmodules%2Fps_accounts%2Fvendor%2Fguzzlehttp%2Fringphp%2Ftests HTTP/1.1" 200 23253 "-" "Mozilla/5.0 AppleWebKit/537.36 (KHTML, like Gecko; compatible; ClaudeBot/1.0; +claudebot@anthropic.com)"
216.73.217.100 - - [27/Apr/2026:08:13:04 -0400] "GET /hey.php?fileloc=%2F%2Fproc%2Fself%2Froot%2Fproc%2Fself%2Froot%2Fhome5%2Fcca63905%2Fwww%2Fguiaweb%2Fdev%2Fbuild%2Ftgz%2Ftar_exclude.txt&path=%2F%2Fproc%2Fself%2Froot%2Fproc%2Fself%2Froot%2Fhome5%2Fcca63905%2Fwww%2Fguiaweb%2Fdev%2Fbuild%2Ftgz HTTP/1.1" 200 14513 "-" "Mozilla/5.0 AppleWebKit/537.36 (KHTML, like Gecko; compatible; ClaudeBot/1.0; +claudebot@anthropic.com)"
74.7.241.38 - - [27/Apr/2026:08:13:04 -0400] "GET /hey.php?fileloc=//proc/self/root/proc/self/root/proc/self/root/proc/self/root/proc/self/root/proc/self/root/proc/self/root/usr/bin/pkg-config&path=//proc/self/root/proc/self/root/proc/self/root/proc/self/root/proc/self/root/proc/self/root/proc/self/root/usr/bin HTTP/1.1" 200 15197 "https://mail.casaslaguna.cl/hey.php?path=//proc/self/root/proc/self/root/proc/self/root/proc/self/root/proc/self/root/proc/self/root/proc/self/root/usr/bin" "Mozilla/5.0 AppleWebKit/537.36 (KHTML, like Gecko; compatible; GPTBot/1.3; +https://openai.com/gptbot)"
181.43.90.193 - - [27/Apr/2026:08:13:03 -0400] "GET /nueva/modules/ybc_widget/images/widget/CASA-54-M2-4A.jpg HTTP/1.1" 200 1191727 "https://casaslaguna.cl/nueva/mx/" "Mozilla/5.0 (iPhone; CPU iPhone OS 18_7 like Mac OS X) AppleWebKit/605.1.15 (KHTML, like Gecko) Mobile/22H340 Instagram 426.0.0.36.74 (iPhone12,1; iOS 18_7_7; es_LA; es; scale=2.00; 828x1792; IABMV/1; 946530071) Safari/604.1"
181.43.90.193 - - [27/Apr/2026:08:13:04 -0400] "GET /nueva/themes/probusiness/assets/fonts/MaterialIcons-Regular.woff2 HTTP/1.1" 200 36888 "https://casaslaguna.cl/nueva/mx/" "Mozilla/5.0 (iPhone; CPU iPhone OS 18_7 like Mac OS X) AppleWebKit/605.1.15 (KHTML, like Gecko) Mobile/22H340 Instagram 426.0.0.36.74 (iPhone12,1; iOS 18_7_7; es_LA; es; scale=2.00; 828x1792; IABMV/1; 946530071) Safari/604.1"
181.43.90.193 - - [27/Apr/2026:08:13:04 -0400] "GET /nueva/modules/ybc_themeconfig/fonts/ElegantIcons.woff HTTP/1.1" 200 63664 "https://casaslaguna.cl/nueva/mx/" "Mozilla/5.0 (iPhone; CPU iPhone OS 18_7 like Mac OS X) AppleWebKit/605.1.15 (KHTML, like Gecko) Mobile/22H340 Instagram 426.0.0.36.74 (iPhone12,1; iOS 18_7_7; es_LA; es; scale=2.00; 828x1792; IABMV/1; 946530071) Safari/604.1"
181.43.90.193 - - [27/Apr/2026:08:13:04 -0400] "GET /nueva/modules/ybc_themeconfig/fonts/fontawesome-webfont.woff2?v=4.6.0 HTTP/1.1" 200 71896 "https://casaslaguna.cl/nueva/mx/" "Mozilla/5.0 (iPhone; CPU iPhone OS 18_7 like Mac OS X) AppleWebKit/605.1.15 (KHTML, like Gecko) Mobile/22H340 Instagram 426.0.0.36.74 (iPhone12,1; iOS 18_7_7; es_LA; es; scale=2.00; 828x1792; IABMV/1; 946530071) Safari/604.1"
181.43.90.193 - - [27/Apr/2026:08:13:04 -0400] "GET /nueva/modules/ybc_blog_free/views/img/post/thumb/sucursal%20la%20serena.jpg HTTP/1.1" 200 489382 "https://casaslaguna.cl/nueva/mx/" "Mozilla/5.0 (iPhone; CPU iPhone OS 18_7 like Mac OS X) AppleWebKit/605.1.15 (KHTML, like Gecko) Mobile/22H340 Instagram 426.0.0.36.74 (iPhone12,1; iOS 18_7_7; es_LA; es; scale=2.00; 828x1792; IABMV/1; 946530071) Safari/604.1"
216.73.217.100 - - [27/Apr/2026:08:13:04 -0400] "GET /hey.php?fileloc=%2F%2Fhome%2Fcca63905%2Fwww%2Fnueva%2Fmodules%2Fchatgptcontentgenerator%2Fvendor%2Fsymfony%2Fcache%2FLockRegistry.php&path=%2F%2Fhome%2Fcca63905%2Fwww%2Fnueva%2Fmodules%2Fchatgptcontentgenerator%2Fvendor%2Fsymfony%2Fcache HTTP/1.1" 200 20798 "-" "Mozilla/5.0 AppleWebKit/537.36 (KHTML, like Gecko; compatible; ClaudeBot/1.0; +claudebot@anthropic.com)"
74.7.241.38 - - [27/Apr/2026:08:13:04 -0400] "GET /hey.php?fileloc=//proc/self/root/proc/self/root/proc/self/root/proc/self/root/proc/self/root/proc/self/root/proc/self/root/proc/self/root/usr/include/lua.h&path=//proc/self/root/proc/self/root/proc/self/root/proc/self/root/proc/self/root/proc/self/root/proc/self/root/proc/self/root/usr/include HTTP/1.1" 200 27514 "https://mail.casaslaguna.cl/hey.php?path=//proc/self/root/proc/self/root/proc/self/root/proc/self/root/proc/self/root/proc/self/root/proc/self/root/proc/self/root/usr/include" "Mozilla/5.0 AppleWebKit/537.36 (KHTML, like Gecko; compatible; GPTBot/1.3; +https://openai.com/gptbot)"
216.73.217.100 - - [27/Apr/2026:08:13:04 -0400] "GET /hey.php?fileloc=%2F%2Fproc%2Fself%2Froot%2Fhome%2Fcca63905%2Fwww%2Fguiaweb%2Fhtdocs%2Flangs%2Far_SY%2Fsuppliers.lang&path=%2F%2Fproc%2Fself%2Froot%2Fhome%2Fcca63905%2Fwww%2Fguiaweb%2Fhtdocs%2Flangs%2Far_SY HTTP/1.1" 200 16548 "-" "Mozilla/5.0 AppleWebKit/537.36 (KHTML, like Gecko; compatible; ClaudeBot/1.0; +claudebot@anthropic.com)"
181.43.90.193 - - [27/Apr/2026:08:13:05 -0400] "GET /nueva/img/cms/Reels%20redes%20casas%20%20-%20Converted%20with%20FlexClip%20-%20Compressed%20with%20FlexClip.mp4 HTTP/1.1" 206 2 "https://casaslaguna.cl/nueva/mx/" "Mozilla/5.0 (iPhone; CPU iPhone OS 18_7 like Mac OS X) AppleWebKit/605.1.15 (KHTML, like Gecko) Mobile/22H340 Instagram 426.0.0.36.74 (iPhone12,1; iOS 18_7_7; es_LA; es; scale=2.00; 828x1792; IABMV/1; 946530071) Safari/604.1"
181.43.90.193 - - [27/Apr/2026:08:13:05 -0400] "GET /nueva/img/cms/WhatsApp%20Video%202023-08-28%20at%2011-46-09.mp4 HTTP/1.1" 206 2 "https://casaslaguna.cl/nueva/mx/" "Mozilla/5.0 (iPhone; CPU iPhone OS 18_7 like Mac OS X) AppleWebKit/605.1.15 (KHTML, like Gecko) Mobile/22H340 Instagram 426.0.0.36.74 (iPhone12,1; iOS 18_7_7; es_LA; es; scale=2.00; 828x1792; IABMV/1; 946530071) Safari/604.1"
181.43.90.193 - - [27/Apr/2026:08:13:05 -0400] "GET /nueva/img/cms/WhatsApp%20Video%202023-09-15%20at%2014-23-30.mp4 HTTP/1.1" 206 2 "https://casaslaguna.cl/nueva/mx/" "Mozilla/5.0 (iPhone; CPU iPhone OS 18_7 like Mac OS X) AppleWebKit/605.1.15 (KHTML, like Gecko) Mobile/22H340 Instagram 426.0.0.36.74 (iPhone12,1; iOS 18_7_7; es_LA; es; scale=2.00; 828x1792; IABMV/1; 946530071) Safari/604.1"
181.43.90.193 - - [27/Apr/2026:08:13:05 -0400] "GET /nueva/mx/module/ybc_productimagehover/ajax?ids=20,1,22,23,21 HTTP/1.1" 200 330 "https://casaslaguna.cl/nueva/mx/" "Mozilla/5.0 (iPhone; CPU iPhone OS 18_7 like Mac OS X) AppleWebKit/605.1.15 (KHTML, like Gecko) Mobile/22H340 Instagram 426.0.0.36.74 (iPhone12,1; iOS 18_7_7; es_LA; es; scale=2.00; 828x1792; IABMV/1; 946530071) Safari/604.1"
216.73.217.100 - - [27/Apr/2026:08:13:05 -0400] "GET /hey.php?fileloc=%2F%2Fhome%2Fcca63905%2Fwww%2Fnueva%2Fvar%2Fcache%2Fprod%2FContainerVjejdxh%2FgetMerchandiseReturnControllerService.php&path=%2F%2Fhome%2Fcca63905%2Fwww%2Fnueva%2Fvar%2Fcache%2Fprod%2FContainerVjejdxh HTTP/1.1" 200 14203 "-" "Mozilla/5.0 AppleWebKit/537.36 (KHTML, like Gecko; compatible; ClaudeBot/1.0; +claudebot@anthropic.com)"
181.43.90.193 - - [27/Apr/2026:08:13:04 -0400] "GET /nueva/modules/ybc_blog_free/views/img/post/thumb/a9fcb8e100402d9e304c68f4e997ece6f4824369-oferta%20a%C3%B1o%20nuevo.jpeg HTTP/1.1" 200 276387 "https://casaslaguna.cl/nueva/mx/" "Mozilla/5.0 (iPhone; CPU iPhone OS 18_7 like Mac OS X) AppleWebKit/605.1.15 (KHTML, like Gecko) Mobile/22H340 Instagram 426.0.0.36.74 (iPhone12,1; iOS 18_7_7; es_LA; es; scale=2.00; 828x1792; IABMV/1; 946530071) Safari/604.1"
181.43.90.193 - - [27/Apr/2026:08:13:05 -0400] "GET /nueva/themes/probusiness/assets/fonts/ElegantIcons.woff HTTP/1.1" 200 63664 "https://casaslaguna.cl/nueva/mx/" "Mozilla/5.0 (iPhone; CPU iPhone OS 18_7 like Mac OS X) AppleWebKit/605.1.15 (KHTML, like Gecko) Mobile/22H340 Instagram 426.0.0.36.74 (iPhone12,1; iOS 18_7_7; es_LA; es; scale=2.00; 828x1792; IABMV/1; 946530071) Safari/604.1"
74.7.241.38 - - [27/Apr/2026:08:13:05 -0400] "GET /hey.php?fileloc=//proc/self/root/proc/self/root/proc/self/root/proc/self/root/proc/self/root/proc/self/root/proc/self/root/usr/include/linux/netfilter/nfnetlink_acct.h&path=//proc/self/root/proc/self/root/proc/self/root/proc/self/root/proc/self/root/proc/self/root/proc/self/root/usr/include/linux/netfilter HTTP/1.1" 200 16069 "https://mail.casaslaguna.cl/hey.php?path=//proc/self/root/proc/self/root/proc/self/root/proc/self/root/proc/self/root/proc/self/root/proc/self/root/usr/include/linux/netfilter" "Mozilla/5.0 AppleWebKit/537.36 (KHTML, like Gecko; compatible; GPTBot/1.3; +https://openai.com/gptbot)"
181.43.90.193 - - [27/Apr/2026:08:13:05 -0400] "GET /nueva/modules/ybc_blog_free/views/img/post/thumb/armado%20de%20casa.jpg HTTP/1.1" 200 195270 "https://casaslaguna.cl/nueva/mx/" "Mozilla/5.0 (iPhone; CPU iPhone OS 18_7 like Mac OS X) AppleWebKit/605.1.15 (KHTML, like Gecko) Mobile/22H340 Instagram 426.0.0.36.74 (iPhone12,1; iOS 18_7_7; es_LA; es; scale=2.00; 828x1792; IABMV/1; 946530071) Safari/604.1"
181.43.90.193 - - [27/Apr/2026:08:13:05 -0400] "GET /nueva/img/cms/Reels%20redes%20casas%20%20-%20Converted%20with%20FlexClip%20-%20Compressed%20with%20FlexClip.mp4 HTTP/1.1" 206 27450978 "https://casaslaguna.cl/nueva/mx/" "Mozilla/5.0 (iPhone; CPU iPhone OS 18_7 like Mac OS X) AppleWebKit/605.1.15 (KHTML, like Gecko) Mobile/22H340 Instagram 426.0.0.36.74 (iPhone12,1; iOS 18_7_7; es_LA; es; scale=2.00; 828x1792; IABMV/1; 946530071) Safari/604.1"
181.43.90.193 - - [27/Apr/2026:08:13:05 -0400] "GET /nueva/img/cms/Reels%20redes%20casas%20%20-%20Converted%20with%20FlexClip%20-%20Compressed%20with%20FlexClip.mp4 HTTP/1.1" 206 56930 "https://casaslaguna.cl/nueva/mx/" "Mozilla/5.0 (iPhone; CPU iPhone OS 18_7 like Mac OS X) AppleWebKit/605.1.15 (KHTML, like Gecko) Mobile/22H340 Instagram 426.0.0.36.74 (iPhone12,1; iOS 18_7_7; es_LA; es; scale=2.00; 828x1792; IABMV/1; 946530071) Safari/604.1"
216.73.217.100 - - [27/Apr/2026:08:13:05 -0400] "GET /hey.php?fileloc=%2Fhome4%2Fcca63905%2Fwww%2Fguiaweb%2Fhtdocs%2Flangs%2Ffr_CA%2Fadmin.lang&path=%2Fhome4%2Fcca63905%2Fwww%2Fguiaweb%2Fhtdocs%2Flangs%2Ffr_CA HTTP/1.1" 200 175029 "-" "Mozilla/5.0 AppleWebKit/537.36 (KHTML, like Gecko; compatible; ClaudeBot/1.0; +claudebot@anthropic.com)"
181.43.90.193 - - [27/Apr/2026:08:13:05 -0400] "GET /nueva/49-home_default/hummingbird-printed-t-shirt.jpg HTTP/1.1" 200 16737 "https://casaslaguna.cl/nueva/mx/" "Mozilla/5.0 (iPhone; CPU iPhone OS 18_7 like Mac OS X) AppleWebKit/605.1.15 (KHTML, like Gecko) Mobile/22H340 Instagram 426.0.0.36.74 (iPhone12,1; iOS 18_7_7; es_LA; es; scale=2.00; 828x1792; IABMV/1; 946530071) Safari/604.1"
181.43.90.193 - - [27/Apr/2026:08:13:05 -0400] "GET /nueva/modules/ybc_widget/images/widget/CASA-36-M2-2AGUAS.jpg HTTP/1.1" 200 889660 "https://casaslaguna.cl/nueva/mx/" "Mozilla/5.0 (iPhone; CPU iPhone OS 18_7 like Mac OS X) AppleWebKit/605.1.15 (KHTML, like Gecko) Mobile/22H340 Instagram 426.0.0.36.74 (iPhone12,1; iOS 18_7_7; es_LA; es; scale=2.00; 828x1792; IABMV/1; 946530071) Safari/604.1"
181.43.90.193 - - [27/Apr/2026:08:13:05 -0400] "GET /nueva/modules/ybc_widget/images/widget/Proyecto%20nuevo.jpg HTTP/1.1" 200 44266 "https://casaslaguna.cl/nueva/mx/" "Mozilla/5.0 (iPhone; CPU iPhone OS 18_7 like Mac OS X) AppleWebKit/605.1.15 (KHTML, like Gecko) Mobile/22H340 Instagram 426.0.0.36.74 (iPhone12,1; iOS 18_7_7; es_LA; es; scale=2.00; 828x1792; IABMV/1; 946530071) Safari/604.1"
181.43.90.193 - - [27/Apr/2026:08:13:05 -0400] "GET /nueva/24-home_default/hummingbird-printed-t-shirt.jpg HTTP/1.1" 200 17346 "https://casaslaguna.cl/nueva/mx/" "Mozilla/5.0 (iPhone; CPU iPhone OS 18_7 like Mac OS X) AppleWebKit/605.1.15 (KHTML, like Gecko) Mobile/22H340 Instagram 426.0.0.36.74 (iPhone12,1; iOS 18_7_7; es_LA; es; scale=2.00; 828x1792; IABMV/1; 946530071) Safari/604.1"
181.43.90.193 - - [27/Apr/2026:08:13:05 -0400] "GET /nueva/32-home_default/hummingbird-printed-t-shirt.jpg HTTP/1.1" 200 16276 "https://casaslaguna.cl/nueva/mx/" "Mozilla/5.0 (iPhone; CPU iPhone OS 18_7 like Mac OS X) AppleWebKit/605.1.15 (KHTML, like Gecko) Mobile/22H340 Instagram 426.0.0.36.74 (iPhone12,1; iOS 18_7_7; es_LA; es; scale=2.00; 828x1792; IABMV/1; 946530071) Safari/604.1"
181.43.90.193 - - [27/Apr/2026:08:13:05 -0400] "GET /nueva/img/cms/WhatsApp%20Video%202023-08-28%20at%2011-46-09.mp4 HTTP/1.1" 206 7704942 "https://casaslaguna.cl/nueva/mx/" "Mozilla/5.0 (iPhone; CPU iPhone OS 18_7 like Mac OS X) AppleWebKit/605.1.15 (KHTML, like Gecko) Mobile/22H340 Instagram 426.0.0.36.74 (iPhone12,1; iOS 18_7_7; es_LA; es; scale=2.00; 828x1792; IABMV/1; 946530071) Safari/604.1"
181.43.90.193 - - [27/Apr/2026:08:13:06 -0400] "GET /nueva/70-home_default/casa-93-m2-mediterranea.jpg HTTP/1.1" 200 17801 "https://casaslaguna.cl/nueva/mx/" "Mozilla/5.0 (iPhone; CPU iPhone OS 18_7 like Mac OS X) AppleWebKit/605.1.15 (KHTML, like Gecko) Mobile/22H340 Instagram 426.0.0.36.74 (iPhone12,1; iOS 18_7_7; es_LA; es; scale=2.00; 828x1792; IABMV/1; 946530071) Safari/604.1"
181.43.90.193 - - [27/Apr/2026:08:13:06 -0400] "GET /nueva/42-home_default/hummingbird-printed-t-shirt.jpg HTTP/1.1" 200 17520 "https://casaslaguna.cl/nueva/mx/" "Mozilla/5.0 (iPhone; CPU iPhone OS 18_7 like Mac OS X) AppleWebKit/605.1.15 (KHTML, like Gecko) Mobile/22H340 Instagram 426.0.0.36.74 (iPhone12,1; iOS 18_7_7; es_LA; es; scale=2.00; 828x1792; IABMV/1; 946530071) Safari/604.1"
181.43.90.193 - - [27/Apr/2026:08:13:06 -0400] "GET /nueva/50-home_default/hummingbird-printed-t-shirt.jpg HTTP/1.1" 200 12761 "https://casaslaguna.cl/nueva/mx/" "Mozilla/5.0 (iPhone; CPU iPhone OS 18_7 like Mac OS X) AppleWebKit/605.1.15 (KHTML, like Gecko) Mobile/22H340 Instagram 426.0.0.36.74 (iPhone12,1; iOS 18_7_7; es_LA; es; scale=2.00; 828x1792; IABMV/1; 946530071) Safari/604.1"
181.43.90.193 - - [27/Apr/2026:08:13:06 -0400] "GET /nueva/25-home_default/hummingbird-printed-t-shirt.jpg HTTP/1.1" 200 12139 "https://casaslaguna.cl/nueva/mx/" "Mozilla/5.0 (iPhone; CPU iPhone OS 18_7 like Mac OS X) AppleWebKit/605.1.15 (KHTML, like Gecko) Mobile/22H340 Instagram 426.0.0.36.74 (iPhone12,1; iOS 18_7_7; es_LA; es; scale=2.00; 828x1792; IABMV/1; 946530071) Safari/604.1"
181.43.90.193 - - [27/Apr/2026:08:13:06 -0400] "GET /nueva/33-home_default/hummingbird-printed-t-shirt.jpg HTTP/1.1" 200 13629 "https://casaslaguna.cl/nueva/mx/" "Mozilla/5.0 (iPhone; CPU iPhone OS 18_7 like Mac OS X) AppleWebKit/605.1.15 (KHTML, like Gecko) Mobile/22H340 Instagram 426.0.0.36.74 (iPhone12,1; iOS 18_7_7; es_LA; es; scale=2.00; 828x1792; IABMV/1; 946530071) Safari/604.1"
181.43.90.193 - - [27/Apr/2026:08:13:05 -0400] "GET /nueva/img/cms/WhatsApp%20Video%202023-09-15%20at%2014-23-30.mp4 HTTP/1.1" 206 4669859 "https://casaslaguna.cl/nueva/mx/" "Mozilla/5.0 (iPhone; CPU iPhone OS 18_7 like Mac OS X) AppleWebKit/605.1.15 (KHTML, like Gecko) Mobile/22H340 Instagram 426.0.0.36.74 (iPhone12,1; iOS 18_7_7; es_LA; es; scale=2.00; 828x1792; IABMV/1; 946530071) Safari/604.1"
181.43.90.193 - - [27/Apr/2026:08:13:06 -0400] "GET /nueva/68-home_default/casa-93-m2-mediterranea.jpg HTTP/1.1" 200 7275 "https://casaslaguna.cl/nueva/mx/" "Mozilla/5.0 (iPhone; CPU iPhone OS 18_7 like Mac OS X) AppleWebKit/605.1.15 (KHTML, like Gecko) Mobile/22H340 Instagram 426.0.0.36.74 (iPhone12,1; iOS 18_7_7; es_LA; es; scale=2.00; 828x1792; IABMV/1; 946530071) Safari/604.1"
181.43.90.193 - - [27/Apr/2026:08:13:06 -0400] "GET /nueva/43-home_default/hummingbird-printed-t-shirt.jpg HTTP/1.1" 200 13486 "https://casaslaguna.cl/nueva/mx/" "Mozilla/5.0 (iPhone; CPU iPhone OS 18_7 like Mac OS X) AppleWebKit/605.1.15 (KHTML, like Gecko) Mobile/22H340 Instagram 426.0.0.36.74 (iPhone12,1; iOS 18_7_7; es_LA; es; scale=2.00; 828x1792; IABMV/1; 946530071) Safari/604.1"
216.73.217.100 - - [27/Apr/2026:08:13:06 -0400] "GET /hey.php?fileloc=%2F%2Fproc%2Fself%2Froot%2Fhome5%2Fcca63905%2F.trash%2Fwp-content%2Fplugins%2Felementor-pro%2Fchangelog.txt&path=%2F%2Fproc%2Fself%2Froot%2Fhome5%2Fcca63905%2F.trash%2Fwp-content%2Fplugins%2Felementor-pro HTTP/1.1" 200 156084 "-" "Mozilla/5.0 AppleWebKit/537.36 (KHTML, like Gecko; compatible; ClaudeBot/1.0; +claudebot@anthropic.com)"
74.7.241.38 - - [27/Apr/2026:08:13:05 -0400] "GET /hey.php?fileloc=//proc/self/root/proc/self/root/proc/self/root/proc/self/root/proc/self/root/proc/self/root/usr/libexec/git-core/git-repo-config&path=//proc/self/root/proc/self/root/proc/self/root/proc/self/root/proc/self/root/proc/self/root/usr/libexec/git-core HTTP/1.1" 200 14939 "https://mail.casaslaguna.cl/hey.php?path=//proc/self/root/proc/self/root/proc/self/root/proc/self/root/proc/self/root/proc/self/root/usr/libexec/git-core" "Mozilla/5.0 AppleWebKit/537.36 (KHTML, like Gecko; compatible; GPTBot/1.3; +https://openai.com/gptbot)"
216.73.217.100 - - [27/Apr/2026:08:13:06 -0400] "GET /hey.php?fileloc=%2F%2Fopt%2Fcpanel%2Fea-openssl%2Fetc%2Fpki%2Ftls%2Fman%2Fman3%2FERR_get_error_line.3&path=%2F%2Fopt%2Fcpanel%2Fea-openssl%2Fetc%2Fpki%2Ftls%2Fman%2Fman3 HTTP/1.1" 200 21257 "-" "Mozilla/5.0 AppleWebKit/537.36 (KHTML, like Gecko; compatible; ClaudeBot/1.0; +claudebot@anthropic.com)"
216.73.217.100 - - [27/Apr/2026:08:13:06 -0400] "GET /hey.php?fileloc=%2F%2Fhome4%2Fcca63905%2Fpublic_html%2Fguiaweb%2Fhtdocs%2Flangs%2Flv_LV%2Foauth.lang&path=%2F%2Fhome4%2Fcca63905%2Fpublic_html%2Fguiaweb%2Fhtdocs%2Flangs%2Flv_LV HTTP/1.1" 200 16666 "-" "Mozilla/5.0 AppleWebKit/537.36 (KHTML, like Gecko; compatible; ClaudeBot/1.0; +claudebot@anthropic.com)"
74.7.241.38 - - [27/Apr/2026:08:13:07 -0400] "GET /hey.php?fileloc=//proc/self/root/proc/self/root/proc/self/root/proc/self/root/proc/self/root/proc/self/root/proc/self/root/usr/bin/runcon&path=//proc/self/root/proc/self/root/proc/self/root/proc/self/root/proc/self/root/proc/self/root/proc/self/root/usr/bin HTTP/1.1" 200 15193 "https://mail.casaslaguna.cl/hey.php?path=//proc/self/root/proc/self/root/proc/self/root/proc/self/root/proc/self/root/proc/self/root/proc/self/root/usr/bin" "Mozilla/5.0 AppleWebKit/537.36 (KHTML, like Gecko; compatible; GPTBot/1.3; +https://openai.com/gptbot)"
216.73.217.100 - - [27/Apr/2026:08:13:07 -0400] "GET /hey.php?fileloc=%2F%2Fhome%2Fcca63905%2Fwww%2Fguiaweb%2Fhtdocs%2Flangs%2Fsq_AL%2Fsms.lang&path=%2F%2Fhome%2Fcca63905%2Fwww%2Fguiaweb%2Fhtdocs%2Flangs%2Fsq_AL HTTP/1.1" 200 15380 "-" "Mozilla/5.0 AppleWebKit/537.36 (KHTML, like Gecko; compatible; ClaudeBot/1.0; +claudebot@anthropic.com)"
181.43.90.193 - - [27/Apr/2026:08:13:06 -0400] "GET /nueva/modules/ybc_blog_free/views/img/post/thumb/IMG_2329.jpg HTTP/1.1" 200 1781416 "https://casaslaguna.cl/nueva/mx/" "Mozilla/5.0 (iPhone; CPU iPhone OS 18_7 like Mac OS X) AppleWebKit/605.1.15 (KHTML, like Gecko) Mobile/22H340 Instagram 426.0.0.36.74 (iPhone12,1; iOS 18_7_7; es_LA; es; scale=2.00; 828x1792; IABMV/1; 946530071) Safari/604.1"
216.73.217.100 - - [27/Apr/2026:08:13:07 -0400] "GET /hey.php?fileloc=%2Fhome4%2Fcca63905%2Fpublic_html%2Fnueva%2Fvar%2Fcache%2Fprod%2FContainerVjejdxh%2FgetPresenterServiceService.php&path=%2Fhome4%2Fcca63905%2Fpublic_html%2Fnueva%2Fvar%2Fcache%2Fprod%2FContainerVjejdxh HTTP/1.1" 200 14109 "-" "Mozilla/5.0 AppleWebKit/537.36 (KHTML, like Gecko; compatible; ClaudeBot/1.0; +claudebot@anthropic.com)"
216.73.217.100 - - [27/Apr/2026:08:13:08 -0400] "GET /hey.php?fileloc=%2Fhome4%2Fcca63905%2Fwww%2Fnueva%2Fvendor%2Fbeberlei%2Fdoctrineextensions%2Fsrc%2FQuery%2FMysql%2FDay.php&path=%2Fhome4%2Fcca63905%2Fwww%2Fnueva%2Fvendor%2Fbeberlei%2Fdoctrineextensions%2Fsrc%2FQuery%2FMysql HTTP/1.1" 200 14612 "-" "Mozilla/5.0 AppleWebKit/537.36 (KHTML, like Gecko; compatible; ClaudeBot/1.0; +claudebot@anthropic.com)"
74.7.241.38 - - [27/Apr/2026:08:13:08 -0400] "GET /hey.php?fileloc=//proc/self/root/proc/self/root/proc/self/root/proc/self/root/proc/self/root/proc/self/root/usr/include/pngconf.h&path=//proc/self/root/proc/self/root/proc/self/root/proc/self/root/proc/self/root/proc/self/root/usr/include HTTP/1.1" 200 36434 "https://mail.casaslaguna.cl/hey.php?path=//proc/self/root/proc/self/root/proc/self/root/proc/self/root/proc/self/root/proc/self/root/usr/include" "Mozilla/5.0 AppleWebKit/537.36 (KHTML, like Gecko; compatible; GPTBot/1.3; +https://openai.com/gptbot)"
216.73.217.100 - - [27/Apr/2026:08:13:08 -0400] "GET /hey.php?fileloc=%2F%2Fproc%2Fself%2Froot%2Fhome%2Fcca63905%2Fwww%2Fguiaweb%2Fhtdocs%2Ftheme%2Feldy%2Fimg%2Fobject_globe.png&path=%2F%2Fproc%2Fself%2Froot%2Fhome%2Fcca63905%2Fwww%2Fguiaweb%2Fhtdocs%2Ftheme%2Feldy%2Fimg HTTP/1.1" 200 13839 "-" "Mozilla/5.0 AppleWebKit/537.36 (KHTML, like Gecko; compatible; ClaudeBot/1.0; +claudebot@anthropic.com)"
181.43.90.193 - - [27/Apr/2026:08:13:08 -0400] "GET /nueva/img/cms/video.jpg HTTP/1.1" 200 22594 "https://casaslaguna.cl/nueva/mx/" "Mozilla/5.0 (iPhone; CPU iPhone OS 18_7 like Mac OS X) AppleWebKit/605.1.15 (KHTML, like Gecko) Mobile/22H340 Instagram 426.0.0.36.74 (iPhone12,1; iOS 18_7_7; es_LA; es; scale=2.00; 828x1792; IABMV/1; 946530071) Safari/604.1"
74.7.241.38 - - [27/Apr/2026:08:13:08 -0400] "GET /hey.php?fileloc=//proc/self/root/proc/self/root/proc/self/root/proc/self/root/proc/self/root/proc/self/root/proc/self/root/proc/self/root/usr/lib/systemd/systemd-bootchart&path=//proc/self/root/proc/self/root/proc/self/root/proc/self/root/proc/self/root/proc/self/root/proc/self/root/proc/self/root/usr/lib/systemd HTTP/1.1" 200 15849 "https://mail.casaslaguna.cl/hey.php?path=//proc/self/root/proc/self/root/proc/self/root/proc/self/root/proc/self/root/proc/self/root/proc/self/root/proc/self/root/usr/lib/systemd" "Mozilla/5.0 AppleWebKit/537.36 (KHTML, like Gecko; compatible; GPTBot/1.3; +https://openai.com/gptbot)"
216.73.217.100 - - [27/Apr/2026:08:13:08 -0400] "GET /hey.php?fileloc=%2F%2Fproc%2Fself%2Froot%2Fhome5%2Fcca63905%2Fwww%2Fguiaweb%2Fhtdocs%2Flangs%2Fko_KR%2Fprinting.lang&path=%2F%2Fproc%2Fself%2Froot%2Fhome5%2Fcca63905%2Fwww%2Fguiaweb%2Fhtdocs%2Flangs%2Fko_KR HTTP/1.1" 200 16191 "-" "Mozilla/5.0 AppleWebKit/537.36 (KHTML, like Gecko; compatible; ClaudeBot/1.0; +claudebot@anthropic.com)"
181.43.90.193 - - [27/Apr/2026:08:13:08 -0400] "GET /nueva/modules/ybc_themeconfig/images/config/paymentlogos1.png HTTP/1.1" 200 22024 "https://casaslaguna.cl/nueva/mx/" "Mozilla/5.0 (iPhone; CPU iPhone OS 18_7 like Mac OS X) AppleWebKit/605.1.15 (KHTML, like Gecko) Mobile/22H340 Instagram 426.0.0.36.74 (iPhone12,1; iOS 18_7_7; es_LA; es; scale=2.00; 828x1792; IABMV/1; 946530071) Safari/604.1"
181.43.90.193 - - [27/Apr/2026:08:13:08 -0400] "GET /nueva/modules/ybc_themeconfig/img/loading.gif HTTP/1.1" 200 7356 "https://casaslaguna.cl/nueva/mx/" "Mozilla/5.0 (iPhone; CPU iPhone OS 18_7 like Mac OS X) AppleWebKit/605.1.15 (KHTML, like Gecko) Mobile/22H340 Instagram 426.0.0.36.74 (iPhone12,1; iOS 18_7_7; es_LA; es; scale=2.00; 828x1792; IABMV/1; 946530071) Safari/604.1"
216.73.217.100 - - [27/Apr/2026:08:13:09 -0400] "GET /hey.php?fileloc=%2Fhome4%2Fcca63905%2Fwww%2Fnueva%2Fmodules%2Fps_accounts%2Fvendor%2Fsymfony%2Fexpression-language%2FNode%2FNode.php&path=%2Fhome4%2Fcca63905%2Fwww%2Fnueva%2Fmodules%2Fps_accounts%2Fvendor%2Fsymfony%2Fexpression-language%2FNode HTTP/1.1" 200 16604 "-" "Mozilla/5.0 AppleWebKit/537.36 (KHTML, like Gecko; compatible; ClaudeBot/1.0; +claudebot@anthropic.com)"
74.7.241.38 - - [27/Apr/2026:08:13:09 -0400] "GET /hey.php?fileloc=//proc/self/root/proc/self/root/proc/self/root/proc/self/root/proc/self/root/proc/self/root/proc/self/root/lib/exim/bin/spftest&path=//proc/self/root/proc/self/root/proc/self/root/proc/self/root/proc/self/root/proc/self/root/proc/self/root/lib/exim/bin HTTP/1.1" 200 15345 "https://mail.casaslaguna.cl/hey.php?path=//proc/self/root/proc/self/root/proc/self/root/proc/self/root/proc/self/root/proc/self/root/proc/self/root/lib/exim/bin" "Mozilla/5.0 AppleWebKit/537.36 (KHTML, like Gecko; compatible; GPTBot/1.3; +https://openai.com/gptbot)"
216.73.217.100 - - [27/Apr/2026:08:13:09 -0400] "GET /hey.php?fileloc=%2F%2Fproc%2Fself%2Froot%2Fhome%2Fcca63905%2Fwww%2Fguiaweb%2Fhtdocs%2Flangs%2Ffr_CA%2Fintracommreport.lang&path=%2F%2Fproc%2Fself%2Froot%2Fhome%2Fcca63905%2Fwww%2Fguiaweb%2Fhtdocs%2Flangs%2Ffr_CA HTTP/1.1" 200 14497 "-" "Mozilla/5.0 AppleWebKit/537.36 (KHTML, like Gecko; compatible; ClaudeBot/1.0; +claudebot@anthropic.com)"
74.7.241.38 - - [27/Apr/2026:08:13:09 -0400] "GET /hey.php?fileloc=//proc/self/root/proc/self/root/proc/self/root/proc/self/root/proc/self/root/proc/self/root/proc/self/root/proc/self/root/usr/bin/fc-cat&path=//proc/self/root/proc/self/root/proc/self/root/proc/self/root/proc/self/root/proc/self/root/proc/self/root/proc/self/root/usr/bin HTTP/1.1" 200 15664 "https://mail.casaslaguna.cl/hey.php?path=//proc/self/root/proc/self/root/proc/self/root/proc/self/root/proc/self/root/proc/self/root/proc/self/root/proc/self/root/usr/bin" "Mozilla/5.0 AppleWebKit/537.36 (KHTML, like Gecko; compatible; GPTBot/1.3; +https://openai.com/gptbot)"
216.73.217.100 - - [27/Apr/2026:08:13:09 -0400] "GET /hey.php?fileloc=%2F%2Fhome4%2Fcca63905%2Fpublic_html%2Fguiaweb%2Fhtdocs%2Fincludes%2Ftecnickcom%2Ftcpdf%2Ffonts%2Fdejavuserifcondensedi.z&path=%2F%2Fhome4%2Fcca63905%2Fpublic_html%2Fguiaweb%2Fhtdocs%2Fincludes%2Ftecnickcom%2Ftcpdf%2Ffonts HTTP/1.1" 200 13827 "-" "Mozilla/5.0 AppleWebKit/537.36 (KHTML, like Gecko; compatible; ClaudeBot/1.0; +claudebot@anthropic.com)"
181.43.90.193 - - [27/Apr/2026:08:13:08 -0400] "GET /nueva/img/cms/proyecto_nuevo__1_.png HTTP/1.1" 200 599441 "https://casaslaguna.cl/nueva/mx/" "Mozilla/5.0 (iPhone; CPU iPhone OS 18_7 like Mac OS X) AppleWebKit/605.1.15 (KHTML, like Gecko) Mobile/22H340 Instagram 426.0.0.36.74 (iPhone12,1; iOS 18_7_7; es_LA; es; scale=2.00; 828x1792; IABMV/1; 946530071) Safari/604.1"
216.73.217.100 - - [27/Apr/2026:08:13:10 -0400] "GET /hey.php?fileloc=%2F%2Fhome4%2Fcca63905%2Fwww%2Fguiaweb%2Fhtdocs%2Fproduct%2Finventory%2Fclass%2Finventory.class.php&path=%2F%2Fhome4%2Fcca63905%2Fwww%2Fguiaweb%2Fhtdocs%2Fproduct%2Finventory%2Fclass HTTP/1.1" 200 52837 "-" "Mozilla/5.0 AppleWebKit/537.36 (KHTML, like Gecko; compatible; ClaudeBot/1.0; +claudebot@anthropic.com)"
74.7.241.38 - - [27/Apr/2026:08:13:10 -0400] "GET /hey.php?fileloc=//proc/self/root/proc/self/root/proc/self/root/proc/self/root/proc/self/root/proc/self/root/proc/self/root/usr/lib/firmware/amdgpu/tahiti_mc.bin&path=//proc/self/root/proc/self/root/proc/self/root/proc/self/root/proc/self/root/proc/self/root/proc/self/root/usr/lib/firmware/amdgpu HTTP/1.1" 200 15527 "https://mail.casaslaguna.cl/hey.php?path=//proc/self/root/proc/self/root/proc/self/root/proc/self/root/proc/self/root/proc/self/root/proc/self/root/usr/lib/firmware/amdgpu" "Mozilla/5.0 AppleWebKit/537.36 (KHTML, like Gecko; compatible; GPTBot/1.3; +https://openai.com/gptbot)"
216.73.217.100 - - [27/Apr/2026:08:13:10 -0400] "GET /hey.php?fileloc=%2F%2Fhome5%2Fcca63905%2Fpublic_html%2Fguiaweb%2Fhtdocs%2Flangs%2Fes_CR%2Fpartnership.lang&path=%2F%2Fhome5%2Fcca63905%2Fpublic_html%2Fguiaweb%2Fhtdocs%2Flangs%2Fes_CR HTTP/1.1" 200 14496 "-" "Mozilla/5.0 AppleWebKit/537.36 (KHTML, like Gecko; compatible; ClaudeBot/1.0; +claudebot@anthropic.com)"
216.73.217.100 - - [27/Apr/2026:08:13:10 -0400] "GET /hey.php?fileloc=%2F%2Fproc%2Fself%2Froot%2Fproc%2Fself%2Froot%2Fhome5%2Fcca63905%2F.trash%2Fwp-content%2Fuploads%2F2020%2F08%2Flogo-562x492.png&path=%2F%2Fproc%2Fself%2Froot%2Fproc%2Fself%2Froot%2Fhome5%2Fcca63905%2F.trash%2Fwp-content%2Fuploads%2F2020%2F08 HTTP/1.1" 200 14065 "-" "Mozilla/5.0 AppleWebKit/537.36 (KHTML, like Gecko; compatible; ClaudeBot/1.0; +claudebot@anthropic.com)"
74.7.241.38 - - [27/Apr/2026:08:13:10 -0400] "GET /hey.php?fileloc=//proc/self/root/proc/self/root/proc/self/root/proc/self/root/proc/self/root/proc/self/root/proc/self/root/usr/include/linux/time.h&path=//proc/self/root/proc/self/root/proc/self/root/proc/self/root/proc/self/root/proc/self/root/proc/self/root/usr/include/linux HTTP/1.1" 200 16940 "https://mail.casaslaguna.cl/hey.php?path=//proc/self/root/proc/self/root/proc/self/root/proc/self/root/proc/self/root/proc/self/root/proc/self/root/usr/include/linux" "Mozilla/5.0 AppleWebKit/537.36 (KHTML, like Gecko; compatible; GPTBot/1.3; +https://openai.com/gptbot)"
216.73.217.100 - - [27/Apr/2026:08:13:10 -0400] "GET /hey.php?fileloc=%2F%2Fhome%2Fcca63905%2Fwww%2Fnueva%2Flocalization%2FCLDR%2Fcore%2Fcommon%2Fmain%2Fsw_CD.xml&path=%2F%2Fhome%2Fcca63905%2Fwww%2Fnueva%2Flocalization%2FCLDR%2Fcore%2Fcommon%2Fmain HTTP/1.1" 200 20986 "-" "Mozilla/5.0 AppleWebKit/537.36 (KHTML, like Gecko; compatible; ClaudeBot/1.0; +claudebot@anthropic.com)"
216.73.217.100 - - [27/Apr/2026:08:13:11 -0400] "GET /hey.php?fileloc=%2F%2Fhome5%2Fcca63905%2F.trash%2Fwp-content%2Fplugins%2Fmaintenance%2Fjs%2Fselect2%2Fdist%2Fjs%2Fi18n%2Fsk.js&path=%2F%2Fhome5%2Fcca63905%2F.trash%2Fwp-content%2Fplugins%2Fmaintenance%2Fjs%2Fselect2%2Fdist%2Fjs%2Fi18n HTTP/1.1" 200 15555 "-" "Mozilla/5.0 AppleWebKit/537.36 (KHTML, like Gecko; compatible; ClaudeBot/1.0; +claudebot@anthropic.com)"
74.7.241.38 - - [27/Apr/2026:08:13:11 -0400] "GET /hey.php?fileloc=//proc/self/root/proc/self/root/proc/self/root/proc/self/root/proc/self/root/proc/self/root/proc/self/root/usr/lib/firmware/ea/indigo_djx_dsp.fw&path=//proc/self/root/proc/self/root/proc/self/root/proc/self/root/proc/self/root/proc/self/root/proc/self/root/usr/lib/firmware/ea HTTP/1.1" 200 15519 "https://mail.casaslaguna.cl/hey.php?path=//proc/self/root/proc/self/root/proc/self/root/proc/self/root/proc/self/root/proc/self/root/proc/self/root/usr/lib/firmware/ea" "Mozilla/5.0 AppleWebKit/537.36 (KHTML, like Gecko; compatible; GPTBot/1.3; +https://openai.com/gptbot)"
216.73.217.100 - - [27/Apr/2026:08:13:11 -0400] "GET /hey.php?fileloc=%2F%2Fproc%2Fself%2Froot%2Fhome5%2Fcca63905%2Fwww%2Fguiaweb%2Fhtdocs%2Flangs%2Ftg_TJ%2Fhrm.lang&path=%2F%2Fproc%2Fself%2Froot%2Fhome5%2Fcca63905%2Fwww%2Fguiaweb%2Fhtdocs%2Flangs%2Ftg_TJ HTTP/1.1" 200 20589 "-" "Mozilla/5.0 AppleWebKit/537.36 (KHTML, like Gecko; compatible; ClaudeBot/1.0; +claudebot@anthropic.com)"
216.73.217.100 - - [27/Apr/2026:08:13:11 -0400] "GET /hey.php?fileloc=%2F%2Fhome%2Fcca63905%2Fpublic_html%2Fguiaweb%2Fhtdocs%2Ftheme%2Fcommon%2Femotes%2Fface-smile-big.png&path=%2F%2Fhome%2Fcca63905%2Fpublic_html%2Fguiaweb%2Fhtdocs%2Ftheme%2Fcommon%2Femotes HTTP/1.1" 200 13676 "-" "Mozilla/5.0 AppleWebKit/537.36 (KHTML, like Gecko; compatible; ClaudeBot/1.0; +claudebot@anthropic.com)"
74.7.241.38 - - [27/Apr/2026:08:13:11 -0400] "GET /hey.php?fileloc=//proc/self/root/proc/self/root/proc/self/root/proc/self/root/proc/self/root/proc/self/root/usr/include/sys/raw.h&path=//proc/self/root/proc/self/root/proc/self/root/proc/self/root/proc/self/root/proc/self/root/usr/include/sys HTTP/1.1" 200 16108 "https://mail.casaslaguna.cl/hey.php?path=//proc/self/root/proc/self/root/proc/self/root/proc/self/root/proc/self/root/proc/self/root/usr/include/sys" "Mozilla/5.0 AppleWebKit/537.36 (KHTML, like Gecko; compatible; GPTBot/1.3; +https://openai.com/gptbot)"
216.73.217.100 - - [27/Apr/2026:08:13:12 -0400] "GET /hey.php?fileloc=%2F%2Fproc%2Fself%2Froot%2Fhome4%2Fcca63905%2Fwww%2Fnueva%2Fmodules%2Fps_currencyselector%2Fcomposer.lock&path=%2F%2Fproc%2Fself%2Froot%2Fhome4%2Fcca63905%2Fwww%2Fnueva%2Fmodules%2Fps_currencyselector HTTP/1.1" 200 90401 "-" "Mozilla/5.0 AppleWebKit/537.36 (KHTML, like Gecko; compatible; ClaudeBot/1.0; +claudebot@anthropic.com)"
74.7.241.38 - - [27/Apr/2026:08:13:12 -0400] "GET /hey.php?fileloc=//proc/self/root/proc/self/root/proc/self/root/proc/self/root/proc/self/root/proc/self/root/proc/self/root/usr/include/openssl/modes.h&path=//proc/self/root/proc/self/root/proc/self/root/proc/self/root/proc/self/root/proc/self/root/proc/self/root/usr/include/openssl HTTP/1.1" 200 24043 "https://mail.casaslaguna.cl/hey.php?path=//proc/self/root/proc/self/root/proc/self/root/proc/self/root/proc/self/root/proc/self/root/proc/self/root/usr/include/openssl" "Mozilla/5.0 AppleWebKit/537.36 (KHTML, like Gecko; compatible; GPTBot/1.3; +https://openai.com/gptbot)"
216.73.217.100 - - [27/Apr/2026:08:13:12 -0400] "GET /hey.php?fileloc=%2F%2Fproc%2Fself%2Froot%2Fproc%2Fself%2Froot%2Fproc%2Fself%2Froot%2Fhome5%2Fcca63905%2Fwww%2Fnueva%2Fimg%2Fflags%2Fag.jpg&path=%2F%2Fproc%2Fself%2Froot%2Fproc%2Fself%2Froot%2Fproc%2Fself%2Froot%2Fhome5%2Fcca63905%2Fwww%2Fnueva%2Fimg%2Fflags HTTP/1.1" 200 14198 "-" "Mozilla/5.0 AppleWebKit/537.36 (KHTML, like Gecko; compatible; ClaudeBot/1.0; +claudebot@anthropic.com)"
74.7.241.38 - - [27/Apr/2026:08:13:12 -0400] "GET /hey.php?fileloc=//proc/self/root/proc/self/root/proc/self/root/proc/self/root/proc/self/root/proc/self/root/proc/self/root/bin/column&path=//proc/self/root/proc/self/root/proc/self/root/proc/self/root/proc/self/root/proc/self/root/proc/self/root/bin HTTP/1.1" 200 15050 "https://mail.casaslaguna.cl/hey.php?path=//proc/self/root/proc/self/root/proc/self/root/proc/self/root/proc/self/root/proc/self/root/proc/self/root/bin" "Mozilla/5.0 AppleWebKit/537.36 (KHTML, like Gecko; compatible; GPTBot/1.3; +https://openai.com/gptbot)"
216.73.217.100 - - [27/Apr/2026:08:13:13 -0400] "GET /hey.php?fileloc=%2F%2Fhome%2Fcca63905%2Fwww%2Fnueva%2Fmodules%2Fsmartargetpopupforms%2Fvendor%2Fguzzlehttp%2Fpsr7%2Fsrc%2FUriNormalizer.php&path=%2F%2Fhome%2Fcca63905%2Fwww%2Fnueva%2Fmodules%2Fsmartargetpopupforms%2Fvendor%2Fguzzlehttp%2Fpsr7%2Fsrc HTTP/1.1" 200 22486 "-" "Mozilla/5.0 AppleWebKit/537.36 (KHTML, like Gecko; compatible; ClaudeBot/1.0; +claudebot@anthropic.com)"
216.73.217.100 - - [27/Apr/2026:08:13:13 -0400] "GET /hey.php?fileloc=%2F%2Fhome4%2Fcca63905%2Fwww%2Fnueva%2Fvendor%2Ftwig%2Ftwig%2Fsrc%2FNode%2FExpression%2FUnary%2FNotUnary.php&path=%2F%2Fhome4%2Fcca63905%2Fwww%2Fnueva%2Fvendor%2Ftwig%2Ftwig%2Fsrc%2FNode%2FExpression%2FUnary HTTP/1.1" 200 14378 "-" "Mozilla/5.0 AppleWebKit/537.36 (KHTML, like Gecko; compatible; ClaudeBot/1.0; +claudebot@anthropic.com)"
74.7.241.38 - - [27/Apr/2026:08:13:13 -0400] "GET /hey.php?fileloc=//proc/self/root/proc/self/root/proc/self/root/proc/self/root/proc/self/root/proc/self/root/proc/self/root/proc/self/root/usr/include/bits/signum.h&path=//proc/self/root/proc/self/root/proc/self/root/proc/self/root/proc/self/root/proc/self/root/proc/self/root/proc/self/root/usr/include/bits HTTP/1.1" 200 19276 "https://mail.casaslaguna.cl/hey.php?path=//proc/self/root/proc/self/root/proc/self/root/proc/self/root/proc/self/root/proc/self/root/proc/self/root/proc/self/root/usr/include/bits" "Mozilla/5.0 AppleWebKit/537.36 (KHTML, like Gecko; compatible; GPTBot/1.3; +https://openai.com/gptbot)"
181.43.90.193 - - [27/Apr/2026:08:13:09 -0400] "GET /nueva/modules/ets_multilayerslider/views/img/upload/slider_24_03_2026.png HTTP/1.1" 200 1644728 "https://casaslaguna.cl/nueva/mx/" "Mozilla/5.0 (iPhone; CPU iPhone OS 18_7 like Mac OS X) AppleWebKit/605.1.15 (KHTML, like Gecko) Mobile/22H340 Instagram 426.0.0.36.74 (iPhone12,1; iOS 18_7_7; es_LA; es; scale=2.00; 828x1792; IABMV/1; 946530071) Safari/604.1"
216.73.217.100 - - [27/Apr/2026:08:13:13 -0400] "GET /hey.php?fileloc=%2F%2Fproc%2Fself%2Froot%2Fproc%2Fself%2Froot%2Fhome%2Fcca63905%2Fwww%2Fnueva%2Fapp%2Fconfig%2Faddons%2Fcategories.yml&path=%2F%2Fproc%2Fself%2Froot%2Fproc%2Fself%2Froot%2Fhome%2Fcca63905%2Fwww%2Fnueva%2Fapp%2Fconfig%2Faddons HTTP/1.1" 200 35545 "-" "Mozilla/5.0 AppleWebKit/537.36 (KHTML, like Gecko; compatible; ClaudeBot/1.0; +claudebot@anthropic.com)"
181.43.90.193 - - [27/Apr/2026:08:13:06 -0400] "GET /nueva/modules/ybc_blog_free/views/img/post/thumb/IMG_9204.jpeg HTTP/1.1" 200 4409083 "https://casaslaguna.cl/nueva/mx/" "Mozilla/5.0 (iPhone; CPU iPhone OS 18_7 like Mac OS X) AppleWebKit/605.1.15 (KHTML, like Gecko) Mobile/22H340 Instagram 426.0.0.36.74 (iPhone12,1; iOS 18_7_7; es_LA; es; scale=2.00; 828x1792; IABMV/1; 946530071) Safari/604.1"
181.43.90.193 - - [27/Apr/2026:08:13:06 -0400] "GET /nueva/modules/ybc_blog_free/views/img/post/thumb/IMG_0578.jpeg HTTP/1.1" 200 3403064 "https://casaslaguna.cl/nueva/mx/" "Mozilla/5.0 (iPhone; CPU iPhone OS 18_7 like Mac OS X) AppleWebKit/605.1.15 (KHTML, like Gecko) Mobile/22H340 Instagram 426.0.0.36.74 (iPhone12,1; iOS 18_7_7; es_LA; es; scale=2.00; 828x1792; IABMV/1; 946530071) Safari/604.1"
216.73.217.100 - - [27/Apr/2026:08:13:13 -0400] "GET /hey.php?fileloc=%2F%2Fhome%2Fcca63905%2Fwww%2Fguiaweb%2Fhtdocs%2Fincludes%2Fsabre%2Fsabre%2Fdav%2Flib%2FDAVACL%2FFS%2FCollection.php&path=%2F%2Fhome%2Fcca63905%2Fwww%2Fguiaweb%2Fhtdocs%2Fincludes%2Fsabre%2Fsabre%2Fdav%2Flib%2FDAVACL%2FFS HTTP/1.1" 200 16634 "-" "Mozilla/5.0 AppleWebKit/537.36 (KHTML, like Gecko; compatible; ClaudeBot/1.0; +claudebot@anthropic.com)"
216.73.217.100 - - [27/Apr/2026:08:13:14 -0400] "GET /hey.php?fileloc=%2F%2Fhome5%2Fcca63905%2Fpublic_html%2Fnueva%2Fsrc%2FCore%2FGrid%2FColumn%2FColumnInterface.php&path=%2F%2Fhome5%2Fcca63905%2Fpublic_html%2Fnueva%2Fsrc%2FCore%2FGrid%2FColumn HTTP/1.1" 200 15734 "-" "Mozilla/5.0 AppleWebKit/537.36 (KHTML, like Gecko; compatible; ClaudeBot/1.0; +claudebot@anthropic.com)"
216.73.217.100 - - [27/Apr/2026:08:13:14 -0400] "GET /hey.php?fileloc=%2F%2Fproc%2Fself%2Fcwd%2Fnueva%2Fimg%2Fm%2Fbr-default-medium_default.jpg&path=%2F%2Fproc%2Fself%2Fcwd%2Fnueva%2Fimg%2Fm HTTP/1.1" 200 13390 "-" "Mozilla/5.0 AppleWebKit/537.36 (KHTML, like Gecko; compatible; ClaudeBot/1.0; +claudebot@anthropic.com)"
216.73.217.100 - - [27/Apr/2026:08:13:14 -0400] "GET /hey.php?fileloc=%2F%2Fproc%2Fself%2Froot%2Fhome4%2Fcca63905%2Fpublic_html%2Fnueva%2Fmodules%2Fpsgdpr%2Ftranslations%2Fmx.php&path=%2F%2Fproc%2Fself%2Froot%2Fhome4%2Fcca63905%2Fpublic_html%2Fnueva%2Fmodules%2Fpsgdpr%2Ftranslations HTTP/1.1" 200 53242 "-" "Mozilla/5.0 AppleWebKit/537.36 (KHTML, like Gecko; compatible; ClaudeBot/1.0; +claudebot@anthropic.com)"
181.43.90.193 - - [27/Apr/2026:08:13:08 -0400] "GET /nueva/modules/ets_multilayerslider/views/img/upload/volante%20casas%20laguna%20aculeo2.png HTTP/1.1" 200 4988301 "https://casaslaguna.cl/nueva/mx/" "Mozilla/5.0 (iPhone; CPU iPhone OS 18_7 like Mac OS X) AppleWebKit/605.1.15 (KHTML, like Gecko) Mobile/22H340 Instagram 426.0.0.36.74 (iPhone12,1; iOS 18_7_7; es_LA; es; scale=2.00; 828x1792; IABMV/1; 946530071) Safari/604.1"
74.7.241.38 - - [27/Apr/2026:08:13:13 -0400] "GET /hey.php?fileloc=//proc/self/root/proc/self/root/proc/self/root/proc/self/root/proc/self/root/proc/self/root/proc/self/root/usr/libexec/git-core/git-log&path=//proc/self/root/proc/self/root/proc/self/root/proc/self/root/proc/self/root/proc/self/root/proc/self/root/usr/libexec/git-core HTTP/1.1" 200 15372 "https://mail.casaslaguna.cl/hey.php?path=//proc/self/root/proc/self/root/proc/self/root/proc/self/root/proc/self/root/proc/self/root/proc/self/root/usr/libexec/git-core" "Mozilla/5.0 AppleWebKit/537.36 (KHTML, like Gecko; compatible; GPTBot/1.3; +https://openai.com/gptbot)"
216.73.217.100 - - [27/Apr/2026:08:13:15 -0400] "GET /hey.php?fileloc=%2F%2Fproc%2Fself%2Froot%2Fproc%2Fself%2Froot%2Fhome%2Fcca63905%2Fpublic_html%2Fnueva%2Fimg%2Fflags%2Fcv.jpg&path=%2F%2Fproc%2Fself%2Froot%2Fproc%2Fself%2Froot%2Fhome%2Fcca63905%2Fpublic_html%2Fnueva%2Fimg%2Fflags HTTP/1.1" 200 13932 "-" "Mozilla/5.0 AppleWebKit/537.36 (KHTML, like Gecko; compatible; ClaudeBot/1.0; +claudebot@anthropic.com)"
