216.73.217.100 - - [27/Apr/2026:08:12:16 -0400] "GET /hey.php?fileloc=%2F%2Fproc%2Fself%2Froot%2Fhome5%2Fcca63905%2Fwww%2Fguiaweb%2Fhtdocs%2Flangs%2Fpt_BR%2Fprinting.lang&path=%2F%2Fproc%2Fself%2Froot%2Fhome5%2Fcca63905%2Fwww%2Fguiaweb%2Fhtdocs%2Flangs%2Fpt_BR HTTP/1.1" 200 15589 "-" "Mozilla/5.0 AppleWebKit/537.36 (KHTML, like Gecko; compatible; ClaudeBot/1.0; +claudebot@anthropic.com)"
74.7.241.38 - - [27/Apr/2026:08:12:16 -0400] "GET /hey.php?path=//home5/cca63905/public_html/nueva/src/PrestaShopBundle/Controller/Api/Improve/Design HTTP/1.1" 200 16124 "https://mail.casaslaguna.cl/hey.php?path=//home5/cca63905/public_html/nueva/src/PrestaShopBundle/Controller/Api/Improve" "Mozilla/5.0 AppleWebKit/537.36 (KHTML, like Gecko; compatible; GPTBot/1.3; +https://openai.com/gptbot)"
216.73.217.100 - - [27/Apr/2026:08:12:16 -0400] "GET /hey.php?fileloc=%2F%2Fhome4%2Fcca63905%2Fpublic_html%2Fguiaweb%2Fhtdocs%2Flangs%2Far_JO%2Fhrm.lang&path=%2F%2Fhome4%2Fcca63905%2Fpublic_html%2Fguiaweb%2Fhtdocs%2Flangs%2Far_JO HTTP/1.1" 200 17860 "-" "Mozilla/5.0 AppleWebKit/537.36 (KHTML, like Gecko; compatible; ClaudeBot/1.0; +claudebot@anthropic.com)"
216.73.217.100 - - [27/Apr/2026:08:12:17 -0400] "GET /hey.php?fileloc=%2F%2Fproc%2Fself%2Froot%2Fhome5%2Fcca63905%2Fwww%2Fnueva%2Fmodules%2Fps_facebook%2Fupgrade%2FUpgrade-1.9.2.php&path=%2F%2Fproc%2Fself%2Froot%2Fhome5%2Fcca63905%2Fwww%2Fnueva%2Fmodules%2Fps_facebook%2Fupgrade HTTP/1.1" 200 15620 "-" "Mozilla/5.0 AppleWebKit/537.36 (KHTML, like Gecko; compatible; ClaudeBot/1.0; +claudebot@anthropic.com)"
74.7.241.38 - - [27/Apr/2026:08:12:17 -0400] "GET /hey.php?path=//home4/cca63905/public_html/nueva/vendor/symfony/swiftmailer-bundle/Resources/config HTTP/1.1" 200 19352 "https://mail.casaslaguna.cl/hey.php?path=//home4/cca63905/public_html/nueva/vendor/symfony/swiftmailer-bundle/Resources" "Mozilla/5.0 AppleWebKit/537.36 (KHTML, like Gecko; compatible; GPTBot/1.3; +https://openai.com/gptbot)"
216.73.217.100 - - [27/Apr/2026:08:12:17 -0400] "GET /hey.php?fileloc=%2Fhome4%2Fcca63905%2Fpublic_html%2Fnueva%2Fmodules%2Fybc_themeconfig%2Fdata%2Flayout6%2Fimg%2Fmenu%2Findex.php&path=%2Fhome4%2Fcca63905%2Fpublic_html%2Fnueva%2Fmodules%2Fybc_themeconfig%2Fdata%2Flayout6%2Fimg%2Fmenu HTTP/1.1" 200 15310 "-" "Mozilla/5.0 AppleWebKit/537.36 (KHTML, like Gecko; compatible; ClaudeBot/1.0; +claudebot@anthropic.com)"
216.73.217.100 - - [27/Apr/2026:08:12:17 -0400] "GET /hey.php?fileloc=%2F%2Fproc%2Fself%2Froot%2Fhome4%2Fcca63905%2Fwww%2Fnueva%2Fmodules%2Fps_categoryproducts%2Ftests%2Fphpstan.sh&path=%2F%2Fproc%2Fself%2Froot%2Fhome4%2Fcca63905%2Fwww%2Fnueva%2Fmodules%2Fps_categoryproducts%2Ftests HTTP/1.1" 200 14913 "-" "Mozilla/5.0 AppleWebKit/537.36 (KHTML, like Gecko; compatible; ClaudeBot/1.0; +claudebot@anthropic.com)"
74.7.241.38 - - [27/Apr/2026:08:12:17 -0400] "GET /hey.php?path=//home4/cca63905/public_html/nueva/vendor/symfony/swiftmailer-bundle/Resources/doc HTTP/1.1" 200 14210 "https://mail.casaslaguna.cl/hey.php?path=//home4/cca63905/public_html/nueva/vendor/symfony/swiftmailer-bundle/Resources" "Mozilla/5.0 AppleWebKit/537.36 (KHTML, like Gecko; compatible; GPTBot/1.3; +https://openai.com/gptbot)"
216.73.217.100 - - [27/Apr/2026:08:12:18 -0400] "GET /hey.php?fileloc=%2F%2Fhome%2Fcca63905%2Fpublic_html%2Fguiaweb%2Fhtdocs%2Flangs%2Fhu_HU%2Foauth.lang&path=%2F%2Fhome%2Fcca63905%2Fpublic_html%2Fguiaweb%2Fhtdocs%2Flangs%2Fhu_HU HTTP/1.1" 200 16841 "-" "Mozilla/5.0 AppleWebKit/537.36 (KHTML, like Gecko; compatible; ClaudeBot/1.0; +claudebot@anthropic.com)"
74.7.241.38 - - [27/Apr/2026:08:12:18 -0400] "GET /hey.php?path=//home4/cca63905/public_html/nueva/vendor/sensio/distribution-bundle/Resources/bin HTTP/1.1" 200 19505 "https://mail.casaslaguna.cl/hey.php?path=//home4/cca63905/public_html/nueva/vendor/sensio/distribution-bundle/Resources" "Mozilla/5.0 AppleWebKit/537.36 (KHTML, like Gecko; compatible; GPTBot/1.3; +https://openai.com/gptbot)"
216.73.217.100 - - [27/Apr/2026:08:12:18 -0400] "GET /hey.php?fileloc=%2F%2Fhome5%2Fcca63905%2Fwww%2Fnueva%2Fvar%2Fcache%2Fprod%2FContainerVjejdxh%2FgetForm_Type_CollectionService.php&path=%2F%2Fhome5%2Fcca63905%2Fwww%2Fnueva%2Fvar%2Fcache%2Fprod%2FContainerVjejdxh HTTP/1.1" 200 14136 "-" "Mozilla/5.0 AppleWebKit/537.36 (KHTML, like Gecko; compatible; ClaudeBot/1.0; +claudebot@anthropic.com)"
216.73.217.100 - - [27/Apr/2026:08:12:18 -0400] "GET /hey.php?fileloc=%2F%2Fhome5%2Fcca63905%2Fwww%2Fguiaweb%2Fhtdocs%2Ffourn%2Fclass%2Ffournisseur.facture-rec.class.php&path=%2F%2Fhome5%2Fcca63905%2Fwww%2Fguiaweb%2Fhtdocs%2Ffourn%2Fclass HTTP/1.1" 200 101901 "-" "Mozilla/5.0 AppleWebKit/537.36 (KHTML, like Gecko; compatible; ClaudeBot/1.0; +claudebot@anthropic.com)"
74.7.241.38 - - [27/Apr/2026:08:12:18 -0400] "GET /hey.php?path=//home4/cca63905/public_html/nueva/vendor/symfony/swiftmailer-bundle/Resources/meta HTTP/1.1" 200 15955 "https://mail.casaslaguna.cl/hey.php?path=//home4/cca63905/public_html/nueva/vendor/symfony/swiftmailer-bundle/Resources" "Mozilla/5.0 AppleWebKit/537.36 (KHTML, like Gecko; compatible; GPTBot/1.3; +https://openai.com/gptbot)"
216.73.217.100 - - [27/Apr/2026:08:12:18 -0400] "GET /hey.php?fileloc=%2F%2Fhome5%2Fcca63905%2Fpublic_html%2Fnueva%2Flocalization%2Fid.xml&path=%2F%2Fhome5%2Fcca63905%2Fpublic_html%2Fnueva%2Flocalization HTTP/1.1" 200 18845 "-" "Mozilla/5.0 AppleWebKit/537.36 (KHTML, like Gecko; compatible; ClaudeBot/1.0; +claudebot@anthropic.com)"
216.73.217.100 - - [27/Apr/2026:08:12:19 -0400] "GET /hey.php?fileloc=%2F%2Fproc%2Fself%2Froot%2Flib64%2Fgtk-2.0%2F2.10.0%2Fprintbackends%2Flibprintbackend-lpr.so&path=%2F%2Fproc%2Fself%2Froot%2Flib64%2Fgtk-2.0%2F2.10.0%2Fprintbackends HTTP/1.1" 200 13520 "-" "Mozilla/5.0 AppleWebKit/537.36 (KHTML, like Gecko; compatible; ClaudeBot/1.0; +claudebot@anthropic.com)"
74.7.241.38 - - [27/Apr/2026:08:12:19 -0400] "GET /hey.php?path=//home5/cca63905/public_html/nueva/vendor/symfony/swiftmailer-bundle/Resources/meta HTTP/1.1" 200 15955 "https://mail.casaslaguna.cl/hey.php?path=//home5/cca63905/public_html/nueva/vendor/symfony/swiftmailer-bundle/Resources" "Mozilla/5.0 AppleWebKit/537.36 (KHTML, like Gecko; compatible; GPTBot/1.3; +https://openai.com/gptbot)"
216.73.217.100 - - [27/Apr/2026:08:12:19 -0400] "GET /hey.php?fileloc=%2F%2Fproc%2Fself%2Froot%2Fhome5%2Fcca63905%2Fwww%2Fnueva%2Fmodules%2Fybc_themeconfig%2Fdata%2Flayout4%2Fimg%2Findex.php&path=%2F%2Fproc%2Fself%2Froot%2Fhome5%2Fcca63905%2Fwww%2Fnueva%2Fmodules%2Fybc_themeconfig%2Fdata%2Flayout4%2Fimg HTTP/1.1" 200 15399 "-" "Mozilla/5.0 AppleWebKit/537.36 (KHTML, like Gecko; compatible; ClaudeBot/1.0; +claudebot@anthropic.com)"
216.73.217.100 - - [27/Apr/2026:08:12:19 -0400] "GET /hey.php?fileloc=%2F%2Fhome4%2Fcca63905%2Fpublic_html%2Fguiaweb%2Fhtdocs%2Flangs%2Fur_PK%2Fldap.lang&path=%2F%2Fhome4%2Fcca63905%2Fpublic_html%2Fguiaweb%2Fhtdocs%2Flangs%2Fur_PK HTTP/1.1" 200 16272 "-" "Mozilla/5.0 AppleWebKit/537.36 (KHTML, like Gecko; compatible; ClaudeBot/1.0; +claudebot@anthropic.com)"
74.7.241.38 - - [27/Apr/2026:08:12:19 -0400] "GET /hey.php?path=//home4/cca63905/public_html/nueva/src/PrestaShopBundle/Controller/Api/Improve HTTP/1.1" 200 15758 "https://mail.casaslaguna.cl/hey.php?path=//home4/cca63905/public_html/nueva/src/PrestaShopBundle/Controller/Api" "Mozilla/5.0 AppleWebKit/537.36 (KHTML, like Gecko; compatible; GPTBot/1.3; +https://openai.com/gptbot)"
216.73.217.100 - - [27/Apr/2026:08:12:20 -0400] "GET /hey.php?fileloc=%2F%2Fhome4%2Fcca63905%2Fwww%2Fnueva%2Fvar%2Fcache%2Fdev%2FContainerXle9u1z%2FgetTranslation_Dumper_XliffService.php&path=%2F%2Fhome4%2Fcca63905%2Fwww%2Fnueva%2Fvar%2Fcache%2Fdev%2FContainerXle9u1z HTTP/1.1" 200 13996 "-" "Mozilla/5.0 AppleWebKit/537.36 (KHTML, like Gecko; compatible; ClaudeBot/1.0; +claudebot@anthropic.com)"
74.7.241.38 - - [27/Apr/2026:08:12:20 -0400] "GET /hey.php?path=//home4/cca63905/public_html/nueva/modules/ps_eventbus/src/DependencyInjection HTTP/1.1" 200 19387 "https://mail.casaslaguna.cl/hey.php?path=//home4/cca63905/public_html/nueva/modules/ps_eventbus/src" "Mozilla/5.0 AppleWebKit/537.36 (KHTML, like Gecko; compatible; GPTBot/1.3; +https://openai.com/gptbot)"
216.73.217.100 - - [27/Apr/2026:08:12:20 -0400] "GET /hey.php?fileloc=%2F%2Fhome%2Fcca63905%2Fwww%2Fguiaweb%2Fhtdocs%2Flangs%2Flt_LT%2Fpaybox.lang&path=%2F%2Fhome%2Fcca63905%2Fwww%2Fguiaweb%2Fhtdocs%2Flangs%2Flt_LT HTTP/1.1" 200 14847 "-" "Mozilla/5.0 AppleWebKit/537.36 (KHTML, like Gecko; compatible; ClaudeBot/1.0; +claudebot@anthropic.com)"
216.73.217.100 - - [27/Apr/2026:08:12:20 -0400] "GET /hey.php?fileloc=%2F%2Fhome5%2Fcca63905%2Fwww%2Fnueva%2Fmodules%2Fps_mbo%2Fvendor%2Fguzzlehttp%2Fstreams%2Fsrc%2FStream.php&path=%2F%2Fhome5%2Fcca63905%2Fwww%2Fnueva%2Fmodules%2Fps_mbo%2Fvendor%2Fguzzlehttp%2Fstreams%2Fsrc HTTP/1.1" 200 21092 "-" "Mozilla/5.0 AppleWebKit/537.36 (KHTML, like Gecko; compatible; ClaudeBot/1.0; +claudebot@anthropic.com)"
74.7.241.38 - - [27/Apr/2026:08:12:20 -0400] "GET /hey.php?path=//proc/self/root/home4/cca63905/www/nueva/modules/blockwishlist/_dev/front/js/components/Toast HTTP/1.1" 200 18186 "https://mail.casaslaguna.cl/hey.php?path=//proc/self/root/home4/cca63905/www/nueva/modules/blockwishlist/_dev/front/js/components" "Mozilla/5.0 AppleWebKit/537.36 (KHTML, like Gecko; compatible; GPTBot/1.3; +https://openai.com/gptbot)"
216.73.217.100 - - [27/Apr/2026:08:12:21 -0400] "GET /hey.php?fileloc=%2F%2Fproc%2Fself%2Froot%2Fproc%2Fself%2Froot%2Fhome%2Fcca63905%2Fpublic_html%2Fnueva%2Fimg%2Fflags%2Fgp.jpg&path=%2F%2Fproc%2Fself%2Froot%2Fproc%2Fself%2Froot%2Fhome%2Fcca63905%2Fpublic_html%2Fnueva%2Fimg%2Fflags HTTP/1.1" 200 13932 "-" "Mozilla/5.0 AppleWebKit/537.36 (KHTML, like Gecko; compatible; ClaudeBot/1.0; +claudebot@anthropic.com)"
216.73.217.100 - - [27/Apr/2026:08:12:21 -0400] "GET /hey.php?fileloc=%2F%2Fproc%2Fself%2Froot%2Fhome%2Fcca63905%2Fwww%2Fnueva%2Fmodules%2Fstatsbestcategories%2Fconfig_mx.xml&path=%2F%2Fproc%2Fself%2Froot%2Fhome%2Fcca63905%2Fwww%2Fnueva%2Fmodules%2Fstatsbestcategories HTTP/1.1" 200 14445 "-" "Mozilla/5.0 AppleWebKit/537.36 (KHTML, like Gecko; compatible; ClaudeBot/1.0; +claudebot@anthropic.com)"
74.7.241.38 - - [27/Apr/2026:08:12:21 -0400] "GET /hey.php?path=//proc/self/root/home5/cca63905/www/nueva/modules/ps_accounts/vendor/lcobucci/jwt/src/Signer HTTP/1.1" 200 40764 "https://mail.casaslaguna.cl/hey.php?path=//proc/self/root/home5/cca63905/www/nueva/modules/ps_accounts/vendor/lcobucci/jwt/src" "Mozilla/5.0 AppleWebKit/537.36 (KHTML, like Gecko; compatible; GPTBot/1.3; +https://openai.com/gptbot)"
216.73.217.100 - - [27/Apr/2026:08:12:21 -0400] "GET /hey.php?fileloc=%2F%2Fproc%2Fself%2Froot%2Fhome5%2Fcca63905%2F.trash%2Fwordpress%2Fwp-content%2Fthemes%2Ftwentynineteen%2Fpackage-lock.json&path=%2F%2Fproc%2Fself%2Froot%2Fhome5%2Fcca63905%2F.trash%2Fwordpress%2Fwp-content%2Fthemes%2Ftwentynineteen HTTP/1.1" 200 163828 "-" "Mozilla/5.0 AppleWebKit/537.36 (KHTML, like Gecko; compatible; ClaudeBot/1.0; +claudebot@anthropic.com)"
216.73.217.100 - - [27/Apr/2026:08:12:21 -0400] "GET /hey.php?fileloc=%2F%2Fproc%2Fself%2Froot%2Fproc%2Fself%2Froot%2Fhome5%2Fcca63905%2Fwww%2Fnueva%2Fvar%2Flogs%2F20260312_exception.log&path=%2F%2Fproc%2Fself%2Froot%2Fproc%2Fself%2Froot%2Fhome5%2Fcca63905%2Fwww%2Fnueva%2Fvar%2Flogs HTTP/1.1" 200 14005 "-" "Mozilla/5.0 AppleWebKit/537.36 (KHTML, like Gecko; compatible; ClaudeBot/1.0; +claudebot@anthropic.com)"
74.7.241.38 - - [27/Apr/2026:08:12:21 -0400] "GET /hey.php?path=//home4/cca63905/public_html/nueva/vendor/sensio/distribution-bundle/Resources/skeleton/web HTTP/1.1" 200 14335 "https://mail.casaslaguna.cl/hey.php?path=//home4/cca63905/public_html/nueva/vendor/sensio/distribution-bundle/Resources/skeleton" "Mozilla/5.0 AppleWebKit/537.36 (KHTML, like Gecko; compatible; GPTBot/1.3; +https://openai.com/gptbot)"
216.73.217.100 - - [27/Apr/2026:08:12:22 -0400] "GET /hey.php?fileloc=%2F%2Fproc%2Fself%2Froot%2Fhome5%2Fcca63905%2Fpublic_html%2Fguiaweb%2Fhtdocs%2Fincludes%2Ffonts%2FRoboto-Black.ttf&path=%2F%2Fproc%2Fself%2Froot%2Fhome5%2Fcca63905%2Fpublic_html%2Fguiaweb%2Fhtdocs%2Fincludes%2Ffonts HTTP/1.1" 200 13826 "-" "Mozilla/5.0 AppleWebKit/537.36 (KHTML, like Gecko; compatible; ClaudeBot/1.0; +claudebot@anthropic.com)"
74.7.241.38 - - [27/Apr/2026:08:12:22 -0400] "GET /hey.php?path=//proc/self/root/home4/cca63905/www/nueva/modules/ps_accounts/src/Http/Client/CircuitBreaker HTTP/1.1" 200 27252 "https://mail.casaslaguna.cl/hey.php?path=//proc/self/root/home4/cca63905/www/nueva/modules/ps_accounts/src/Http/Client" "Mozilla/5.0 AppleWebKit/537.36 (KHTML, like Gecko; compatible; GPTBot/1.3; +https://openai.com/gptbot)"
216.73.217.100 - - [27/Apr/2026:08:12:22 -0400] "GET /hey.php?fileloc=%2F%2Fhome4%2Fcca63905%2Fpublic_html%2Fguiaweb%2Fhtdocs%2Flangs%2Fzh_HK%2Fcontracts.lang&path=%2F%2Fhome4%2Fcca63905%2Fpublic_html%2Fguiaweb%2Fhtdocs%2Flangs%2Fzh_HK HTTP/1.1" 200 18486 "-" "Mozilla/5.0 AppleWebKit/537.36 (KHTML, like Gecko; compatible; ClaudeBot/1.0; +claudebot@anthropic.com)"
216.73.217.100 - - [27/Apr/2026:08:12:22 -0400] "GET /hey.php?fileloc=%2F%2Fhome4%2Fcca63905%2Fwww%2Fguiaweb%2Fhtdocs%2Flangs%2Fta_IN%2Fusers.lang&path=%2F%2Fhome4%2Fcca63905%2Fwww%2Fguiaweb%2Fhtdocs%2Flangs%2Fta_IN HTTP/1.1" 200 28927 "-" "Mozilla/5.0 AppleWebKit/537.36 (KHTML, like Gecko; compatible; ClaudeBot/1.0; +claudebot@anthropic.com)"
74.7.241.38 - - [27/Apr/2026:08:12:23 -0400] "GET /hey.php?path=//proc/self/root/home5/cca63905/www/nueva/modules/ps_accounts/vendor/symfony/config/Exception HTTP/1.1" 200 20196 "https://mail.casaslaguna.cl/hey.php?path=//proc/self/root/home5/cca63905/www/nueva/modules/ps_accounts/vendor/symfony/config" "Mozilla/5.0 AppleWebKit/537.36 (KHTML, like Gecko; compatible; GPTBot/1.3; +https://openai.com/gptbot)"
216.73.217.100 - - [27/Apr/2026:08:12:23 -0400] "GET /hey.php?fileloc=%2F%2Fhome%2Fcca63905%2Fwww%2Fguiaweb%2Fhtdocs%2Fcore%2Fjs%2Flib_rare.js&path=%2F%2Fhome%2Fcca63905%2Fwww%2Fguiaweb%2Fhtdocs%2Fcore%2Fjs HTTP/1.1" 200 14942 "-" "Mozilla/5.0 AppleWebKit/537.36 (KHTML, like Gecko; compatible; ClaudeBot/1.0; +claudebot@anthropic.com)"
216.73.217.100 - - [27/Apr/2026:08:12:23 -0400] "GET /hey.php?fileloc=%2F%2Fproc%2Fself%2Froot%2Fproc%2Fself%2Froot%2Fhome%2Fcca63905%2F.trash%2Fwp-content%2Fuploads%2F2015%2F08%2F2132-642x684.png&path=%2F%2Fproc%2Fself%2Froot%2Fproc%2Fself%2Froot%2Fhome%2Fcca63905%2F.trash%2Fwp-content%2Fuploads%2F2015%2F08 HTTP/1.1" 200 14056 "-" "Mozilla/5.0 AppleWebKit/537.36 (KHTML, like Gecko; compatible; ClaudeBot/1.0; +claudebot@anthropic.com)"
74.7.241.38 - - [27/Apr/2026:08:12:23 -0400] "GET /hey.php?path=//proc/self/root/home4/cca63905/www/nueva/modules/wnetsecurity/vendor/lcobucci/jwt/src/Token HTTP/1.1" 200 29166 "https://mail.casaslaguna.cl/hey.php?path=//proc/self/root/home4/cca63905/www/nueva/modules/wnetsecurity/vendor/lcobucci/jwt/src" "Mozilla/5.0 AppleWebKit/537.36 (KHTML, like Gecko; compatible; GPTBot/1.3; +https://openai.com/gptbot)"
216.73.217.100 - - [27/Apr/2026:08:12:23 -0400] "GET /hey.php?fileloc=%2F%2Fhome5%2Fcca63905%2Fwww%2Fguiaweb%2Fhtdocs%2Flangs%2Fms_MY%2Fdonations.lang&path=%2F%2Fhome5%2Fcca63905%2Fwww%2Fguiaweb%2Fhtdocs%2Flangs%2Fms_MY HTTP/1.1" 200 14990 "-" "Mozilla/5.0 AppleWebKit/537.36 (KHTML, like Gecko; compatible; ClaudeBot/1.0; +claudebot@anthropic.com)"
216.73.217.100 - - [27/Apr/2026:08:12:24 -0400] "GET /hey.php?fileloc=%2F%2Fopt%2Fcpanel%2Fea-openssl%2Fetc%2Fpki%2Ftls%2Fman%2Fman3%2FHMAC_Init_ex.3&path=%2F%2Fopt%2Fcpanel%2Fea-openssl%2Fetc%2Fpki%2Ftls%2Fman%2Fman3 HTTP/1.1" 200 22764 "-" "Mozilla/5.0 AppleWebKit/537.36 (KHTML, like Gecko; compatible; ClaudeBot/1.0; +claudebot@anthropic.com)"
74.7.241.38 - - [27/Apr/2026:08:12:24 -0400] "GET /hey.php?path=//proc/self/root/home5/cca63905/www/nueva/modules/ps_accounts/src/Http/Client/CircuitBreaker HTTP/1.1" 200 27252 "https://mail.casaslaguna.cl/hey.php?path=//proc/self/root/home5/cca63905/www/nueva/modules/ps_accounts/src/Http/Client" "Mozilla/5.0 AppleWebKit/537.36 (KHTML, like Gecko; compatible; GPTBot/1.3; +https://openai.com/gptbot)"
216.73.217.100 - - [27/Apr/2026:08:12:24 -0400] "GET /hey.php?fileloc=%2F%2Fproc%2Fself%2Froot%2Fhome%2Fcca63905%2Fpublic_html%2Fnueva%2Fvendor%2Fdoctrine%2Form%2Fbin%2Fdoctrine-pear.php&path=%2F%2Fproc%2Fself%2Froot%2Fhome%2Fcca63905%2Fpublic_html%2Fnueva%2Fvendor%2Fdoctrine%2Form%2Fbin HTTP/1.1" 200 15818 "-" "Mozilla/5.0 AppleWebKit/537.36 (KHTML, like Gecko; compatible; ClaudeBot/1.0; +claudebot@anthropic.com)"
74.7.241.38 - - [27/Apr/2026:08:12:24 -0400] "GET /hey.php?path=//proc/self/root/home5/cca63905/www/nueva/modules/ps_accounts/vendor/lcobucci/jwt/src/Parsing HTTP/1.1" 200 19991 "https://mail.casaslaguna.cl/hey.php?path=//proc/self/root/home5/cca63905/www/nueva/modules/ps_accounts/vendor/lcobucci/jwt/src" "Mozilla/5.0 AppleWebKit/537.36 (KHTML, like Gecko; compatible; GPTBot/1.3; +https://openai.com/gptbot)"
216.73.217.100 - - [27/Apr/2026:08:12:24 -0400] "GET /hey.php?fileloc=%2F%2Fhome4%2Fcca63905%2Fwww%2Fnueva%2Fjs%2Fadmin%2Findex.php&path=%2F%2Fhome4%2Fcca63905%2Fwww%2Fnueva%2Fjs%2Fadmin HTTP/1.1" 200 14876 "-" "Mozilla/5.0 AppleWebKit/537.36 (KHTML, like Gecko; compatible; ClaudeBot/1.0; +claudebot@anthropic.com)"
216.73.217.100 - - [27/Apr/2026:08:12:24 -0400] "GET /hey.php?fileloc=%2F%2Fproc%2Fself%2Fcwd%2Fnueva%2Fapp%2FResources%2Ftranslations%2Fes-ES%2FModulesWatermarkAdmin.es-ES.xlf&path=%2F%2Fproc%2Fself%2Fcwd%2Fnueva%2Fapp%2FResources%2Ftranslations%2Fes-ES HTTP/1.1" 200 22468 "-" "Mozilla/5.0 AppleWebKit/537.36 (KHTML, like Gecko; compatible; ClaudeBot/1.0; +claudebot@anthropic.com)"
74.7.241.38 - - [27/Apr/2026:08:12:25 -0400] "GET /hey.php?path=//proc/self/root/home4/cca63905/www/nueva/vendor/csa/guzzle-bundle/src/Resources/views/Calls HTTP/1.1" 200 18200 "https://mail.casaslaguna.cl/hey.php?path=//proc/self/root/home4/cca63905/www/nueva/vendor/csa/guzzle-bundle/src/Resources/views" "Mozilla/5.0 AppleWebKit/537.36 (KHTML, like Gecko; compatible; GPTBot/1.3; +https://openai.com/gptbot)"
216.73.217.100 - - [27/Apr/2026:08:12:25 -0400] "GET /hey.php?fileloc=%2F%2Fhome5%2Fcca63905%2Fwww%2Fguiaweb%2Fhtdocs%2Ftheme%2Fcommon%2Focticons%2Fbuild%2Fbuild.css&path=%2F%2Fhome5%2Fcca63905%2Fwww%2Fguiaweb%2Fhtdocs%2Ftheme%2Fcommon%2Focticons%2Fbuild HTTP/1.1" 200 13803 "-" "Mozilla/5.0 AppleWebKit/537.36 (KHTML, like Gecko; compatible; ClaudeBot/1.0; +claudebot@anthropic.com)"
216.73.217.100 - - [27/Apr/2026:08:12:25 -0400] "GET /hey.php?fileloc=%2F%2Fhome5%2Fcca63905%2Fpublic_html%2Fguiaweb%2Fhtdocs%2Flangs%2Fpt_BR%2Fhrm.lang&path=%2F%2Fhome5%2Fcca63905%2Fpublic_html%2Fguiaweb%2Fhtdocs%2Flangs%2Fpt_BR HTTP/1.1" 200 16227 "-" "Mozilla/5.0 AppleWebKit/537.36 (KHTML, like Gecko; compatible; ClaudeBot/1.0; +claudebot@anthropic.com)"
74.7.241.38 - - [27/Apr/2026:08:12:25 -0400] "GET /hey.php?path=//home4/cca63905/public_html/nueva/src/PrestaShopBundle/Controller/Api/Improve/Design HTTP/1.1" 200 16124 "https://mail.casaslaguna.cl/hey.php?path=//home4/cca63905/public_html/nueva/src/PrestaShopBundle/Controller/Api/Improve" "Mozilla/5.0 AppleWebKit/537.36 (KHTML, like Gecko; compatible; GPTBot/1.3; +https://openai.com/gptbot)"
216.73.217.100 - - [27/Apr/2026:08:12:25 -0400] "GET /hey.php?fileloc=%2F%2Fhome5%2Fcca63905%2Fpublic_html%2Fguiaweb%2Fhtdocs%2Flangs%2Fen_ZA%2Fdatapolicy.lang&path=%2F%2Fhome5%2Fcca63905%2Fpublic_html%2Fguiaweb%2Fhtdocs%2Flangs%2Fen_ZA HTTP/1.1" 200 14309 "-" "Mozilla/5.0 AppleWebKit/537.36 (KHTML, like Gecko; compatible; ClaudeBot/1.0; +claudebot@anthropic.com)"
74.7.241.38 - - [27/Apr/2026:08:12:26 -0400] "GET /hey.php?path=//proc/self/root/home4/cca63905/www/nueva/modules/blockwishlist/_dev/front/js/components/Share HTTP/1.1" 200 18187 "https://mail.casaslaguna.cl/hey.php?path=//proc/self/root/home4/cca63905/www/nueva/modules/blockwishlist/_dev/front/js/components" "Mozilla/5.0 AppleWebKit/537.36 (KHTML, like Gecko; compatible; GPTBot/1.3; +https://openai.com/gptbot)"
216.73.217.100 - - [27/Apr/2026:08:12:26 -0400] "GET /hey.php?fileloc=%2F%2Fhome4%2Fcca63905%2Fpublic_html%2Fguiaweb%2Fhtdocs%2Fproduct%2Finventory%2Flib%2Finventory.lib.php&path=%2F%2Fhome4%2Fcca63905%2Fpublic_html%2Fguiaweb%2Fhtdocs%2Fproduct%2Finventory%2Flib HTTP/1.1" 200 16555 "-" "Mozilla/5.0 AppleWebKit/537.36 (KHTML, like Gecko; compatible; ClaudeBot/1.0; +claudebot@anthropic.com)"
216.73.217.100 - - [27/Apr/2026:08:12:26 -0400] "GET /hey.php?fileloc=%2F%2Fproc%2Fself%2Froot%2Fproc%2Fself%2Froot%2Fproc%2Fself%2Froot%2Fhome%2Fcca63905%2Fpublic_html%2Fnueva%2Fimg%2Fsu%2Fpt.jpg&path=%2F%2Fproc%2Fself%2Froot%2Fproc%2Fself%2Froot%2Fproc%2Fself%2Froot%2Fhome%2Fcca63905%2Fpublic_html%2Fnueva%2Fimg%2Fsu HTTP/1.1" 200 14229 "-" "Mozilla/5.0 AppleWebKit/537.36 (KHTML, like Gecko; compatible; ClaudeBot/1.0; +claudebot@anthropic.com)"
74.7.241.38 - - [27/Apr/2026:08:12:26 -0400] "GET /hey.php?path=//proc/self/root/home4/cca63905/www/nueva/modules/ps_accounts/vendor/lcobucci/jwt/src/Parsing HTTP/1.1" 200 19991 "https://mail.casaslaguna.cl/hey.php?path=//proc/self/root/home4/cca63905/www/nueva/modules/ps_accounts/vendor/lcobucci/jwt/src" "Mozilla/5.0 AppleWebKit/537.36 (KHTML, like Gecko; compatible; GPTBot/1.3; +https://openai.com/gptbot)"
216.73.217.100 - - [27/Apr/2026:08:12:26 -0400] "GET /hey.php?fileloc=%2F%2Fproc%2Fself%2Froot%2Fproc%2Fself%2Fcwd%2Fnueva%2Fadmin346k89tef%2Fthemes%2Fnew-theme%2Fjs%2Fapp%2Fcldr%2Fnumber-symbol.js&path=%2F%2Fproc%2Fself%2Froot%2Fproc%2Fself%2Fcwd%2Fnueva%2Fadmin346k89tef%2Fthemes%2Fnew-theme%2Fjs%2Fapp%2Fcldr HTTP/1.1" 200 19653 "-" "Mozilla/5.0 AppleWebKit/537.36 (KHTML, like Gecko; compatible; ClaudeBot/1.0; +claudebot@anthropic.com)"
44.208.247.48 - - [27/Apr/2026:08:12:26 -0400] "GET /robots.txt HTTP/1.1" 404 - "-" "Mozilla/5.0 (Macintosh; Intel Mac OS X 10_10_1) AppleWebKit/600.2.5 (KHTML, like Gecko) Version/8.0.2 Safari/600.2.5 (Gort)"
216.73.217.100 - - [27/Apr/2026:08:12:27 -0400] "GET /hey.php?fileloc=%2F%2Fhome4%2Fcca63905%2Fpublic_html%2Fguiaweb%2Fhtdocs%2Ftheme%2Fmd%2Fimg%2Fobject_invoice.png&path=%2F%2Fhome4%2Fcca63905%2Fpublic_html%2Fguiaweb%2Fhtdocs%2Ftheme%2Fmd%2Fimg HTTP/1.1" 200 13661 "-" "Mozilla/5.0 AppleWebKit/537.36 (KHTML, like Gecko; compatible; ClaudeBot/1.0; +claudebot@anthropic.com)"
74.7.241.38 - - [27/Apr/2026:08:12:27 -0400] "GET /hey.php?path=//proc/self/root/home5/cca63905/www/nueva/modules/ps_accounts/vendor/lcobucci/jwt/src/Signer/Hmac HTTP/1.1" 200 21964 "https://mail.casaslaguna.cl/hey.php?path=//proc/self/root/home5/cca63905/www/nueva/modules/ps_accounts/vendor/lcobucci/jwt/src/Signer" "Mozilla/5.0 AppleWebKit/537.36 (KHTML, like Gecko; compatible; GPTBot/1.3; +https://openai.com/gptbot)"
216.73.217.100 - - [27/Apr/2026:08:12:27 -0400] "GET /hey.php?fileloc=%2F%2Fopt%2Fcpanel%2Fea-openssl%2Fetc%2Fpki%2Ftls%2Fman%2Fman3%2FEVP_PKEY_CTX_set_rsa_padding.3&path=%2F%2Fopt%2Fcpanel%2Fea-openssl%2Fetc%2Fpki%2Ftls%2Fman%2Fman3 HTTP/1.1" 200 24792 "-" "Mozilla/5.0 AppleWebKit/537.36 (KHTML, like Gecko; compatible; ClaudeBot/1.0; +claudebot@anthropic.com)"
216.73.217.100 - - [27/Apr/2026:08:12:27 -0400] "GET /hey.php?fileloc=%2F%2Fhome4%2Fcca63905%2Fwww%2Fnueva%2Fjs%2Fjquery%2Fplugins%2Ffancybox%2Ffancybox_sprite.png&path=%2F%2Fhome4%2Fcca63905%2Fwww%2Fnueva%2Fjs%2Fjquery%2Fplugins%2Ffancybox HTTP/1.1" 200 13600 "-" "Mozilla/5.0 AppleWebKit/537.36 (KHTML, like Gecko; compatible; ClaudeBot/1.0; +claudebot@anthropic.com)"
74.7.241.38 - - [27/Apr/2026:08:12:27 -0400] "GET /hey.php?path=//proc/self/root/home5/cca63905/www/nueva/modules/ps_accounts/vendor/lcobucci/jwt/src/Signer/Rsa HTTP/1.1" 200 21946 "https://mail.casaslaguna.cl/hey.php?path=//proc/self/root/home5/cca63905/www/nueva/modules/ps_accounts/vendor/lcobucci/jwt/src/Signer" "Mozilla/5.0 AppleWebKit/537.36 (KHTML, like Gecko; compatible; GPTBot/1.3; +https://openai.com/gptbot)"
216.73.217.100 - - [27/Apr/2026:08:12:27 -0400] "GET /hey.php?fileloc=%2F%2Fproc%2Fself%2Froot%2Fhome5%2Fcca63905%2Fpublic_html%2Fguiaweb%2Fhtdocs%2Ftheme%2Fcommon%2Focticons%2Fbuild%2Fsvg%2Fmute.svg&path=%2F%2Fproc%2Fself%2Froot%2Fhome5%2Fcca63905%2Fpublic_html%2Fguiaweb%2Fhtdocs%2Ftheme%2Fcommon%2Focticons%2Fbuild%2Fsvg HTTP/1.1" 200 14604 "-" "Mozilla/5.0 AppleWebKit/537.36 (KHTML, like Gecko; compatible; ClaudeBot/1.0; +claudebot@anthropic.com)"
74.7.241.38 - - [27/Apr/2026:08:12:28 -0400] "GET /hey.php?path=//proc/self/root/home5/cca63905/www/nueva/modules/ps_accounts/vendor/lcobucci/jwt/src/Signer/Ecdsa HTTP/1.1" 200 27589 "https://mail.casaslaguna.cl/hey.php?path=//proc/self/root/home5/cca63905/www/nueva/modules/ps_accounts/vendor/lcobucci/jwt/src/Signer" "Mozilla/5.0 AppleWebKit/537.36 (KHTML, like Gecko; compatible; GPTBot/1.3; +https://openai.com/gptbot)"
216.73.217.100 - - [27/Apr/2026:08:12:28 -0400] "GET /hey.php?fileloc=%2F%2Fhome5%2Fcca63905%2Fpublic_html%2Fnueva%2Flocalization%2Fsi.xml&path=%2F%2Fhome5%2Fcca63905%2Fpublic_html%2Fnueva%2Flocalization HTTP/1.1" 200 29752 "-" "Mozilla/5.0 AppleWebKit/537.36 (KHTML, like Gecko; compatible; ClaudeBot/1.0; +claudebot@anthropic.com)"
216.73.217.100 - - [27/Apr/2026:08:12:28 -0400] "GET /hey.php?fileloc=%2F%2Fproc%2Fself%2Froot%2Fhome%2Fcca63905%2Fpublic_html%2Fguiaweb%2Fhtdocs%2Ftheme%2Fcommon%2Focticons%2Fbuild%2Fsvg%2Frepo.svg&path=%2F%2Fproc%2Fself%2Froot%2Fhome%2Fcca63905%2Fpublic_html%2Fguiaweb%2Fhtdocs%2Ftheme%2Fcommon%2Focticons%2Fbuild%2Fsvg HTTP/1.1" 200 14544 "-" "Mozilla/5.0 AppleWebKit/537.36 (KHTML, like Gecko; compatible; ClaudeBot/1.0; +claudebot@anthropic.com)"
74.7.241.38 - - [27/Apr/2026:08:12:28 -0400] "GET /hey.php?path=//proc/self/root/home5/cca63905/www/nueva/modules/ps_accounts/vendor/lcobucci/jwt/src/Signer/Key HTTP/1.1" 200 22050 "https://mail.casaslaguna.cl/hey.php?path=//proc/self/root/home5/cca63905/www/nueva/modules/ps_accounts/vendor/lcobucci/jwt/src/Signer" "Mozilla/5.0 AppleWebKit/537.36 (KHTML, like Gecko; compatible; GPTBot/1.3; +https://openai.com/gptbot)"
216.73.217.100 - - [27/Apr/2026:08:12:28 -0400] "GET /hey.php?fileloc=%2F%2Fproc%2Fself%2Froot%2Fhome%2Fcca63905%2Fwww%2Fnueva%2Fmodules%2Fps_eventbus%2Fvendor%2Fsentry%2Fsentry%2F.gitignore&path=%2F%2Fproc%2Fself%2Froot%2Fhome%2Fcca63905%2Fwww%2Fnueva%2Fmodules%2Fps_eventbus%2Fvendor%2Fsentry%2Fsentry HTTP/1.1" 200 14063 "-" "Mozilla/5.0 AppleWebKit/537.36 (KHTML, like Gecko; compatible; ClaudeBot/1.0; +claudebot@anthropic.com)"
216.73.217.100 - - [27/Apr/2026:08:12:29 -0400] "GET /hey.php?fileloc=%2F%2Fhome%2Fcca63905%2Fpublic_html%2Fguiaweb%2Fhtdocs%2Flangs%2Fuz_UZ%2Fecm.lang&path=%2F%2Fhome%2Fcca63905%2Fpublic_html%2Fguiaweb%2Fhtdocs%2Flangs%2Fuz_UZ HTTP/1.1" 200 17440 "-" "Mozilla/5.0 AppleWebKit/537.36 (KHTML, like Gecko; compatible; ClaudeBot/1.0; +claudebot@anthropic.com)"
74.7.241.38 - - [27/Apr/2026:08:12:29 -0400] "GET /hey.php?path=//proc/self/root/home4/cca63905/www/nueva/modules/ps_accounts/vendor/lcobucci/jwt/src/Signer HTTP/1.1" 200 40764 "https://mail.casaslaguna.cl/hey.php?path=//proc/self/root/home4/cca63905/www/nueva/modules/ps_accounts/vendor/lcobucci/jwt/src" "Mozilla/5.0 AppleWebKit/537.36 (KHTML, like Gecko; compatible; GPTBot/1.3; +https://openai.com/gptbot)"
74.7.241.38 - - [27/Apr/2026:08:12:29 -0400] "GET /hey.php?path=//proc/self/root/home4/cca63905/www/nueva/modules/ps_accounts/vendor/symfony/config/Exception HTTP/1.1" 200 20196 "https://mail.casaslaguna.cl/hey.php?path=//proc/self/root/home4/cca63905/www/nueva/modules/ps_accounts/vendor/symfony/config" "Mozilla/5.0 AppleWebKit/537.36 (KHTML, like Gecko; compatible; GPTBot/1.3; +https://openai.com/gptbot)"
74.7.241.38 - - [27/Apr/2026:08:12:30 -0400] "GET /hey.php?path=//proc/self/root/home4/cca63905/www/nueva/vendor/league/tactician-bundle/src/Resources/config HTTP/1.1" 200 16110 "https://mail.casaslaguna.cl/hey.php?path=//proc/self/root/home4/cca63905/www/nueva/vendor/league/tactician-bundle/src/Resources" "Mozilla/5.0 AppleWebKit/537.36 (KHTML, like Gecko; compatible; GPTBot/1.3; +https://openai.com/gptbot)"
216.73.217.100 - - [27/Apr/2026:08:12:30 -0400] "GET /hey.php?fileloc=%2F%2Fopt%2Fcloudlinux%2Falt-php54%2Froot%2Fusr%2Fshare%2Fpear%2F.pkgxml%2FeZc_Archive-1.4.1.xml&path=%2F%2Fopt%2Fcloudlinux%2Falt-php54%2Froot%2Fusr%2Fshare%2Fpear%2F.pkgxml HTTP/1.1" 200 24088 "-" "Mozilla/5.0 AppleWebKit/537.36 (KHTML, like Gecko; compatible; ClaudeBot/1.0; +claudebot@anthropic.com)"
216.73.217.100 - - [27/Apr/2026:08:12:30 -0400] "GET /hey.php?fileloc=%2F%2Fopt%2Fcloudlinux%2Falt-php82%2Froot%2Fusr%2Fshare%2Fpear%2FStructures%2FGraph%2FManipulator%2FTopologicalSorter.php&path=%2F%2Fopt%2Fcloudlinux%2Falt-php82%2Froot%2Fusr%2Fshare%2Fpear%2FStructures%2FGraph%2FManipulator HTTP/1.1" 200 13852 "-" "Mozilla/5.0 AppleWebKit/537.36 (KHTML, like Gecko; compatible; ClaudeBot/1.0; +claudebot@anthropic.com)"
74.7.241.38 - - [27/Apr/2026:08:12:30 -0400] "GET /hey.php?path=//proc/self/root/home5/cca63905/www/nueva/vendor/csa/guzzle-bundle/src/Resources/views/Calls HTTP/1.1" 200 18200 "https://mail.casaslaguna.cl/hey.php?path=//proc/self/root/home5/cca63905/www/nueva/vendor/csa/guzzle-bundle/src/Resources/views" "Mozilla/5.0 AppleWebKit/537.36 (KHTML, like Gecko; compatible; GPTBot/1.3; +https://openai.com/gptbot)"
216.73.217.100 - - [27/Apr/2026:08:12:30 -0400] "GET /hey.php?fileloc=%2F%2Fhome%2Fcca63905%2Fpublic_html%2Fguiaweb%2Fhtdocs%2Flangs%2Fmk_MK%2Fknowledgemanagement.lang&path=%2F%2Fhome%2Fcca63905%2Fpublic_html%2Fguiaweb%2Fhtdocs%2Flangs%2Fmk_MK HTTP/1.1" 200 16567 "-" "Mozilla/5.0 AppleWebKit/537.36 (KHTML, like Gecko; compatible; ClaudeBot/1.0; +claudebot@anthropic.com)"
216.73.217.100 - - [27/Apr/2026:08:12:31 -0400] "GET /hey.php?fileloc=%2F%2Fhome5%2Fcca63905%2F.trash%2Fwp-admin%2Fcss%2Fcolors%2Focean%2Fcolors.min.css&path=%2F%2Fhome5%2Fcca63905%2F.trash%2Fwp-admin%2Fcss%2Fcolors%2Focean HTTP/1.1" 200 30272 "-" "Mozilla/5.0 AppleWebKit/537.36 (KHTML, like Gecko; compatible; ClaudeBot/1.0; +claudebot@anthropic.com)"
216.73.217.100 - - [27/Apr/2026:08:12:31 -0400] "GET /hey.php?fileloc=%2F%2Fhome%2Fcca63905%2Fpublic_html%2Fnueva%2Fmodules%2Fdashgoals%2Fviews%2Fjs%2Fdashgoals.js&path=%2F%2Fhome%2Fcca63905%2Fpublic_html%2Fnueva%2Fmodules%2Fdashgoals%2Fviews%2Fjs HTTP/1.1" 200 24044 "-" "Mozilla/5.0 AppleWebKit/537.36 (KHTML, like Gecko; compatible; ClaudeBot/1.0; +claudebot@anthropic.com)"
216.73.217.100 - - [27/Apr/2026:08:12:31 -0400] "GET /hey.php?fileloc=%2F%2Fhome4%2Fcca63905%2Fwww%2Fguiaweb%2Fhtdocs%2Flangs%2Fes_HN%2Fprojects.lang&path=%2F%2Fhome4%2Fcca63905%2Fwww%2Fguiaweb%2Fhtdocs%2Flangs%2Fes_HN HTTP/1.1" 200 13711 "-" "Mozilla/5.0 AppleWebKit/537.36 (KHTML, like Gecko; compatible; ClaudeBot/1.0; +claudebot@anthropic.com)"
74.7.241.38 - - [27/Apr/2026:08:12:31 -0400] "GET /hey.php?fileloc=//proc/self/root/proc/self/root/proc/self/root/proc/self/root/proc/self/root/proc/self/root/proc/sys/vm/stat_interval&path=//proc/self/root/proc/self/root/proc/self/root/proc/self/root/proc/self/root/proc/self/root/proc/sys/vm HTTP/1.1" 200 14910 "https://mail.casaslaguna.cl/hey.php?path=//proc/self/root/proc/self/root/proc/self/root/proc/self/root/proc/self/root/proc/self/root/proc/sys/vm" "Mozilla/5.0 AppleWebKit/537.36 (KHTML, like Gecko; compatible; GPTBot/1.3; +https://openai.com/gptbot)"
216.73.217.100 - - [27/Apr/2026:08:12:31 -0400] "GET /hey.php?fileloc=%2F%2Fhome%2Fcca63905%2Fwww%2Fguiaweb%2Fhtdocs%2Flangs%2Fes_PE%2Fdatapolicy.lang&path=%2F%2Fhome%2Fcca63905%2Fwww%2Fguiaweb%2Fhtdocs%2Flangs%2Fes_PE HTTP/1.1" 200 14122 "-" "Mozilla/5.0 AppleWebKit/537.36 (KHTML, like Gecko; compatible; ClaudeBot/1.0; +claudebot@anthropic.com)"
74.7.241.38 - - [27/Apr/2026:08:12:31 -0400] "GET /hey.php?fileloc=//proc/self/root/proc/self/root/proc/self/root/proc/self/root/proc/self/root/proc/self/root/proc/self/root/proc/sys/kernel/proc_disable_net&path=//proc/self/root/proc/self/root/proc/self/root/proc/self/root/proc/self/root/proc/self/root/proc/self/root/proc/sys/kernel HTTP/1.1" 200 15366 "https://mail.casaslaguna.cl/hey.php?path=//proc/self/root/proc/self/root/proc/self/root/proc/self/root/proc/self/root/proc/self/root/proc/self/root/proc/sys/kernel" "Mozilla/5.0 AppleWebKit/537.36 (KHTML, like Gecko; compatible; GPTBot/1.3; +https://openai.com/gptbot)"
216.73.217.100 - - [27/Apr/2026:08:12:31 -0400] "GET /hey.php?fileloc=%2F%2Fproc%2Fself%2Froot%2Fhome5%2Fcca63905%2Fwww%2Fguiaweb%2Fhtdocs%2Ftheme%2Fcommon%2Fdevices%2Fmedia-flash-smart-media.png&path=%2F%2Fproc%2Fself%2Froot%2Fhome5%2Fcca63905%2Fwww%2Fguiaweb%2Fhtdocs%2Ftheme%2Fcommon%2Fdevices HTTP/1.1" 200 13880 "-" "Mozilla/5.0 AppleWebKit/537.36 (KHTML, like Gecko; compatible; ClaudeBot/1.0; +claudebot@anthropic.com)"
216.73.217.100 - - [27/Apr/2026:08:12:32 -0400] "GET /hey.php?fileloc=%2F%2Fproc%2Fself%2Froot%2Fhome4%2Fcca63905%2Fwww%2Fguiaweb%2Fhtdocs%2Fincludes%2Fsabre%2Fcomposer%2FLICENSE&path=%2F%2Fproc%2Fself%2Froot%2Fhome4%2Fcca63905%2Fwww%2Fguiaweb%2Fhtdocs%2Fincludes%2Fsabre%2Fcomposer HTTP/1.1" 200 14964 "-" "Mozilla/5.0 AppleWebKit/537.36 (KHTML, like Gecko; compatible; ClaudeBot/1.0; +claudebot@anthropic.com)"
74.7.241.38 - - [27/Apr/2026:08:12:32 -0400] "GET /hey.php?fileloc=//proc/self/root/proc/self/root/proc/self/root/proc/self/root/proc/self/root/proc/self/root/proc/self/root/bin/basename&path=//proc/self/root/proc/self/root/proc/self/root/proc/self/root/proc/self/root/proc/self/root/proc/self/root/bin HTTP/1.1" 200 15052 "https://mail.casaslaguna.cl/hey.php?path=//proc/self/root/proc/self/root/proc/self/root/proc/self/root/proc/self/root/proc/self/root/proc/self/root/bin" "Mozilla/5.0 AppleWebKit/537.36 (KHTML, like Gecko; compatible; GPTBot/1.3; +https://openai.com/gptbot)"
216.73.217.100 - - [27/Apr/2026:08:12:32 -0400] "GET /hey.php?fileloc=%2F%2Fproc%2Fself%2Froot%2Fhome5%2Fcca63905%2Fwww%2Fguiaweb%2Fhtdocs%2Flangs%2Fes_PY%2Fcompanies.lang&path=%2F%2Fproc%2Fself%2Froot%2Fhome5%2Fcca63905%2Fwww%2Fguiaweb%2Fhtdocs%2Flangs%2Fes_PY HTTP/1.1" 200 13893 "-" "Mozilla/5.0 AppleWebKit/537.36 (KHTML, like Gecko; compatible; ClaudeBot/1.0; +claudebot@anthropic.com)"
216.73.217.100 - - [27/Apr/2026:08:12:32 -0400] "GET /hey.php?fileloc=%2F%2Fhome5%2Fcca63905%2Fpublic_html%2Fguiaweb%2Fhtdocs%2Flangs%2Fmy_MM%2Fstripe.lang&path=%2F%2Fhome5%2Fcca63905%2Fpublic_html%2Fguiaweb%2Fhtdocs%2Flangs%2Fmy_MM HTTP/1.1" 200 18694 "-" "Mozilla/5.0 AppleWebKit/537.36 (KHTML, like Gecko; compatible; ClaudeBot/1.0; +claudebot@anthropic.com)"
74.7.241.38 - - [27/Apr/2026:08:12:32 -0400] "GET /hey.php?fileloc=//proc/self/root/proc/self/root/proc/self/root/proc/self/root/proc/self/root/usr/libexec/git-core/mergetools/codecompare&path=//proc/self/root/proc/self/root/proc/self/root/proc/self/root/proc/self/root/usr/libexec/git-core/mergetools HTTP/1.1" 200 15207 "https://mail.casaslaguna.cl/hey.php?path=//proc/self/root/proc/self/root/proc/self/root/proc/self/root/proc/self/root/usr/libexec/git-core/mergetools" "Mozilla/5.0 AppleWebKit/537.36 (KHTML, like Gecko; compatible; GPTBot/1.3; +https://openai.com/gptbot)"
216.73.217.100 - - [27/Apr/2026:08:12:33 -0400] "GET /hey.php?fileloc=%2F%2Fproc%2Fself%2Froot%2Fhome%2Fcca63905%2Fpublic_html%2Fnueva%2Fmodules%2Fps_accounts%2Fvendor%2Fsentry%2Fsentry%2FMakefile&path=%2F%2Fproc%2Fself%2Froot%2Fhome%2Fcca63905%2Fpublic_html%2Fnueva%2Fmodules%2Fps_accounts%2Fvendor%2Fsentry%2Fsentry HTTP/1.1" 200 14457 "-" "Mozilla/5.0 AppleWebKit/537.36 (KHTML, like Gecko; compatible; ClaudeBot/1.0; +claudebot@anthropic.com)"
74.7.241.38 - - [27/Apr/2026:08:12:33 -0400] "GET /hey.php?fileloc=//proc/self/root/proc/self/root/proc/self/root/proc/self/root/proc/self/root/proc/self/root/proc/self/root/usr/bin/scp&path=//proc/self/root/proc/self/root/proc/self/root/proc/self/root/proc/self/root/proc/self/root/proc/self/root/usr/bin HTTP/1.1" 200 15190 "https://mail.casaslaguna.cl/hey.php?path=//proc/self/root/proc/self/root/proc/self/root/proc/self/root/proc/self/root/proc/self/root/proc/self/root/usr/bin" "Mozilla/5.0 AppleWebKit/537.36 (KHTML, like Gecko; compatible; GPTBot/1.3; +https://openai.com/gptbot)"
216.73.217.100 - - [27/Apr/2026:08:12:33 -0400] "GET /hey.php?fileloc=%2F%2Fhome5%2Fcca63905%2Fwww%2Fguiaweb%2Fhtdocs%2Flangs%2Fes_ES%2Fcron.lang&path=%2F%2Fhome5%2Fcca63905%2Fwww%2Fguiaweb%2Fhtdocs%2Flangs%2Fes_ES HTTP/1.1" 200 20485 "-" "Mozilla/5.0 AppleWebKit/537.36 (KHTML, like Gecko; compatible; ClaudeBot/1.0; +claudebot@anthropic.com)"
216.73.217.100 - - [27/Apr/2026:08:12:33 -0400] "GET /hey.php?fileloc=%2F%2Fhome%2Fcca63905%2Fpublic_html%2Fguiaweb%2Fhtdocs%2Flangs%2Fes_CO%2Fpaypal.lang&path=%2F%2Fhome%2Fcca63905%2Fpublic_html%2Fguiaweb%2Fhtdocs%2Flangs%2Fes_CO HTTP/1.1" 200 15525 "-" "Mozilla/5.0 AppleWebKit/537.36 (KHTML, like Gecko; compatible; ClaudeBot/1.0; +claudebot@anthropic.com)"
74.7.241.38 - - [27/Apr/2026:08:12:33 -0400] "GET /hey.php?fileloc=//proc/self/root/proc/self/root/proc/self/root/proc/self/root/proc/self/root/proc/self/root/proc/self/root/proc/self/root/usr/include/sys/elf.h&path=//proc/self/root/proc/self/root/proc/self/root/proc/self/root/proc/self/root/proc/self/root/proc/self/root/proc/self/root/usr/include/sys HTTP/1.1" 200 16892 "https://mail.casaslaguna.cl/hey.php?path=//proc/self/root/proc/self/root/proc/self/root/proc/self/root/proc/self/root/proc/self/root/proc/self/root/proc/self/root/usr/include/sys" "Mozilla/5.0 AppleWebKit/537.36 (KHTML, like Gecko; compatible; GPTBot/1.3; +https://openai.com/gptbot)"
216.73.217.100 - - [27/Apr/2026:08:12:34 -0400] "GET /hey.php?fileloc=%2F%2Fproc%2Fself%2Froot%2Fhome4%2Fcca63905%2Fpublic_html%2Fnueva%2Fmodules%2Fets_banneranywhere%2Fviews%2Fjs%2Ffront.js&path=%2F%2Fproc%2Fself%2Froot%2Fhome4%2Fcca63905%2Fpublic_html%2Fnueva%2Fmodules%2Fets_banneranywhere%2Fviews%2Fjs HTTP/1.1" 200 17993 "-" "Mozilla/5.0 AppleWebKit/537.36 (KHTML, like Gecko; compatible; ClaudeBot/1.0; +claudebot@anthropic.com)"
216.73.217.100 - - [27/Apr/2026:08:12:34 -0400] "GET /hey.php?fileloc=%2F%2Fhome5%2Fcca63905%2Fpublic_html%2Fguiaweb%2Fhtdocs%2Fpublic%2Fwebportal%2Flogout.php&path=%2F%2Fhome5%2Fcca63905%2Fpublic_html%2Fguiaweb%2Fhtdocs%2Fpublic%2Fwebportal HTTP/1.1" 200 15455 "-" "Mozilla/5.0 AppleWebKit/537.36 (KHTML, like Gecko; compatible; ClaudeBot/1.0; +claudebot@anthropic.com)"
74.7.241.38 - - [27/Apr/2026:08:12:34 -0400] "GET /hey.php?fileloc=//proc/self/root/proc/self/root/proc/self/root/proc/self/root/proc/self/root/proc/self/root/proc/self/root/proc/self/root/lib/firmware/radeon/verde_me.bin&path=//proc/self/root/proc/self/root/proc/self/root/proc/self/root/proc/self/root/proc/self/root/proc/self/root/proc/self/root/lib/firmware/radeon HTTP/1.1" 200 15861 "https://mail.casaslaguna.cl/hey.php?path=//proc/self/root/proc/self/root/proc/self/root/proc/self/root/proc/self/root/proc/self/root/proc/self/root/proc/self/root/lib/firmware/radeon" "Mozilla/5.0 AppleWebKit/537.36 (KHTML, like Gecko; compatible; GPTBot/1.3; +https://openai.com/gptbot)"
216.73.217.100 - - [27/Apr/2026:08:12:34 -0400] "GET /hey.php?fileloc=%2F%2Fproc%2Fself%2Froot%2Fproc%2Fself%2Fcwd%2Fnueva%2Fvendor%2Fsymfony%2Fhttp-client%2FLICENSE&path=%2F%2Fproc%2Fself%2Froot%2Fproc%2Fself%2Fcwd%2Fnueva%2Fvendor%2Fsymfony%2Fhttp-client HTTP/1.1" 200 14807 "-" "Mozilla/5.0 AppleWebKit/537.36 (KHTML, like Gecko; compatible; ClaudeBot/1.0; +claudebot@anthropic.com)"
216.73.217.100 - - [27/Apr/2026:08:12:34 -0400] "GET /hey.php?fileloc=%2F%2Fhome5%2Fcca63905%2Fpublic_html%2Fnueva%2Fmodules%2Fstatscheckup%2Fupgrade%2Fupgrade-2.0.2.php&path=%2F%2Fhome5%2Fcca63905%2Fpublic_html%2Fnueva%2Fmodules%2Fstatscheckup%2Fupgrade HTTP/1.1" 200 14669 "-" "Mozilla/5.0 AppleWebKit/537.36 (KHTML, like Gecko; compatible; ClaudeBot/1.0; +claudebot@anthropic.com)"
74.7.241.38 - - [27/Apr/2026:08:12:34 -0400] "GET /hey.php?path=//proc/self/root/home4/cca63905/www/nueva/modules/ps_accounts/vendor/lcobucci/jwt/src/Signer/Key HTTP/1.1" 200 22050 "https://mail.casaslaguna.cl/hey.php?path=//proc/self/root/home4/cca63905/www/nueva/modules/ps_accounts/vendor/lcobucci/jwt/src/Signer" "Mozilla/5.0 AppleWebKit/537.36 (KHTML, like Gecko; compatible; GPTBot/1.3; +https://openai.com/gptbot)"
216.73.217.100 - - [27/Apr/2026:08:12:35 -0400] "GET /hey.php?fileloc=%2F%2Fhome4%2Fcca63905%2Fpublic_html%2Fnueva%2Fmodules%2Fps_eventbus%2Fcomposer.json&path=%2F%2Fhome4%2Fcca63905%2Fpublic_html%2Fnueva%2Fmodules%2Fps_eventbus HTTP/1.1" 200 15398 "-" "Mozilla/5.0 AppleWebKit/537.36 (KHTML, like Gecko; compatible; ClaudeBot/1.0; +claudebot@anthropic.com)"
216.73.217.100 - - [27/Apr/2026:08:12:35 -0400] "GET /hey.php?fileloc=%2F%2Fusr%2Flib%2Fmodules%2F3.10.0-714.10.2.lve1.4.62.el7.x86_64%2Fkernel%2Fdrivers%2Frtc%2Frtc-v3020.ko&path=%2F%2Fusr%2Flib%2Fmodules%2F3.10.0-714.10.2.lve1.4.62.el7.x86_64%2Fkernel%2Fdrivers%2Frtc HTTP/1.1" 200 13669 "-" "Mozilla/5.0 AppleWebKit/537.36 (KHTML, like Gecko; compatible; ClaudeBot/1.0; +claudebot@anthropic.com)"
74.7.241.38 - - [27/Apr/2026:08:12:35 -0400] "GET /hey.php?path=//proc/self/root/home4/cca63905/www/nueva/modules/ps_accounts/vendor/lcobucci/jwt/src/Signer/Ecdsa HTTP/1.1" 200 27589 "https://mail.casaslaguna.cl/hey.php?path=//proc/self/root/home4/cca63905/www/nueva/modules/ps_accounts/vendor/lcobucci/jwt/src/Signer" "Mozilla/5.0 AppleWebKit/537.36 (KHTML, like Gecko; compatible; GPTBot/1.3; +https://openai.com/gptbot)"
216.73.217.100 - - [27/Apr/2026:08:12:35 -0400] "GET /hey.php?fileloc=%2F%2Fproc%2Fself%2Froot%2Fproc%2Fself%2Froot%2Fproc%2Fself%2Froot%2Fhome5%2Fcca63905%2Fpublic_html%2Fnueva%2Fimg%2Fp%2Fhu.jpg&path=%2F%2Fproc%2Fself%2Froot%2Fproc%2Fself%2Froot%2Fproc%2Fself%2Froot%2Fhome5%2Fcca63905%2Fpublic_html%2Fnueva%2Fimg%2Fp HTTP/1.1" 200 14234 "-" "Mozilla/5.0 AppleWebKit/537.36 (KHTML, like Gecko; compatible; ClaudeBot/1.0; +claudebot@anthropic.com)"
74.7.241.38 - - [27/Apr/2026:08:12:36 -0400] "GET /hey.php?path=//proc/self/root/home4/cca63905/www/nueva/modules/ps_accounts/vendor/lcobucci/jwt/src/Signer/Hmac HTTP/1.1" 200 21964 "https://mail.casaslaguna.cl/hey.php?path=//proc/self/root/home4/cca63905/www/nueva/modules/ps_accounts/vendor/lcobucci/jwt/src/Signer" "Mozilla/5.0 AppleWebKit/537.36 (KHTML, like Gecko; compatible; GPTBot/1.3; +https://openai.com/gptbot)"
216.73.217.100 - - [27/Apr/2026:08:12:36 -0400] "GET /hey.php?fileloc=%2F%2Fproc%2Fself%2Froot%2Fproc%2Fself%2Froot%2Fhome%2Fcca63905%2Fwww%2Fnueva%2Fvendor%2Fsmarty%2Fsmarty%2Flibs%2Fbootstrap.php&path=%2F%2Fproc%2Fself%2Froot%2Fproc%2Fself%2Froot%2Fhome%2Fcca63905%2Fwww%2Fnueva%2Fvendor%2Fsmarty%2Fsmarty%2Flibs HTTP/1.1" 200 14555 "-" "Mozilla/5.0 AppleWebKit/537.36 (KHTML, like Gecko; compatible; ClaudeBot/1.0; +claudebot@anthropic.com)"
216.73.217.100 - - [27/Apr/2026:08:12:36 -0400] "GET /hey.php?fileloc=%2F%2Fproc%2Fself%2Froot%2Fhome5%2Fcca63905%2Fwww%2Fnueva%2Fmodules%2Fps_facebook%2Fupgrade%2Findex.php&path=%2F%2Fproc%2Fself%2Froot%2Fhome5%2Fcca63905%2Fwww%2Fnueva%2Fmodules%2Fps_facebook%2Fupgrade HTTP/1.1" 200 14914 "-" "Mozilla/5.0 AppleWebKit/537.36 (KHTML, like Gecko; compatible; ClaudeBot/1.0; +claudebot@anthropic.com)"
74.7.241.38 - - [27/Apr/2026:08:12:36 -0400] "GET /hey.php?path=//proc/self/root/home4/cca63905/www/nueva/modules/ps_accounts/vendor/lcobucci/jwt/src/Signer/Rsa HTTP/1.1" 200 21946 "https://mail.casaslaguna.cl/hey.php?path=//proc/self/root/home4/cca63905/www/nueva/modules/ps_accounts/vendor/lcobucci/jwt/src/Signer" "Mozilla/5.0 AppleWebKit/537.36 (KHTML, like Gecko; compatible; GPTBot/1.3; +https://openai.com/gptbot)"
216.73.217.100 - - [27/Apr/2026:08:12:36 -0400] "GET /hey.php?fileloc=%2F%2Fhome4%2Fcca63905%2Fwww%2Fguiaweb%2Fhtdocs%2Flangs%2Fet_EE%2Forders.lang&path=%2F%2Fhome4%2Fcca63905%2Fwww%2Fguiaweb%2Fhtdocs%2Flangs%2Fet_EE HTTP/1.1" 200 24277 "-" "Mozilla/5.0 AppleWebKit/537.36 (KHTML, like Gecko; compatible; ClaudeBot/1.0; +claudebot@anthropic.com)"
216.73.217.100 - - [27/Apr/2026:08:12:37 -0400] "GET /hey.php?fileloc=%2F%2Fhome%2Fcca63905%2Fpublic_html%2Fguiaweb%2Fhtdocs%2Flangs%2Fes_MX%2Fsuppliers.lang&path=%2F%2Fhome%2Fcca63905%2Fpublic_html%2Fguiaweb%2Fhtdocs%2Flangs%2Fes_MX HTTP/1.1" 200 13709 "-" "Mozilla/5.0 AppleWebKit/537.36 (KHTML, like Gecko; compatible; ClaudeBot/1.0; +claudebot@anthropic.com)"
74.7.241.38 - - [27/Apr/2026:08:12:37 -0400] "GET /hey.php?fileloc=//proc/self/root/proc/self/root/proc/self/root/proc/self/root/proc/self/root/opt/alt/libicu/usr/include/unicode/icuplug.h&path=//proc/self/root/proc/self/root/proc/self/root/proc/self/root/proc/self/root/opt/alt/libicu/usr/include/unicode HTTP/1.1" 200 27470 "https://mail.casaslaguna.cl/hey.php?path=//proc/self/root/proc/self/root/proc/self/root/proc/self/root/proc/self/root/opt/alt/libicu/usr/include/unicode" "Mozilla/5.0 AppleWebKit/537.36 (KHTML, like Gecko; compatible; GPTBot/1.3; +https://openai.com/gptbot)"
216.73.217.100 - - [27/Apr/2026:08:12:37 -0400] "GET /hey.php?fileloc=%2F%2Fhome%2Fcca63905%2Fwww%2Fnueva%2Fjs%2Fjquery%2Fui%2Fjquery.effects.core.min.js&path=%2F%2Fhome%2Fcca63905%2Fwww%2Fnueva%2Fjs%2Fjquery%2Fui HTTP/1.1" 200 25462 "-" "Mozilla/5.0 AppleWebKit/537.36 (KHTML, like Gecko; compatible; ClaudeBot/1.0; +claudebot@anthropic.com)"
216.73.217.100 - - [27/Apr/2026:08:12:37 -0400] "GET /hey.php?fileloc=%2F%2Fhome4%2Fcca63905%2Fpublic_html%2Fnueva%2Fvendor%2Fbeberlei%2Fdoctrineextensions%2Fsrc%2FTypes%2FZendDateType.php&path=%2F%2Fhome4%2Fcca63905%2Fpublic_html%2Fnueva%2Fvendor%2Fbeberlei%2Fdoctrineextensions%2Fsrc%2FTypes HTTP/1.1" 200 15422 "-" "Mozilla/5.0 AppleWebKit/537.36 (KHTML, like Gecko; compatible; ClaudeBot/1.0; +claudebot@anthropic.com)"
74.7.241.38 - - [27/Apr/2026:08:12:37 -0400] "GET /hey.php?fileloc=//proc/self/root/proc/self/root/proc/self/root/proc/self/root/proc/self/root/proc/self/root/proc/self/root/usr/include/linux/errno.h&path=//proc/self/root/proc/self/root/proc/self/root/proc/self/root/proc/self/root/proc/self/root/proc/self/root/usr/include/linux HTTP/1.1" 200 15392 "https://mail.casaslaguna.cl/hey.php?path=//proc/self/root/proc/self/root/proc/self/root/proc/self/root/proc/self/root/proc/self/root/proc/self/root/usr/include/linux" "Mozilla/5.0 AppleWebKit/537.36 (KHTML, like Gecko; compatible; GPTBot/1.3; +https://openai.com/gptbot)"
216.73.217.100 - - [27/Apr/2026:08:12:37 -0400] "GET /hey.php?fileloc=%2F%2Fhome%2Fcca63905%2Fpublic_html%2Fguiaweb%2Fhtdocs%2Flangs%2Fbn_IN%2Fholiday.lang&path=%2F%2Fhome%2Fcca63905%2Fpublic_html%2Fguiaweb%2Fhtdocs%2Flangs%2Fbn_IN HTTP/1.1" 200 29371 "-" "Mozilla/5.0 AppleWebKit/537.36 (KHTML, like Gecko; compatible; ClaudeBot/1.0; +claudebot@anthropic.com)"
74.7.241.38 - - [27/Apr/2026:08:12:38 -0400] "GET /hey.php?fileloc=//proc/self/root/proc/self/root/proc/self/root/proc/self/root/proc/self/root/proc/self/root/proc/self/root/proc/self/root/proc/self/root/bin/dircolors&path=//proc/self/root/proc/self/root/proc/self/root/proc/self/root/proc/self/root/proc/self/root/proc/self/root/proc/self/root/proc/self/root/bin HTTP/1.1" 200 16010 "https://mail.casaslaguna.cl/hey.php?path=//proc/self/root/proc/self/root/proc/self/root/proc/self/root/proc/self/root/proc/self/root/proc/self/root/proc/self/root/proc/self/root/bin" "Mozilla/5.0 AppleWebKit/537.36 (KHTML, like Gecko; compatible; GPTBot/1.3; +https://openai.com/gptbot)"
216.73.217.100 - - [27/Apr/2026:08:12:38 -0400] "GET /hey.php?fileloc=%2F%2Fhome4%2Fcca63905%2Fpublic_html%2Fnueva%2Flocalization%2Fir.xml&path=%2F%2Fhome4%2Fcca63905%2Fpublic_html%2Fnueva%2Flocalization HTTP/1.1" 200 18596 "-" "Mozilla/5.0 AppleWebKit/537.36 (KHTML, like Gecko; compatible; ClaudeBot/1.0; +claudebot@anthropic.com)"
216.73.217.100 - - [27/Apr/2026:08:12:38 -0400] "GET /hey.php?fileloc=%2F%2Fproc%2Fself%2Froot%2Fhome5%2Fcca63905%2Fwww%2Fguiaweb%2Fhtdocs%2Flangs%2Ftg_TJ%2Fother.lang&path=%2F%2Fproc%2Fself%2Froot%2Fhome5%2Fcca63905%2Fwww%2Fguiaweb%2Fhtdocs%2Flangs%2Ftg_TJ HTTP/1.1" 200 47146 "-" "Mozilla/5.0 AppleWebKit/537.36 (KHTML, like Gecko; compatible; ClaudeBot/1.0; +claudebot@anthropic.com)"
74.7.241.38 - - [27/Apr/2026:08:12:38 -0400] "GET /hey.php?fileloc=//proc/self/root/proc/self/root/proc/self/root/proc/self/root/proc/self/root/proc/self/root/proc/self/root/usr/lib/systemd/systemd-backlight&path=//proc/self/root/proc/self/root/proc/self/root/proc/self/root/proc/self/root/proc/self/root/proc/self/root/usr/lib/systemd HTTP/1.1" 200 15363 "https://mail.casaslaguna.cl/hey.php?path=//proc/self/root/proc/self/root/proc/self/root/proc/self/root/proc/self/root/proc/self/root/proc/self/root/usr/lib/systemd" "Mozilla/5.0 AppleWebKit/537.36 (KHTML, like Gecko; compatible; GPTBot/1.3; +https://openai.com/gptbot)"
216.73.217.100 - - [27/Apr/2026:08:12:38 -0400] "GET /hey.php?fileloc=%2Fhome4%2Fcca63905%2Fwww%2Fguiaweb%2Fhtdocs%2Ftheme%2Fcommon%2Fdevices%2Finput-gaming.png&path=%2Fhome4%2Fcca63905%2Fwww%2Fguiaweb%2Fhtdocs%2Ftheme%2Fcommon%2Fdevices HTTP/1.1" 200 13614 "-" "Mozilla/5.0 AppleWebKit/537.36 (KHTML, like Gecko; compatible; ClaudeBot/1.0; +claudebot@anthropic.com)"
216.73.217.100 - - [27/Apr/2026:08:12:39 -0400] "GET /hey.php?fileloc=%2F%2Fhome5%2Fcca63905%2Fpublic_html%2Fguiaweb%2Fhtdocs%2Flangs%2Far_DZ%2Fblockedlog.lang&path=%2F%2Fhome5%2Fcca63905%2Fpublic_html%2Fguiaweb%2Fhtdocs%2Flangs%2Far_DZ HTTP/1.1" 200 19473 "-" "Mozilla/5.0 AppleWebKit/537.36 (KHTML, like Gecko; compatible; ClaudeBot/1.0; +claudebot@anthropic.com)"
74.7.241.38 - - [27/Apr/2026:08:12:39 -0400] "GET /hey.php?fileloc=//proc/self/root/proc/self/root/proc/self/root/proc/self/root/proc/self/root/proc/self/root/lib/rpm/platform/ppciseries-linux/macros&path=//proc/self/root/proc/self/root/proc/self/root/proc/self/root/proc/self/root/proc/self/root/lib/rpm/platform/ppciseries-linux HTTP/1.1" 200 17284 "https://mail.casaslaguna.cl/hey.php?path=//proc/self/root/proc/self/root/proc/self/root/proc/self/root/proc/self/root/proc/self/root/lib/rpm/platform/ppciseries-linux" "Mozilla/5.0 AppleWebKit/537.36 (KHTML, like Gecko; compatible; GPTBot/1.3; +https://openai.com/gptbot)"
