216.73.217.100 - - [27/Apr/2026:08:11:53 -0400] "GET /hey.php?fileloc=%2F%2Fhome5%2Fcca63905%2Fwww%2Fguiaweb%2Fhtdocs%2Flangs%2Fen_CA%2Fmodulebuilder.lang&path=%2F%2Fhome5%2Fcca63905%2Fwww%2Fguiaweb%2Fhtdocs%2Flangs%2Fen_CA HTTP/1.1" 200 13793 "-" "Mozilla/5.0 AppleWebKit/537.36 (KHTML, like Gecko; compatible; ClaudeBot/1.0; +claudebot@anthropic.com)"
216.73.217.100 - - [27/Apr/2026:08:11:54 -0400] "GET /hey.php?fileloc=%2F%2Fhome%2Fcca63905%2Fpublic_html%2Fnueva%2Fmodules%2Fps_emailsubscription%2Fupgrade%2Finstall-1-1.php&path=%2F%2Fhome%2Fcca63905%2Fpublic_html%2Fnueva%2Fmodules%2Fps_emailsubscription%2Fupgrade HTTP/1.1" 200 14967 "-" "Mozilla/5.0 AppleWebKit/537.36 (KHTML, like Gecko; compatible; ClaudeBot/1.0; +claudebot@anthropic.com)"
74.7.241.38 - - [27/Apr/2026:08:11:54 -0400] "GET /hey.php?fileloc=//proc/self/root/proc/self/root/proc/self/root/proc/self/cwd/guiaweb/htdocs/includes/ace/src/snippets/csound_orchestra.js&path=//proc/self/root/proc/self/root/proc/self/root/proc/self/cwd/guiaweb/htdocs/includes/ace/src/snippets HTTP/1.1" 200 16257 "https://mail.casaslaguna.cl/hey.php?path=//proc/self/root/proc/self/root/proc/self/root/proc/self/cwd/guiaweb/htdocs/includes/ace/src/snippets" "Mozilla/5.0 AppleWebKit/537.36 (KHTML, like Gecko; compatible; GPTBot/1.3; +https://openai.com/gptbot)"
216.73.217.100 - - [27/Apr/2026:08:11:54 -0400] "GET /hey.php?fileloc=%2F%2Fhome%2Fcca63905%2Fpublic_html%2Fguiaweb%2Fhtdocs%2Flangs%2Ffi_FI%2Fbills.lang&path=%2F%2Fhome%2Fcca63905%2Fpublic_html%2Fguiaweb%2Fhtdocs%2Flangs%2Ffi_FI HTTP/1.1" 200 54630 "-" "Mozilla/5.0 AppleWebKit/537.36 (KHTML, like Gecko; compatible; ClaudeBot/1.0; +claudebot@anthropic.com)"
216.73.217.100 - - [27/Apr/2026:08:11:54 -0400] "GET /hey.php?fileloc=%2F%2Fproc%2Fself%2Fcwd%2Fnueva%2Fapp%2FResources%2Ftranslations%2Fes-ES%2FAdminNotificationsWarning.es-ES.xlf&path=%2F%2Fproc%2Fself%2Fcwd%2Fnueva%2Fapp%2FResources%2Ftranslations%2Fes-ES HTTP/1.1" 200 24959 "-" "Mozilla/5.0 AppleWebKit/537.36 (KHTML, like Gecko; compatible; ClaudeBot/1.0; +claudebot@anthropic.com)"
74.7.241.38 - - [27/Apr/2026:08:11:54 -0400] "GET /hey.php?fileloc=//proc/self/root/proc/self/root/proc/self/root/proc/self/cwd/nueva/vendor/csa/guzzle-bundle/assets-src/sass/modules/_screen.sass&path=//proc/self/root/proc/self/root/proc/self/root/proc/self/cwd/nueva/vendor/csa/guzzle-bundle/assets-src/sass/modules HTTP/1.1" 200 15130 "https://mail.casaslaguna.cl/hey.php?path=//proc/self/root/proc/self/root/proc/self/root/proc/self/cwd/nueva/vendor/csa/guzzle-bundle/assets-src/sass/modules" "Mozilla/5.0 AppleWebKit/537.36 (KHTML, like Gecko; compatible; GPTBot/1.3; +https://openai.com/gptbot)"
216.73.217.100 - - [27/Apr/2026:08:11:54 -0400] "GET /hey.php?fileloc=%2F%2Fhome5%2Fcca63905%2Fwww%2Fguiaweb%2Fhtdocs%2Fstripe%2Fconfig.php&path=%2F%2Fhome5%2Fcca63905%2Fwww%2Fguiaweb%2Fhtdocs%2Fstripe HTTP/1.1" 200 15650 "-" "Mozilla/5.0 AppleWebKit/537.36 (KHTML, like Gecko; compatible; ClaudeBot/1.0; +claudebot@anthropic.com)"
216.73.217.100 - - [27/Apr/2026:08:11:55 -0400] "GET /hey.php?fileloc=%2F%2Fproc%2Fself%2Froot%2Fhome%2Fcca63905%2F.trash%2Fwordpress%2Fwp-content%2Fthemes%2Ftwentyseventeen%2Fsearch.php&path=%2F%2Fproc%2Fself%2Froot%2Fhome%2Fcca63905%2F.trash%2Fwordpress%2Fwp-content%2Fthemes%2Ftwentyseventeen HTTP/1.1" 200 16245 "-" "Mozilla/5.0 AppleWebKit/537.36 (KHTML, like Gecko; compatible; ClaudeBot/1.0; +claudebot@anthropic.com)"
74.7.241.38 - - [27/Apr/2026:08:11:55 -0400] "GET /hey.php?fileloc=//proc/self/root/proc/self/root/proc/self/root/proc/self/cwd/guiaweb/htdocs/theme/common/octicons/build/svg/file-pdf.svg&path=//proc/self/root/proc/self/root/proc/self/root/proc/self/cwd/guiaweb/htdocs/theme/common/octicons/build/svg HTTP/1.1" 200 15775 "https://mail.casaslaguna.cl/hey.php?path=//proc/self/root/proc/self/root/proc/self/root/proc/self/cwd/guiaweb/htdocs/theme/common/octicons/build/svg" "Mozilla/5.0 AppleWebKit/537.36 (KHTML, like Gecko; compatible; GPTBot/1.3; +https://openai.com/gptbot)"
216.73.217.100 - - [27/Apr/2026:08:11:55 -0400] "GET /hey.php?fileloc=%2F%2Fhome4%2Fcca63905%2Fpublic_html%2Fguiaweb%2Fhtdocs%2Fincludes%2Fstripe%2Fstripe-php%2FLICENSE&path=%2F%2Fhome4%2Fcca63905%2Fpublic_html%2Fguiaweb%2Fhtdocs%2Fincludes%2Fstripe%2Fstripe-php HTTP/1.1" 200 14821 "-" "Mozilla/5.0 AppleWebKit/537.36 (KHTML, like Gecko; compatible; ClaudeBot/1.0; +claudebot@anthropic.com)"
216.73.217.100 - - [27/Apr/2026:08:11:55 -0400] "GET /hey.php?fileloc=%2F%2Fproc%2Fself%2Froot%2Fhome5%2Fcca63905%2Fwww%2Fguiaweb%2Fhtdocs%2Flangs%2Fhu_HU%2Fmulticurrency.lang&path=%2F%2Fproc%2Fself%2Froot%2Fhome5%2Fcca63905%2Fwww%2Fguiaweb%2Fhtdocs%2Flangs%2Fhu_HU HTTP/1.1" 200 16529 "-" "Mozilla/5.0 AppleWebKit/537.36 (KHTML, like Gecko; compatible; ClaudeBot/1.0; +claudebot@anthropic.com)"
74.7.241.38 - - [27/Apr/2026:08:11:55 -0400] "GET /hey.php?fileloc=//proc/self/root/proc/self/root/proc/self/root/proc/self/cwd/guiaweb/htdocs/includes/ace/src/snippets/luapage.js&path=//proc/self/root/proc/self/root/proc/self/root/proc/self/cwd/guiaweb/htdocs/includes/ace/src/snippets HTTP/1.1" 200 14957 "https://mail.casaslaguna.cl/hey.php?path=//proc/self/root/proc/self/root/proc/self/root/proc/self/cwd/guiaweb/htdocs/includes/ace/src/snippets" "Mozilla/5.0 AppleWebKit/537.36 (KHTML, like Gecko; compatible; GPTBot/1.3; +https://openai.com/gptbot)"
216.73.217.100 - - [27/Apr/2026:08:11:56 -0400] "GET /hey.php?fileloc=%2F%2Fhome%2Fcca63905%2Fwww%2Fguiaweb%2Fhtdocs%2Flangs%2Fid_ID%2Fbookmarks.lang&path=%2F%2Fhome%2Fcca63905%2Fwww%2Fguiaweb%2Fhtdocs%2Flangs%2Fid_ID HTTP/1.1" 200 14681 "-" "Mozilla/5.0 AppleWebKit/537.36 (KHTML, like Gecko; compatible; ClaudeBot/1.0; +claudebot@anthropic.com)"
74.7.241.38 - - [27/Apr/2026:08:11:56 -0400] "GET /hey.php?fileloc=//proc/self/root/proc/self/root/proc/self/root/proc/self/cwd/nueva/modules/blockwishlist/_dev/front/js/components/init.js&path=//proc/self/root/proc/self/root/proc/self/root/proc/self/cwd/nueva/modules/blockwishlist/_dev/front/js/components HTTP/1.1" 200 16873 "https://mail.casaslaguna.cl/hey.php?path=//proc/self/root/proc/self/root/proc/self/root/proc/self/cwd/nueva/modules/blockwishlist/_dev/front/js/components" "Mozilla/5.0 AppleWebKit/537.36 (KHTML, like Gecko; compatible; GPTBot/1.3; +https://openai.com/gptbot)"
216.73.217.100 - - [27/Apr/2026:08:11:56 -0400] "GET /hey.php?fileloc=%2F%2Fhome%2Fcca63905%2Fwww%2Fnueva%2Fvendor%2Fezyang%2Fhtmlpurifier%2Flibrary%2FHTMLPurifier%2FURIFilter%2FSafeIframe.php&path=%2F%2Fhome%2Fcca63905%2Fwww%2Fnueva%2Fvendor%2Fezyang%2Fhtmlpurifier%2Flibrary%2FHTMLPurifier%2FURIFilter HTTP/1.1" 200 15626 "-" "Mozilla/5.0 AppleWebKit/537.36 (KHTML, like Gecko; compatible; ClaudeBot/1.0; +claudebot@anthropic.com)"
216.73.217.100 - - [27/Apr/2026:08:11:56 -0400] "GET /hey.php?fileloc=%2F%2Fhome4%2Fcca63905%2Fpublic_html%2Fguiaweb%2Fhtdocs%2Ftheme%2Fcommon%2Ffontawesome-5%2Fless%2F_mixins.less&path=%2F%2Fhome4%2Fcca63905%2Fpublic_html%2Fguiaweb%2Fhtdocs%2Ftheme%2Fcommon%2Ffontawesome-5%2Fless HTTP/1.1" 200 15082 "-" "Mozilla/5.0 AppleWebKit/537.36 (KHTML, like Gecko; compatible; ClaudeBot/1.0; +claudebot@anthropic.com)"
74.7.241.38 - - [27/Apr/2026:08:11:56 -0400] "GET /hey.php?fileloc=//proc/self/root/proc/self/root/proc/self/root/proc/self/cwd/nueva/modules/ybc_themeconfig/images/logo/cyan.png&path=//proc/self/root/proc/self/root/proc/self/root/proc/self/cwd/nueva/modules/ybc_themeconfig/images/logo HTTP/1.1" 200 14475 "https://mail.casaslaguna.cl/hey.php?path=//proc/self/root/proc/self/root/proc/self/root/proc/self/cwd/nueva/modules/ybc_themeconfig/images/logo" "Mozilla/5.0 AppleWebKit/537.36 (KHTML, like Gecko; compatible; GPTBot/1.3; +https://openai.com/gptbot)"
216.73.217.100 - - [27/Apr/2026:08:11:57 -0400] "GET /hey.php?fileloc=%2F%2Fproc%2Fself%2Froot%2Fhome%2Fcca63905%2Fpublic_html%2Fnueva%2Fmodules%2Fwelcome%2Fimages%2Fvideo-tutorial.png&path=%2F%2Fproc%2Fself%2Froot%2Fhome%2Fcca63905%2Fpublic_html%2Fnueva%2Fmodules%2Fwelcome%2Fimages HTTP/1.1" 200 13811 "-" "Mozilla/5.0 AppleWebKit/537.36 (KHTML, like Gecko; compatible; ClaudeBot/1.0; +claudebot@anthropic.com)"
74.7.241.38 - - [27/Apr/2026:08:11:57 -0400] "GET /hey.php?fileloc=//proc/self/root/proc/self/root/proc/self/root/proc/self/cwd/nueva/modules/btecommercecopilot/views/js/back.js&path=//proc/self/root/proc/self/root/proc/self/root/proc/self/cwd/nueva/modules/btecommercecopilot/views/js HTTP/1.1" 200 21084 "https://mail.casaslaguna.cl/hey.php?path=//proc/self/root/proc/self/root/proc/self/root/proc/self/cwd/nueva/modules/btecommercecopilot/views/js" "Mozilla/5.0 AppleWebKit/537.36 (KHTML, like Gecko; compatible; GPTBot/1.3; +https://openai.com/gptbot)"
216.73.217.100 - - [27/Apr/2026:08:11:57 -0400] "GET /hey.php?fileloc=%2F%2Fproc%2Fself%2Froot%2Fhome5%2Fcca63905%2Fwww%2Fnueva%2Fmodules%2Fybc_blog_free%2Fcontrollers%2Ffront%2Fgallery.php&path=%2F%2Fproc%2Fself%2Froot%2Fhome5%2Fcca63905%2Fwww%2Fnueva%2Fmodules%2Fybc_blog_free%2Fcontrollers%2Ffront HTTP/1.1" 200 18218 "-" "Mozilla/5.0 AppleWebKit/537.36 (KHTML, like Gecko; compatible; ClaudeBot/1.0; +claudebot@anthropic.com)"
216.73.217.100 - - [27/Apr/2026:08:11:57 -0400] "GET /hey.php?fileloc=%2Fhome4%2Fcca63905%2Fwww%2Fguiaweb%2Fhtdocs%2Fincludes%2Fsabre%2Fsabre%2Fvobject%2Flib%2Ftimezonedata%2Fphp-bc.php&path=%2Fhome4%2Fcca63905%2Fwww%2Fguiaweb%2Fhtdocs%2Fincludes%2Fsabre%2Fsabre%2Fvobject%2Flib%2Ftimezonedata HTTP/1.1" 200 17234 "-" "Mozilla/5.0 AppleWebKit/537.36 (KHTML, like Gecko; compatible; ClaudeBot/1.0; +claudebot@anthropic.com)"
74.7.241.38 - - [27/Apr/2026:08:11:57 -0400] "GET /hey.php?fileloc=//proc/self/root/proc/self/root/proc/self/root/proc/self/cwd/nueva/js/jquery/plugins/jstree/themes/apple/throbber.gif&path=//proc/self/root/proc/self/root/proc/self/root/proc/self/cwd/nueva/js/jquery/plugins/jstree/themes/apple HTTP/1.1" 200 14684 "https://mail.casaslaguna.cl/hey.php?path=//proc/self/root/proc/self/root/proc/self/root/proc/self/cwd/nueva/js/jquery/plugins/jstree/themes/apple" "Mozilla/5.0 AppleWebKit/537.36 (KHTML, like Gecko; compatible; GPTBot/1.3; +https://openai.com/gptbot)"
216.73.217.100 - - [27/Apr/2026:08:11:57 -0400] "GET /hey.php?fileloc=%2F%2Fproc%2Fself%2Froot%2Fhome5%2Fcca63905%2Fwww%2Fnueva%2Fvendor%2Freact%2Fpromise%2Fsrc%2FCancellationQueue.php&path=%2F%2Fproc%2Fself%2Froot%2Fhome5%2Fcca63905%2Fwww%2Fnueva%2Fvendor%2Freact%2Fpromise%2Fsrc HTTP/1.1" 200 15040 "-" "Mozilla/5.0 AppleWebKit/537.36 (KHTML, like Gecko; compatible; ClaudeBot/1.0; +claudebot@anthropic.com)"
216.73.217.100 - - [27/Apr/2026:08:11:58 -0400] "GET /hey.php?fileloc=%2F%2Fhome5%2Fcca63905%2Fwww%2Fguiaweb%2Fhtdocs%2Flangs%2Fnb_NO%2Freceiptprinter.lang&path=%2F%2Fhome5%2Fcca63905%2Fwww%2Fguiaweb%2Fhtdocs%2Flangs%2Fnb_NO HTTP/1.1" 200 17169 "-" "Mozilla/5.0 AppleWebKit/537.36 (KHTML, like Gecko; compatible; ClaudeBot/1.0; +claudebot@anthropic.com)"
74.7.241.38 - - [27/Apr/2026:08:11:58 -0400] "GET /hey.php?fileloc=//proc/self/root/proc/self/root/proc/self/root/proc/self/cwd/nueva/modules/ps_linklist/views/templates/hook/linkblock.tpl&path=//proc/self/root/proc/self/root/proc/self/root/proc/self/cwd/nueva/modules/ps_linklist/views/templates/hook HTTP/1.1" 200 16089 "https://mail.casaslaguna.cl/hey.php?path=//proc/self/root/proc/self/root/proc/self/root/proc/self/cwd/nueva/modules/ps_linklist/views/templates/hook" "Mozilla/5.0 AppleWebKit/537.36 (KHTML, like Gecko; compatible; GPTBot/1.3; +https://openai.com/gptbot)"
216.73.217.100 - - [27/Apr/2026:08:11:58 -0400] "GET /hey.php?fileloc=%2F%2Fhome5%2Fcca63905%2Fwww%2Fnueva%2Fmodules%2Fps_facebook%2Fvendor%2Fsegmentio%2Fanalytics-php%2FMakefile&path=%2F%2Fhome5%2Fcca63905%2Fwww%2Fnueva%2Fmodules%2Fps_facebook%2Fvendor%2Fsegmentio%2Fanalytics-php HTTP/1.1" 200 14929 "-" "Mozilla/5.0 AppleWebKit/537.36 (KHTML, like Gecko; compatible; ClaudeBot/1.0; +claudebot@anthropic.com)"
216.73.217.100 - - [27/Apr/2026:08:11:58 -0400] "GET /hey.php?fileloc=%2F%2Fhome4%2Fcca63905%2Fwww%2Fnueva%2Fmodules%2Fbtecommercecopilot%2Fvendor%2Fguzzlehttp%2Fpsr7%2Fsrc%2FUri.php&path=%2F%2Fhome4%2Fcca63905%2Fwww%2Fnueva%2Fmodules%2Fbtecommercecopilot%2Fvendor%2Fguzzlehttp%2Fpsr7%2Fsrc HTTP/1.1" 200 28444 "-" "Mozilla/5.0 AppleWebKit/537.36 (KHTML, like Gecko; compatible; ClaudeBot/1.0; +claudebot@anthropic.com)"
74.7.241.38 - - [27/Apr/2026:08:11:58 -0400] "GET /hey.php?fileloc=//proc/self/root/proc/self/root/proc/self/root/proc/self/cwd/nueva/vendor/phpoffice/phpspreadsheet/bin/migrate-from-phpexcel&path=//proc/self/root/proc/self/root/proc/self/root/proc/self/cwd/nueva/vendor/phpoffice/phpspreadsheet/bin HTTP/1.1" 200 14658 "https://mail.casaslaguna.cl/hey.php?path=//proc/self/root/proc/self/root/proc/self/root/proc/self/cwd/nueva/vendor/phpoffice/phpspreadsheet/bin" "Mozilla/5.0 AppleWebKit/537.36 (KHTML, like Gecko; compatible; GPTBot/1.3; +https://openai.com/gptbot)"
216.73.217.100 - - [27/Apr/2026:08:11:59 -0400] "GET /hey.php?fileloc=%2F%2Fhome4%2Fcca63905%2Fwww%2Fguiaweb%2Fhtdocs%2Flangs%2Fkn_IN%2Finterventions.lang&path=%2F%2Fhome4%2Fcca63905%2Fwww%2Fguiaweb%2Fhtdocs%2Flangs%2Fkn_IN HTTP/1.1" 200 17494 "-" "Mozilla/5.0 AppleWebKit/537.36 (KHTML, like Gecko; compatible; ClaudeBot/1.0; +claudebot@anthropic.com)"
216.73.217.100 - - [27/Apr/2026:08:11:59 -0400] "GET /hey.php?fileloc=%2F%2Flib%2Fmodules%2F3.10.0-962.3.2.lve1.5.38.el7.x86_64%2Fkernel%2Fdrivers%2Fmedia%2Fdvb-frontends%2Ftda10071.ko&path=%2F%2Flib%2Fmodules%2F3.10.0-962.3.2.lve1.5.38.el7.x86_64%2Fkernel%2Fdrivers%2Fmedia%2Fdvb-frontends HTTP/1.1" 200 13743 "-" "Mozilla/5.0 AppleWebKit/537.36 (KHTML, like Gecko; compatible; ClaudeBot/1.0; +claudebot@anthropic.com)"
74.7.241.38 - - [27/Apr/2026:08:11:59 -0400] "GET /hey.php?fileloc=//proc/self/root/proc/self/root/proc/self/root/proc/self/cwd/guiaweb/htdocs/includes/ace/src/snippets/handlebars.js&path=//proc/self/root/proc/self/root/proc/self/root/proc/self/cwd/guiaweb/htdocs/includes/ace/src/snippets HTTP/1.1" 200 14963 "https://mail.casaslaguna.cl/hey.php?path=//proc/self/root/proc/self/root/proc/self/root/proc/self/cwd/guiaweb/htdocs/includes/ace/src/snippets" "Mozilla/5.0 AppleWebKit/537.36 (KHTML, like Gecko; compatible; GPTBot/1.3; +https://openai.com/gptbot)"
216.73.217.100 - - [27/Apr/2026:08:11:59 -0400] "GET /hey.php?fileloc=%2F%2Fproc%2Fself%2Froot%2Fhome5%2Fcca63905%2Fwww%2Fguiaweb%2Fhtdocs%2Flangs%2Fes_PA%2Fagenda.lang&path=%2F%2Fproc%2Fself%2Froot%2Fhome5%2Fcca63905%2Fwww%2Fguiaweb%2Fhtdocs%2Flangs%2Fes_PA HTTP/1.1" 200 13993 "-" "Mozilla/5.0 AppleWebKit/537.36 (KHTML, like Gecko; compatible; ClaudeBot/1.0; +claudebot@anthropic.com)"
74.7.241.38 - - [27/Apr/2026:08:11:59 -0400] "GET /hey.php?fileloc=//proc/self/root/proc/self/root/proc/self/root/proc/self/cwd/nueva/modules/ps_eventbus/vendor/sentry/sentry/.travis.yml&path=//proc/self/root/proc/self/root/proc/self/root/proc/self/cwd/nueva/modules/ps_eventbus/vendor/sentry/sentry HTTP/1.1" 200 17644 "https://mail.casaslaguna.cl/hey.php?path=//proc/self/root/proc/self/root/proc/self/root/proc/self/cwd/nueva/modules/ps_eventbus/vendor/sentry/sentry" "Mozilla/5.0 AppleWebKit/537.36 (KHTML, like Gecko; compatible; GPTBot/1.3; +https://openai.com/gptbot)"
216.73.217.100 - - [27/Apr/2026:08:12:00 -0400] "GET /hey.php?fileloc=%2F%2Fhome5%2Fcca63905%2Fwww%2Fguiaweb%2Fhtdocs%2Flangs%2Fes_EC%2Fopensurvey.lang&path=%2F%2Fhome5%2Fcca63905%2Fwww%2Fguiaweb%2Fhtdocs%2Flangs%2Fes_EC HTTP/1.1" 200 16582 "-" "Mozilla/5.0 AppleWebKit/537.36 (KHTML, like Gecko; compatible; ClaudeBot/1.0; +claudebot@anthropic.com)"
216.73.217.100 - - [27/Apr/2026:08:12:00 -0400] "GET /hey.php?fileloc=%2F%2Fhome5%2Fcca63905%2Fpublic_html%2Fguiaweb%2Fhtdocs%2Flangs%2Fit_CH%2Faccountancy.lang&path=%2F%2Fhome5%2Fcca63905%2Fpublic_html%2Fguiaweb%2Fhtdocs%2Flangs%2Fit_CH HTTP/1.1" 200 13676 "-" "Mozilla/5.0 AppleWebKit/537.36 (KHTML, like Gecko; compatible; ClaudeBot/1.0; +claudebot@anthropic.com)"
74.7.241.38 - - [27/Apr/2026:08:12:00 -0400] "GET /hey.php?fileloc=//proc/self/root/proc/self/root/proc/self/root/proc/self/cwd/guiaweb/htdocs/includes/tecnickcom/tcpdf/fonts/pdfatimes.z&path=//proc/self/root/proc/self/root/proc/self/root/proc/self/cwd/guiaweb/htdocs/includes/tecnickcom/tcpdf/fonts HTTP/1.1" 200 14610 "https://mail.casaslaguna.cl/hey.php?path=//proc/self/root/proc/self/root/proc/self/root/proc/self/cwd/guiaweb/htdocs/includes/tecnickcom/tcpdf/fonts" "Mozilla/5.0 AppleWebKit/537.36 (KHTML, like Gecko; compatible; GPTBot/1.3; +https://openai.com/gptbot)"
216.73.217.100 - - [27/Apr/2026:08:12:00 -0400] "GET /hey.php?fileloc=%2Fhome4%2Fcca63905%2Fpublic_html%2Fnueva%2Fsrc%2FCore%2FKpi%2FRow%2FKpiRowFactory.php&path=%2Fhome4%2Fcca63905%2Fpublic_html%2Fnueva%2Fsrc%2FCore%2FKpi%2FRow HTTP/1.1" 200 15681 "-" "Mozilla/5.0 AppleWebKit/537.36 (KHTML, like Gecko; compatible; ClaudeBot/1.0; +claudebot@anthropic.com)"
216.73.217.100 - - [27/Apr/2026:08:12:00 -0400] "GET /hey.php?path=%2F%2Fhome5%2Fcca63905%2Fwww%2Fnueva%2Fmodules%2Fps_eventbus%2Fvendor%2Fsentry%2Fsentry%2Flib%2FRaven%2FBreadcrumbs HTTP/1.1" 200 19835 "-" "Mozilla/5.0 AppleWebKit/537.36 (KHTML, like Gecko; compatible; ClaudeBot/1.0; +claudebot@anthropic.com)"
74.7.241.38 - - [27/Apr/2026:08:12:01 -0400] "GET /hey.php?fileloc=//proc/self/root/proc/self/root/proc/self/root/proc/self/cwd/guiaweb/htdocs/theme/common/octicons/build/svg/versions.svg&path=//proc/self/root/proc/self/root/proc/self/root/proc/self/cwd/guiaweb/htdocs/theme/common/octicons/build/svg HTTP/1.1" 200 15118 "https://mail.casaslaguna.cl/hey.php?path=//proc/self/root/proc/self/root/proc/self/root/proc/self/cwd/guiaweb/htdocs/theme/common/octicons/build/svg" "Mozilla/5.0 AppleWebKit/537.36 (KHTML, like Gecko; compatible; GPTBot/1.3; +https://openai.com/gptbot)"
216.73.217.100 - - [27/Apr/2026:08:12:01 -0400] "GET /hey.php?fileloc=%2F%2Fhome5%2Fcca63905%2Fwww%2Fnueva%2Fvar%2Fcache%2Fprod%2FContainerJdkt5yh%2FgetPsEventbus_ControllerService.php&path=%2F%2Fhome5%2Fcca63905%2Fwww%2Fnueva%2Fvar%2Fcache%2Fprod%2FContainerJdkt5yh HTTP/1.1" 200 14002 "-" "Mozilla/5.0 AppleWebKit/537.36 (KHTML, like Gecko; compatible; ClaudeBot/1.0; +claudebot@anthropic.com)"
216.73.217.100 - - [27/Apr/2026:08:12:01 -0400] "GET /hey.php?fileloc=%2F%2Fproc%2Fself%2Froot%2Fproc%2Fself%2Froot%2Fhome%2Fcca63905%2Fpublic_html%2Fnueva%2Fimg%2Fc%2Fpt-default-small_default.jpg&path=%2F%2Fproc%2Fself%2Froot%2Fproc%2Fself%2Froot%2Fhome%2Fcca63905%2Fpublic_html%2Fnueva%2Fimg%2Fc HTTP/1.1" 200 13942 "-" "Mozilla/5.0 AppleWebKit/537.36 (KHTML, like Gecko; compatible; ClaudeBot/1.0; +claudebot@anthropic.com)"
74.7.241.38 - - [27/Apr/2026:08:12:01 -0400] "GET /hey.php?fileloc=//proc/self/root/proc/self/root/proc/self/root/proc/self/cwd/guiaweb/htdocs/includes/ace/src/snippets/jsx.js&path=//proc/self/root/proc/self/root/proc/self/root/proc/self/cwd/guiaweb/htdocs/includes/ace/src/snippets HTTP/1.1" 200 14949 "https://mail.casaslaguna.cl/hey.php?path=//proc/self/root/proc/self/root/proc/self/root/proc/self/cwd/guiaweb/htdocs/includes/ace/src/snippets" "Mozilla/5.0 AppleWebKit/537.36 (KHTML, like Gecko; compatible; GPTBot/1.3; +https://openai.com/gptbot)"
216.73.217.100 - - [27/Apr/2026:08:12:01 -0400] "GET /hey.php?fileloc=%2F%2Fproc%2Fself%2Froot%2Fhome%2Fcca63905%2Fpublic_html%2Fguiaweb%2Fdoc%2Fimages%2FREADME.md&path=%2F%2Fproc%2Fself%2Froot%2Fhome%2Fcca63905%2Fpublic_html%2Fguiaweb%2Fdoc%2Fimages HTTP/1.1" 200 14522 "-" "Mozilla/5.0 AppleWebKit/537.36 (KHTML, like Gecko; compatible; ClaudeBot/1.0; +claudebot@anthropic.com)"
74.7.241.38 - - [27/Apr/2026:08:12:02 -0400] "GET /hey.php?fileloc=//proc/self/root/proc/self/root/proc/self/root/proc/self/cwd/nueva/modules/smartsupp/views/templates/front/chat_widget.tpl&path=//proc/self/root/proc/self/root/proc/self/root/proc/self/cwd/nueva/modules/smartsupp/views/templates/front HTTP/1.1" 200 15183 "https://mail.casaslaguna.cl/hey.php?path=//proc/self/root/proc/self/root/proc/self/root/proc/self/cwd/nueva/modules/smartsupp/views/templates/front" "Mozilla/5.0 AppleWebKit/537.36 (KHTML, like Gecko; compatible; GPTBot/1.3; +https://openai.com/gptbot)"
216.73.217.100 - - [27/Apr/2026:08:12:02 -0400] "GET /hey.php?fileloc=%2F%2Fproc%2Fself%2Froot%2Fproc%2Fself%2Froot%2Fproc%2Fself%2Froot%2Fhome%2Fcca63905%2Fwww%2Fnueva%2Fimg%2Fflags%2Fao.jpg&path=%2F%2Fproc%2Fself%2Froot%2Fproc%2Fself%2Froot%2Fproc%2Fself%2Froot%2Fhome%2Fcca63905%2Fwww%2Fnueva%2Fimg%2Fflags HTTP/1.1" 200 14190 "-" "Mozilla/5.0 AppleWebKit/537.36 (KHTML, like Gecko; compatible; ClaudeBot/1.0; +claudebot@anthropic.com)"
216.73.217.100 - - [27/Apr/2026:08:12:02 -0400] "GET /hey.php?fileloc=%2F%2Fproc%2Fself%2Froot%2Fproc%2Fself%2Froot%2Fproc%2Fself%2Froot%2Fproc%2Fself%2Froot%2Fhome%2Fcca63905%2Fwww%2Fnueva%2Fimg%2Fsu%2Fqc.jpg&path=%2F%2Fproc%2Fself%2Froot%2Fproc%2Fself%2Froot%2Fproc%2Fself%2Froot%2Fproc%2Fself%2Froot%2Fhome%2Fcca63905%2Fwww%2Fnueva%2Fimg%2Fsu HTTP/1.1" 200 14532 "-" "Mozilla/5.0 AppleWebKit/537.36 (KHTML, like Gecko; compatible; ClaudeBot/1.0; +claudebot@anthropic.com)"
74.7.241.38 - - [27/Apr/2026:08:12:02 -0400] "GET /hey.php?path=//lib64/python2.7/site-packages/gtk-2.0 HTTP/1.1" 200 19918 "https://mail.casaslaguna.cl/hey.php?path=//lib64/python2.7/site-packages" "Mozilla/5.0 AppleWebKit/537.36 (KHTML, like Gecko; compatible; GPTBot/1.3; +https://openai.com/gptbot)"
216.73.217.100 - - [27/Apr/2026:08:12:02 -0400] "GET /hey.php?fileloc=%2F%2Fhome5%2Fcca63905%2Fpublic_html%2Fguiaweb%2Fhtdocs%2Flangs%2Fkk_KZ%2Ftrips.lang&path=%2F%2Fhome5%2Fcca63905%2Fpublic_html%2Fguiaweb%2Fhtdocs%2Flangs%2Fkk_KZ HTTP/1.1" 200 25920 "-" "Mozilla/5.0 AppleWebKit/537.36 (KHTML, like Gecko; compatible; ClaudeBot/1.0; +claudebot@anthropic.com)"
216.73.217.100 - - [27/Apr/2026:08:12:03 -0400] "GET /hey.php?fileloc=%2F%2Fhome5%2Fcca63905%2Fwww%2Fguiaweb%2Fhtdocs%2Flangs%2Fes_ES%2Ferrors.lang&path=%2F%2Fhome5%2Fcca63905%2Fwww%2Fguiaweb%2Fhtdocs%2Flangs%2Fes_ES HTTP/1.1" 200 60721 "-" "Mozilla/5.0 AppleWebKit/537.36 (KHTML, like Gecko; compatible; ClaudeBot/1.0; +claudebot@anthropic.com)"
74.7.241.38 - - [27/Apr/2026:08:12:03 -0400] "GET /hey.php?path=//proc/self/root/proc/self/root/proc/self/cwd/nueva/var/cache/prod/smarty/compile/probusinesslayouts_layout_full_width_tpl/be/35/06 HTTP/1.1" 200 17376 "https://mail.casaslaguna.cl/hey.php?path=//proc/self/root/proc/self/root/proc/self/cwd/nueva/var/cache/prod/smarty/compile/probusinesslayouts_layout_full_width_tpl/be/35" "Mozilla/5.0 AppleWebKit/537.36 (KHTML, like Gecko; compatible; GPTBot/1.3; +https://openai.com/gptbot)"
216.73.217.100 - - [27/Apr/2026:08:12:03 -0400] "GET /hey.php?fileloc=%2F%2Fhome%2Fcca63905%2Fpublic_html%2Fnueva%2Fmodules%2Fwnetsecurity%2Fconfig%2Ffront%2Fservices.yml&path=%2F%2Fhome%2Fcca63905%2Fpublic_html%2Fnueva%2Fmodules%2Fwnetsecurity%2Fconfig%2Ffront HTTP/1.1" 200 13929 "-" "Mozilla/5.0 AppleWebKit/537.36 (KHTML, like Gecko; compatible; ClaudeBot/1.0; +claudebot@anthropic.com)"
74.7.241.38 - - [27/Apr/2026:08:12:03 -0400] "GET /hey.php?path=//proc/self/root/proc/self/root/proc/self/cwd/nueva/var/cache/prod/smarty/compile/probusinesslayouts_layout_full_width_tpl/23/68 HTTP/1.1" 200 16734 "https://mail.casaslaguna.cl/hey.php?path=//proc/self/root/proc/self/root/proc/self/cwd/nueva/var/cache/prod/smarty/compile/probusinesslayouts_layout_full_width_tpl/23" "Mozilla/5.0 AppleWebKit/537.36 (KHTML, like Gecko; compatible; GPTBot/1.3; +https://openai.com/gptbot)"
216.73.217.100 - - [27/Apr/2026:08:12:03 -0400] "GET /hey.php?fileloc=%2F%2Fproc%2Fself%2Froot%2Fhome%2Fcca63905%2Fwww%2Fguiaweb%2Fhtdocs%2Flangs%2Fmy_MM%2Fagenda.lang&path=%2F%2Fproc%2Fself%2Froot%2Fhome%2Fcca63905%2Fwww%2Fguiaweb%2Fhtdocs%2Flangs%2Fmy_MM HTTP/1.1" 200 22111 "-" "Mozilla/5.0 AppleWebKit/537.36 (KHTML, like Gecko; compatible; ClaudeBot/1.0; +claudebot@anthropic.com)"
216.73.217.100 - - [27/Apr/2026:08:12:03 -0400] "GET /hey.php?fileloc=%2F%2Fhome%2Fcca63905%2Fpublic_html%2Fguiaweb%2Fhtdocs%2Flangs%2Flo_LA%2Fcompanies.lang&path=%2F%2Fhome%2Fcca63905%2Fpublic_html%2Fguiaweb%2Fhtdocs%2Flangs%2Flo_LA HTTP/1.1" 200 46910 "-" "Mozilla/5.0 AppleWebKit/537.36 (KHTML, like Gecko; compatible; ClaudeBot/1.0; +claudebot@anthropic.com)"
74.7.241.38 - - [27/Apr/2026:08:12:04 -0400] "GET /hey.php?path=//proc/self/root/proc/self/root/proc/self/cwd/nueva/var/cache/prod/smarty/compile/probusinesslayouts_layout_full_width_tpl/fb/08/63 HTTP/1.1" 200 17360 "https://mail.casaslaguna.cl/hey.php?path=//proc/self/root/proc/self/root/proc/self/cwd/nueva/var/cache/prod/smarty/compile/probusinesslayouts_layout_full_width_tpl/fb/08" "Mozilla/5.0 AppleWebKit/537.36 (KHTML, like Gecko; compatible; GPTBot/1.3; +https://openai.com/gptbot)"
216.73.217.100 - - [27/Apr/2026:08:12:04 -0400] "GET /hey.php?fileloc=%2F%2Fproc%2Fself%2Froot%2Fproc%2Fself%2Froot%2Fhome5%2Fcca63905%2Fwww%2Fguiaweb%2Fhtdocs%2Flangs%2Fcy_GB%2Fdeliveries.lang&path=%2F%2Fproc%2Fself%2Froot%2Fproc%2Fself%2Froot%2Fhome5%2Fcca63905%2Fwww%2Fguiaweb%2Fhtdocs%2Flangs%2Fcy_GB HTTP/1.1" 200 15423 "-" "Mozilla/5.0 AppleWebKit/537.36 (KHTML, like Gecko; compatible; ClaudeBot/1.0; +claudebot@anthropic.com)"
216.73.217.100 - - [27/Apr/2026:08:12:04 -0400] "GET /hey.php?fileloc=%2F%2Fhome4%2Fcca63905%2Fpublic_html%2Fnueva%2Fvar%2Fcache%2Fprod%2FContainerVjejdxh%2FgetTranslation_WriterService.php&path=%2F%2Fhome4%2Fcca63905%2Fpublic_html%2Fnueva%2Fvar%2Fcache%2Fprod%2FContainerVjejdxh HTTP/1.1" 200 16924 "-" "Mozilla/5.0 AppleWebKit/537.36 (KHTML, like Gecko; compatible; ClaudeBot/1.0; +claudebot@anthropic.com)"
74.7.241.38 - - [27/Apr/2026:08:12:04 -0400] "GET /hey.php?path=//proc/self/root/proc/self/root/proc/self/cwd/nueva/var/cache/prod/smarty/compile/probusinesslayouts_layout_full_width_tpl/db/14/09 HTTP/1.1" 200 17380 "https://mail.casaslaguna.cl/hey.php?path=//proc/self/root/proc/self/root/proc/self/cwd/nueva/var/cache/prod/smarty/compile/probusinesslayouts_layout_full_width_tpl/db/14" "Mozilla/5.0 AppleWebKit/537.36 (KHTML, like Gecko; compatible; GPTBot/1.3; +https://openai.com/gptbot)"
216.73.217.100 - - [27/Apr/2026:08:12:04 -0400] "GET /hey.php?fileloc=%2F%2Fhome%2Fcca63905%2Fpublic_html%2Fnueva%2Fmodules%2Fsmartargetwhatsapp%2Fvendor%2Fpsr%2Fhttp-message%2Fdocs%2Findex.php&path=%2F%2Fhome%2Fcca63905%2Fpublic_html%2Fnueva%2Fmodules%2Fsmartargetwhatsapp%2Fvendor%2Fpsr%2Fhttp-message%2Fdocs HTTP/1.1" 200 14271 "-" "Mozilla/5.0 AppleWebKit/537.36 (KHTML, like Gecko; compatible; ClaudeBot/1.0; +claudebot@anthropic.com)"
216.73.217.100 - - [27/Apr/2026:08:12:05 -0400] "GET /hey.php?fileloc=%2F%2Fproc%2Fself%2Froot%2Fhome4%2Fcca63905%2Fwww%2Fguiaweb%2Fhtdocs%2Flangs%2Fam_ET%2Fprinting.lang&path=%2F%2Fproc%2Fself%2Froot%2Fhome4%2Fcca63905%2Fwww%2Fguiaweb%2Fhtdocs%2Flangs%2Fam_ET HTTP/1.1" 200 17304 "-" "Mozilla/5.0 AppleWebKit/537.36 (KHTML, like Gecko; compatible; ClaudeBot/1.0; +claudebot@anthropic.com)"
74.7.241.38 - - [27/Apr/2026:08:12:05 -0400] "GET /hey.php?path=//proc/self/root/proc/self/root/proc/self/cwd/nueva/var/cache/prod/smarty/compile/probusinesslayouts_layout_full_width_tpl/b4/b2/69 HTTP/1.1" 200 17352 "https://mail.casaslaguna.cl/hey.php?path=//proc/self/root/proc/self/root/proc/self/cwd/nueva/var/cache/prod/smarty/compile/probusinesslayouts_layout_full_width_tpl/b4/b2" "Mozilla/5.0 AppleWebKit/537.36 (KHTML, like Gecko; compatible; GPTBot/1.3; +https://openai.com/gptbot)"
216.73.217.100 - - [27/Apr/2026:08:12:05 -0400] "GET /hey.php?fileloc=%2F%2Fproc%2Fself%2Froot%2Fproc%2Fself%2Froot%2Fhome%2Fcca63905%2F.trash%2Fwp-content%2Fuploads%2F2020%2F09%2F5-260x185.jpg&path=%2F%2Fproc%2Fself%2Froot%2Fproc%2Fself%2Froot%2Fhome%2Fcca63905%2F.trash%2Fwp-content%2Fuploads%2F2020%2F09 HTTP/1.1" 200 14053 "-" "Mozilla/5.0 AppleWebKit/537.36 (KHTML, like Gecko; compatible; ClaudeBot/1.0; +claudebot@anthropic.com)"
216.73.217.100 - - [27/Apr/2026:08:12:05 -0400] "GET /hey.php?fileloc=%2F%2Fhome5%2Fcca63905%2Fpublic_html%2Fguiaweb%2Fhtdocs%2Flangs%2Faz_AZ%2Fblockedlog.lang&path=%2F%2Fhome5%2Fcca63905%2Fpublic_html%2Fguiaweb%2Fhtdocs%2Flangs%2Faz_AZ HTTP/1.1" 200 20748 "-" "Mozilla/5.0 AppleWebKit/537.36 (KHTML, like Gecko; compatible; ClaudeBot/1.0; +claudebot@anthropic.com)"
74.7.241.38 - - [27/Apr/2026:08:12:05 -0400] "GET /hey.php?path=//proc/self/root/proc/self/root/proc/self/cwd/nueva/var/cache/prod/smarty/compile/probusinesslayouts_layout_full_width_tpl/b5/e0/74 HTTP/1.1" 200 17404 "https://mail.casaslaguna.cl/hey.php?path=//proc/self/root/proc/self/root/proc/self/cwd/nueva/var/cache/prod/smarty/compile/probusinesslayouts_layout_full_width_tpl/b5/e0" "Mozilla/5.0 AppleWebKit/537.36 (KHTML, like Gecko; compatible; GPTBot/1.3; +https://openai.com/gptbot)"
74.7.241.38 - - [27/Apr/2026:08:12:06 -0400] "GET /hey.php?path=//proc/self/root/proc/self/root/proc/self/root/home/cca63905/www/nueva/modules/chatgptcontentgenerator/vendor/clue/stream-filter/src HTTP/1.1" 200 21154 "https://mail.casaslaguna.cl/hey.php?path=//proc/self/root/proc/self/root/proc/self/root/home/cca63905/www/nueva/modules/chatgptcontentgenerator/vendor/clue/stream-filter" "Mozilla/5.0 AppleWebKit/537.36 (KHTML, like Gecko; compatible; GPTBot/1.3; +https://openai.com/gptbot)"
216.73.217.100 - - [27/Apr/2026:08:12:06 -0400] "GET /hey.php?fileloc=%2F%2Fhome%2Fcca63905%2Fwww%2Fnueva%2Fvar%2Fcache%2Fprod%2FContainerVjejdxh%2FgetPrestashop_Core_CommandBusService.php&path=%2F%2Fhome%2Fcca63905%2Fwww%2Fnueva%2Fvar%2Fcache%2Fprod%2FContainerVjejdxh HTTP/1.1" 200 14216 "-" "Mozilla/5.0 AppleWebKit/537.36 (KHTML, like Gecko; compatible; ClaudeBot/1.0; +claudebot@anthropic.com)"
216.73.217.100 - - [27/Apr/2026:08:12:06 -0400] "GET /hey.php?fileloc=%2Fhome4%2Fcca63905%2Fwww%2Fguiaweb%2Fhtdocs%2Ftheme%2Fcommon%2Fflags%2Fengland.png&path=%2Fhome4%2Fcca63905%2Fwww%2Fguiaweb%2Fhtdocs%2Ftheme%2Fcommon%2Fflags HTTP/1.1" 200 13603 "-" "Mozilla/5.0 AppleWebKit/537.36 (KHTML, like Gecko; compatible; ClaudeBot/1.0; +claudebot@anthropic.com)"
216.73.217.100 - - [27/Apr/2026:08:12:06 -0400] "GET /hey.php?fileloc=%2F%2Fproc%2Fself%2Froot%2Fhome5%2Fcca63905%2Fwww%2Fnueva%2Fjs%2Fjquery%2Fplugins%2Ftreeview-categories%2Fimages%2Ffile.gif&path=%2F%2Fproc%2Fself%2Froot%2Fhome5%2Fcca63905%2Fwww%2Fnueva%2Fjs%2Fjquery%2Fplugins%2Ftreeview-categories%2Fimages HTTP/1.1" 200 13989 "-" "Mozilla/5.0 AppleWebKit/537.36 (KHTML, like Gecko; compatible; ClaudeBot/1.0; +claudebot@anthropic.com)"
74.7.241.38 - - [27/Apr/2026:08:12:06 -0400] "GET /hey.php?path=/home4/cca63905/public_html/nueva/vendor/league/tactician-bundle/src/Resources HTTP/1.1" 200 15745 "https://mail.casaslaguna.cl/hey.php?path=/home4/cca63905/public_html/nueva/vendor/league/tactician-bundle/src" "Mozilla/5.0 AppleWebKit/537.36 (KHTML, like Gecko; compatible; GPTBot/1.3; +https://openai.com/gptbot)"
216.73.217.100 - - [27/Apr/2026:08:12:06 -0400] "GET /hey.php?fileloc=%2F%2Fusr%2Flib%2Fmodules%2F3.10.0-962.3.2.lve1.5.38.el7.x86_64%2Fkernel%2Fnet%2Fipv4%2Fudp_tunnel.ko&path=%2F%2Fusr%2Flib%2Fmodules%2F3.10.0-962.3.2.lve1.5.38.el7.x86_64%2Fkernel%2Fnet%2Fipv4 HTTP/1.1" 200 13651 "-" "Mozilla/5.0 AppleWebKit/537.36 (KHTML, like Gecko; compatible; ClaudeBot/1.0; +claudebot@anthropic.com)"
216.73.217.100 - - [27/Apr/2026:08:12:07 -0400] "GET /hey.php?fileloc=%2F%2Fhome4%2Fcca63905%2Fpublic_html%2Fnueva%2Fvendor%2Fguzzlehttp%2Fguzzle%2Fsrc%2FSubscriber%2FMock.php&path=%2F%2Fhome4%2Fcca63905%2Fpublic_html%2Fnueva%2Fvendor%2Fguzzlehttp%2Fguzzle%2Fsrc%2FSubscriber HTTP/1.1" 200 17969 "-" "Mozilla/5.0 AppleWebKit/537.36 (KHTML, like Gecko; compatible; ClaudeBot/1.0; +claudebot@anthropic.com)"
74.7.241.38 - - [27/Apr/2026:08:12:07 -0400] "GET /hey.php?path=//home5/cca63905/public_html/nueva/vendor/symfony/swiftmailer-bundle/Resources HTTP/1.1" 200 20331 "https://mail.casaslaguna.cl/hey.php?path=//home5/cca63905/public_html/nueva/vendor/symfony/swiftmailer-bundle" "Mozilla/5.0 AppleWebKit/537.36 (KHTML, like Gecko; compatible; GPTBot/1.3; +https://openai.com/gptbot)"
216.73.217.100 - - [27/Apr/2026:08:12:07 -0400] "GET /hey.php?fileloc=%2F%2Fhome5%2Fcca63905%2Fwww%2Fguiaweb%2Fhtdocs%2Flangs%2Fgl_ES%2Fmrp.lang&path=%2F%2Fhome5%2Fcca63905%2Fwww%2Fguiaweb%2Fhtdocs%2Flangs%2Fgl_ES HTTP/1.1" 200 24209 "-" "Mozilla/5.0 AppleWebKit/537.36 (KHTML, like Gecko; compatible; ClaudeBot/1.0; +claudebot@anthropic.com)"
74.7.241.38 - - [27/Apr/2026:08:12:07 -0400] "GET /hey.php?path=//home4/cca63905/public_html/nueva/vendor/matthiasmullie/minify/src/Exceptions HTTP/1.1" 200 19505 "https://mail.casaslaguna.cl/hey.php?path=//home4/cca63905/public_html/nueva/vendor/matthiasmullie/minify/src" "Mozilla/5.0 AppleWebKit/537.36 (KHTML, like Gecko; compatible; GPTBot/1.3; +https://openai.com/gptbot)"
216.73.217.100 - - [27/Apr/2026:08:12:07 -0400] "GET /hey.php?fileloc=%2F%2Fproc%2Fself%2Froot%2Fproc%2Fself%2Froot%2Fhome%2Fcca63905%2Fwww%2Fguiaweb%2Fhtdocs%2Ftheme%2Feldy%2Fimg%2Fstatut1_40x40.png&path=%2F%2Fproc%2Fself%2Froot%2Fproc%2Fself%2Froot%2Fhome%2Fcca63905%2Fwww%2Fguiaweb%2Fhtdocs%2Ftheme%2Feldy%2Fimg HTTP/1.1" 200 14131 "-" "Mozilla/5.0 AppleWebKit/537.36 (KHTML, like Gecko; compatible; ClaudeBot/1.0; +claudebot@anthropic.com)"
216.73.217.100 - - [27/Apr/2026:08:12:08 -0400] "GET /hey.php?fileloc=%2F%2Fproc%2Fself%2Froot%2Fhome5%2Fcca63905%2Fwww%2Fguiaweb%2Fhtdocs%2Ftheme%2Fcommon%2Focticons%2Fbuild%2Fsvg%2Fgit-compare.svg&path=%2F%2Fproc%2Fself%2Froot%2Fhome5%2Fcca63905%2Fwww%2Fguiaweb%2Fhtdocs%2Ftheme%2Fcommon%2Focticons%2Fbuild%2Fsvg HTTP/1.1" 200 14814 "-" "Mozilla/5.0 AppleWebKit/537.36 (KHTML, like Gecko; compatible; ClaudeBot/1.0; +claudebot@anthropic.com)"
74.7.241.38 - - [27/Apr/2026:08:12:08 -0400] "GET /hey.php?path=//lib64/python2.7/site-packages/gtk-2.0/gio HTTP/1.1" 200 21760 "https://mail.casaslaguna.cl/hey.php?path=//lib64/python2.7/site-packages/gtk-2.0" "Mozilla/5.0 AppleWebKit/537.36 (KHTML, like Gecko; compatible; GPTBot/1.3; +https://openai.com/gptbot)"
216.73.217.100 - - [27/Apr/2026:08:12:08 -0400] "GET /hey.php?fileloc=%2F%2Fproc%2Fself%2Froot%2Fhome%2Fcca63905%2Fwww%2Fnueva%2Fvar%2Fcache%2Fprod%2FContainerJdkt5yh%2Fremoved-ids.php&path=%2F%2Fproc%2Fself%2Froot%2Fhome%2Fcca63905%2Fwww%2Fnueva%2Fvar%2Fcache%2Fprod%2FContainerJdkt5yh HTTP/1.1" 200 52186 "-" "Mozilla/5.0 AppleWebKit/537.36 (KHTML, like Gecko; compatible; ClaudeBot/1.0; +claudebot@anthropic.com)"
216.73.217.100 - - [27/Apr/2026:08:12:08 -0400] "GET /hey.php?fileloc=%2F%2Fproc%2Fself%2Froot%2Fhome4%2Fcca63905%2Fwww%2Fnueva%2Fadmin346k89tef%2Ffilemanager%2Flang%2Fuk.php&path=%2F%2Fproc%2Fself%2Froot%2Fhome4%2Fcca63905%2Fwww%2Fnueva%2Fadmin346k89tef%2Ffilemanager%2Flang HTTP/1.1" 200 17514 "-" "Mozilla/5.0 AppleWebKit/537.36 (KHTML, like Gecko; compatible; ClaudeBot/1.0; +claudebot@anthropic.com)"
74.7.241.38 - - [27/Apr/2026:08:12:08 -0400] "GET /hey.php?path=//home5/cca63905/public_html/nueva/vendor/sensio/distribution-bundle/Resources HTTP/1.1" 200 18787 "https://mail.casaslaguna.cl/hey.php?path=//home5/cca63905/public_html/nueva/vendor/sensio/distribution-bundle" "Mozilla/5.0 AppleWebKit/537.36 (KHTML, like Gecko; compatible; GPTBot/1.3; +https://openai.com/gptbot)"
216.73.217.100 - - [27/Apr/2026:08:12:09 -0400] "GET /hey.php?fileloc=%2F%2Fhome%2Fcca63905%2Fpublic_html%2Fguiaweb%2Fhtdocs%2Flangs%2Ffr_CH%2Fexports.lang&path=%2F%2Fhome%2Fcca63905%2Fpublic_html%2Fguiaweb%2Fhtdocs%2Flangs%2Ffr_CH HTTP/1.1" 200 14453 "-" "Mozilla/5.0 AppleWebKit/537.36 (KHTML, like Gecko; compatible; ClaudeBot/1.0; +claudebot@anthropic.com)"
216.73.217.100 - - [27/Apr/2026:08:12:09 -0400] "GET /hey.php?fileloc=%2F%2Fproc%2Fself%2Froot%2Fhome5%2Fcca63905%2Fpublic_html%2Fguiaweb%2Fhtdocs%2Ftheme%2Feldy%2Fimg%2Fnav-overlay.png&path=%2F%2Fproc%2Fself%2Froot%2Fhome5%2Fcca63905%2Fpublic_html%2Fguiaweb%2Fhtdocs%2Ftheme%2Feldy%2Fimg HTTP/1.1" 200 13912 "-" "Mozilla/5.0 AppleWebKit/537.36 (KHTML, like Gecko; compatible; ClaudeBot/1.0; +claudebot@anthropic.com)"
74.7.241.38 - - [27/Apr/2026:08:12:09 -0400] "GET /hey.php?path=/home4/cca63905/public_html/nueva/src/Core/Domain/Product/AttributeGroup/Query HTTP/1.1" 200 17849 "https://mail.casaslaguna.cl/hey.php?path=/home4/cca63905/public_html/nueva/src/Core/Domain/Product/AttributeGroup" "Mozilla/5.0 AppleWebKit/537.36 (KHTML, like Gecko; compatible; GPTBot/1.3; +https://openai.com/gptbot)"
216.73.217.100 - - [27/Apr/2026:08:12:09 -0400] "GET /hey.php?fileloc=%2F%2Fhome4%2Fcca63905%2Fpublic_html%2Fguiaweb%2Fhtdocs%2Flangs%2Fnl_BE%2Fproducts.lang&path=%2F%2Fhome4%2Fcca63905%2Fpublic_html%2Fguiaweb%2Fhtdocs%2Flangs%2Fnl_BE HTTP/1.1" 200 15533 "-" "Mozilla/5.0 AppleWebKit/537.36 (KHTML, like Gecko; compatible; ClaudeBot/1.0; +claudebot@anthropic.com)"
74.7.241.38 - - [27/Apr/2026:08:12:09 -0400] "GET /hey.php?path=//home4/cca63905/public_html/nueva/vendor/sensio/distribution-bundle/Resources HTTP/1.1" 200 18787 "https://mail.casaslaguna.cl/hey.php?path=//home4/cca63905/public_html/nueva/vendor/sensio/distribution-bundle" "Mozilla/5.0 AppleWebKit/537.36 (KHTML, like Gecko; compatible; GPTBot/1.3; +https://openai.com/gptbot)"
216.73.217.100 - - [27/Apr/2026:08:12:10 -0400] "GET /hey.php?fileloc=%2F%2Fproc%2Fself%2Froot%2Fhome%2Fcca63905%2Fwww%2Fguiaweb%2Fhtdocs%2Flangs%2Fsl_SI%2Fbanks.lang&path=%2F%2Fproc%2Fself%2Froot%2Fhome%2Fcca63905%2Fwww%2Fguiaweb%2Fhtdocs%2Flangs%2Fsl_SI HTTP/1.1" 200 24052 "-" "Mozilla/5.0 AppleWebKit/537.36 (KHTML, like Gecko; compatible; ClaudeBot/1.0; +claudebot@anthropic.com)"
216.73.217.100 - - [27/Apr/2026:08:12:10 -0400] "GET /hey.php?fileloc=%2F%2Fhome5%2Fcca63905%2Fpublic_html%2Fguiaweb%2Fhtdocs%2Flangs%2Fes_PY%2Faccountancy.lang&path=%2F%2Fhome5%2Fcca63905%2Fpublic_html%2Fguiaweb%2Fhtdocs%2Flangs%2Fes_PY HTTP/1.1" 200 13727 "-" "Mozilla/5.0 AppleWebKit/537.36 (KHTML, like Gecko; compatible; ClaudeBot/1.0; +claudebot@anthropic.com)"
74.7.241.38 - - [27/Apr/2026:08:12:10 -0400] "GET /hey.php?path=//home5/cca63905/public_html/nueva/src/PrestaShopBundle/Controller/Api/Improve HTTP/1.1" 200 15758 "https://mail.casaslaguna.cl/hey.php?path=//home5/cca63905/public_html/nueva/src/PrestaShopBundle/Controller/Api" "Mozilla/5.0 AppleWebKit/537.36 (KHTML, like Gecko; compatible; GPTBot/1.3; +https://openai.com/gptbot)"
216.73.217.100 - - [27/Apr/2026:08:12:10 -0400] "GET /hey.php?fileloc=%2F%2Fproc%2Fself%2Froot%2Fhome%2Fcca63905%2Fwww%2Fguiaweb%2Fhtdocs%2Ftheme%2Fcommon%2Fdevices%2Fmedia-optical-recordable.png&path=%2F%2Fproc%2Fself%2Froot%2Fhome%2Fcca63905%2Fwww%2Fguiaweb%2Fhtdocs%2Ftheme%2Fcommon%2Fdevices HTTP/1.1" 200 13871 "-" "Mozilla/5.0 AppleWebKit/537.36 (KHTML, like Gecko; compatible; ClaudeBot/1.0; +claudebot@anthropic.com)"
74.7.241.38 - - [27/Apr/2026:08:12:10 -0400] "GET /hey.php?path=/home4/cca63905/public_html/nueva/vendor/prestashop/circuit-breaker/src/System HTTP/1.1" 200 15944 "https://mail.casaslaguna.cl/hey.php?path=/home4/cca63905/public_html/nueva/vendor/prestashop/circuit-breaker/src" "Mozilla/5.0 AppleWebKit/537.36 (KHTML, like Gecko; compatible; GPTBot/1.3; +https://openai.com/gptbot)"
216.73.217.100 - - [27/Apr/2026:08:12:11 -0400] "GET /hey.php?fileloc=%2F%2Fhome%2Fcca63905%2Fwww%2Fguiaweb%2Fhtdocs%2Flangs%2Fde_CH%2Fcategories.lang&path=%2F%2Fhome%2Fcca63905%2Fwww%2Fguiaweb%2Fhtdocs%2Flangs%2Fde_CH HTTP/1.1" 200 18205 "-" "Mozilla/5.0 AppleWebKit/537.36 (KHTML, like Gecko; compatible; ClaudeBot/1.0; +claudebot@anthropic.com)"
216.73.217.100 - - [27/Apr/2026:08:12:11 -0400] "GET /hey.php?fileloc=%2F%2Fhome4%2Fcca63905%2Fwww%2Fnueva%2Fmodules%2Fchatgptcontentgenerator%2Fvendor%2Fcomposer%2Fautoload_psr4.php&path=%2F%2Fhome4%2Fcca63905%2Fwww%2Fnueva%2Fmodules%2Fchatgptcontentgenerator%2Fvendor%2Fcomposer HTTP/1.1" 200 16451 "-" "Mozilla/5.0 AppleWebKit/537.36 (KHTML, like Gecko; compatible; ClaudeBot/1.0; +claudebot@anthropic.com)"
74.7.241.38 - - [27/Apr/2026:08:12:11 -0400] "GET /hey.php?path=//home4/cca63905/public_html/nueva/vendor/symfony/swiftmailer-bundle/Resources HTTP/1.1" 200 20331 "https://mail.casaslaguna.cl/hey.php?path=//home4/cca63905/public_html/nueva/vendor/symfony/swiftmailer-bundle" "Mozilla/5.0 AppleWebKit/537.36 (KHTML, like Gecko; compatible; GPTBot/1.3; +https://openai.com/gptbot)"
216.73.217.100 - - [27/Apr/2026:08:12:11 -0400] "GET /hey.php?fileloc=%2F%2Fproc%2Fself%2Froot%2Fproc%2Fself%2Froot%2Fhome%2Fcca63905%2Fpublic_html%2Fnueva%2Fimg%2Fp%2Fcs-default-small_default.jpg&path=%2F%2Fproc%2Fself%2Froot%2Fproc%2Fself%2Froot%2Fhome%2Fcca63905%2Fpublic_html%2Fnueva%2Fimg%2Fp HTTP/1.1" 200 13942 "-" "Mozilla/5.0 AppleWebKit/537.36 (KHTML, like Gecko; compatible; ClaudeBot/1.0; +claudebot@anthropic.com)"
74.7.241.38 - - [27/Apr/2026:08:12:11 -0400] "GET /hey.php?path=/home4/cca63905/public_html/nueva/vendor/prestashop/circuit-breaker/src/Client HTTP/1.1" 200 15952 "https://mail.casaslaguna.cl/hey.php?path=/home4/cca63905/public_html/nueva/vendor/prestashop/circuit-breaker/src" "Mozilla/5.0 AppleWebKit/537.36 (KHTML, like Gecko; compatible; GPTBot/1.3; +https://openai.com/gptbot)"
216.73.217.100 - - [27/Apr/2026:08:12:11 -0400] "GET /hey.php?fileloc=%2F%2Fhome5%2Fcca63905%2Fpublic_html%2Fguiaweb%2Fhtdocs%2Flangs%2Fko_KR%2Fpropal.lang&path=%2F%2Fhome5%2Fcca63905%2Fpublic_html%2Fguiaweb%2Fhtdocs%2Flangs%2Fko_KR HTTP/1.1" 200 19114 "-" "Mozilla/5.0 AppleWebKit/537.36 (KHTML, like Gecko; compatible; ClaudeBot/1.0; +claudebot@anthropic.com)"
74.7.241.38 - - [27/Apr/2026:08:12:12 -0400] "GET /hey.php?path=/home4/cca63905/public_html/nueva/vendor/league/tactician-bundle/src/Resources/config HTTP/1.1" 200 15887 "https://mail.casaslaguna.cl/hey.php?path=/home4/cca63905/public_html/nueva/vendor/league/tactician-bundle/src/Resources" "Mozilla/5.0 AppleWebKit/537.36 (KHTML, like Gecko; compatible; GPTBot/1.3; +https://openai.com/gptbot)"
216.73.217.100 - - [27/Apr/2026:08:12:12 -0400] "GET /hey.php?fileloc=%2F%2Flib%2Fmodules%2F3.10.0-714.10.2.lve1.4.62.el7.x86_64%2Fkernel%2Fdrivers%2Fusb%2Fatm%2Fxusbatm.ko&path=%2F%2Flib%2Fmodules%2F3.10.0-714.10.2.lve1.4.62.el7.x86_64%2Fkernel%2Fdrivers%2Fusb%2Fatm HTTP/1.1" 200 13711 "-" "Mozilla/5.0 AppleWebKit/537.36 (KHTML, like Gecko; compatible; ClaudeBot/1.0; +claudebot@anthropic.com)"
216.73.217.100 - - [27/Apr/2026:08:12:12 -0400] "GET /hey.php?fileloc=%2Fhome4%2Fcca63905%2Fwww%2Fguiaweb%2Fhtdocs%2Fincludes%2Fckeditor%2Fckeditor%2Flang%2Fpl.js&path=%2Fhome4%2Fcca63905%2Fwww%2Fguiaweb%2Fhtdocs%2Fincludes%2Fckeditor%2Fckeditor%2Flang HTTP/1.1" 200 46335 "-" "Mozilla/5.0 AppleWebKit/537.36 (KHTML, like Gecko; compatible; ClaudeBot/1.0; +claudebot@anthropic.com)"
74.7.241.38 - - [27/Apr/2026:08:12:13 -0400] "GET /hey.php?path=//home5/cca63905/public_html/nueva/vendor/symfony/swiftmailer-bundle/Resources/config HTTP/1.1" 200 19352 "https://mail.casaslaguna.cl/hey.php?path=//home5/cca63905/public_html/nueva/vendor/symfony/swiftmailer-bundle/Resources" "Mozilla/5.0 AppleWebKit/537.36 (KHTML, like Gecko; compatible; GPTBot/1.3; +https://openai.com/gptbot)"
216.73.217.100 - - [27/Apr/2026:08:12:13 -0400] "GET /hey.php?fileloc=%2F%2Fhome%2Fcca63905%2Fwww%2Fguiaweb%2Fhtdocs%2Fincludes%2Fsymfony%2Fvar-dumper%2FCloner%2FClonerInterface.php&path=%2F%2Fhome%2Fcca63905%2Fwww%2Fguiaweb%2Fhtdocs%2Fincludes%2Fsymfony%2Fvar-dumper%2FCloner HTTP/1.1" 200 14311 "-" "Mozilla/5.0 AppleWebKit/537.36 (KHTML, like Gecko; compatible; ClaudeBot/1.0; +claudebot@anthropic.com)"
216.73.217.100 - - [27/Apr/2026:08:12:13 -0400] "GET /hey.php?fileloc=%2F%2Fopt%2Fcpanel%2Fea-openssl11%2Fshare%2Fman%2Fman3%2FX509_REQ_get_subject_name.3&path=%2F%2Fopt%2Fcpanel%2Fea-openssl11%2Fshare%2Fman%2Fman3 HTTP/1.1" 200 21297 "-" "Mozilla/5.0 AppleWebKit/537.36 (KHTML, like Gecko; compatible; ClaudeBot/1.0; +claudebot@anthropic.com)"
74.7.241.38 - - [27/Apr/2026:08:12:13 -0400] "GET /hey.php?path=//home5/cca63905/public_html/nueva/vendor/symfony/swiftmailer-bundle/Resources/doc HTTP/1.1" 200 14210 "https://mail.casaslaguna.cl/hey.php?path=//home5/cca63905/public_html/nueva/vendor/symfony/swiftmailer-bundle/Resources" "Mozilla/5.0 AppleWebKit/537.36 (KHTML, like Gecko; compatible; GPTBot/1.3; +https://openai.com/gptbot)"
216.73.217.100 - - [27/Apr/2026:08:12:13 -0400] "GET /hey.php?fileloc=%2F%2Fhome%2Fcca63905%2Fwww%2Fnueva%2Fjs%2Fjquery%2Fui%2Fjquery.effects.transfer.min.js&path=%2F%2Fhome%2Fcca63905%2Fwww%2Fnueva%2Fjs%2Fjquery%2Fui HTTP/1.1" 200 14351 "-" "Mozilla/5.0 AppleWebKit/537.36 (KHTML, like Gecko; compatible; ClaudeBot/1.0; +claudebot@anthropic.com)"
216.73.217.100 - - [27/Apr/2026:08:12:13 -0400] "GET /hey.php?fileloc=%2F%2Fopt%2Fcpanel%2Fea-openssl11%2Fshare%2Fman%2Fman3%2FX509_CERT_AUX_new.3&path=%2F%2Fopt%2Fcpanel%2Fea-openssl11%2Fshare%2Fman%2Fman3 HTTP/1.1" 200 25102 "-" "Mozilla/5.0 AppleWebKit/537.36 (KHTML, like Gecko; compatible; ClaudeBot/1.0; +claudebot@anthropic.com)"
216.73.217.100 - - [27/Apr/2026:08:12:14 -0400] "GET /hey.php?fileloc=%2F%2Fhome4%2Fcca63905%2Fpublic_html%2Fguiaweb%2Fhtdocs%2Flangs%2Fmk_MK%2Fproducts.lang&path=%2F%2Fhome4%2Fcca63905%2Fpublic_html%2Fguiaweb%2Fhtdocs%2Flangs%2Fmk_MK HTTP/1.1" 200 53027 "-" "Mozilla/5.0 AppleWebKit/537.36 (KHTML, like Gecko; compatible; ClaudeBot/1.0; +claudebot@anthropic.com)"
74.7.241.38 - - [27/Apr/2026:08:12:14 -0400] "GET /hey.php?path=//home5/cca63905/public_html/nueva/vendor/symfony/swiftmailer-bundle/Resources/views HTTP/1.1" 200 15807 "https://mail.casaslaguna.cl/hey.php?path=//home5/cca63905/public_html/nueva/vendor/symfony/swiftmailer-bundle/Resources" "Mozilla/5.0 AppleWebKit/537.36 (KHTML, like Gecko; compatible; GPTBot/1.3; +https://openai.com/gptbot)"
216.73.217.100 - - [27/Apr/2026:08:12:14 -0400] "GET /hey.php?fileloc=%2F%2Fhome%2Fcca63905%2Fpublic_html%2Fguiaweb%2Fhtdocs%2Ftheme%2Fcommon%2Fmime%2Fppt.png&path=%2F%2Fhome%2Fcca63905%2Fpublic_html%2Fguiaweb%2Fhtdocs%2Ftheme%2Fcommon%2Fmime HTTP/1.1" 200 13659 "-" "Mozilla/5.0 AppleWebKit/537.36 (KHTML, like Gecko; compatible; ClaudeBot/1.0; +claudebot@anthropic.com)"
74.7.241.38 - - [27/Apr/2026:08:12:14 -0400] "GET /hey.php?path=//home5/cca63905/public_html/nueva/vendor/sensio/distribution-bundle/Resources/config HTTP/1.1" 200 15987 "https://mail.casaslaguna.cl/hey.php?path=//home5/cca63905/public_html/nueva/vendor/sensio/distribution-bundle/Resources" "Mozilla/5.0 AppleWebKit/537.36 (KHTML, like Gecko; compatible; GPTBot/1.3; +https://openai.com/gptbot)"
216.73.217.100 - - [27/Apr/2026:08:12:14 -0400] "GET /hey.php?fileloc=%2F%2Fproc%2Fself%2Froot%2Fhome5%2Fcca63905%2Fwww%2Fnueva%2Fconfig%2Fservices%2Ffront%2Fservices_dev.yml&path=%2F%2Fproc%2Fself%2Froot%2Fhome5%2Fcca63905%2Fwww%2Fnueva%2Fconfig%2Fservices%2Ffront HTTP/1.1" 200 13805 "-" "Mozilla/5.0 AppleWebKit/537.36 (KHTML, like Gecko; compatible; ClaudeBot/1.0; +claudebot@anthropic.com)"
216.73.217.100 - - [27/Apr/2026:08:12:14 -0400] "GET /hey.php?fileloc=%2F%2Fhome4%2Fcca63905%2Fpublic_html%2Fnueva%2Fmodules%2Fps_emailalerts%2Fviews%2Findex.php&path=%2F%2Fhome4%2Fcca63905%2Fpublic_html%2Fnueva%2Fmodules%2Fps_emailalerts%2Fviews HTTP/1.1" 200 14911 "-" "Mozilla/5.0 AppleWebKit/537.36 (KHTML, like Gecko; compatible; ClaudeBot/1.0; +claudebot@anthropic.com)"
74.7.241.38 - - [27/Apr/2026:08:12:15 -0400] "GET /hey.php?path=//home5/cca63905/public_html/nueva/vendor/sensio/distribution-bundle/Resources/bin HTTP/1.1" 200 19505 "https://mail.casaslaguna.cl/hey.php?path=//home5/cca63905/public_html/nueva/vendor/sensio/distribution-bundle/Resources" "Mozilla/5.0 AppleWebKit/537.36 (KHTML, like Gecko; compatible; GPTBot/1.3; +https://openai.com/gptbot)"
216.73.217.100 - - [27/Apr/2026:08:12:15 -0400] "GET /hey.php?fileloc=%2F%2Fproc%2Fself%2Froot%2Fproc%2Fself%2Froot%2Fproc%2Fself%2Froot%2Fhome%2Fcca63905%2Fpublic_html%2Fnueva%2Fimg%2Fsu%2Fbr.jpg&path=%2F%2Fproc%2Fself%2Froot%2Fproc%2Fself%2Froot%2Fproc%2Fself%2Froot%2Fhome%2Fcca63905%2Fpublic_html%2Fnueva%2Fimg%2Fsu HTTP/1.1" 200 14229 "-" "Mozilla/5.0 AppleWebKit/537.36 (KHTML, like Gecko; compatible; ClaudeBot/1.0; +claudebot@anthropic.com)"
216.73.217.100 - - [27/Apr/2026:08:12:15 -0400] "GET /hey.php?fileloc=%2F%2Fhome4%2Fcca63905%2Fpublic_html%2Fguiaweb%2Fhtdocs%2Flangs%2Fhu_HU%2Fmails.lang&path=%2F%2Fhome4%2Fcca63905%2Fpublic_html%2Fguiaweb%2Fhtdocs%2Flangs%2Fhu_HU HTTP/1.1" 200 28172 "-" "Mozilla/5.0 AppleWebKit/537.36 (KHTML, like Gecko; compatible; ClaudeBot/1.0; +claudebot@anthropic.com)"
74.7.241.38 - - [27/Apr/2026:08:12:15 -0400] "GET /hey.php?path=//home4/cca63905/public_html/nueva/vendor/sensio/distribution-bundle/Resources/config HTTP/1.1" 200 15987 "https://mail.casaslaguna.cl/hey.php?path=//home4/cca63905/public_html/nueva/vendor/sensio/distribution-bundle/Resources" "Mozilla/5.0 AppleWebKit/537.36 (KHTML, like Gecko; compatible; GPTBot/1.3; +https://openai.com/gptbot)"
216.73.217.100 - - [27/Apr/2026:08:12:15 -0400] "GET /hey.php?fileloc=%2F%2Fproc%2Fself%2Froot%2Fproc%2Fself%2Froot%2Fhome%2Fcca63905%2Fwww%2Fnueva%2Fvendor%2Ftecnickcom%2Ftcpdf%2Ffonts%2Ftimesi.php&path=%2F%2Fproc%2Fself%2Froot%2Fproc%2Fself%2Froot%2Fhome%2Fcca63905%2Fwww%2Fnueva%2Fvendor%2Ftecnickcom%2Ftcpdf%2Ffonts HTTP/1.1" 200 17530 "-" "Mozilla/5.0 AppleWebKit/537.36 (KHTML, like Gecko; compatible; ClaudeBot/1.0; +claudebot@anthropic.com)"
40.77.167.150 - - [27/Apr/2026:08:12:15 -0400] "GET /product/0032019228.html HTTP/1.1" 404 - "-" "Mozilla/5.0 AppleWebKit/537.36 (KHTML, like Gecko; compatible; bingbot/2.0; +http://www.bing.com/bingbot.htm) Chrome/116.0.1938.76 Safari/537.36"
74.7.241.38 - - [27/Apr/2026:08:12:16 -0400] "GET /hey.php?path=//home4/cca63905/public_html/nueva/vendor/sensio/distribution-bundle/Resources/skeleton HTTP/1.1" 200 17375 "https://mail.casaslaguna.cl/hey.php?path=//home4/cca63905/public_html/nueva/vendor/sensio/distribution-bundle/Resources" "Mozilla/5.0 AppleWebKit/537.36 (KHTML, like Gecko; compatible; GPTBot/1.3; +https://openai.com/gptbot)"
216.73.217.100 - - [27/Apr/2026:08:12:16 -0400] "GET /hey.php?fileloc=%2F%2Fhome5%2Fcca63905%2Fwww%2Fguiaweb%2Fhtdocs%2Ftheme%2Fcommon%2Fflags%2Fnz.png&path=%2F%2Fhome5%2Fcca63905%2Fwww%2Fguiaweb%2Fhtdocs%2Ftheme%2Fcommon%2Fflags HTTP/1.1" 200 13607 "-" "Mozilla/5.0 AppleWebKit/537.36 (KHTML, like Gecko; compatible; ClaudeBot/1.0; +claudebot@anthropic.com)"
