181.226.175.254 - - [22/Apr/2026:14:40:19 -0400] "GET /nueva/43-home_default/hummingbird-printed-t-shirt.jpg HTTP/1.1" 200 13486 "https://casaslaguna.cl/nueva/mx/" "Mozilla/5.0 (Linux; Android 16; SM-S918B Build/BP2A.250605.031.A3; wv) AppleWebKit/537.36 (KHTML, like Gecko) Version/4.0 Chrome/147.0.7727.88 Mobile Safari/537.36 Instagram 425.0.0.47.61 Android (36/16; 450dpi; 1080x2316; samsung; SM-S918B; dm3q; qcom; es_US; 938256486; IABMV/1)"
181.226.175.254 - - [22/Apr/2026:14:40:19 -0400] "GET /nueva/img/cms/Reels%20redes%20casas%20%20-%20Converted%20with%20FlexClip%20-%20Compressed%20with%20FlexClip.mp4 HTTP/1.1" 206 56930 "https://casaslaguna.cl/nueva/mx/" "Mozilla/5.0 (Linux; Android 16; SM-S918B Build/BP2A.250605.031.A3; wv) AppleWebKit/537.36 (KHTML, like Gecko) Version/4.0 Chrome/147.0.7727.88 Mobile Safari/537.36 Instagram 425.0.0.47.61 Android (36/16; 450dpi; 1080x2316; samsung; SM-S918B; dm3q; qcom; es_US; 938256486; IABMV/1)"
181.226.175.254 - - [22/Apr/2026:14:40:19 -0400] "GET /nueva/68-home_default/casa-93-m2-mediterranea.jpg HTTP/1.1" 200 7275 "https://casaslaguna.cl/nueva/mx/" "Mozilla/5.0 (Linux; Android 16; SM-S918B Build/BP2A.250605.031.A3; wv) AppleWebKit/537.36 (KHTML, like Gecko) Version/4.0 Chrome/147.0.7727.88 Mobile Safari/537.36 Instagram 425.0.0.47.61 Android (36/16; 450dpi; 1080x2316; samsung; SM-S918B; dm3q; qcom; es_US; 938256486; IABMV/1)"
181.226.175.254 - - [22/Apr/2026:14:40:19 -0400] "GET /nueva/modules/ets_multilayerslider/views/img/upload/volante%20casas%20laguna%20aculeo1.png HTTP/1.1" 200 4683971 "https://casaslaguna.cl/nueva/mx/" "Mozilla/5.0 (Linux; Android 16; SM-S918B Build/BP2A.250605.031.A3; wv) AppleWebKit/537.36 (KHTML, like Gecko) Version/4.0 Chrome/147.0.7727.88 Mobile Safari/537.36 Instagram 425.0.0.47.61 Android (36/16; 450dpi; 1080x2316; samsung; SM-S918B; dm3q; qcom; es_US; 938256486; IABMV/1)"
181.226.175.254 - - [22/Apr/2026:14:40:21 -0400] "GET /nueva/img/cms/Reels%20redes%20casas%20%20-%20Converted%20with%20FlexClip%20-%20Compressed%20with%20FlexClip.mp4 HTTP/1.1" 206 1671168 "https://casaslaguna.cl/nueva/mx/" "Mozilla/5.0 (Linux; Android 16; SM-S918B Build/BP2A.250605.031.A3; wv) AppleWebKit/537.36 (KHTML, like Gecko) Version/4.0 Chrome/147.0.7727.88 Mobile Safari/537.36 Instagram 425.0.0.47.61 Android (36/16; 450dpi; 1080x2316; samsung; SM-S918B; dm3q; qcom; es_US; 938256486; IABMV/1)"
181.226.175.254 - - [22/Apr/2026:14:40:20 -0400] "GET /nueva/img/cms/Reels%20redes%20casas%20%20-%20Converted%20with%20FlexClip%20-%20Compressed%20with%20FlexClip.mp4 HTTP/1.1" 206 27344896 "https://casaslaguna.cl/nueva/mx/" "Mozilla/5.0 (Linux; Android 16; SM-S918B Build/BP2A.250605.031.A3; wv) AppleWebKit/537.36 (KHTML, like Gecko) Version/4.0 Chrome/147.0.7727.88 Mobile Safari/537.36 Instagram 425.0.0.47.61 Android (36/16; 450dpi; 1080x2316; samsung; SM-S918B; dm3q; qcom; es_US; 938256486; IABMV/1)"
181.226.175.254 - - [22/Apr/2026:14:40:17 -0400] "GET /nueva/modules/ybc_blog_free/views/img/post/thumb/IMG_2329.jpg HTTP/1.1" 200 1781416 "https://casaslaguna.cl/nueva/mx/" "Mozilla/5.0 (Linux; Android 16; SM-S918B Build/BP2A.250605.031.A3; wv) AppleWebKit/537.36 (KHTML, like Gecko) Version/4.0 Chrome/147.0.7727.88 Mobile Safari/537.36 Instagram 425.0.0.47.61 Android (36/16; 450dpi; 1080x2316; samsung; SM-S918B; dm3q; qcom; es_US; 938256486; IABMV/1)"
181.226.175.254 - - [22/Apr/2026:14:40:16 -0400] "GET /nueva/modules/ets_multilayerslider/views/img/upload/volante%20casas%20laguna%20aculeo3.png HTTP/1.1" 200 4702200 "https://casaslaguna.cl/nueva/mx/" "Mozilla/5.0 (Linux; Android 16; SM-S918B Build/BP2A.250605.031.A3; wv) AppleWebKit/537.36 (KHTML, like Gecko) Version/4.0 Chrome/147.0.7727.88 Mobile Safari/537.36 Instagram 425.0.0.47.61 Android (36/16; 450dpi; 1080x2316; samsung; SM-S918B; dm3q; qcom; es_US; 938256486; IABMV/1)"
181.226.175.254 - - [22/Apr/2026:14:40:22 -0400] "GET /nueva/img/favicon.ico?1692935605 HTTP/1.1" 200 67646 "https://casaslaguna.cl/nueva/mx/" "Mozilla/5.0 (Linux; Android 16; SM-S918B Build/BP2A.250605.031.A3; wv) AppleWebKit/537.36 (KHTML, like Gecko) Version/4.0 Chrome/147.0.7727.88 Mobile Safari/537.36 Instagram 425.0.0.47.61 Android (36/16; 450dpi; 1080x2316; samsung; SM-S918B; dm3q; qcom; es_US; 938256486; IABMV/1)"
216.73.217.41 - - [22/Apr/2026:14:40:25 -0400] "GET /guiaweb/scripts/contracts/?C=D&O=A HTTP/1.1" 200 1080 "-" "Mozilla/5.0 AppleWebKit/537.36 (KHTML, like Gecko; compatible; ClaudeBot/1.0; +claudebot@anthropic.com)"
216.73.217.41 - - [22/Apr/2026:14:40:25 -0400] "GET /guiaweb/scripts/contracts/?C=M&O=A HTTP/1.1" 200 1080 "-" "Mozilla/5.0 AppleWebKit/537.36 (KHTML, like Gecko; compatible; ClaudeBot/1.0; +claudebot@anthropic.com)"
216.73.217.41 - - [22/Apr/2026:14:40:25 -0400] "GET /hey.php?path=%2Fhome4%2Fcca63905%2F.cpanel%2Fea-php-cli HTTP/1.1" 200 15184 "-" "Mozilla/5.0 AppleWebKit/537.36 (KHTML, like Gecko; compatible; ClaudeBot/1.0; +claudebot@anthropic.com)"
216.73.217.41 - - [22/Apr/2026:14:40:26 -0400] "GET /guiaweb/scripts/contracts/?C=N&O=D HTTP/1.1" 200 1080 "-" "Mozilla/5.0 AppleWebKit/537.36 (KHTML, like Gecko; compatible; ClaudeBot/1.0; +claudebot@anthropic.com)"
216.73.217.41 - - [22/Apr/2026:14:40:26 -0400] "GET /guiaweb/scripts/?C=N&O=A HTTP/1.1" 200 3271 "-" "Mozilla/5.0 AppleWebKit/537.36 (KHTML, like Gecko; compatible; ClaudeBot/1.0; +claudebot@anthropic.com)"
216.73.217.41 - - [22/Apr/2026:14:40:26 -0400] "GET /guiaweb/scripts/user/?C=S&O=A HTTP/1.1" 200 1639 "-" "Mozilla/5.0 AppleWebKit/537.36 (KHTML, like Gecko; compatible; ClaudeBot/1.0; +claudebot@anthropic.com)"
216.73.217.41 - - [22/Apr/2026:14:40:26 -0400] "GET /guiaweb/scripts/user/?C=D&O=A HTTP/1.1" 200 1639 "-" "Mozilla/5.0 AppleWebKit/537.36 (KHTML, like Gecko; compatible; ClaudeBot/1.0; +claudebot@anthropic.com)"
216.73.217.41 - - [22/Apr/2026:14:40:26 -0400] "GET /guiaweb/scripts/user/?C=M&O=A HTTP/1.1" 200 1639 "-" "Mozilla/5.0 AppleWebKit/537.36 (KHTML, like Gecko; compatible; ClaudeBot/1.0; +claudebot@anthropic.com)"
216.73.217.41 - - [22/Apr/2026:14:40:26 -0400] "GET /guiaweb/scripts/user/?C=N&O=D HTTP/1.1" 200 1639 "-" "Mozilla/5.0 AppleWebKit/537.36 (KHTML, like Gecko; compatible; ClaudeBot/1.0; +claudebot@anthropic.com)"
191.127.203.219 - - [22/Apr/2026:14:40:30 -0400] "GET /nueva/ HTTP/1.1" 302 - "-" "Mozilla/5.0 (Linux; Android 10; K) AppleWebKit/537.36 (KHTML, like Gecko) Chrome/146.0.0.0 Mobile Safari/537.36 OPR/97.0.0.0"
191.127.203.219 - - [22/Apr/2026:14:40:30 -0400] "GET /nueva/mx/ HTTP/1.1" 200 18407 "-" "Mozilla/5.0 (Linux; Android 10; K) AppleWebKit/537.36 (KHTML, like Gecko) Chrome/146.0.0.0 Mobile Safari/537.36 OPR/97.0.0.0"
191.127.203.219 - - [22/Apr/2026:14:40:30 -0400] "GET /nueva/themes/probusiness/assets/cache/theme-4ae946213.css HTTP/1.1" 200 130956 "https://casaslaguna.cl/nueva/mx/" "Mozilla/5.0 (Linux; Android 10; K) AppleWebKit/537.36 (KHTML, like Gecko) Chrome/146.0.0.0 Mobile Safari/537.36 OPR/97.0.0.0"
191.127.203.219 - - [22/Apr/2026:14:40:30 -0400] "GET /nueva/img/logo-1692935605.jpg HTTP/1.1" 200 9709 "https://casaslaguna.cl/nueva/mx/" "Mozilla/5.0 (Linux; Android 10; K) AppleWebKit/537.36 (KHTML, like Gecko) Chrome/146.0.0.0 Mobile Safari/537.36 OPR/97.0.0.0"
191.127.203.219 - - [22/Apr/2026:14:40:30 -0400] "GET /nueva/modules/ets_multilayerslider/views/img/ajax-loader.gif HTTP/1.1" 200 4178 "https://casaslaguna.cl/nueva/mx/" "Mozilla/5.0 (Linux; Android 10; K) AppleWebKit/537.36 (KHTML, like Gecko) Chrome/146.0.0.0 Mobile Safari/537.36 OPR/97.0.0.0"
191.127.203.219 - - [22/Apr/2026:14:40:30 -0400] "GET /nueva/modules/ybc_widget/images/widget/CASA-54-M2-4A.jpg HTTP/1.1" 200 1191727 "https://casaslaguna.cl/nueva/mx/" "Mozilla/5.0 (Linux; Android 10; K) AppleWebKit/537.36 (KHTML, like Gecko) Chrome/146.0.0.0 Mobile Safari/537.36 OPR/97.0.0.0"
191.127.203.219 - - [22/Apr/2026:14:40:30 -0400] "GET /nueva/32-home_default/hummingbird-printed-t-shirt.jpg HTTP/1.1" 200 16276 "https://casaslaguna.cl/nueva/mx/" "Mozilla/5.0 (Linux; Android 10; K) AppleWebKit/537.36 (KHTML, like Gecko) Chrome/146.0.0.0 Mobile Safari/537.36 OPR/97.0.0.0"
191.127.203.219 - - [22/Apr/2026:14:40:30 -0400] "GET /nueva/24-home_default/hummingbird-printed-t-shirt.jpg HTTP/1.1" 200 17346 "https://casaslaguna.cl/nueva/mx/" "Mozilla/5.0 (Linux; Android 10; K) AppleWebKit/537.36 (KHTML, like Gecko) Chrome/146.0.0.0 Mobile Safari/537.36 OPR/97.0.0.0"
191.127.203.219 - - [22/Apr/2026:14:40:30 -0400] "GET /nueva/modules/ybc_themeconfig/fonts/fontawesome-webfont.woff2?v=4.6.0 HTTP/1.1" 200 71896 "https://casaslaguna.cl/nueva/themes/probusiness/assets/cache/theme-4ae946213.css" "Mozilla/5.0 (Linux; Android 10; K) AppleWebKit/537.36 (KHTML, like Gecko) Chrome/146.0.0.0 Mobile Safari/537.36 OPR/97.0.0.0"
191.127.203.219 - - [22/Apr/2026:14:40:30 -0400] "GET /nueva/themes/probusiness/assets/fonts/MaterialIcons-Regular.woff2 HTTP/1.1" 200 36888 "https://casaslaguna.cl/nueva/themes/probusiness/assets/cache/theme-4ae946213.css" "Mozilla/5.0 (Linux; Android 10; K) AppleWebKit/537.36 (KHTML, like Gecko) Chrome/146.0.0.0 Mobile Safari/537.36 OPR/97.0.0.0"
191.127.203.219 - - [22/Apr/2026:14:40:30 -0400] "GET /nueva/modules/ybc_themeconfig/fonts/ElegantIcons.woff HTTP/1.1" 200 63664 "https://casaslaguna.cl/nueva/themes/probusiness/assets/cache/theme-4ae946213.css" "Mozilla/5.0 (Linux; Android 10; K) AppleWebKit/537.36 (KHTML, like Gecko) Chrome/146.0.0.0 Mobile Safari/537.36 OPR/97.0.0.0"
181.42.33.198 - - [22/Apr/2026:14:40:30 -0400] "GET /nueva/themes/probusiness/assets/cache/theme-4ae946213.css HTTP/1.1" 200 130956 "-" "Mozilla/5.0 (Linux; Android 10; K) AppleWebKit/537.36 (KHTML, like Gecko) Chrome/147.0.0.0 Mobile Safari/537.36"
191.127.203.219 - - [22/Apr/2026:14:40:30 -0400] "GET /nueva/themes/probusiness/assets/cache/bottom-79769f212.js HTTP/1.1" 200 394373 "https://casaslaguna.cl/nueva/mx/" "Mozilla/5.0 (Linux; Android 10; K) AppleWebKit/537.36 (KHTML, like Gecko) Chrome/146.0.0.0 Mobile Safari/537.36 OPR/97.0.0.0"
191.127.203.219 - - [22/Apr/2026:14:40:31 -0400] "GET /nueva/49-home_default/hummingbird-printed-t-shirt.jpg HTTP/1.1" 200 16737 "https://casaslaguna.cl/nueva/mx/" "Mozilla/5.0 (Linux; Android 10; K) AppleWebKit/537.36 (KHTML, like Gecko) Chrome/146.0.0.0 Mobile Safari/537.36 OPR/97.0.0.0"
162.120.186.108 - - [22/Apr/2026:14:40:31 -0400] "GET /nueva/ HTTP/1.1" 302 - "https://www.google.com/" "Mozilla/5.0 (Linux; Android 10; K) AppleWebKit/537.36 (KHTML, like Gecko) Chrome/147.0.0.0 Mobile Safari/537.36"
191.127.203.219 - - [22/Apr/2026:14:40:31 -0400] "GET /nueva/70-home_default/casa-93-m2-mediterranea.jpg HTTP/1.1" 200 17801 "https://casaslaguna.cl/nueva/mx/" "Mozilla/5.0 (Linux; Android 10; K) AppleWebKit/537.36 (KHTML, like Gecko) Chrome/146.0.0.0 Mobile Safari/537.36 OPR/97.0.0.0"
191.127.203.219 - - [22/Apr/2026:14:40:31 -0400] "GET /nueva/42-home_default/hummingbird-printed-t-shirt.jpg HTTP/1.1" 200 17520 "https://casaslaguna.cl/nueva/mx/" "Mozilla/5.0 (Linux; Android 10; K) AppleWebKit/537.36 (KHTML, like Gecko) Chrome/146.0.0.0 Mobile Safari/537.36 OPR/97.0.0.0"
191.127.203.219 - - [22/Apr/2026:14:40:31 -0400] "GET /nueva/modules/ybc_widget/images/widget/Proyecto%20nuevo.jpg HTTP/1.1" 200 44266 "https://casaslaguna.cl/nueva/mx/" "Mozilla/5.0 (Linux; Android 10; K) AppleWebKit/537.36 (KHTML, like Gecko) Chrome/146.0.0.0 Mobile Safari/537.36 OPR/97.0.0.0"
162.120.186.108 - - [22/Apr/2026:14:40:31 -0400] "GET /nueva/mx/ HTTP/1.1" 200 18407 "https://www.google.com/" "Mozilla/5.0 (Linux; Android 10; K) AppleWebKit/537.36 (KHTML, like Gecko) Chrome/147.0.0.0 Mobile Safari/537.36"
181.42.33.198 - - [22/Apr/2026:14:40:31 -0400] "GET /nueva/ HTTP/1.1" 302 - "https://www.google.com/" "Mozilla/5.0 (Linux; Android 10; K) AppleWebKit/537.36 (KHTML, like Gecko) Chrome/147.0.0.0 Mobile Safari/537.36"
191.127.203.219 - - [22/Apr/2026:14:40:30 -0400] "GET /nueva/modules/ets_multilayerslider/views/img/upload/volante%20casas%20laguna%20aculeo3.png HTTP/1.1" 200 4702200 "https://casaslaguna.cl/nueva/mx/" "Mozilla/5.0 (Linux; Android 10; K) AppleWebKit/537.36 (KHTML, like Gecko) Chrome/146.0.0.0 Mobile Safari/537.36 OPR/97.0.0.0"
181.42.33.198 - - [22/Apr/2026:14:40:31 -0400] "GET /nueva/mx/ HTTP/1.1" 200 18407 "https://www.google.com/" "Mozilla/5.0 (Linux; Android 10; K) AppleWebKit/537.36 (KHTML, like Gecko) Chrome/147.0.0.0 Mobile Safari/537.36"
191.127.203.219 - - [22/Apr/2026:14:40:30 -0400] "GET /nueva/modules/ybc_widget/images/widget/CASA-36-M2-2AGUAS.jpg HTTP/1.1" 200 889660 "https://casaslaguna.cl/nueva/mx/" "Mozilla/5.0 (Linux; Android 10; K) AppleWebKit/537.36 (KHTML, like Gecko) Chrome/146.0.0.0 Mobile Safari/537.36 OPR/97.0.0.0"
181.42.33.198 - - [22/Apr/2026:14:40:32 -0400] "GET /nueva/img/logo-1692935605.jpg HTTP/1.1" 200 9709 "https://casaslaguna.cl/nueva/mx/" "Mozilla/5.0 (Linux; Android 10; K) AppleWebKit/537.36 (KHTML, like Gecko) Chrome/147.0.0.0 Mobile Safari/537.36"
181.42.33.198 - - [22/Apr/2026:14:40:32 -0400] "GET /nueva/modules/ets_multilayerslider/views/img/ajax-loader.gif HTTP/1.1" 200 4178 "https://casaslaguna.cl/nueva/mx/" "Mozilla/5.0 (Linux; Android 10; K) AppleWebKit/537.36 (KHTML, like Gecko) Chrome/147.0.0.0 Mobile Safari/537.36"
191.127.203.219 - - [22/Apr/2026:14:40:32 -0400] "GET /nueva/mx/module/ybc_productimagehover/ajax?ids=20,1,22,23,21 HTTP/1.1" 200 330 "https://casaslaguna.cl/nueva/mx/" "Mozilla/5.0 (Linux; Android 10; K) AppleWebKit/537.36 (KHTML, like Gecko) Chrome/146.0.0.0 Mobile Safari/537.36 OPR/97.0.0.0"
191.127.203.219 - - [22/Apr/2026:14:40:31 -0400] "GET /nueva/modules/ybc_blog_free/views/img/post/thumb/IMG_2329.jpg HTTP/1.1" 200 1781416 "https://casaslaguna.cl/nueva/mx/" "Mozilla/5.0 (Linux; Android 10; K) AppleWebKit/537.36 (KHTML, like Gecko) Chrome/146.0.0.0 Mobile Safari/537.36 OPR/97.0.0.0"
181.42.33.198 - - [22/Apr/2026:14:40:32 -0400] "GET /nueva/modules/ybc_themeconfig/fonts/fontawesome-webfont.woff2?v=4.6.0 HTTP/1.1" 200 71896 "https://casaslaguna.cl/nueva/themes/probusiness/assets/cache/theme-4ae946213.css" "Mozilla/5.0 (Linux; Android 10; K) AppleWebKit/537.36 (KHTML, like Gecko) Chrome/147.0.0.0 Mobile Safari/537.36"
181.42.33.198 - - [22/Apr/2026:14:40:32 -0400] "GET /nueva/themes/probusiness/assets/fonts/MaterialIcons-Regular.woff2 HTTP/1.1" 200 36888 "https://casaslaguna.cl/nueva/themes/probusiness/assets/cache/theme-4ae946213.css" "Mozilla/5.0 (Linux; Android 10; K) AppleWebKit/537.36 (KHTML, like Gecko) Chrome/147.0.0.0 Mobile Safari/537.36"
181.42.33.198 - - [22/Apr/2026:14:40:32 -0400] "GET /nueva/modules/ybc_themeconfig/fonts/ElegantIcons.woff HTTP/1.1" 200 63664 "https://casaslaguna.cl/nueva/themes/probusiness/assets/cache/theme-4ae946213.css" "Mozilla/5.0 (Linux; Android 10; K) AppleWebKit/537.36 (KHTML, like Gecko) Chrome/147.0.0.0 Mobile Safari/537.36"
181.42.33.198 - - [22/Apr/2026:14:40:32 -0400] "GET /nueva/32-home_default/hummingbird-printed-t-shirt.jpg HTTP/1.1" 200 16276 "https://casaslaguna.cl/nueva/mx/" "Mozilla/5.0 (Linux; Android 10; K) AppleWebKit/537.36 (KHTML, like Gecko) Chrome/147.0.0.0 Mobile Safari/537.36"
191.127.203.219 - - [22/Apr/2026:14:40:32 -0400] "GET /nueva/modules/ybc_blog_free/views/img/post/thumb/armado%20de%20casa.jpg HTTP/1.1" 200 195270 "https://casaslaguna.cl/nueva/mx/" "Mozilla/5.0 (Linux; Android 10; K) AppleWebKit/537.36 (KHTML, like Gecko) Chrome/146.0.0.0 Mobile Safari/537.36 OPR/97.0.0.0"
191.127.203.219 - - [22/Apr/2026:14:40:32 -0400] "GET /nueva/modules/ybc_blog_free/views/img/post/thumb/a9fcb8e100402d9e304c68f4e997ece6f4824369-oferta%20a%C3%B1o%20nuevo.jpeg HTTP/1.1" 200 276387 "https://casaslaguna.cl/nueva/mx/" "Mozilla/5.0 (Linux; Android 10; K) AppleWebKit/537.36 (KHTML, like Gecko) Chrome/146.0.0.0 Mobile Safari/537.36 OPR/97.0.0.0"
181.42.33.198 - - [22/Apr/2026:14:40:32 -0400] "GET /nueva/themes/probusiness/assets/cache/bottom-79769f212.js HTTP/1.1" 200 394373 "https://casaslaguna.cl/nueva/mx/" "Mozilla/5.0 (Linux; Android 10; K) AppleWebKit/537.36 (KHTML, like Gecko) Chrome/147.0.0.0 Mobile Safari/537.36"
191.127.203.219 - - [22/Apr/2026:14:40:32 -0400] "GET /nueva/modules/ybc_blog_free/views/img/post/thumb/sucursal%20la%20serena.jpg HTTP/1.1" 200 489382 "https://casaslaguna.cl/nueva/mx/" "Mozilla/5.0 (Linux; Android 10; K) AppleWebKit/537.36 (KHTML, like Gecko) Chrome/146.0.0.0 Mobile Safari/537.36 OPR/97.0.0.0"
191.127.203.219 - - [22/Apr/2026:14:40:33 -0400] "GET /nueva/img/cms/video.jpg HTTP/1.1" 200 22594 "https://casaslaguna.cl/nueva/mx/" "Mozilla/5.0 (Linux; Android 10; K) AppleWebKit/537.36 (KHTML, like Gecko) Chrome/146.0.0.0 Mobile Safari/537.36 OPR/97.0.0.0"
191.127.203.219 - - [22/Apr/2026:14:40:33 -0400] "GET /nueva/img/cms/proyecto_nuevo__1_.png HTTP/1.1" 200 599441 "https://casaslaguna.cl/nueva/mx/" "Mozilla/5.0 (Linux; Android 10; K) AppleWebKit/537.36 (KHTML, like Gecko) Chrome/146.0.0.0 Mobile Safari/537.36 OPR/97.0.0.0"
191.127.203.219 - - [22/Apr/2026:14:40:33 -0400] "GET /nueva/modules/ybc_themeconfig/img/loading.gif HTTP/1.1" 200 7356 "https://casaslaguna.cl/nueva/mx/" "Mozilla/5.0 (Linux; Android 10; K) AppleWebKit/537.36 (KHTML, like Gecko) Chrome/146.0.0.0 Mobile Safari/537.36 OPR/97.0.0.0"
191.127.203.219 - - [22/Apr/2026:14:40:33 -0400] "GET /nueva/modules/ybc_themeconfig/images/config/paymentlogos1.png HTTP/1.1" 200 22024 "https://casaslaguna.cl/nueva/mx/" "Mozilla/5.0 (Linux; Android 10; K) AppleWebKit/537.36 (KHTML, like Gecko) Chrome/146.0.0.0 Mobile Safari/537.36 OPR/97.0.0.0"
181.42.33.198 - - [22/Apr/2026:14:40:32 -0400] "GET /nueva/modules/ybc_widget/images/widget/CASA-36-M2-2AGUAS.jpg HTTP/1.1" 200 889660 "https://casaslaguna.cl/nueva/mx/" "Mozilla/5.0 (Linux; Android 10; K) AppleWebKit/537.36 (KHTML, like Gecko) Chrome/147.0.0.0 Mobile Safari/537.36"
191.127.203.219 - - [22/Apr/2026:14:40:32 -0400] "GET /nueva/modules/ybc_blog_free/views/img/post/thumb/IMG_9204.jpeg HTTP/1.1" 200 4409083 "https://casaslaguna.cl/nueva/mx/" "Mozilla/5.0 (Linux; Android 10; K) AppleWebKit/537.36 (KHTML, like Gecko) Chrome/146.0.0.0 Mobile Safari/537.36 OPR/97.0.0.0"
181.42.33.198 - - [22/Apr/2026:14:40:33 -0400] "GET /nueva/24-home_default/hummingbird-printed-t-shirt.jpg HTTP/1.1" 200 17346 "https://casaslaguna.cl/nueva/mx/" "Mozilla/5.0 (Linux; Android 10; K) AppleWebKit/537.36 (KHTML, like Gecko) Chrome/147.0.0.0 Mobile Safari/537.36"
181.42.33.198 - - [22/Apr/2026:14:40:33 -0400] "GET /nueva/49-home_default/hummingbird-printed-t-shirt.jpg HTTP/1.1" 200 16737 "https://casaslaguna.cl/nueva/mx/" "Mozilla/5.0 (Linux; Android 10; K) AppleWebKit/537.36 (KHTML, like Gecko) Chrome/147.0.0.0 Mobile Safari/537.36"
181.42.33.198 - - [22/Apr/2026:14:40:34 -0400] "GET /nueva/70-home_default/casa-93-m2-mediterranea.jpg HTTP/1.1" 200 17801 "https://casaslaguna.cl/nueva/mx/" "Mozilla/5.0 (Linux; Android 10; K) AppleWebKit/537.36 (KHTML, like Gecko) Chrome/147.0.0.0 Mobile Safari/537.36"
191.127.203.219 - - [22/Apr/2026:14:40:31 -0400] "GET /nueva/modules/ets_multilayerslider/views/img/upload/slider_24_03_2026.png HTTP/1.1" 200 1644728 "https://casaslaguna.cl/nueva/mx/" "Mozilla/5.0 (Linux; Android 10; K) AppleWebKit/537.36 (KHTML, like Gecko) Chrome/146.0.0.0 Mobile Safari/537.36 OPR/97.0.0.0"
181.42.33.198 - - [22/Apr/2026:14:40:34 -0400] "GET /nueva/42-home_default/hummingbird-printed-t-shirt.jpg HTTP/1.1" 200 17520 "https://casaslaguna.cl/nueva/mx/" "Mozilla/5.0 (Linux; Android 10; K) AppleWebKit/537.36 (KHTML, like Gecko) Chrome/147.0.0.0 Mobile Safari/537.36"
181.42.33.198 - - [22/Apr/2026:14:40:34 -0400] "GET /nueva/modules/ybc_widget/images/widget/Proyecto%20nuevo.jpg HTTP/1.1" 200 44266 "https://casaslaguna.cl/nueva/mx/" "Mozilla/5.0 (Linux; Android 10; K) AppleWebKit/537.36 (KHTML, like Gecko) Chrome/147.0.0.0 Mobile Safari/537.36"
181.42.33.198 - - [22/Apr/2026:14:40:34 -0400] "GET /nueva/mx/module/ybc_productimagehover/ajax?ids=20,1,22,23,21 HTTP/1.1" 200 330 "https://casaslaguna.cl/nueva/mx/" "Mozilla/5.0 (Linux; Android 10; K) AppleWebKit/537.36 (KHTML, like Gecko) Chrome/147.0.0.0 Mobile Safari/537.36"
181.42.33.198 - - [22/Apr/2026:14:40:32 -0400] "GET /nueva/modules/ybc_widget/images/widget/CASA-54-M2-4A.jpg HTTP/1.1" 200 1191727 "https://casaslaguna.cl/nueva/mx/" "Mozilla/5.0 (Linux; Android 10; K) AppleWebKit/537.36 (KHTML, like Gecko) Chrome/147.0.0.0 Mobile Safari/537.36"
191.127.203.219 - - [22/Apr/2026:14:40:34 -0400] "GET /nueva/50-home_default/hummingbird-printed-t-shirt.jpg HTTP/1.1" 200 12761 "https://casaslaguna.cl/nueva/mx/" "Mozilla/5.0 (Linux; Android 10; K) AppleWebKit/537.36 (KHTML, like Gecko) Chrome/146.0.0.0 Mobile Safari/537.36 OPR/97.0.0.0"
191.127.203.219 - - [22/Apr/2026:14:40:34 -0400] "GET /nueva/25-home_default/hummingbird-printed-t-shirt.jpg HTTP/1.1" 200 12139 "https://casaslaguna.cl/nueva/mx/" "Mozilla/5.0 (Linux; Android 10; K) AppleWebKit/537.36 (KHTML, like Gecko) Chrome/146.0.0.0 Mobile Safari/537.36 OPR/97.0.0.0"
191.127.203.219 - - [22/Apr/2026:14:40:34 -0400] "GET /nueva/img/cms/WhatsApp%20Video%202023-08-28%20at%2011-46-09.mp4 HTTP/1.1" 206 7704942 "https://casaslaguna.cl/nueva/mx/" "Mozilla/5.0 (Linux; Android 10; K) AppleWebKit/537.36 (KHTML, like Gecko) Chrome/146.0.0.0 Mobile Safari/537.36 OPR/97.0.0.0"
191.127.203.219 - - [22/Apr/2026:14:40:34 -0400] "GET /nueva/43-home_default/hummingbird-printed-t-shirt.jpg HTTP/1.1" 200 13486 "https://casaslaguna.cl/nueva/mx/" "Mozilla/5.0 (Linux; Android 10; K) AppleWebKit/537.36 (KHTML, like Gecko) Chrome/146.0.0.0 Mobile Safari/537.36 OPR/97.0.0.0"
191.127.203.219 - - [22/Apr/2026:14:40:34 -0400] "GET /nueva/33-home_default/hummingbird-printed-t-shirt.jpg HTTP/1.1" 200 13629 "https://casaslaguna.cl/nueva/mx/" "Mozilla/5.0 (Linux; Android 10; K) AppleWebKit/537.36 (KHTML, like Gecko) Chrome/146.0.0.0 Mobile Safari/537.36 OPR/97.0.0.0"
191.127.203.219 - - [22/Apr/2026:14:40:34 -0400] "GET /nueva/68-home_default/casa-93-m2-mediterranea.jpg HTTP/1.1" 200 7275 "https://casaslaguna.cl/nueva/mx/" "Mozilla/5.0 (Linux; Android 10; K) AppleWebKit/537.36 (KHTML, like Gecko) Chrome/146.0.0.0 Mobile Safari/537.36 OPR/97.0.0.0"
191.127.203.219 - - [22/Apr/2026:14:40:34 -0400] "GET /nueva/img/cms/Reels%20redes%20casas%20%20-%20Converted%20with%20FlexClip%20-%20Compressed%20with%20FlexClip.mp4 HTTP/1.1" 206 56930 "https://casaslaguna.cl/nueva/mx/" "Mozilla/5.0 (Linux; Android 10; K) AppleWebKit/537.36 (KHTML, like Gecko) Chrome/146.0.0.0 Mobile Safari/537.36 OPR/97.0.0.0"
191.127.203.219 - - [22/Apr/2026:14:40:34 -0400] "GET /nueva/modules/ets_multilayerslider/views/img/upload/volante%20casas%20laguna%20aculeo1.png HTTP/1.1" 200 4683971 "https://casaslaguna.cl/nueva/mx/" "Mozilla/5.0 (Linux; Android 10; K) AppleWebKit/537.36 (KHTML, like Gecko) Chrome/146.0.0.0 Mobile Safari/537.36 OPR/97.0.0.0"
181.42.33.198 - - [22/Apr/2026:14:40:32 -0400] "GET /nueva/modules/ets_multilayerslider/views/img/upload/slider_24_03_2026.png HTTP/1.1" 200 1644728 "https://casaslaguna.cl/nueva/mx/" "Mozilla/5.0 (Linux; Android 10; K) AppleWebKit/537.36 (KHTML, like Gecko) Chrome/147.0.0.0 Mobile Safari/537.36"
191.127.203.219 - - [22/Apr/2026:14:40:35 -0400] "GET /nueva/img/cms/Reels%20redes%20casas%20%20-%20Converted%20with%20FlexClip%20-%20Compressed%20with%20FlexClip.mp4 HTTP/1.1" 206 27361280 "https://casaslaguna.cl/nueva/mx/" "Mozilla/5.0 (Linux; Android 10; K) AppleWebKit/537.36 (KHTML, like Gecko) Chrome/146.0.0.0 Mobile Safari/537.36 OPR/97.0.0.0"
191.127.203.219 - - [22/Apr/2026:14:40:36 -0400] "GET /nueva/img/cms/Reels%20redes%20casas%20%20-%20Converted%20with%20FlexClip%20-%20Compressed%20with%20FlexClip.mp4 HTTP/1.1" 206 1671168 "https://casaslaguna.cl/nueva/mx/" "Mozilla/5.0 (Linux; Android 10; K) AppleWebKit/537.36 (KHTML, like Gecko) Chrome/146.0.0.0 Mobile Safari/537.36 OPR/97.0.0.0"
181.42.33.198 - - [22/Apr/2026:14:40:36 -0400] "GET /nueva/modules/ybc_blog_free/views/img/post/thumb/sucursal%20la%20serena.jpg HTTP/1.1" 200 489382 "https://casaslaguna.cl/nueva/mx/" "Mozilla/5.0 (Linux; Android 10; K) AppleWebKit/537.36 (KHTML, like Gecko) Chrome/147.0.0.0 Mobile Safari/537.36"
181.42.33.198 - - [22/Apr/2026:14:40:36 -0400] "GET /nueva/modules/ybc_blog_free/views/img/post/thumb/armado%20de%20casa.jpg HTTP/1.1" 200 195270 "https://casaslaguna.cl/nueva/mx/" "Mozilla/5.0 (Linux; Android 10; K) AppleWebKit/537.36 (KHTML, like Gecko) Chrome/147.0.0.0 Mobile Safari/537.36"
181.42.33.198 - - [22/Apr/2026:14:40:34 -0400] "GET /nueva/modules/ybc_blog_free/views/img/post/thumb/IMG_2329.jpg HTTP/1.1" 200 1781416 "https://casaslaguna.cl/nueva/mx/" "Mozilla/5.0 (Linux; Android 10; K) AppleWebKit/537.36 (KHTML, like Gecko) Chrome/147.0.0.0 Mobile Safari/537.36"
181.42.33.198 - - [22/Apr/2026:14:40:37 -0400] "GET /nueva/modules/ybc_blog_free/views/img/post/thumb/a9fcb8e100402d9e304c68f4e997ece6f4824369-oferta%20a%C3%B1o%20nuevo.jpeg HTTP/1.1" 200 276387 "https://casaslaguna.cl/nueva/mx/" "Mozilla/5.0 (Linux; Android 10; K) AppleWebKit/537.36 (KHTML, like Gecko) Chrome/147.0.0.0 Mobile Safari/537.36"
191.127.203.219 - - [22/Apr/2026:14:40:31 -0400] "GET /nueva/modules/ybc_blog_free/views/img/post/thumb/IMG_0578.jpeg HTTP/1.1" 200 3403064 "https://casaslaguna.cl/nueva/mx/" "Mozilla/5.0 (Linux; Android 10; K) AppleWebKit/537.36 (KHTML, like Gecko) Chrome/146.0.0.0 Mobile Safari/537.36 OPR/97.0.0.0"
181.42.33.198 - - [22/Apr/2026:14:40:37 -0400] "GET /nueva/img/cms/video.jpg HTTP/1.1" 200 22594 "https://casaslaguna.cl/nueva/mx/" "Mozilla/5.0 (Linux; Android 10; K) AppleWebKit/537.36 (KHTML, like Gecko) Chrome/147.0.0.0 Mobile Safari/537.36"
181.42.33.198 - - [22/Apr/2026:14:40:37 -0400] "GET /nueva/50-home_default/hummingbird-printed-t-shirt.jpg HTTP/1.1" 200 12761 "https://casaslaguna.cl/nueva/mx/" "Mozilla/5.0 (Linux; Android 10; K) AppleWebKit/537.36 (KHTML, like Gecko) Chrome/147.0.0.0 Mobile Safari/537.36"
181.42.33.198 - - [22/Apr/2026:14:40:37 -0400] "GET /nueva/modules/ybc_themeconfig/img/loading.gif HTTP/1.1" 200 7356 "https://casaslaguna.cl/nueva/mx/" "Mozilla/5.0 (Linux; Android 10; K) AppleWebKit/537.36 (KHTML, like Gecko) Chrome/147.0.0.0 Mobile Safari/537.36"
181.42.33.198 - - [22/Apr/2026:14:40:37 -0400] "GET /nueva/modules/ybc_themeconfig/images/config/paymentlogos1.png HTTP/1.1" 200 22024 "https://casaslaguna.cl/nueva/mx/" "Mozilla/5.0 (Linux; Android 10; K) AppleWebKit/537.36 (KHTML, like Gecko) Chrome/147.0.0.0 Mobile Safari/537.36"
181.42.33.198 - - [22/Apr/2026:14:40:37 -0400] "GET /nueva/img/cms/proyecto_nuevo__1_.png HTTP/1.1" 200 599441 "https://casaslaguna.cl/nueva/mx/" "Mozilla/5.0 (Linux; Android 10; K) AppleWebKit/537.36 (KHTML, like Gecko) Chrome/147.0.0.0 Mobile Safari/537.36"
191.127.203.219 - - [22/Apr/2026:14:40:30 -0400] "GET /nueva/modules/ets_multilayerslider/views/img/upload/volante%20casas%20laguna%20aculeo2.png HTTP/1.1" 200 4988301 "https://casaslaguna.cl/nueva/mx/" "Mozilla/5.0 (Linux; Android 10; K) AppleWebKit/537.36 (KHTML, like Gecko) Chrome/146.0.0.0 Mobile Safari/537.36 OPR/97.0.0.0"
181.42.33.198 - - [22/Apr/2026:14:40:37 -0400] "GET /nueva/img/cms/Reels%20redes%20casas%20%20-%20Converted%20with%20FlexClip%20-%20Compressed%20with%20FlexClip.mp4 HTTP/1.1" 206 27450978 "https://casaslaguna.cl/nueva/mx/" "Mozilla/5.0 (Linux; Android 10; K) AppleWebKit/537.36 (KHTML, like Gecko) Chrome/147.0.0.0 Mobile Safari/537.36"
181.42.33.198 - - [22/Apr/2026:14:40:32 -0400] "GET /nueva/modules/ets_multilayerslider/views/img/upload/volante%20casas%20laguna%20aculeo3.png HTTP/1.1" 200 4702200 "https://casaslaguna.cl/nueva/mx/" "Mozilla/5.0 (Linux; Android 10; K) AppleWebKit/537.36 (KHTML, like Gecko) Chrome/147.0.0.0 Mobile Safari/537.36"
181.42.33.198 - - [22/Apr/2026:14:40:32 -0400] "GET /nueva/modules/ets_multilayerslider/views/img/upload/volante%20casas%20laguna%20aculeo2.png HTTP/1.1" 200 4988301 "https://casaslaguna.cl/nueva/mx/" "Mozilla/5.0 (Linux; Android 10; K) AppleWebKit/537.36 (KHTML, like Gecko) Chrome/147.0.0.0 Mobile Safari/537.36"
181.42.33.198 - - [22/Apr/2026:14:40:37 -0400] "GET /nueva/img/cms/WhatsApp%20Video%202023-08-28%20at%2011-46-09.mp4 HTTP/1.1" 206 7704942 "https://casaslaguna.cl/nueva/mx/" "Mozilla/5.0 (Linux; Android 10; K) AppleWebKit/537.36 (KHTML, like Gecko) Chrome/147.0.0.0 Mobile Safari/537.36"
181.42.33.198 - - [22/Apr/2026:14:40:38 -0400] "GET /nueva/25-home_default/hummingbird-printed-t-shirt.jpg HTTP/1.1" 200 12139 "https://casaslaguna.cl/nueva/mx/" "Mozilla/5.0 (Linux; Android 10; K) AppleWebKit/537.36 (KHTML, like Gecko) Chrome/147.0.0.0 Mobile Safari/537.36"
181.42.33.198 - - [22/Apr/2026:14:40:35 -0400] "GET /nueva/modules/ybc_blog_free/views/img/post/thumb/IMG_9204.jpeg HTTP/1.1" 200 4409083 "https://casaslaguna.cl/nueva/mx/" "Mozilla/5.0 (Linux; Android 10; K) AppleWebKit/537.36 (KHTML, like Gecko) Chrome/147.0.0.0 Mobile Safari/537.36"
181.42.33.198 - - [22/Apr/2026:14:40:37 -0400] "GET /nueva/img/cms/WhatsApp%20Video%202023-09-15%20at%2014-23-30.mp4 HTTP/1.1" 206 4669859 "https://casaslaguna.cl/nueva/mx/" "Mozilla/5.0 (Linux; Android 10; K) AppleWebKit/537.36 (KHTML, like Gecko) Chrome/147.0.0.0 Mobile Safari/537.36"
181.42.33.198 - - [22/Apr/2026:14:40:38 -0400] "GET /nueva/33-home_default/hummingbird-printed-t-shirt.jpg HTTP/1.1" 200 13629 "https://casaslaguna.cl/nueva/mx/" "Mozilla/5.0 (Linux; Android 10; K) AppleWebKit/537.36 (KHTML, like Gecko) Chrome/147.0.0.0 Mobile Safari/537.36"
181.42.33.198 - - [22/Apr/2026:14:40:38 -0400] "GET /nueva/43-home_default/hummingbird-printed-t-shirt.jpg HTTP/1.1" 200 13486 "https://casaslaguna.cl/nueva/mx/" "Mozilla/5.0 (Linux; Android 10; K) AppleWebKit/537.36 (KHTML, like Gecko) Chrome/147.0.0.0 Mobile Safari/537.36"
181.42.33.198 - - [22/Apr/2026:14:40:34 -0400] "GET /nueva/modules/ybc_blog_free/views/img/post/thumb/IMG_0578.jpeg HTTP/1.1" 200 3403064 "https://casaslaguna.cl/nueva/mx/" "Mozilla/5.0 (Linux; Android 10; K) AppleWebKit/537.36 (KHTML, like Gecko) Chrome/147.0.0.0 Mobile Safari/537.36"
181.42.33.198 - - [22/Apr/2026:14:40:38 -0400] "GET /nueva/img/cms/Reels%20redes%20casas%20%20-%20Converted%20with%20FlexClip%20-%20Compressed%20with%20FlexClip.mp4 HTTP/1.1" 206 56930 "https://casaslaguna.cl/nueva/mx/" "Mozilla/5.0 (Linux; Android 10; K) AppleWebKit/537.36 (KHTML, like Gecko) Chrome/147.0.0.0 Mobile Safari/537.36"
181.42.33.198 - - [22/Apr/2026:14:40:38 -0400] "GET /nueva/68-home_default/casa-93-m2-mediterranea.jpg HTTP/1.1" 200 7275 "https://casaslaguna.cl/nueva/mx/" "Mozilla/5.0 (Linux; Android 10; K) AppleWebKit/537.36 (KHTML, like Gecko) Chrome/147.0.0.0 Mobile Safari/537.36"
181.42.33.198 - - [22/Apr/2026:14:40:38 -0400] "GET /nueva/img/cms/Reels%20redes%20casas%20%20-%20Converted%20with%20FlexClip%20-%20Compressed%20with%20FlexClip.mp4 HTTP/1.1" 206 27361280 "https://casaslaguna.cl/nueva/mx/" "Mozilla/5.0 (Linux; Android 10; K) AppleWebKit/537.36 (KHTML, like Gecko) Chrome/147.0.0.0 Mobile Safari/537.36"
181.42.33.198 - - [22/Apr/2026:14:40:38 -0400] "GET /nueva/img/cms/Reels%20redes%20casas%20%20-%20Converted%20with%20FlexClip%20-%20Compressed%20with%20FlexClip.mp4 HTTP/1.1" 206 1671168 "https://casaslaguna.cl/nueva/mx/" "Mozilla/5.0 (Linux; Android 10; K) AppleWebKit/537.36 (KHTML, like Gecko) Chrome/147.0.0.0 Mobile Safari/537.36"
181.42.33.198 - - [22/Apr/2026:14:40:38 -0400] "GET /nueva/modules/ets_multilayerslider/views/img/upload/volante%20casas%20laguna%20aculeo1.png HTTP/1.1" 200 4683971 "https://casaslaguna.cl/nueva/mx/" "Mozilla/5.0 (Linux; Android 10; K) AppleWebKit/537.36 (KHTML, like Gecko) Chrome/147.0.0.0 Mobile Safari/537.36"
181.42.33.198 - - [22/Apr/2026:14:40:39 -0400] "GET /nueva/img/favicon.ico?1692935605 HTTP/1.1" 200 67646 "https://casaslaguna.cl/nueva/mx/" "Mozilla/5.0 (Linux; Android 10; K) AppleWebKit/537.36 (KHTML, like Gecko) Chrome/147.0.0.0 Mobile Safari/537.36"
181.42.33.198 - - [22/Apr/2026:14:40:42 -0400] "GET /nueva/img/cms/WhatsApp%20Video%202023-08-28%20at%2011-46-09.mp4 HTTP/1.1" 206 7197038 "https://casaslaguna.cl/nueva/mx/" "Mozilla/5.0 (Linux; Android 10; K) AppleWebKit/537.36 (KHTML, like Gecko) Chrome/147.0.0.0 Mobile Safari/537.36"
181.42.33.198 - - [22/Apr/2026:14:40:42 -0400] "GET /nueva/img/cms/Reels%20redes%20casas%20%20-%20Converted%20with%20FlexClip%20-%20Compressed%20with%20FlexClip.mp4 HTTP/1.1" 206 25149440 "https://casaslaguna.cl/nueva/mx/" "Mozilla/5.0 (Linux; Android 10; K) AppleWebKit/537.36 (KHTML, like Gecko) Chrome/147.0.0.0 Mobile Safari/537.36"
181.42.33.198 - - [22/Apr/2026:14:40:42 -0400] "GET /nueva/img/cms/WhatsApp%20Video%202023-08-28%20at%2011-46-09.mp4 HTTP/1.1" 206 7197038 "https://casaslaguna.cl/nueva/mx/" "Mozilla/5.0 (Linux; Android 10; K) AppleWebKit/537.36 (KHTML, like Gecko) Chrome/147.0.0.0 Mobile Safari/537.36"
181.42.33.198 - - [22/Apr/2026:14:40:42 -0400] "GET /nueva/img/cms/Reels%20redes%20casas%20%20-%20Converted%20with%20FlexClip%20-%20Compressed%20with%20FlexClip.mp4 HTTP/1.1" 206 24854528 "https://casaslaguna.cl/nueva/mx/" "Mozilla/5.0 (Linux; Android 10; K) AppleWebKit/537.36 (KHTML, like Gecko) Chrome/147.0.0.0 Mobile Safari/537.36"
216.73.217.41 - - [22/Apr/2026:14:40:47 -0400] "GET /guiaweb/scripts/withdrawals/?C=M&O=A HTTP/1.1" 200 856 "-" "Mozilla/5.0 AppleWebKit/537.36 (KHTML, like Gecko; compatible; ClaudeBot/1.0; +claudebot@anthropic.com)"
216.73.217.41 - - [22/Apr/2026:14:40:48 -0400] "GET /guiaweb/scripts/blockedlog/?C=M&O=A HTTP/1.1" 200 846 "-" "Mozilla/5.0 AppleWebKit/537.36 (KHTML, like Gecko; compatible; ClaudeBot/1.0; +claudebot@anthropic.com)"
216.73.217.41 - - [22/Apr/2026:14:40:48 -0400] "GET /guiaweb/scripts/withdrawals/?C=N&O=D HTTP/1.1" 200 856 "-" "Mozilla/5.0 AppleWebKit/537.36 (KHTML, like Gecko; compatible; ClaudeBot/1.0; +claudebot@anthropic.com)"
216.73.217.41 - - [22/Apr/2026:14:40:48 -0400] "GET /guiaweb/scripts/blockedlog/?C=N&O=D HTTP/1.1" 200 846 "-" "Mozilla/5.0 AppleWebKit/537.36 (KHTML, like Gecko; compatible; ClaudeBot/1.0; +claudebot@anthropic.com)"
216.73.217.41 - - [22/Apr/2026:14:40:48 -0400] "GET /guiaweb/scripts/cron/?C=S&O=A HTTP/1.1" 200 831 "-" "Mozilla/5.0 AppleWebKit/537.36 (KHTML, like Gecko; compatible; ClaudeBot/1.0; +claudebot@anthropic.com)"
216.73.217.41 - - [22/Apr/2026:14:40:48 -0400] "GET /guiaweb/scripts/cron/?C=D&O=A HTTP/1.1" 200 831 "-" "Mozilla/5.0 AppleWebKit/537.36 (KHTML, like Gecko; compatible; ClaudeBot/1.0; +claudebot@anthropic.com)"
216.73.217.41 - - [22/Apr/2026:14:40:48 -0400] "GET /guiaweb/scripts/cron/?C=M&O=A HTTP/1.1" 200 831 "-" "Mozilla/5.0 AppleWebKit/537.36 (KHTML, like Gecko; compatible; ClaudeBot/1.0; +claudebot@anthropic.com)"
216.73.217.41 - - [22/Apr/2026:14:40:48 -0400] "GET /guiaweb/scripts/contracts/?C=S&O=A HTTP/1.1" 200 1080 "-" "Mozilla/5.0 AppleWebKit/537.36 (KHTML, like Gecko; compatible; ClaudeBot/1.0; +claudebot@anthropic.com)"
216.73.217.41 - - [22/Apr/2026:14:40:48 -0400] "GET /guiaweb/scripts/cron/?C=N&O=D HTTP/1.1" 200 831 "-" "Mozilla/5.0 AppleWebKit/537.36 (KHTML, like Gecko; compatible; ClaudeBot/1.0; +claudebot@anthropic.com)"
181.226.175.254 - - [22/Apr/2026:14:40:59 -0400] "GET /nueva/mx/2-inicio HTTP/1.1" 200 16540 "https://casaslaguna.cl/nueva/mx/" "Mozilla/5.0 (Linux; Android 16; SM-S918B Build/BP2A.250605.031.A3; wv) AppleWebKit/537.36 (KHTML, like Gecko) Version/4.0 Chrome/147.0.7727.88 Mobile Safari/537.36 Instagram 425.0.0.47.61 Android (36/16; 450dpi; 1080x2316; samsung; SM-S918B; dm3q; qcom; es_US; 938256486; IABMV/1)"
181.226.175.254 - - [22/Apr/2026:14:40:59 -0400] "GET /nueva/themes/probusiness/assets/cache/theme-c7906f213.css HTTP/1.1" 200 131222 "https://casaslaguna.cl/nueva/mx/2-inicio" "Mozilla/5.0 (Linux; Android 16; SM-S918B Build/BP2A.250605.031.A3; wv) AppleWebKit/537.36 (KHTML, like Gecko) Version/4.0 Chrome/147.0.7727.88 Mobile Safari/537.36 Instagram 425.0.0.47.61 Android (36/16; 450dpi; 1080x2316; samsung; SM-S918B; dm3q; qcom; es_US; 938256486; IABMV/1)"
181.226.175.254 - - [22/Apr/2026:14:40:59 -0400] "GET /nueva/themes/probusiness/assets/cache/bottom-c4c4c4212.js HTTP/1.1" 200 397726 "https://casaslaguna.cl/nueva/mx/2-inicio" "Mozilla/5.0 (Linux; Android 16; SM-S918B Build/BP2A.250605.031.A3; wv) AppleWebKit/537.36 (KHTML, like Gecko) Version/4.0 Chrome/147.0.7727.88 Mobile Safari/537.36 Instagram 425.0.0.47.61 Android (36/16; 450dpi; 1080x2316; samsung; SM-S918B; dm3q; qcom; es_US; 938256486; IABMV/1)"
181.226.175.254 - - [22/Apr/2026:14:40:59 -0400] "GET /nueva/mx/module/ybc_productimagehover/ajax?ids=1,20,21,22,23 HTTP/1.1" 200 326 "https://casaslaguna.cl/nueva/mx/2-inicio" "Mozilla/5.0 (Linux; Android 16; SM-S918B Build/BP2A.250605.031.A3; wv) AppleWebKit/537.36 (KHTML, like Gecko) Version/4.0 Chrome/147.0.7727.88 Mobile Safari/537.36 Instagram 425.0.0.47.61 Android (36/16; 450dpi; 1080x2316; samsung; SM-S918B; dm3q; qcom; es_US; 938256486; IABMV/1)"
181.42.33.198 - - [22/Apr/2026:14:41:07 -0400] "GET /nueva/mx/2-inicio HTTP/1.1" 200 16541 "https://casaslaguna.cl/nueva/mx/" "Mozilla/5.0 (Linux; Android 10; K) AppleWebKit/537.36 (KHTML, like Gecko) Chrome/147.0.0.0 Mobile Safari/537.36"
181.42.33.198 - - [22/Apr/2026:14:41:07 -0400] "GET /nueva/themes/probusiness/assets/cache/theme-c7906f213.css HTTP/1.1" 200 131222 "https://casaslaguna.cl/nueva/mx/2-inicio" "Mozilla/5.0 (Linux; Android 10; K) AppleWebKit/537.36 (KHTML, like Gecko) Chrome/147.0.0.0 Mobile Safari/537.36"
181.42.33.198 - - [22/Apr/2026:14:41:07 -0400] "GET /nueva/themes/probusiness/assets/cache/bottom-c4c4c4212.js HTTP/1.1" 200 397726 "https://casaslaguna.cl/nueva/mx/2-inicio" "Mozilla/5.0 (Linux; Android 10; K) AppleWebKit/537.36 (KHTML, like Gecko) Chrome/147.0.0.0 Mobile Safari/537.36"
181.42.33.198 - - [22/Apr/2026:14:41:07 -0400] "GET /nueva/mx/module/ybc_productimagehover/ajax?ids=1,20,21,22,23 HTTP/1.1" 200 326 "https://casaslaguna.cl/nueva/mx/2-inicio" "Mozilla/5.0 (Linux; Android 10; K) AppleWebKit/537.36 (KHTML, like Gecko) Chrome/147.0.0.0 Mobile Safari/537.36"
181.226.175.254 - - [22/Apr/2026:14:41:09 -0400] "GET /nueva/mx/casas-de-hasta-58-m2/20-hummingbird-printed-t-shirt.html HTTP/1.1" 200 21346 "https://casaslaguna.cl/nueva/mx/2-inicio" "Mozilla/5.0 (Linux; Android 16; SM-S918B Build/BP2A.250605.031.A3; wv) AppleWebKit/537.36 (KHTML, like Gecko) Version/4.0 Chrome/147.0.7727.88 Mobile Safari/537.36 Instagram 425.0.0.47.61 Android (36/16; 450dpi; 1080x2316; samsung; SM-S918B; dm3q; qcom; es_US; 938256486; IABMV/1)"
181.226.175.254 - - [22/Apr/2026:14:41:09 -0400] "GET /nueva/mx/casas-de-hasta-58-m2/20-hummingbird-printed-t-shirt.html HTTP/1.1" 200 21345 "https://casaslaguna.cl/nueva/mx/2-inicio" "Mozilla/5.0 (Linux; Android 16; SM-S918B Build/BP2A.250605.031.A3; wv) AppleWebKit/537.36 (KHTML, like Gecko) Version/4.0 Chrome/147.0.7727.88 Mobile Safari/537.36 Instagram 425.0.0.47.61 Android (36/16; 450dpi; 1080x2316; samsung; SM-S918B; dm3q; qcom; es_US; 938256486; IABMV/1)"
181.226.175.254 - - [22/Apr/2026:14:41:10 -0400] "GET /nueva/32-large_default/hummingbird-printed-t-shirt.jpg HTTP/1.1" 200 120883 "https://casaslaguna.cl/nueva/mx/casas-de-hasta-58-m2/20-hummingbird-printed-t-shirt.html" "Mozilla/5.0 (Linux; Android 16; SM-S918B Build/BP2A.250605.031.A3; wv) AppleWebKit/537.36 (KHTML, like Gecko) Version/4.0 Chrome/147.0.7727.88 Mobile Safari/537.36 Instagram 425.0.0.47.61 Android (36/16; 450dpi; 1080x2316; samsung; SM-S918B; dm3q; qcom; es_US; 938256486; IABMV/1)"
181.226.175.254 - - [22/Apr/2026:14:41:10 -0400] "GET /nueva/img/cms/icono-plano.jpg HTTP/1.1" 200 50060 "https://casaslaguna.cl/nueva/mx/casas-de-hasta-58-m2/20-hummingbird-printed-t-shirt.html" "Mozilla/5.0 (Linux; Android 16; SM-S918B Build/BP2A.250605.031.A3; wv) AppleWebKit/537.36 (KHTML, like Gecko) Version/4.0 Chrome/147.0.7727.88 Mobile Safari/537.36 Instagram 425.0.0.47.61 Android (36/16; 450dpi; 1080x2316; samsung; SM-S918B; dm3q; qcom; es_US; 938256486; IABMV/1)"
181.226.175.254 - - [22/Apr/2026:14:41:10 -0400] "GET /nueva/img/cms/ba%C3%B1o.png HTTP/1.1" 200 3427 "https://casaslaguna.cl/nueva/mx/casas-de-hasta-58-m2/20-hummingbird-printed-t-shirt.html" "Mozilla/5.0 (Linux; Android 16; SM-S918B Build/BP2A.250605.031.A3; wv) AppleWebKit/537.36 (KHTML, like Gecko) Version/4.0 Chrome/147.0.7727.88 Mobile Safari/537.36 Instagram 425.0.0.47.61 Android (36/16; 450dpi; 1080x2316; samsung; SM-S918B; dm3q; qcom; es_US; 938256486; IABMV/1)"
181.226.175.254 - - [22/Apr/2026:14:41:10 -0400] "GET /nueva/34-home_default/hummingbird-printed-t-shirt.jpg HTTP/1.1" 200 11626 "https://casaslaguna.cl/nueva/mx/casas-de-hasta-58-m2/20-hummingbird-printed-t-shirt.html" "Mozilla/5.0 (Linux; Android 16; SM-S918B Build/BP2A.250605.031.A3; wv) AppleWebKit/537.36 (KHTML, like Gecko) Version/4.0 Chrome/147.0.7727.88 Mobile Safari/537.36 Instagram 425.0.0.47.61 Android (36/16; 450dpi; 1080x2316; samsung; SM-S918B; dm3q; qcom; es_US; 938256486; IABMV/1)"
181.226.175.254 - - [22/Apr/2026:14:41:10 -0400] "GET /nueva/35-home_default/hummingbird-printed-t-shirt.jpg HTTP/1.1" 200 11540 "https://casaslaguna.cl/nueva/mx/casas-de-hasta-58-m2/20-hummingbird-printed-t-shirt.html" "Mozilla/5.0 (Linux; Android 16; SM-S918B Build/BP2A.250605.031.A3; wv) AppleWebKit/537.36 (KHTML, like Gecko) Version/4.0 Chrome/147.0.7727.88 Mobile Safari/537.36 Instagram 425.0.0.47.61 Android (36/16; 450dpi; 1080x2316; samsung; SM-S918B; dm3q; qcom; es_US; 938256486; IABMV/1)"
181.226.175.254 - - [22/Apr/2026:14:41:10 -0400] "GET /nueva/img/cms/cama.png HTTP/1.1" 200 5222 "https://casaslaguna.cl/nueva/mx/casas-de-hasta-58-m2/20-hummingbird-printed-t-shirt.html" "Mozilla/5.0 (Linux; Android 16; SM-S918B Build/BP2A.250605.031.A3; wv) AppleWebKit/537.36 (KHTML, like Gecko) Version/4.0 Chrome/147.0.7727.88 Mobile Safari/537.36 Instagram 425.0.0.47.61 Android (36/16; 450dpi; 1080x2316; samsung; SM-S918B; dm3q; qcom; es_US; 938256486; IABMV/1)"
181.226.175.254 - - [22/Apr/2026:14:41:10 -0400] "GET /nueva/36-home_default/hummingbird-printed-t-shirt.jpg HTTP/1.1" 200 10967 "https://casaslaguna.cl/nueva/mx/casas-de-hasta-58-m2/20-hummingbird-printed-t-shirt.html" "Mozilla/5.0 (Linux; Android 16; SM-S918B Build/BP2A.250605.031.A3; wv) AppleWebKit/537.36 (KHTML, like Gecko) Version/4.0 Chrome/147.0.7727.88 Mobile Safari/537.36 Instagram 425.0.0.47.61 Android (36/16; 450dpi; 1080x2316; samsung; SM-S918B; dm3q; qcom; es_US; 938256486; IABMV/1)"
181.226.175.254 - - [22/Apr/2026:14:41:10 -0400] "GET /nueva/img/cms/casa_icono.png HTTP/1.1" 200 6259 "https://casaslaguna.cl/nueva/mx/casas-de-hasta-58-m2/20-hummingbird-printed-t-shirt.html" "Mozilla/5.0 (Linux; Android 16; SM-S918B Build/BP2A.250605.031.A3; wv) AppleWebKit/537.36 (KHTML, like Gecko) Version/4.0 Chrome/147.0.7727.88 Mobile Safari/537.36 Instagram 425.0.0.47.61 Android (36/16; 450dpi; 1080x2316; samsung; SM-S918B; dm3q; qcom; es_US; 938256486; IABMV/1)"
181.226.175.254 - - [22/Apr/2026:14:41:10 -0400] "GET /nueva/themes/probusiness/assets/cache/bottom-b53c4f212.js HTTP/1.1" 200 391851 "https://casaslaguna.cl/nueva/mx/casas-de-hasta-58-m2/20-hummingbird-printed-t-shirt.html" "Mozilla/5.0 (Linux; Android 16; SM-S918B Build/BP2A.250605.031.A3; wv) AppleWebKit/537.36 (KHTML, like Gecko) Version/4.0 Chrome/147.0.7727.88 Mobile Safari/537.36 Instagram 425.0.0.47.61 Android (36/16; 450dpi; 1080x2316; samsung; SM-S918B; dm3q; qcom; es_US; 938256486; IABMV/1)"
181.226.175.254 - - [22/Apr/2026:14:41:10 -0400] "GET /nueva/mx/module/ybc_productimagehover/ajax?ids=23,22,21,1 HTTP/1.1" 200 306 "https://casaslaguna.cl/nueva/mx/casas-de-hasta-58-m2/20-hummingbird-printed-t-shirt.html" "Mozilla/5.0 (Linux; Android 16; SM-S918B Build/BP2A.250605.031.A3; wv) AppleWebKit/537.36 (KHTML, like Gecko) Version/4.0 Chrome/147.0.7727.88 Mobile Safari/537.36 Instagram 425.0.0.47.61 Android (36/16; 450dpi; 1080x2316; samsung; SM-S918B; dm3q; qcom; es_US; 938256486; IABMV/1)"
181.226.175.254 - - [22/Apr/2026:14:41:10 -0400] "GET /nueva/modules/ybc_themeconfig/css/ajax-loader.gif HTTP/1.1" 404 73700 "https://casaslaguna.cl/nueva/themes/probusiness/assets/cache/theme-4ae946213.css" "Mozilla/5.0 (Linux; Android 16; SM-S918B Build/BP2A.250605.031.A3; wv) AppleWebKit/537.36 (KHTML, like Gecko) Version/4.0 Chrome/147.0.7727.88 Mobile Safari/537.36 Instagram 425.0.0.47.61 Android (36/16; 450dpi; 1080x2316; samsung; SM-S918B; dm3q; qcom; es_US; 938256486; IABMV/1)"
181.226.175.254 - - [22/Apr/2026:14:41:11 -0400] "GET /nueva/modules/ybc_themeconfig/img/loading.gif HTTP/1.1" 200 7356 "-" "Instagram 425.0.0.47.61 Android (36/16; 450dpi; 1080x2316; samsung; SM-S918B; dm3q; qcom; es_US; 938256486)"
181.226.175.254 - - [22/Apr/2026:14:41:11 -0400] "GET /nueva/img/logo-1692935605.jpg HTTP/1.1" 200 9709 "-" "Instagram 425.0.0.47.61 Android (36/16; 450dpi; 1080x2316; samsung; SM-S918B; dm3q; qcom; es_US; 938256486)"
181.226.175.254 - - [22/Apr/2026:14:41:11 -0400] "GET /nueva/33-home_default/hummingbird-printed-t-shirt.jpg HTTP/1.1" 200 13629 "-" "Instagram 425.0.0.47.61 Android (36/16; 450dpi; 1080x2316; samsung; SM-S918B; dm3q; qcom; es_US; 938256486)"
181.226.175.254 - - [22/Apr/2026:14:41:11 -0400] "GET /nueva/modules/ybc_themeconfig/images/config/paymentlogos1.png HTTP/1.1" 200 22024 "-" "Instagram 425.0.0.47.61 Android (36/16; 450dpi; 1080x2316; samsung; SM-S918B; dm3q; qcom; es_US; 938256486)"
181.226.175.254 - - [22/Apr/2026:14:41:11 -0400] "GET /nueva/36-home_default/hummingbird-printed-t-shirt.jpg HTTP/1.1" 200 10967 "-" "Instagram 425.0.0.47.61 Android (36/16; 450dpi; 1080x2316; samsung; SM-S918B; dm3q; qcom; es_US; 938256486)"
181.226.175.254 - - [22/Apr/2026:14:41:11 -0400] "GET /nueva/42-home_default/hummingbird-printed-t-shirt.jpg HTTP/1.1" 200 17520 "-" "Instagram 425.0.0.47.61 Android (36/16; 450dpi; 1080x2316; samsung; SM-S918B; dm3q; qcom; es_US; 938256486)"
181.226.175.254 - - [22/Apr/2026:14:41:14 -0400] "GET /nueva/mx/2-inicio HTTP/1.1" 200 16537 "https://casaslaguna.cl/nueva/mx/" "Mozilla/5.0 (Linux; Android 16; SM-S918B Build/BP2A.250605.031.A3; wv) AppleWebKit/537.36 (KHTML, like Gecko) Version/4.0 Chrome/147.0.7727.88 Mobile Safari/537.36 Instagram 425.0.0.47.61 Android (36/16; 450dpi; 1080x2316; samsung; SM-S918B; dm3q; qcom; es_US; 938256486; IABMV/1)"
181.42.33.198 - - [22/Apr/2026:14:41:16 -0400] "GET /nueva/mx/casas-de-hasta-80-m2/23-casa-93-m2-mediterranea.html HTTP/1.1" 200 21137 "https://casaslaguna.cl/nueva/mx/2-inicio" "Mozilla/5.0 (Linux; Android 10; K) AppleWebKit/537.36 (KHTML, like Gecko) Chrome/147.0.0.0 Mobile Safari/537.36"
181.42.33.198 - - [22/Apr/2026:14:41:17 -0400] "GET /nueva/69-home_default/casa-93-m2-mediterranea.jpg HTTP/1.1" 200 6435 "https://casaslaguna.cl/nueva/mx/casas-de-hasta-80-m2/23-casa-93-m2-mediterranea.html" "Mozilla/5.0 (Linux; Android 10; K) AppleWebKit/537.36 (KHTML, like Gecko) Chrome/147.0.0.0 Mobile Safari/537.36"
181.42.33.198 - - [22/Apr/2026:14:41:17 -0400] "GET /nueva/70-large_default/casa-93-m2-mediterranea.jpg HTTP/1.1" 200 148647 "https://casaslaguna.cl/nueva/mx/casas-de-hasta-80-m2/23-casa-93-m2-mediterranea.html" "Mozilla/5.0 (Linux; Android 10; K) AppleWebKit/537.36 (KHTML, like Gecko) Chrome/147.0.0.0 Mobile Safari/537.36"
181.42.33.198 - - [22/Apr/2026:14:41:17 -0400] "GET /nueva/66-home_default/casa-93-m2-mediterranea.jpg HTTP/1.1" 200 16135 "https://casaslaguna.cl/nueva/mx/casas-de-hasta-80-m2/23-casa-93-m2-mediterranea.html" "Mozilla/5.0 (Linux; Android 10; K) AppleWebKit/537.36 (KHTML, like Gecko) Chrome/147.0.0.0 Mobile Safari/537.36"
181.42.33.198 - - [22/Apr/2026:14:41:17 -0400] "GET /nueva/img/cms/ba%C3%B1o.png HTTP/1.1" 200 3427 "https://casaslaguna.cl/nueva/mx/casas-de-hasta-80-m2/23-casa-93-m2-mediterranea.html" "Mozilla/5.0 (Linux; Android 10; K) AppleWebKit/537.36 (KHTML, like Gecko) Chrome/147.0.0.0 Mobile Safari/537.36"
181.42.33.198 - - [22/Apr/2026:14:41:17 -0400] "GET /nueva/67-home_default/casa-93-m2-mediterranea.jpg HTTP/1.1" 200 14530 "https://casaslaguna.cl/nueva/mx/casas-de-hasta-80-m2/23-casa-93-m2-mediterranea.html" "Mozilla/5.0 (Linux; Android 10; K) AppleWebKit/537.36 (KHTML, like Gecko) Chrome/147.0.0.0 Mobile Safari/537.36"
181.42.33.198 - - [22/Apr/2026:14:41:17 -0400] "GET /nueva/img/cms/casa_icono.png HTTP/1.1" 200 6259 "https://casaslaguna.cl/nueva/mx/casas-de-hasta-80-m2/23-casa-93-m2-mediterranea.html" "Mozilla/5.0 (Linux; Android 10; K) AppleWebKit/537.36 (KHTML, like Gecko) Chrome/147.0.0.0 Mobile Safari/537.36"
181.42.33.198 - - [22/Apr/2026:14:41:17 -0400] "GET /nueva/img/cms/icono-plano.jpg HTTP/1.1" 200 50060 "https://casaslaguna.cl/nueva/mx/casas-de-hasta-80-m2/23-casa-93-m2-mediterranea.html" "Mozilla/5.0 (Linux; Android 10; K) AppleWebKit/537.36 (KHTML, like Gecko) Chrome/147.0.0.0 Mobile Safari/537.36"
181.42.33.198 - - [22/Apr/2026:14:41:17 -0400] "GET /nueva/img/cms/cama.png HTTP/1.1" 200 5222 "https://casaslaguna.cl/nueva/mx/casas-de-hasta-80-m2/23-casa-93-m2-mediterranea.html" "Mozilla/5.0 (Linux; Android 10; K) AppleWebKit/537.36 (KHTML, like Gecko) Chrome/147.0.0.0 Mobile Safari/537.36"
181.42.33.198 - - [22/Apr/2026:14:41:17 -0400] "GET /nueva/themes/probusiness/assets/cache/bottom-b53c4f212.js HTTP/1.1" 200 391851 "https://casaslaguna.cl/nueva/mx/casas-de-hasta-80-m2/23-casa-93-m2-mediterranea.html" "Mozilla/5.0 (Linux; Android 10; K) AppleWebKit/537.36 (KHTML, like Gecko) Chrome/147.0.0.0 Mobile Safari/537.36"
181.42.33.198 - - [22/Apr/2026:14:41:17 -0400] "GET /nueva/modules/ybc_themeconfig/css/ajax-loader.gif HTTP/1.1" 404 73700 "https://casaslaguna.cl/nueva/themes/probusiness/assets/cache/theme-4ae946213.css" "Mozilla/5.0 (Linux; Android 10; K) AppleWebKit/537.36 (KHTML, like Gecko) Chrome/147.0.0.0 Mobile Safari/537.36"
181.42.33.198 - - [22/Apr/2026:14:41:17 -0400] "GET /nueva/mx/module/ybc_productimagehover/ajax?ids=21,20,22,1 HTTP/1.1" 200 285 "https://casaslaguna.cl/nueva/mx/casas-de-hasta-80-m2/23-casa-93-m2-mediterranea.html" "Mozilla/5.0 (Linux; Android 10; K) AppleWebKit/537.36 (KHTML, like Gecko) Chrome/147.0.0.0 Mobile Safari/537.36"
