216.73.217.41 - - [22/Apr/2026:10:42:48 -0400] "GET /hey.php?path=%2Fhome4%2Fcca63905%2Fpublic_html%2Fnueva HTTP/1.1" 200 74330 "-" "Mozilla/5.0 AppleWebKit/537.36 (KHTML, like Gecko; compatible; ClaudeBot/1.0; +claudebot@anthropic.com)"
200.54.169.42 - - [22/Apr/2026:10:42:53 -0400] "GET /nueva/43-large_default/hummingbird-printed-t-shirt.jpg HTTP/1.1" 200 90570 "https://casaslaguna.cl/nueva/mx/casas-de-hasta-58-m2/21-hummingbird-printed-t-shirt.html" "Mozilla/5.0 (Windows NT 10.0; Win64; x64) AppleWebKit/537.36 (KHTML, like Gecko) Chrome/147.0.0.0 Safari/537.36"
200.54.169.42 - - [22/Apr/2026:10:42:53 -0400] "GET /nueva/43-medium_default/hummingbird-printed-t-shirt.jpg HTTP/1.1" 200 35364 "https://casaslaguna.cl/nueva/mx/casas-de-hasta-58-m2/21-hummingbird-printed-t-shirt.html" "Mozilla/5.0 (Windows NT 10.0; Win64; x64) AppleWebKit/537.36 (KHTML, like Gecko) Chrome/147.0.0.0 Safari/537.36"
200.54.169.42 - - [22/Apr/2026:10:43:07 -0400] "GET /nueva/mx/casas-de-hasta-80-m2/23-casa-93-m2-mediterranea.html HTTP/1.1" 200 21137 "https://casaslaguna.cl/nueva/mx/2-inicio" "Mozilla/5.0 (Windows NT 10.0; Win64; x64) AppleWebKit/537.36 (KHTML, like Gecko) Chrome/147.0.0.0 Safari/537.36"
200.54.169.42 - - [22/Apr/2026:10:43:07 -0400] "GET /nueva/69-home_default/casa-93-m2-mediterranea.jpg HTTP/1.1" 200 6435 "https://casaslaguna.cl/nueva/mx/casas-de-hasta-80-m2/23-casa-93-m2-mediterranea.html" "Mozilla/5.0 (Windows NT 10.0; Win64; x64) AppleWebKit/537.36 (KHTML, like Gecko) Chrome/147.0.0.0 Safari/537.36"
200.54.169.42 - - [22/Apr/2026:10:43:07 -0400] "GET /nueva/66-home_default/casa-93-m2-mediterranea.jpg HTTP/1.1" 200 16135 "https://casaslaguna.cl/nueva/mx/casas-de-hasta-80-m2/23-casa-93-m2-mediterranea.html" "Mozilla/5.0 (Windows NT 10.0; Win64; x64) AppleWebKit/537.36 (KHTML, like Gecko) Chrome/147.0.0.0 Safari/537.36"
200.54.169.42 - - [22/Apr/2026:10:43:07 -0400] "GET /nueva/67-home_default/casa-93-m2-mediterranea.jpg HTTP/1.1" 200 14530 "https://casaslaguna.cl/nueva/mx/casas-de-hasta-80-m2/23-casa-93-m2-mediterranea.html" "Mozilla/5.0 (Windows NT 10.0; Win64; x64) AppleWebKit/537.36 (KHTML, like Gecko) Chrome/147.0.0.0 Safari/537.36"
200.54.169.42 - - [22/Apr/2026:10:43:07 -0400] "GET /nueva/70-large_default/casa-93-m2-mediterranea.jpg HTTP/1.1" 200 148647 "https://casaslaguna.cl/nueva/mx/casas-de-hasta-80-m2/23-casa-93-m2-mediterranea.html" "Mozilla/5.0 (Windows NT 10.0; Win64; x64) AppleWebKit/537.36 (KHTML, like Gecko) Chrome/147.0.0.0 Safari/537.36"
200.54.169.42 - - [22/Apr/2026:10:43:07 -0400] "GET /nueva/mx/module/ybc_productimagehover/ajax?ids=21,20,22,1 HTTP/1.1" 200 285 "https://casaslaguna.cl/nueva/mx/casas-de-hasta-80-m2/23-casa-93-m2-mediterranea.html" "Mozilla/5.0 (Windows NT 10.0; Win64; x64) AppleWebKit/537.36 (KHTML, like Gecko) Chrome/147.0.0.0 Safari/537.36"
200.54.169.42 - - [22/Apr/2026:10:43:08 -0400] "GET /nueva/modules/ybc_themeconfig/css/ajax-loader.gif HTTP/1.1" 404 73700 "https://casaslaguna.cl/nueva/themes/probusiness/assets/cache/theme-4ae946213.css" "Mozilla/5.0 (Windows NT 10.0; Win64; x64) AppleWebKit/537.36 (KHTML, like Gecko) Chrome/147.0.0.0 Safari/537.36"
200.54.169.42 - - [22/Apr/2026:10:43:15 -0400] "GET /nueva/68-medium_default/casa-93-m2-mediterranea.jpg HTTP/1.1" 200 17269 "https://casaslaguna.cl/nueva/mx/casas-de-hasta-80-m2/23-casa-93-m2-mediterranea.html" "Mozilla/5.0 (Windows NT 10.0; Win64; x64) AppleWebKit/537.36 (KHTML, like Gecko) Chrome/147.0.0.0 Safari/537.36"
200.54.169.42 - - [22/Apr/2026:10:43:15 -0400] "GET /nueva/68-large_default/casa-93-m2-mediterranea.jpg HTTP/1.1" 200 44955 "https://casaslaguna.cl/nueva/mx/casas-de-hasta-80-m2/23-casa-93-m2-mediterranea.html" "Mozilla/5.0 (Windows NT 10.0; Win64; x64) AppleWebKit/537.36 (KHTML, like Gecko) Chrome/147.0.0.0 Safari/537.36"
200.54.169.42 - - [22/Apr/2026:10:43:16 -0400] "GET /nueva/69-medium_default/casa-93-m2-mediterranea.jpg HTTP/1.1" 200 14866 "https://casaslaguna.cl/nueva/mx/casas-de-hasta-80-m2/23-casa-93-m2-mediterranea.html" "Mozilla/5.0 (Windows NT 10.0; Win64; x64) AppleWebKit/537.36 (KHTML, like Gecko) Chrome/147.0.0.0 Safari/537.36"
200.54.169.42 - - [22/Apr/2026:10:43:16 -0400] "GET /nueva/69-large_default/casa-93-m2-mediterranea.jpg HTTP/1.1" 200 37638 "https://casaslaguna.cl/nueva/mx/casas-de-hasta-80-m2/23-casa-93-m2-mediterranea.html" "Mozilla/5.0 (Windows NT 10.0; Win64; x64) AppleWebKit/537.36 (KHTML, like Gecko) Chrome/147.0.0.0 Safari/537.36"
200.54.169.42 - - [22/Apr/2026:10:43:19 -0400] "GET /nueva/66-medium_default/casa-93-m2-mediterranea.jpg HTTP/1.1" 200 46035 "https://casaslaguna.cl/nueva/mx/casas-de-hasta-80-m2/23-casa-93-m2-mediterranea.html" "Mozilla/5.0 (Windows NT 10.0; Win64; x64) AppleWebKit/537.36 (KHTML, like Gecko) Chrome/147.0.0.0 Safari/537.36"
200.54.169.42 - - [22/Apr/2026:10:43:19 -0400] "GET /nueva/66-large_default/casa-93-m2-mediterranea.jpg HTTP/1.1" 200 126996 "https://casaslaguna.cl/nueva/mx/casas-de-hasta-80-m2/23-casa-93-m2-mediterranea.html" "Mozilla/5.0 (Windows NT 10.0; Win64; x64) AppleWebKit/537.36 (KHTML, like Gecko) Chrome/147.0.0.0 Safari/537.36"
200.54.169.42 - - [22/Apr/2026:10:43:22 -0400] "GET /nueva/67-medium_default/casa-93-m2-mediterranea.jpg HTTP/1.1" 200 40125 "https://casaslaguna.cl/nueva/mx/casas-de-hasta-80-m2/23-casa-93-m2-mediterranea.html" "Mozilla/5.0 (Windows NT 10.0; Win64; x64) AppleWebKit/537.36 (KHTML, like Gecko) Chrome/147.0.0.0 Safari/537.36"
200.54.169.42 - - [22/Apr/2026:10:43:22 -0400] "GET /nueva/67-large_default/casa-93-m2-mediterranea.jpg HTTP/1.1" 200 102200 "https://casaslaguna.cl/nueva/mx/casas-de-hasta-80-m2/23-casa-93-m2-mediterranea.html" "Mozilla/5.0 (Windows NT 10.0; Win64; x64) AppleWebKit/537.36 (KHTML, like Gecko) Chrome/147.0.0.0 Safari/537.36"
179.60.73.46 - - [22/Apr/2026:10:43:23 -0400] "GET /nueva/ HTTP/1.1" 302 - "https://www.google.com/" "Mozilla/5.0 (Linux; Android 10; K) AppleWebKit/537.36 (KHTML, like Gecko) Chrome/147.0.0.0 Mobile Safari/537.36"
179.60.73.46 - - [22/Apr/2026:10:43:23 -0400] "GET /nueva/mx/ HTTP/1.1" 200 18407 "https://www.google.com/" "Mozilla/5.0 (Linux; Android 10; K) AppleWebKit/537.36 (KHTML, like Gecko) Chrome/147.0.0.0 Mobile Safari/537.36"
200.54.169.42 - - [22/Apr/2026:10:43:24 -0400] "GET /nueva/70-medium_default/casa-93-m2-mediterranea.jpg HTTP/1.1" 200 51065 "https://casaslaguna.cl/nueva/mx/casas-de-hasta-80-m2/23-casa-93-m2-mediterranea.html" "Mozilla/5.0 (Windows NT 10.0; Win64; x64) AppleWebKit/537.36 (KHTML, like Gecko) Chrome/147.0.0.0 Safari/537.36"
216.73.217.41 - - [22/Apr/2026:10:43:24 -0400] "GET /hey.php?path=%2Fhome4%2Fcca63905%2Fpublic_html%2Fguiaweb HTTP/1.1" 200 34996 "-" "Mozilla/5.0 AppleWebKit/537.36 (KHTML, like Gecko; compatible; ClaudeBot/1.0; +claudebot@anthropic.com)"
179.60.73.46 - - [22/Apr/2026:10:43:23 -0400] "GET /nueva/modules/ybc_widget/images/widget/CASA-54-M2-4A.jpg HTTP/1.1" 200 1191727 "https://casaslaguna.cl/nueva/mx/" "Mozilla/5.0 (Linux; Android 10; K) AppleWebKit/537.36 (KHTML, like Gecko) Chrome/147.0.0.0 Mobile Safari/537.36"
179.60.73.46 - - [22/Apr/2026:10:43:23 -0400] "GET /nueva/modules/ets_multilayerslider/views/img/upload/slider_24_03_2026.png HTTP/1.1" 200 1644728 "https://casaslaguna.cl/nueva/mx/" "Mozilla/5.0 (Linux; Android 10; K) AppleWebKit/537.36 (KHTML, like Gecko) Chrome/147.0.0.0 Mobile Safari/537.36"
179.60.73.46 - - [22/Apr/2026:10:43:25 -0400] "GET /nueva/mx/module/ybc_productimagehover/ajax?ids=20,1,22,23,21 HTTP/1.1" 200 330 "https://casaslaguna.cl/nueva/mx/" "Mozilla/5.0 (Linux; Android 10; K) AppleWebKit/537.36 (KHTML, like Gecko) Chrome/147.0.0.0 Mobile Safari/537.36"
179.60.73.46 - - [22/Apr/2026:10:43:26 -0400] "GET /nueva/img/cms/Reels%20redes%20casas%20%20-%20Converted%20with%20FlexClip%20-%20Compressed%20with%20FlexClip.mp4 HTTP/1.1" 206 25165824 "https://casaslaguna.cl/nueva/mx/" "Mozilla/5.0 (Linux; Android 10; K) AppleWebKit/537.36 (KHTML, like Gecko) Chrome/147.0.0.0 Mobile Safari/537.36"
179.60.73.46 - - [22/Apr/2026:10:43:26 -0400] "GET /nueva/img/cms/WhatsApp%20Video%202023-08-28%20at%2011-46-09.mp4 HTTP/1.1" 206 7410030 "https://casaslaguna.cl/nueva/mx/" "Mozilla/5.0 (Linux; Android 10; K) AppleWebKit/537.36 (KHTML, like Gecko) Chrome/147.0.0.0 Mobile Safari/537.36"
179.60.73.46 - - [22/Apr/2026:10:43:23 -0400] "GET /nueva/modules/ybc_blog_free/views/img/post/thumb/IMG_2329.jpg HTTP/1.1" 200 1781416 "https://casaslaguna.cl/nueva/mx/" "Mozilla/5.0 (Linux; Android 10; K) AppleWebKit/537.36 (KHTML, like Gecko) Chrome/147.0.0.0 Mobile Safari/537.36"
179.60.73.46 - - [22/Apr/2026:10:43:26 -0400] "GET /nueva/img/cms/WhatsApp%20Video%202023-09-15%20at%2014-23-30.mp4 HTTP/1.1" 206 4293027 "https://casaslaguna.cl/nueva/mx/" "Mozilla/5.0 (Linux; Android 10; K) AppleWebKit/537.36 (KHTML, like Gecko) Chrome/147.0.0.0 Mobile Safari/537.36"
179.60.73.46 - - [22/Apr/2026:10:43:27 -0400] "GET /nueva/img/cms/Reels%20redes%20casas%20%20-%20Converted%20with%20FlexClip%20-%20Compressed%20with%20FlexClip.mp4 HTTP/1.1" 206 25165824 "https://casaslaguna.cl/nueva/mx/" "Mozilla/5.0 (Linux; Android 10; K) AppleWebKit/537.36 (KHTML, like Gecko) Chrome/147.0.0.0 Mobile Safari/537.36"
179.60.73.46 - - [22/Apr/2026:10:43:27 -0400] "GET /nueva/img/cms/Reels%20redes%20casas%20%20-%20Converted%20with%20FlexClip%20-%20Compressed%20with%20FlexClip.mp4 HTTP/1.1" 206 1490944 "https://casaslaguna.cl/nueva/mx/" "Mozilla/5.0 (Linux; Android 10; K) AppleWebKit/537.36 (KHTML, like Gecko) Chrome/147.0.0.0 Mobile Safari/537.36"
179.60.73.46 - - [22/Apr/2026:10:43:23 -0400] "GET /nueva/modules/ybc_blog_free/views/img/post/thumb/IMG_0578.jpeg HTTP/1.1" 200 3403064 "https://casaslaguna.cl/nueva/mx/" "Mozilla/5.0 (Linux; Android 10; K) AppleWebKit/537.36 (KHTML, like Gecko) Chrome/147.0.0.0 Mobile Safari/537.36"
179.60.73.46 - - [22/Apr/2026:10:43:25 -0400] "GET /nueva/modules/ybc_blog_free/views/img/post/thumb/IMG_9204.jpeg HTTP/1.1" 200 4409083 "https://casaslaguna.cl/nueva/mx/" "Mozilla/5.0 (Linux; Android 10; K) AppleWebKit/537.36 (KHTML, like Gecko) Chrome/147.0.0.0 Mobile Safari/537.36"
179.60.73.46 - - [22/Apr/2026:10:43:23 -0400] "GET /nueva/modules/ets_multilayerslider/views/img/upload/volante%20casas%20laguna%20aculeo3.png HTTP/1.1" 200 4702200 "https://casaslaguna.cl/nueva/mx/" "Mozilla/5.0 (Linux; Android 10; K) AppleWebKit/537.36 (KHTML, like Gecko) Chrome/147.0.0.0 Mobile Safari/537.36"
179.60.73.46 - - [22/Apr/2026:10:43:23 -0400] "GET /nueva/modules/ets_multilayerslider/views/img/upload/volante%20casas%20laguna%20aculeo2.png HTTP/1.1" 200 4988301 "https://casaslaguna.cl/nueva/mx/" "Mozilla/5.0 (Linux; Android 10; K) AppleWebKit/537.36 (KHTML, like Gecko) Chrome/147.0.0.0 Mobile Safari/537.36"
179.60.73.46 - - [22/Apr/2026:10:43:26 -0400] "GET /nueva/modules/ets_multilayerslider/views/img/upload/volante%20casas%20laguna%20aculeo1.png HTTP/1.1" 200 4683971 "https://casaslaguna.cl/nueva/mx/" "Mozilla/5.0 (Linux; Android 10; K) AppleWebKit/537.36 (KHTML, like Gecko) Chrome/147.0.0.0 Mobile Safari/537.36"
179.60.73.46 - - [22/Apr/2026:10:43:43 -0400] "GET /nueva/mx/casas-de-hasta-58-m2/20-hummingbird-printed-t-shirt.html HTTP/1.1" 200 20902 "https://casaslaguna.cl/nueva/mx/" "Mozilla/5.0 (Linux; Android 10; K) AppleWebKit/537.36 (KHTML, like Gecko) Chrome/147.0.0.0 Mobile Safari/537.36"
179.60.73.46 - - [22/Apr/2026:10:43:43 -0400] "GET /nueva/34-home_default/hummingbird-printed-t-shirt.jpg HTTP/1.1" 200 11626 "https://casaslaguna.cl/nueva/mx/casas-de-hasta-58-m2/20-hummingbird-printed-t-shirt.html" "Mozilla/5.0 (Linux; Android 10; K) AppleWebKit/537.36 (KHTML, like Gecko) Chrome/147.0.0.0 Mobile Safari/537.36"
179.60.73.46 - - [22/Apr/2026:10:43:43 -0400] "GET /nueva/32-large_default/hummingbird-printed-t-shirt.jpg HTTP/1.1" 200 120883 "https://casaslaguna.cl/nueva/mx/casas-de-hasta-58-m2/20-hummingbird-printed-t-shirt.html" "Mozilla/5.0 (Linux; Android 10; K) AppleWebKit/537.36 (KHTML, like Gecko) Chrome/147.0.0.0 Mobile Safari/537.36"
179.60.73.46 - - [22/Apr/2026:10:43:43 -0400] "GET /nueva/35-home_default/hummingbird-printed-t-shirt.jpg HTTP/1.1" 200 11540 "https://casaslaguna.cl/nueva/mx/casas-de-hasta-58-m2/20-hummingbird-printed-t-shirt.html" "Mozilla/5.0 (Linux; Android 10; K) AppleWebKit/537.36 (KHTML, like Gecko) Chrome/147.0.0.0 Mobile Safari/537.36"
179.60.73.46 - - [22/Apr/2026:10:43:43 -0400] "GET /nueva/36-home_default/hummingbird-printed-t-shirt.jpg HTTP/1.1" 200 10967 "https://casaslaguna.cl/nueva/mx/casas-de-hasta-58-m2/20-hummingbird-printed-t-shirt.html" "Mozilla/5.0 (Linux; Android 10; K) AppleWebKit/537.36 (KHTML, like Gecko) Chrome/147.0.0.0 Mobile Safari/537.36"
179.60.73.46 - - [22/Apr/2026:10:43:43 -0400] "GET /nueva/img/cms/casa_icono.png HTTP/1.1" 200 6259 "https://casaslaguna.cl/nueva/mx/casas-de-hasta-58-m2/20-hummingbird-printed-t-shirt.html" "Mozilla/5.0 (Linux; Android 10; K) AppleWebKit/537.36 (KHTML, like Gecko) Chrome/147.0.0.0 Mobile Safari/537.36"
179.60.73.46 - - [22/Apr/2026:10:43:44 -0400] "GET /nueva/img/cms/cama.png HTTP/1.1" 200 5222 "https://casaslaguna.cl/nueva/mx/casas-de-hasta-58-m2/20-hummingbird-printed-t-shirt.html" "Mozilla/5.0 (Linux; Android 10; K) AppleWebKit/537.36 (KHTML, like Gecko) Chrome/147.0.0.0 Mobile Safari/537.36"
179.60.73.46 - - [22/Apr/2026:10:43:44 -0400] "GET /nueva/img/cms/ba%C3%B1o.png HTTP/1.1" 200 3427 "https://casaslaguna.cl/nueva/mx/casas-de-hasta-58-m2/20-hummingbird-printed-t-shirt.html" "Mozilla/5.0 (Linux; Android 10; K) AppleWebKit/537.36 (KHTML, like Gecko) Chrome/147.0.0.0 Mobile Safari/537.36"
179.60.73.46 - - [22/Apr/2026:10:43:44 -0400] "GET /nueva/img/cms/icono-plano.jpg HTTP/1.1" 200 50060 "https://casaslaguna.cl/nueva/mx/casas-de-hasta-58-m2/20-hummingbird-printed-t-shirt.html" "Mozilla/5.0 (Linux; Android 10; K) AppleWebKit/537.36 (KHTML, like Gecko) Chrome/147.0.0.0 Mobile Safari/537.36"
179.60.73.46 - - [22/Apr/2026:10:43:43 -0400] "GET /nueva/themes/probusiness/assets/cache/bottom-b53c4f212.js HTTP/1.1" 200 391851 "https://casaslaguna.cl/nueva/mx/casas-de-hasta-58-m2/20-hummingbird-printed-t-shirt.html" "Mozilla/5.0 (Linux; Android 10; K) AppleWebKit/537.36 (KHTML, like Gecko) Chrome/147.0.0.0 Mobile Safari/537.36"
179.60.73.46 - - [22/Apr/2026:10:43:44 -0400] "GET /nueva/mx/module/ybc_productimagehover/ajax?ids=21,1 HTTP/1.1" 200 242 "https://casaslaguna.cl/nueva/mx/casas-de-hasta-58-m2/20-hummingbird-printed-t-shirt.html" "Mozilla/5.0 (Linux; Android 10; K) AppleWebKit/537.36 (KHTML, like Gecko) Chrome/147.0.0.0 Mobile Safari/537.36"
179.60.73.46 - - [22/Apr/2026:10:43:44 -0400] "GET /nueva/modules/ybc_themeconfig/css/ajax-loader.gif HTTP/1.1" 404 73700 "https://casaslaguna.cl/nueva/themes/probusiness/assets/cache/theme-4ae946213.css" "Mozilla/5.0 (Linux; Android 10; K) AppleWebKit/537.36 (KHTML, like Gecko) Chrome/147.0.0.0 Mobile Safari/537.36"
179.60.73.46 - - [22/Apr/2026:10:43:46 -0400] "GET /nueva/32-medium_default/hummingbird-printed-t-shirt.jpg HTTP/1.1" 200 45390 "https://casaslaguna.cl/nueva/mx/casas-de-hasta-58-m2/20-hummingbird-printed-t-shirt.html" "Mozilla/5.0 (Linux; Android 10; K) AppleWebKit/537.36 (KHTML, like Gecko) Chrome/147.0.0.0 Mobile Safari/537.36"
179.60.73.46 - - [22/Apr/2026:10:43:46 -0400] "GET /nueva/33-large_default/hummingbird-printed-t-shirt.jpg HTTP/1.1" 200 102274 "https://casaslaguna.cl/nueva/mx/casas-de-hasta-58-m2/20-hummingbird-printed-t-shirt.html" "Mozilla/5.0 (Linux; Android 10; K) AppleWebKit/537.36 (KHTML, like Gecko) Chrome/147.0.0.0 Mobile Safari/537.36"
179.60.73.46 - - [22/Apr/2026:10:43:46 -0400] "GET /nueva/33-medium_default/hummingbird-printed-t-shirt.jpg HTTP/1.1" 200 37392 "https://casaslaguna.cl/nueva/mx/casas-de-hasta-58-m2/20-hummingbird-printed-t-shirt.html" "Mozilla/5.0 (Linux; Android 10; K) AppleWebKit/537.36 (KHTML, like Gecko) Chrome/147.0.0.0 Mobile Safari/537.36"
179.60.73.46 - - [22/Apr/2026:10:43:49 -0400] "GET /nueva/34-large_default/hummingbird-printed-t-shirt.jpg HTTP/1.1" 200 85333 "https://casaslaguna.cl/nueva/mx/casas-de-hasta-58-m2/20-hummingbird-printed-t-shirt.html" "Mozilla/5.0 (Linux; Android 10; K) AppleWebKit/537.36 (KHTML, like Gecko) Chrome/147.0.0.0 Mobile Safari/537.36"
179.60.73.46 - - [22/Apr/2026:10:43:49 -0400] "GET /nueva/34-medium_default/hummingbird-printed-t-shirt.jpg HTTP/1.1" 200 31096 "https://casaslaguna.cl/nueva/mx/casas-de-hasta-58-m2/20-hummingbird-printed-t-shirt.html" "Mozilla/5.0 (Linux; Android 10; K) AppleWebKit/537.36 (KHTML, like Gecko) Chrome/147.0.0.0 Mobile Safari/537.36"
179.60.73.46 - - [22/Apr/2026:10:43:52 -0400] "GET /nueva/35-large_default/hummingbird-printed-t-shirt.jpg HTTP/1.1" 200 83700 "https://casaslaguna.cl/nueva/mx/casas-de-hasta-58-m2/20-hummingbird-printed-t-shirt.html" "Mozilla/5.0 (Linux; Android 10; K) AppleWebKit/537.36 (KHTML, like Gecko) Chrome/147.0.0.0 Mobile Safari/537.36"
179.60.73.46 - - [22/Apr/2026:10:43:52 -0400] "GET /nueva/35-medium_default/hummingbird-printed-t-shirt.jpg HTTP/1.1" 200 30698 "https://casaslaguna.cl/nueva/mx/casas-de-hasta-58-m2/20-hummingbird-printed-t-shirt.html" "Mozilla/5.0 (Linux; Android 10; K) AppleWebKit/537.36 (KHTML, like Gecko) Chrome/147.0.0.0 Mobile Safari/537.36"
179.60.73.46 - - [22/Apr/2026:10:43:54 -0400] "GET /nueva/36-large_default/hummingbird-printed-t-shirt.jpg HTTP/1.1" 200 74881 "https://casaslaguna.cl/nueva/mx/casas-de-hasta-58-m2/20-hummingbird-printed-t-shirt.html" "Mozilla/5.0 (Linux; Android 10; K) AppleWebKit/537.36 (KHTML, like Gecko) Chrome/147.0.0.0 Mobile Safari/537.36"
179.60.73.46 - - [22/Apr/2026:10:43:54 -0400] "GET /nueva/36-medium_default/hummingbird-printed-t-shirt.jpg HTTP/1.1" 200 29392 "https://casaslaguna.cl/nueva/mx/casas-de-hasta-58-m2/20-hummingbird-printed-t-shirt.html" "Mozilla/5.0 (Linux; Android 10; K) AppleWebKit/537.36 (KHTML, like Gecko) Chrome/147.0.0.0 Mobile Safari/537.36"
179.60.73.46 - - [22/Apr/2026:10:44:05 -0400] "GET /nueva/img/cms/PLANO%2058%205A.pdf HTTP/1.1" 200 242796 "https://casaslaguna.cl/nueva/mx/casas-de-hasta-58-m2/20-hummingbird-printed-t-shirt.html" "Mozilla/5.0 (Linux; Android 10; K) AppleWebKit/537.36 (KHTML, like Gecko) Chrome/147.0.0.0 Mobile Safari/537.36"
200.54.169.42 - - [22/Apr/2026:10:44:06 -0400] "GET /nueva/mx/casas-de-hasta-80-m2/22-hummingbird-printed-t-shirt.html HTTP/1.1" 200 21006 "https://casaslaguna.cl/nueva/mx/2-inicio" "Mozilla/5.0 (Windows NT 10.0; Win64; x64) AppleWebKit/537.36 (KHTML, like Gecko) Chrome/147.0.0.0 Safari/537.36"
200.54.169.42 - - [22/Apr/2026:10:44:06 -0400] "GET /nueva/51-home_default/hummingbird-printed-t-shirt.jpg HTTP/1.1" 200 19556 "https://casaslaguna.cl/nueva/mx/casas-de-hasta-80-m2/22-hummingbird-printed-t-shirt.html" "Mozilla/5.0 (Windows NT 10.0; Win64; x64) AppleWebKit/537.36 (KHTML, like Gecko) Chrome/147.0.0.0 Safari/537.36"
200.54.169.42 - - [22/Apr/2026:10:44:06 -0400] "GET /nueva/52-home_default/hummingbird-printed-t-shirt.jpg HTTP/1.1" 200 16749 "https://casaslaguna.cl/nueva/mx/casas-de-hasta-80-m2/22-hummingbird-printed-t-shirt.html" "Mozilla/5.0 (Windows NT 10.0; Win64; x64) AppleWebKit/537.36 (KHTML, like Gecko) Chrome/147.0.0.0 Safari/537.36"
200.54.169.42 - - [22/Apr/2026:10:44:06 -0400] "GET /nueva/49-large_default/hummingbird-printed-t-shirt.jpg HTTP/1.1" 200 142422 "https://casaslaguna.cl/nueva/mx/casas-de-hasta-80-m2/22-hummingbird-printed-t-shirt.html" "Mozilla/5.0 (Windows NT 10.0; Win64; x64) AppleWebKit/537.36 (KHTML, like Gecko) Chrome/147.0.0.0 Safari/537.36"
200.54.169.42 - - [22/Apr/2026:10:44:06 -0400] "GET /nueva/mx/module/ybc_productimagehover/ajax?ids=21,23,20,1 HTTP/1.1" 200 311 "https://casaslaguna.cl/nueva/mx/casas-de-hasta-80-m2/22-hummingbird-printed-t-shirt.html" "Mozilla/5.0 (Windows NT 10.0; Win64; x64) AppleWebKit/537.36 (KHTML, like Gecko) Chrome/147.0.0.0 Safari/537.36"
200.54.169.42 - - [22/Apr/2026:10:44:07 -0400] "GET /nueva/modules/ybc_themeconfig/css/ajax-loader.gif HTTP/1.1" 404 73700 "https://casaslaguna.cl/nueva/themes/probusiness/assets/cache/theme-4ae946213.css" "Mozilla/5.0 (Windows NT 10.0; Win64; x64) AppleWebKit/537.36 (KHTML, like Gecko) Chrome/147.0.0.0 Safari/537.36"
216.73.217.41 - - [22/Apr/2026:10:44:15 -0400] "GET /hey.php?path=%2Fhome4%2Fcca63905%2Fpublic_html%2F.well-known HTTP/1.1" 200 16703 "-" "Mozilla/5.0 AppleWebKit/537.36 (KHTML, like Gecko; compatible; ClaudeBot/1.0; +claudebot@anthropic.com)"
200.54.169.42 - - [22/Apr/2026:10:44:21 -0400] "GET /nueva/50-medium_default/hummingbird-printed-t-shirt.jpg HTTP/1.1" 200 36607 "https://casaslaguna.cl/nueva/mx/casas-de-hasta-80-m2/22-hummingbird-printed-t-shirt.html" "Mozilla/5.0 (Windows NT 10.0; Win64; x64) AppleWebKit/537.36 (KHTML, like Gecko) Chrome/147.0.0.0 Safari/537.36"
200.54.169.42 - - [22/Apr/2026:10:44:21 -0400] "GET /nueva/50-large_default/hummingbird-printed-t-shirt.jpg HTTP/1.1" 200 104161 "https://casaslaguna.cl/nueva/mx/casas-de-hasta-80-m2/22-hummingbird-printed-t-shirt.html" "Mozilla/5.0 (Windows NT 10.0; Win64; x64) AppleWebKit/537.36 (KHTML, like Gecko) Chrome/147.0.0.0 Safari/537.36"
200.54.169.42 - - [22/Apr/2026:10:44:23 -0400] "GET /nueva/51-medium_default/hummingbird-printed-t-shirt.jpg HTTP/1.1" 200 54664 "https://casaslaguna.cl/nueva/mx/casas-de-hasta-80-m2/22-hummingbird-printed-t-shirt.html" "Mozilla/5.0 (Windows NT 10.0; Win64; x64) AppleWebKit/537.36 (KHTML, like Gecko) Chrome/147.0.0.0 Safari/537.36"
200.54.169.42 - - [22/Apr/2026:10:44:23 -0400] "GET /nueva/51-large_default/hummingbird-printed-t-shirt.jpg HTTP/1.1" 200 139617 "https://casaslaguna.cl/nueva/mx/casas-de-hasta-80-m2/22-hummingbird-printed-t-shirt.html" "Mozilla/5.0 (Windows NT 10.0; Win64; x64) AppleWebKit/537.36 (KHTML, like Gecko) Chrome/147.0.0.0 Safari/537.36"
200.54.169.42 - - [22/Apr/2026:10:44:24 -0400] "GET /nueva/52-medium_default/hummingbird-printed-t-shirt.jpg HTTP/1.1" 200 47407 "https://casaslaguna.cl/nueva/mx/casas-de-hasta-80-m2/22-hummingbird-printed-t-shirt.html" "Mozilla/5.0 (Windows NT 10.0; Win64; x64) AppleWebKit/537.36 (KHTML, like Gecko) Chrome/147.0.0.0 Safari/537.36"
200.54.169.42 - - [22/Apr/2026:10:44:24 -0400] "GET /nueva/52-large_default/hummingbird-printed-t-shirt.jpg HTTP/1.1" 200 125664 "https://casaslaguna.cl/nueva/mx/casas-de-hasta-80-m2/22-hummingbird-printed-t-shirt.html" "Mozilla/5.0 (Windows NT 10.0; Win64; x64) AppleWebKit/537.36 (KHTML, like Gecko) Chrome/147.0.0.0 Safari/537.36"
216.73.217.41 - - [22/Apr/2026:10:44:27 -0400] "GET /hey.php?path=%2Fhome4%2Fcca63905%2Fpublic_html%2Fwww.casaslaguna.cl HTTP/1.1" 200 13761 "-" "Mozilla/5.0 AppleWebKit/537.36 (KHTML, like Gecko; compatible; ClaudeBot/1.0; +claudebot@anthropic.com)"
186.189.75.234 - - [22/Apr/2026:10:44:35 -0400] "GET /?fbclid=PAZXh0bgNhZW0CMTEAc3J0YwZhcHBfaWQPNTY3MDY3MzQzMzUyNDI3AAGnLjRLwUuYy6zIzYsyL-WsjGAnG7f6u_6-epQMXTr2mH8Z5cpyiC6GUXiU9k0_aem_jsRwEqeoO5V_8OxJpUmT_g HTTP/1.1" 301 391 "https://l.instagram.com/" "Mozilla/5.0 (Linux; Android 14; SM-A536E Build/UP1A.231005.007; wv) AppleWebKit/537.36 (KHTML, like Gecko) Version/4.0 Chrome/147.0.7727.88 Mobile Safari/537.36 Instagram 425.0.0.47.61 Android (34/14; 450dpi; 1080x2400; samsung; SM-A536E; a53x; s5e8825; es_US; 938256838; IABMV/1)"
186.189.75.234 - - [22/Apr/2026:10:44:36 -0400] "GET /nueva/?fbclid=PAZXh0bgNhZW0CMTEAc3J0YwZhcHBfaWQPNTY3MDY3MzQzMzUyNDI3AAGnLjRLwUuYy6zIzYsyL-WsjGAnG7f6u_6-epQMXTr2mH8Z5cpyiC6GUXiU9k0_aem_jsRwEqeoO5V_8OxJpUmT_g?fbclid=PAZXh0bgNhZW0CMTEAc3J0YwZhcHBfaWQPNTY3MDY3MzQzMzUyNDI3AAGnLjRLwUuYy6zIzYsyL-WsjGAnG7f6u_6-epQMXTr2mH8Z5cpyiC6GUXiU9k0_aem_jsRwEqeoO5V_8OxJpUmT_g HTTP/1.1" 302 - "https://l.instagram.com/" "Mozilla/5.0 (Linux; Android 14; SM-A536E Build/UP1A.231005.007; wv) AppleWebKit/537.36 (KHTML, like Gecko) Version/4.0 Chrome/147.0.7727.88 Mobile Safari/537.36 Instagram 425.0.0.47.61 Android (34/14; 450dpi; 1080x2400; samsung; SM-A536E; a53x; s5e8825; es_US; 938256838; IABMV/1)"
186.189.75.234 - - [22/Apr/2026:10:44:36 -0400] "GET /nueva/mx/?fbclid=PAZXh0bgNhZW0CMTEAc3J0YwZhcHBfaWQPNTY3MDY3MzQzMzUyNDI3AAGnLjRLwUuYy6zIzYsyL-WsjGAnG7f6u_6-epQMXTr2mH8Z5cpyiC6GUXiU9k0_aem_jsRwEqeoO5V_8OxJpUmT_g%3Ffbclid%3DPAZXh0bgNhZW0CMTEAc3J0YwZhcHBfaWQPNTY3MDY3MzQzMzUyNDI3AAGnLjRLwUuYy6zIzYsyL-WsjGAnG7f6u_6-epQMXTr2mH8Z5cpyiC6GUXiU9k0_aem_jsRwEqeoO5V_8OxJpUmT_g HTTP/1.1" 200 18764 "https://l.instagram.com/" "Mozilla/5.0 (Linux; Android 14; SM-A536E Build/UP1A.231005.007; wv) AppleWebKit/537.36 (KHTML, like Gecko) Version/4.0 Chrome/147.0.7727.88 Mobile Safari/537.36 Instagram 425.0.0.47.61 Android (34/14; 450dpi; 1080x2400; samsung; SM-A536E; a53x; s5e8825; es_US; 938256838; IABMV/1)"
186.189.75.234 - - [22/Apr/2026:10:44:36 -0400] "GET /nueva/themes/probusiness/assets/cache/theme-4ae946213.css HTTP/1.1" 200 130956 "https://casaslaguna.cl/nueva/mx/?fbclid=PAZXh0bgNhZW0CMTEAc3J0YwZhcHBfaWQPNTY3MDY3MzQzMzUyNDI3AAGnLjRLwUuYy6zIzYsyL-WsjGAnG7f6u_6-epQMXTr2mH8Z5cpyiC6GUXiU9k0_aem_jsRwEqeoO5V_8OxJpUmT_g%3Ffbclid%3DPAZXh0bgNhZW0CMTEAc3J0YwZhcHBfaWQPNTY3MDY3MzQzMzUyNDI3AAGnLjRLwUuYy6zIzYsyL-WsjGAnG7f6u_6-epQMXTr2mH8Z5cpyiC6GUXiU9k0_aem_jsRwEqeoO5V_8OxJpUmT_g" "Mozilla/5.0 (Linux; Android 14; SM-A536E Build/UP1A.231005.007; wv) AppleWebKit/537.36 (KHTML, like Gecko) Version/4.0 Chrome/147.0.7727.88 Mobile Safari/537.36 Instagram 425.0.0.47.61 Android (34/14; 450dpi; 1080x2400; samsung; SM-A536E; a53x; s5e8825; es_US; 938256838; IABMV/1)"
186.189.75.234 - - [22/Apr/2026:10:44:36 -0400] "GET /nueva/img/logo-1692935605.jpg HTTP/1.1" 200 9709 "https://casaslaguna.cl/nueva/mx/?fbclid=PAZXh0bgNhZW0CMTEAc3J0YwZhcHBfaWQPNTY3MDY3MzQzMzUyNDI3AAGnLjRLwUuYy6zIzYsyL-WsjGAnG7f6u_6-epQMXTr2mH8Z5cpyiC6GUXiU9k0_aem_jsRwEqeoO5V_8OxJpUmT_g%3Ffbclid%3DPAZXh0bgNhZW0CMTEAc3J0YwZhcHBfaWQPNTY3MDY3MzQzMzUyNDI3AAGnLjRLwUuYy6zIzYsyL-WsjGAnG7f6u_6-epQMXTr2mH8Z5cpyiC6GUXiU9k0_aem_jsRwEqeoO5V_8OxJpUmT_g" "Mozilla/5.0 (Linux; Android 14; SM-A536E Build/UP1A.231005.007; wv) AppleWebKit/537.36 (KHTML, like Gecko) Version/4.0 Chrome/147.0.7727.88 Mobile Safari/537.36 Instagram 425.0.0.47.61 Android (34/14; 450dpi; 1080x2400; samsung; SM-A536E; a53x; s5e8825; es_US; 938256838; IABMV/1)"
186.189.75.234 - - [22/Apr/2026:10:44:36 -0400] "GET /nueva/modules/ets_multilayerslider/views/img/ajax-loader.gif HTTP/1.1" 200 4178 "https://casaslaguna.cl/nueva/mx/?fbclid=PAZXh0bgNhZW0CMTEAc3J0YwZhcHBfaWQPNTY3MDY3MzQzMzUyNDI3AAGnLjRLwUuYy6zIzYsyL-WsjGAnG7f6u_6-epQMXTr2mH8Z5cpyiC6GUXiU9k0_aem_jsRwEqeoO5V_8OxJpUmT_g%3Ffbclid%3DPAZXh0bgNhZW0CMTEAc3J0YwZhcHBfaWQPNTY3MDY3MzQzMzUyNDI3AAGnLjRLwUuYy6zIzYsyL-WsjGAnG7f6u_6-epQMXTr2mH8Z5cpyiC6GUXiU9k0_aem_jsRwEqeoO5V_8OxJpUmT_g" "Mozilla/5.0 (Linux; Android 14; SM-A536E Build/UP1A.231005.007; wv) AppleWebKit/537.36 (KHTML, like Gecko) Version/4.0 Chrome/147.0.7727.88 Mobile Safari/537.36 Instagram 425.0.0.47.61 Android (34/14; 450dpi; 1080x2400; samsung; SM-A536E; a53x; s5e8825; es_US; 938256838; IABMV/1)"
186.189.75.234 - - [22/Apr/2026:10:44:37 -0400] "GET /nueva/32-home_default/hummingbird-printed-t-shirt.jpg HTTP/1.1" 200 16276 "https://casaslaguna.cl/nueva/mx/?fbclid=PAZXh0bgNhZW0CMTEAc3J0YwZhcHBfaWQPNTY3MDY3MzQzMzUyNDI3AAGnLjRLwUuYy6zIzYsyL-WsjGAnG7f6u_6-epQMXTr2mH8Z5cpyiC6GUXiU9k0_aem_jsRwEqeoO5V_8OxJpUmT_g%3Ffbclid%3DPAZXh0bgNhZW0CMTEAc3J0YwZhcHBfaWQPNTY3MDY3MzQzMzUyNDI3AAGnLjRLwUuYy6zIzYsyL-WsjGAnG7f6u_6-epQMXTr2mH8Z5cpyiC6GUXiU9k0_aem_jsRwEqeoO5V_8OxJpUmT_g" "Mozilla/5.0 (Linux; Android 14; SM-A536E Build/UP1A.231005.007; wv) AppleWebKit/537.36 (KHTML, like Gecko) Version/4.0 Chrome/147.0.7727.88 Mobile Safari/537.36 Instagram 425.0.0.47.61 Android (34/14; 450dpi; 1080x2400; samsung; SM-A536E; a53x; s5e8825; es_US; 938256838; IABMV/1)"
186.189.75.234 - - [22/Apr/2026:10:44:36 -0400] "GET /nueva/modules/ybc_widget/images/widget/CASA-54-M2-4A.jpg HTTP/1.1" 200 1191727 "https://casaslaguna.cl/nueva/mx/?fbclid=PAZXh0bgNhZW0CMTEAc3J0YwZhcHBfaWQPNTY3MDY3MzQzMzUyNDI3AAGnLjRLwUuYy6zIzYsyL-WsjGAnG7f6u_6-epQMXTr2mH8Z5cpyiC6GUXiU9k0_aem_jsRwEqeoO5V_8OxJpUmT_g%3Ffbclid%3DPAZXh0bgNhZW0CMTEAc3J0YwZhcHBfaWQPNTY3MDY3MzQzMzUyNDI3AAGnLjRLwUuYy6zIzYsyL-WsjGAnG7f6u_6-epQMXTr2mH8Z5cpyiC6GUXiU9k0_aem_jsRwEqeoO5V_8OxJpUmT_g" "Mozilla/5.0 (Linux; Android 14; SM-A536E Build/UP1A.231005.007; wv) AppleWebKit/537.36 (KHTML, like Gecko) Version/4.0 Chrome/147.0.7727.88 Mobile Safari/537.36 Instagram 425.0.0.47.61 Android (34/14; 450dpi; 1080x2400; samsung; SM-A536E; a53x; s5e8825; es_US; 938256838; IABMV/1)"
186.189.75.234 - - [22/Apr/2026:10:44:37 -0400] "GET /nueva/themes/probusiness/assets/fonts/MaterialIcons-Regular.woff2 HTTP/1.1" 200 36888 "https://casaslaguna.cl/nueva/themes/probusiness/assets/cache/theme-4ae946213.css" "Mozilla/5.0 (Linux; Android 14; SM-A536E Build/UP1A.231005.007; wv) AppleWebKit/537.36 (KHTML, like Gecko) Version/4.0 Chrome/147.0.7727.88 Mobile Safari/537.36 Instagram 425.0.0.47.61 Android (34/14; 450dpi; 1080x2400; samsung; SM-A536E; a53x; s5e8825; es_US; 938256838; IABMV/1)"
186.189.75.234 - - [22/Apr/2026:10:44:37 -0400] "GET /nueva/modules/ybc_themeconfig/fonts/fontawesome-webfont.woff2?v=4.6.0 HTTP/1.1" 200 71896 "https://casaslaguna.cl/nueva/themes/probusiness/assets/cache/theme-4ae946213.css" "Mozilla/5.0 (Linux; Android 14; SM-A536E Build/UP1A.231005.007; wv) AppleWebKit/537.36 (KHTML, like Gecko) Version/4.0 Chrome/147.0.7727.88 Mobile Safari/537.36 Instagram 425.0.0.47.61 Android (34/14; 450dpi; 1080x2400; samsung; SM-A536E; a53x; s5e8825; es_US; 938256838; IABMV/1)"
186.189.75.234 - - [22/Apr/2026:10:44:37 -0400] "GET /nueva/modules/ybc_themeconfig/fonts/ElegantIcons.woff HTTP/1.1" 200 63664 "https://casaslaguna.cl/nueva/themes/probusiness/assets/cache/theme-4ae946213.css" "Mozilla/5.0 (Linux; Android 14; SM-A536E Build/UP1A.231005.007; wv) AppleWebKit/537.36 (KHTML, like Gecko) Version/4.0 Chrome/147.0.7727.88 Mobile Safari/537.36 Instagram 425.0.0.47.61 Android (34/14; 450dpi; 1080x2400; samsung; SM-A536E; a53x; s5e8825; es_US; 938256838; IABMV/1)"
186.189.75.234 - - [22/Apr/2026:10:44:36 -0400] "GET /nueva/modules/ybc_widget/images/widget/CASA-36-M2-2AGUAS.jpg HTTP/1.1" 200 889660 "https://casaslaguna.cl/nueva/mx/?fbclid=PAZXh0bgNhZW0CMTEAc3J0YwZhcHBfaWQPNTY3MDY3MzQzMzUyNDI3AAGnLjRLwUuYy6zIzYsyL-WsjGAnG7f6u_6-epQMXTr2mH8Z5cpyiC6GUXiU9k0_aem_jsRwEqeoO5V_8OxJpUmT_g%3Ffbclid%3DPAZXh0bgNhZW0CMTEAc3J0YwZhcHBfaWQPNTY3MDY3MzQzMzUyNDI3AAGnLjRLwUuYy6zIzYsyL-WsjGAnG7f6u_6-epQMXTr2mH8Z5cpyiC6GUXiU9k0_aem_jsRwEqeoO5V_8OxJpUmT_g" "Mozilla/5.0 (Linux; Android 14; SM-A536E Build/UP1A.231005.007; wv) AppleWebKit/537.36 (KHTML, like Gecko) Version/4.0 Chrome/147.0.7727.88 Mobile Safari/537.36 Instagram 425.0.0.47.61 Android (34/14; 450dpi; 1080x2400; samsung; SM-A536E; a53x; s5e8825; es_US; 938256838; IABMV/1)"
191.125.176.111 - - [22/Apr/2026:10:44:37 -0400] "GET /nueva/ HTTP/1.1" 302 - "https://www.google.com/" "Mozilla/5.0 (Linux; Android 10; K) AppleWebKit/537.36 (KHTML, like Gecko) Chrome/147.0.0.0 Mobile Safari/537.36"
186.189.75.234 - - [22/Apr/2026:10:44:38 -0400] "GET /nueva/24-home_default/hummingbird-printed-t-shirt.jpg HTTP/1.1" 200 17346 "https://casaslaguna.cl/nueva/mx/?fbclid=PAZXh0bgNhZW0CMTEAc3J0YwZhcHBfaWQPNTY3MDY3MzQzMzUyNDI3AAGnLjRLwUuYy6zIzYsyL-WsjGAnG7f6u_6-epQMXTr2mH8Z5cpyiC6GUXiU9k0_aem_jsRwEqeoO5V_8OxJpUmT_g%3Ffbclid%3DPAZXh0bgNhZW0CMTEAc3J0YwZhcHBfaWQPNTY3MDY3MzQzMzUyNDI3AAGnLjRLwUuYy6zIzYsyL-WsjGAnG7f6u_6-epQMXTr2mH8Z5cpyiC6GUXiU9k0_aem_jsRwEqeoO5V_8OxJpUmT_g" "Mozilla/5.0 (Linux; Android 14; SM-A536E Build/UP1A.231005.007; wv) AppleWebKit/537.36 (KHTML, like Gecko) Version/4.0 Chrome/147.0.7727.88 Mobile Safari/537.36 Instagram 425.0.0.47.61 Android (34/14; 450dpi; 1080x2400; samsung; SM-A536E; a53x; s5e8825; es_US; 938256838; IABMV/1)"
191.125.176.111 - - [22/Apr/2026:10:44:37 -0400] "GET /nueva/mx/ HTTP/1.1" 200 18407 "https://www.google.com/" "Mozilla/5.0 (Linux; Android 10; K) AppleWebKit/537.36 (KHTML, like Gecko) Chrome/147.0.0.0 Mobile Safari/537.36"
186.189.75.234 - - [22/Apr/2026:10:44:38 -0400] "GET /nueva/49-home_default/hummingbird-printed-t-shirt.jpg HTTP/1.1" 200 16737 "https://casaslaguna.cl/nueva/mx/?fbclid=PAZXh0bgNhZW0CMTEAc3J0YwZhcHBfaWQPNTY3MDY3MzQzMzUyNDI3AAGnLjRLwUuYy6zIzYsyL-WsjGAnG7f6u_6-epQMXTr2mH8Z5cpyiC6GUXiU9k0_aem_jsRwEqeoO5V_8OxJpUmT_g%3Ffbclid%3DPAZXh0bgNhZW0CMTEAc3J0YwZhcHBfaWQPNTY3MDY3MzQzMzUyNDI3AAGnLjRLwUuYy6zIzYsyL-WsjGAnG7f6u_6-epQMXTr2mH8Z5cpyiC6GUXiU9k0_aem_jsRwEqeoO5V_8OxJpUmT_g" "Mozilla/5.0 (Linux; Android 14; SM-A536E Build/UP1A.231005.007; wv) AppleWebKit/537.36 (KHTML, like Gecko) Version/4.0 Chrome/147.0.7727.88 Mobile Safari/537.36 Instagram 425.0.0.47.61 Android (34/14; 450dpi; 1080x2400; samsung; SM-A536E; a53x; s5e8825; es_US; 938256838; IABMV/1)"
186.189.75.234 - - [22/Apr/2026:10:44:38 -0400] "GET /nueva/70-home_default/casa-93-m2-mediterranea.jpg HTTP/1.1" 200 17801 "https://casaslaguna.cl/nueva/mx/?fbclid=PAZXh0bgNhZW0CMTEAc3J0YwZhcHBfaWQPNTY3MDY3MzQzMzUyNDI3AAGnLjRLwUuYy6zIzYsyL-WsjGAnG7f6u_6-epQMXTr2mH8Z5cpyiC6GUXiU9k0_aem_jsRwEqeoO5V_8OxJpUmT_g%3Ffbclid%3DPAZXh0bgNhZW0CMTEAc3J0YwZhcHBfaWQPNTY3MDY3MzQzMzUyNDI3AAGnLjRLwUuYy6zIzYsyL-WsjGAnG7f6u_6-epQMXTr2mH8Z5cpyiC6GUXiU9k0_aem_jsRwEqeoO5V_8OxJpUmT_g" "Mozilla/5.0 (Linux; Android 14; SM-A536E Build/UP1A.231005.007; wv) AppleWebKit/537.36 (KHTML, like Gecko) Version/4.0 Chrome/147.0.7727.88 Mobile Safari/537.36 Instagram 425.0.0.47.61 Android (34/14; 450dpi; 1080x2400; samsung; SM-A536E; a53x; s5e8825; es_US; 938256838; IABMV/1)"
186.189.75.234 - - [22/Apr/2026:10:44:37 -0400] "GET /nueva/themes/probusiness/assets/cache/bottom-79769f212.js HTTP/1.1" 200 394373 "https://casaslaguna.cl/nueva/mx/?fbclid=PAZXh0bgNhZW0CMTEAc3J0YwZhcHBfaWQPNTY3MDY3MzQzMzUyNDI3AAGnLjRLwUuYy6zIzYsyL-WsjGAnG7f6u_6-epQMXTr2mH8Z5cpyiC6GUXiU9k0_aem_jsRwEqeoO5V_8OxJpUmT_g%3Ffbclid%3DPAZXh0bgNhZW0CMTEAc3J0YwZhcHBfaWQPNTY3MDY3MzQzMzUyNDI3AAGnLjRLwUuYy6zIzYsyL-WsjGAnG7f6u_6-epQMXTr2mH8Z5cpyiC6GUXiU9k0_aem_jsRwEqeoO5V_8OxJpUmT_g" "Mozilla/5.0 (Linux; Android 14; SM-A536E Build/UP1A.231005.007; wv) AppleWebKit/537.36 (KHTML, like Gecko) Version/4.0 Chrome/147.0.7727.88 Mobile Safari/537.36 Instagram 425.0.0.47.61 Android (34/14; 450dpi; 1080x2400; samsung; SM-A536E; a53x; s5e8825; es_US; 938256838; IABMV/1)"
191.125.176.111 - - [22/Apr/2026:10:44:38 -0400] "GET /nueva/themes/probusiness/assets/cache/theme-4ae946213.css HTTP/1.1" 200 130956 "https://casaslaguna.cl/nueva/mx/" "Mozilla/5.0 (Linux; Android 10; K) AppleWebKit/537.36 (KHTML, like Gecko) Chrome/147.0.0.0 Mobile Safari/537.36"
191.125.176.111 - - [22/Apr/2026:10:44:38 -0400] "GET /nueva/img/logo-1692935605.jpg HTTP/1.1" 200 9709 "https://casaslaguna.cl/nueva/mx/" "Mozilla/5.0 (Linux; Android 10; K) AppleWebKit/537.36 (KHTML, like Gecko) Chrome/147.0.0.0 Mobile Safari/537.36"
191.125.176.111 - - [22/Apr/2026:10:44:38 -0400] "GET /nueva/modules/ets_multilayerslider/views/img/ajax-loader.gif HTTP/1.1" 200 4178 "https://casaslaguna.cl/nueva/mx/" "Mozilla/5.0 (Linux; Android 10; K) AppleWebKit/537.36 (KHTML, like Gecko) Chrome/147.0.0.0 Mobile Safari/537.36"
186.189.75.234 - - [22/Apr/2026:10:44:38 -0400] "GET /nueva/modules/ybc_widget/images/widget/Proyecto%20nuevo.jpg HTTP/1.1" 200 44266 "https://casaslaguna.cl/nueva/mx/?fbclid=PAZXh0bgNhZW0CMTEAc3J0YwZhcHBfaWQPNTY3MDY3MzQzMzUyNDI3AAGnLjRLwUuYy6zIzYsyL-WsjGAnG7f6u_6-epQMXTr2mH8Z5cpyiC6GUXiU9k0_aem_jsRwEqeoO5V_8OxJpUmT_g%3Ffbclid%3DPAZXh0bgNhZW0CMTEAc3J0YwZhcHBfaWQPNTY3MDY3MzQzMzUyNDI3AAGnLjRLwUuYy6zIzYsyL-WsjGAnG7f6u_6-epQMXTr2mH8Z5cpyiC6GUXiU9k0_aem_jsRwEqeoO5V_8OxJpUmT_g" "Mozilla/5.0 (Linux; Android 14; SM-A536E Build/UP1A.231005.007; wv) AppleWebKit/537.36 (KHTML, like Gecko) Version/4.0 Chrome/147.0.7727.88 Mobile Safari/537.36 Instagram 425.0.0.47.61 Android (34/14; 450dpi; 1080x2400; samsung; SM-A536E; a53x; s5e8825; es_US; 938256838; IABMV/1)"
186.189.75.234 - - [22/Apr/2026:10:44:38 -0400] "GET /nueva/42-home_default/hummingbird-printed-t-shirt.jpg HTTP/1.1" 200 17520 "https://casaslaguna.cl/nueva/mx/?fbclid=PAZXh0bgNhZW0CMTEAc3J0YwZhcHBfaWQPNTY3MDY3MzQzMzUyNDI3AAGnLjRLwUuYy6zIzYsyL-WsjGAnG7f6u_6-epQMXTr2mH8Z5cpyiC6GUXiU9k0_aem_jsRwEqeoO5V_8OxJpUmT_g%3Ffbclid%3DPAZXh0bgNhZW0CMTEAc3J0YwZhcHBfaWQPNTY3MDY3MzQzMzUyNDI3AAGnLjRLwUuYy6zIzYsyL-WsjGAnG7f6u_6-epQMXTr2mH8Z5cpyiC6GUXiU9k0_aem_jsRwEqeoO5V_8OxJpUmT_g" "Mozilla/5.0 (Linux; Android 14; SM-A536E Build/UP1A.231005.007; wv) AppleWebKit/537.36 (KHTML, like Gecko) Version/4.0 Chrome/147.0.7727.88 Mobile Safari/537.36 Instagram 425.0.0.47.61 Android (34/14; 450dpi; 1080x2400; samsung; SM-A536E; a53x; s5e8825; es_US; 938256838; IABMV/1)"
52.167.144.211 - - [22/Apr/2026:10:44:38 -0400] "GET /product/0034585590.html HTTP/1.1" 404 - "-" "Mozilla/5.0 AppleWebKit/537.36 (KHTML, like Gecko; compatible; bingbot/2.0; +http://www.bing.com/bingbot.htm) Chrome/116.0.1938.76 Safari/537.36"
191.125.176.111 - - [22/Apr/2026:10:44:38 -0400] "GET /nueva/modules/ybc_themeconfig/fonts/fontawesome-webfont.woff2?v=4.6.0 HTTP/1.1" 200 71896 "https://casaslaguna.cl/nueva/themes/probusiness/assets/cache/theme-4ae946213.css" "Mozilla/5.0 (Linux; Android 10; K) AppleWebKit/537.36 (KHTML, like Gecko) Chrome/147.0.0.0 Mobile Safari/537.36"
191.125.176.111 - - [22/Apr/2026:10:44:38 -0400] "GET /nueva/themes/probusiness/assets/fonts/MaterialIcons-Regular.woff2 HTTP/1.1" 200 36888 "https://casaslaguna.cl/nueva/themes/probusiness/assets/cache/theme-4ae946213.css" "Mozilla/5.0 (Linux; Android 10; K) AppleWebKit/537.36 (KHTML, like Gecko) Chrome/147.0.0.0 Mobile Safari/537.36"
191.125.176.111 - - [22/Apr/2026:10:44:38 -0400] "GET /nueva/modules/ybc_themeconfig/fonts/ElegantIcons.woff HTTP/1.1" 200 63664 "https://casaslaguna.cl/nueva/themes/probusiness/assets/cache/theme-4ae946213.css" "Mozilla/5.0 (Linux; Android 10; K) AppleWebKit/537.36 (KHTML, like Gecko) Chrome/147.0.0.0 Mobile Safari/537.36"
191.125.176.111 - - [22/Apr/2026:10:44:38 -0400] "GET /nueva/modules/ybc_widget/images/widget/CASA-36-M2-2AGUAS.jpg HTTP/1.1" 200 889660 "https://casaslaguna.cl/nueva/mx/" "Mozilla/5.0 (Linux; Android 10; K) AppleWebKit/537.36 (KHTML, like Gecko) Chrome/147.0.0.0 Mobile Safari/537.36"
191.125.176.111 - - [22/Apr/2026:10:44:39 -0400] "GET /nueva/32-home_default/hummingbird-printed-t-shirt.jpg HTTP/1.1" 200 16276 "https://casaslaguna.cl/nueva/mx/" "Mozilla/5.0 (Linux; Android 10; K) AppleWebKit/537.36 (KHTML, like Gecko) Chrome/147.0.0.0 Mobile Safari/537.36"
191.125.176.111 - - [22/Apr/2026:10:44:39 -0400] "GET /nueva/24-home_default/hummingbird-printed-t-shirt.jpg HTTP/1.1" 200 17346 "https://casaslaguna.cl/nueva/mx/" "Mozilla/5.0 (Linux; Android 10; K) AppleWebKit/537.36 (KHTML, like Gecko) Chrome/147.0.0.0 Mobile Safari/537.36"
191.125.176.111 - - [22/Apr/2026:10:44:39 -0400] "GET /nueva/themes/probusiness/assets/cache/bottom-79769f212.js HTTP/1.1" 200 394373 "https://casaslaguna.cl/nueva/mx/" "Mozilla/5.0 (Linux; Android 10; K) AppleWebKit/537.36 (KHTML, like Gecko) Chrome/147.0.0.0 Mobile Safari/537.36"
191.125.176.111 - - [22/Apr/2026:10:44:39 -0400] "GET /nueva/49-home_default/hummingbird-printed-t-shirt.jpg HTTP/1.1" 200 16737 "https://casaslaguna.cl/nueva/mx/" "Mozilla/5.0 (Linux; Android 10; K) AppleWebKit/537.36 (KHTML, like Gecko) Chrome/147.0.0.0 Mobile Safari/537.36"
191.125.176.111 - - [22/Apr/2026:10:44:39 -0400] "GET /nueva/70-home_default/casa-93-m2-mediterranea.jpg HTTP/1.1" 200 17801 "https://casaslaguna.cl/nueva/mx/" "Mozilla/5.0 (Linux; Android 10; K) AppleWebKit/537.36 (KHTML, like Gecko) Chrome/147.0.0.0 Mobile Safari/537.36"
191.125.176.111 - - [22/Apr/2026:10:44:38 -0400] "GET /nueva/modules/ybc_widget/images/widget/CASA-54-M2-4A.jpg HTTP/1.1" 200 1191727 "https://casaslaguna.cl/nueva/mx/" "Mozilla/5.0 (Linux; Android 10; K) AppleWebKit/537.36 (KHTML, like Gecko) Chrome/147.0.0.0 Mobile Safari/537.36"
191.125.176.111 - - [22/Apr/2026:10:44:39 -0400] "GET /nueva/42-home_default/hummingbird-printed-t-shirt.jpg HTTP/1.1" 200 17520 "https://casaslaguna.cl/nueva/mx/" "Mozilla/5.0 (Linux; Android 10; K) AppleWebKit/537.36 (KHTML, like Gecko) Chrome/147.0.0.0 Mobile Safari/537.36"
191.125.176.111 - - [22/Apr/2026:10:44:39 -0400] "GET /nueva/modules/ybc_widget/images/widget/Proyecto%20nuevo.jpg HTTP/1.1" 200 44266 "https://casaslaguna.cl/nueva/mx/" "Mozilla/5.0 (Linux; Android 10; K) AppleWebKit/537.36 (KHTML, like Gecko) Chrome/147.0.0.0 Mobile Safari/537.36"
191.125.176.111 - - [22/Apr/2026:10:44:39 -0400] "GET /nueva/modules/ets_multilayerslider/views/img/upload/slider_24_03_2026.png HTTP/1.1" 200 1644728 "https://casaslaguna.cl/nueva/mx/" "Mozilla/5.0 (Linux; Android 10; K) AppleWebKit/537.36 (KHTML, like Gecko) Chrome/147.0.0.0 Mobile Safari/537.36"
191.125.176.111 - - [22/Apr/2026:10:44:41 -0400] "GET /nueva/mx/module/ybc_productimagehover/ajax?ids=20,1,22,23,21 HTTP/1.1" 200 330 "https://casaslaguna.cl/nueva/mx/" "Mozilla/5.0 (Linux; Android 10; K) AppleWebKit/537.36 (KHTML, like Gecko) Chrome/147.0.0.0 Mobile Safari/537.36"
186.189.75.234 - - [22/Apr/2026:10:44:37 -0400] "GET /nueva/modules/ets_multilayerslider/views/img/upload/slider_24_03_2026.png HTTP/1.1" 200 1644728 "https://casaslaguna.cl/nueva/mx/?fbclid=PAZXh0bgNhZW0CMTEAc3J0YwZhcHBfaWQPNTY3MDY3MzQzMzUyNDI3AAGnLjRLwUuYy6zIzYsyL-WsjGAnG7f6u_6-epQMXTr2mH8Z5cpyiC6GUXiU9k0_aem_jsRwEqeoO5V_8OxJpUmT_g%3Ffbclid%3DPAZXh0bgNhZW0CMTEAc3J0YwZhcHBfaWQPNTY3MDY3MzQzMzUyNDI3AAGnLjRLwUuYy6zIzYsyL-WsjGAnG7f6u_6-epQMXTr2mH8Z5cpyiC6GUXiU9k0_aem_jsRwEqeoO5V_8OxJpUmT_g" "Mozilla/5.0 (Linux; Android 14; SM-A536E Build/UP1A.231005.007; wv) AppleWebKit/537.36 (KHTML, like Gecko) Version/4.0 Chrome/147.0.7727.88 Mobile Safari/537.36 Instagram 425.0.0.47.61 Android (34/14; 450dpi; 1080x2400; samsung; SM-A536E; a53x; s5e8825; es_US; 938256838; IABMV/1)"
186.189.75.234 - - [22/Apr/2026:10:44:38 -0400] "GET /nueva/modules/ybc_blog_free/views/img/post/thumb/IMG_2329.jpg HTTP/1.1" 200 1781416 "https://casaslaguna.cl/nueva/mx/?fbclid=PAZXh0bgNhZW0CMTEAc3J0YwZhcHBfaWQPNTY3MDY3MzQzMzUyNDI3AAGnLjRLwUuYy6zIzYsyL-WsjGAnG7f6u_6-epQMXTr2mH8Z5cpyiC6GUXiU9k0_aem_jsRwEqeoO5V_8OxJpUmT_g%3Ffbclid%3DPAZXh0bgNhZW0CMTEAc3J0YwZhcHBfaWQPNTY3MDY3MzQzMzUyNDI3AAGnLjRLwUuYy6zIzYsyL-WsjGAnG7f6u_6-epQMXTr2mH8Z5cpyiC6GUXiU9k0_aem_jsRwEqeoO5V_8OxJpUmT_g" "Mozilla/5.0 (Linux; Android 14; SM-A536E Build/UP1A.231005.007; wv) AppleWebKit/537.36 (KHTML, like Gecko) Version/4.0 Chrome/147.0.7727.88 Mobile Safari/537.36 Instagram 425.0.0.47.61 Android (34/14; 450dpi; 1080x2400; samsung; SM-A536E; a53x; s5e8825; es_US; 938256838; IABMV/1)"
191.125.176.111 - - [22/Apr/2026:10:44:41 -0400] "GET /nueva/modules/ybc_blog_free/views/img/post/thumb/sucursal%20la%20serena.jpg HTTP/1.1" 200 489382 "https://casaslaguna.cl/nueva/mx/" "Mozilla/5.0 (Linux; Android 10; K) AppleWebKit/537.36 (KHTML, like Gecko) Chrome/147.0.0.0 Mobile Safari/537.36"
186.189.75.234 - - [22/Apr/2026:10:44:42 -0400] "GET /nueva/mx/module/ybc_productimagehover/ajax?ids=20,1,22,23,21 HTTP/1.1" 200 330 "https://casaslaguna.cl/nueva/mx/?fbclid=PAZXh0bgNhZW0CMTEAc3J0YwZhcHBfaWQPNTY3MDY3MzQzMzUyNDI3AAGnLjRLwUuYy6zIzYsyL-WsjGAnG7f6u_6-epQMXTr2mH8Z5cpyiC6GUXiU9k0_aem_jsRwEqeoO5V_8OxJpUmT_g%3Ffbclid%3DPAZXh0bgNhZW0CMTEAc3J0YwZhcHBfaWQPNTY3MDY3MzQzMzUyNDI3AAGnLjRLwUuYy6zIzYsyL-WsjGAnG7f6u_6-epQMXTr2mH8Z5cpyiC6GUXiU9k0_aem_jsRwEqeoO5V_8OxJpUmT_g" "Mozilla/5.0 (Linux; Android 14; SM-A536E Build/UP1A.231005.007; wv) AppleWebKit/537.36 (KHTML, like Gecko) Version/4.0 Chrome/147.0.7727.88 Mobile Safari/537.36 Instagram 425.0.0.47.61 Android (34/14; 450dpi; 1080x2400; samsung; SM-A536E; a53x; s5e8825; es_US; 938256838; IABMV/1)"
191.125.176.111 - - [22/Apr/2026:10:44:39 -0400] "GET /nueva/modules/ybc_blog_free/views/img/post/thumb/IMG_2329.jpg HTTP/1.1" 200 1781416 "https://casaslaguna.cl/nueva/mx/" "Mozilla/5.0 (Linux; Android 10; K) AppleWebKit/537.36 (KHTML, like Gecko) Chrome/147.0.0.0 Mobile Safari/537.36"
186.189.75.234 - - [22/Apr/2026:10:44:42 -0400] "GET /nueva/modules/ybc_blog_free/views/img/post/thumb/armado%20de%20casa.jpg HTTP/1.1" 200 195270 "https://casaslaguna.cl/nueva/mx/?fbclid=PAZXh0bgNhZW0CMTEAc3J0YwZhcHBfaWQPNTY3MDY3MzQzMzUyNDI3AAGnLjRLwUuYy6zIzYsyL-WsjGAnG7f6u_6-epQMXTr2mH8Z5cpyiC6GUXiU9k0_aem_jsRwEqeoO5V_8OxJpUmT_g%3Ffbclid%3DPAZXh0bgNhZW0CMTEAc3J0YwZhcHBfaWQPNTY3MDY3MzQzMzUyNDI3AAGnLjRLwUuYy6zIzYsyL-WsjGAnG7f6u_6-epQMXTr2mH8Z5cpyiC6GUXiU9k0_aem_jsRwEqeoO5V_8OxJpUmT_g" "Mozilla/5.0 (Linux; Android 14; SM-A536E Build/UP1A.231005.007; wv) AppleWebKit/537.36 (KHTML, like Gecko) Version/4.0 Chrome/147.0.7727.88 Mobile Safari/537.36 Instagram 425.0.0.47.61 Android (34/14; 450dpi; 1080x2400; samsung; SM-A536E; a53x; s5e8825; es_US; 938256838; IABMV/1)"
191.125.176.111 - - [22/Apr/2026:10:44:42 -0400] "GET /nueva/50-home_default/hummingbird-printed-t-shirt.jpg HTTP/1.1" 200 12761 "https://casaslaguna.cl/nueva/mx/" "Mozilla/5.0 (Linux; Android 10; K) AppleWebKit/537.36 (KHTML, like Gecko) Chrome/147.0.0.0 Mobile Safari/537.36"
191.125.176.111 - - [22/Apr/2026:10:44:43 -0400] "GET /nueva/modules/ybc_blog_free/views/img/post/thumb/armado%20de%20casa.jpg HTTP/1.1" 200 195270 "https://casaslaguna.cl/nueva/mx/" "Mozilla/5.0 (Linux; Android 10; K) AppleWebKit/537.36 (KHTML, like Gecko) Chrome/147.0.0.0 Mobile Safari/537.36"
186.189.75.234 - - [22/Apr/2026:10:44:42 -0400] "GET /nueva/modules/ybc_blog_free/views/img/post/thumb/sucursal%20la%20serena.jpg HTTP/1.1" 200 489382 "https://casaslaguna.cl/nueva/mx/?fbclid=PAZXh0bgNhZW0CMTEAc3J0YwZhcHBfaWQPNTY3MDY3MzQzMzUyNDI3AAGnLjRLwUuYy6zIzYsyL-WsjGAnG7f6u_6-epQMXTr2mH8Z5cpyiC6GUXiU9k0_aem_jsRwEqeoO5V_8OxJpUmT_g%3Ffbclid%3DPAZXh0bgNhZW0CMTEAc3J0YwZhcHBfaWQPNTY3MDY3MzQzMzUyNDI3AAGnLjRLwUuYy6zIzYsyL-WsjGAnG7f6u_6-epQMXTr2mH8Z5cpyiC6GUXiU9k0_aem_jsRwEqeoO5V_8OxJpUmT_g" "Mozilla/5.0 (Linux; Android 14; SM-A536E Build/UP1A.231005.007; wv) AppleWebKit/537.36 (KHTML, like Gecko) Version/4.0 Chrome/147.0.7727.88 Mobile Safari/537.36 Instagram 425.0.0.47.61 Android (34/14; 450dpi; 1080x2400; samsung; SM-A536E; a53x; s5e8825; es_US; 938256838; IABMV/1)"
186.189.75.234 - - [22/Apr/2026:10:44:43 -0400] "GET /nueva/modules/ybc_blog_free/views/img/post/thumb/a9fcb8e100402d9e304c68f4e997ece6f4824369-oferta%20a%C3%B1o%20nuevo.jpeg HTTP/1.1" 200 276387 "https://casaslaguna.cl/nueva/mx/?fbclid=PAZXh0bgNhZW0CMTEAc3J0YwZhcHBfaWQPNTY3MDY3MzQzMzUyNDI3AAGnLjRLwUuYy6zIzYsyL-WsjGAnG7f6u_6-epQMXTr2mH8Z5cpyiC6GUXiU9k0_aem_jsRwEqeoO5V_8OxJpUmT_g%3Ffbclid%3DPAZXh0bgNhZW0CMTEAc3J0YwZhcHBfaWQPNTY3MDY3MzQzMzUyNDI3AAGnLjRLwUuYy6zIzYsyL-WsjGAnG7f6u_6-epQMXTr2mH8Z5cpyiC6GUXiU9k0_aem_jsRwEqeoO5V_8OxJpUmT_g" "Mozilla/5.0 (Linux; Android 14; SM-A536E Build/UP1A.231005.007; wv) AppleWebKit/537.36 (KHTML, like Gecko) Version/4.0 Chrome/147.0.7727.88 Mobile Safari/537.36 Instagram 425.0.0.47.61 Android (34/14; 450dpi; 1080x2400; samsung; SM-A536E; a53x; s5e8825; es_US; 938256838; IABMV/1)"
191.125.176.111 - - [22/Apr/2026:10:44:40 -0400] "GET /nueva/modules/ybc_blog_free/views/img/post/thumb/IMG_0578.jpeg HTTP/1.1" 200 3403064 "https://casaslaguna.cl/nueva/mx/" "Mozilla/5.0 (Linux; Android 10; K) AppleWebKit/537.36 (KHTML, like Gecko) Chrome/147.0.0.0 Mobile Safari/537.36"
191.125.176.111 - - [22/Apr/2026:10:44:43 -0400] "GET /nueva/modules/ybc_blog_free/views/img/post/thumb/a9fcb8e100402d9e304c68f4e997ece6f4824369-oferta%20a%C3%B1o%20nuevo.jpeg HTTP/1.1" 200 276387 "https://casaslaguna.cl/nueva/mx/" "Mozilla/5.0 (Linux; Android 10; K) AppleWebKit/537.36 (KHTML, like Gecko) Chrome/147.0.0.0 Mobile Safari/537.36"
191.125.176.111 - - [22/Apr/2026:10:44:43 -0400] "GET /nueva/img/cms/video.jpg HTTP/1.1" 200 22594 "https://casaslaguna.cl/nueva/mx/" "Mozilla/5.0 (Linux; Android 10; K) AppleWebKit/537.36 (KHTML, like Gecko) Chrome/147.0.0.0 Mobile Safari/537.36"
191.125.176.111 - - [22/Apr/2026:10:44:43 -0400] "GET /nueva/modules/ybc_themeconfig/img/loading.gif HTTP/1.1" 200 7356 "https://casaslaguna.cl/nueva/mx/" "Mozilla/5.0 (Linux; Android 10; K) AppleWebKit/537.36 (KHTML, like Gecko) Chrome/147.0.0.0 Mobile Safari/537.36"
191.125.176.111 - - [22/Apr/2026:10:44:43 -0400] "GET /nueva/25-home_default/hummingbird-printed-t-shirt.jpg HTTP/1.1" 200 12139 "https://casaslaguna.cl/nueva/mx/" "Mozilla/5.0 (Linux; Android 10; K) AppleWebKit/537.36 (KHTML, like Gecko) Chrome/147.0.0.0 Mobile Safari/537.36"
186.189.75.234 - - [22/Apr/2026:10:44:43 -0400] "GET /nueva/img/cms/video.jpg HTTP/1.1" 200 22594 "https://casaslaguna.cl/nueva/mx/?fbclid=PAZXh0bgNhZW0CMTEAc3J0YwZhcHBfaWQPNTY3MDY3MzQzMzUyNDI3AAGnLjRLwUuYy6zIzYsyL-WsjGAnG7f6u_6-epQMXTr2mH8Z5cpyiC6GUXiU9k0_aem_jsRwEqeoO5V_8OxJpUmT_g%3Ffbclid%3DPAZXh0bgNhZW0CMTEAc3J0YwZhcHBfaWQPNTY3MDY3MzQzMzUyNDI3AAGnLjRLwUuYy6zIzYsyL-WsjGAnG7f6u_6-epQMXTr2mH8Z5cpyiC6GUXiU9k0_aem_jsRwEqeoO5V_8OxJpUmT_g" "Mozilla/5.0 (Linux; Android 14; SM-A536E Build/UP1A.231005.007; wv) AppleWebKit/537.36 (KHTML, like Gecko) Version/4.0 Chrome/147.0.7727.88 Mobile Safari/537.36 Instagram 425.0.0.47.61 Android (34/14; 450dpi; 1080x2400; samsung; SM-A536E; a53x; s5e8825; es_US; 938256838; IABMV/1)"
191.125.176.111 - - [22/Apr/2026:10:44:43 -0400] "GET /nueva/modules/ybc_themeconfig/images/config/paymentlogos1.png HTTP/1.1" 200 22024 "https://casaslaguna.cl/nueva/mx/" "Mozilla/5.0 (Linux; Android 10; K) AppleWebKit/537.36 (KHTML, like Gecko) Chrome/147.0.0.0 Mobile Safari/537.36"
191.125.176.111 - - [22/Apr/2026:10:44:43 -0400] "GET /nueva/img/cms/Reels%20redes%20casas%20%20-%20Converted%20with%20FlexClip%20-%20Compressed%20with%20FlexClip.mp4 HTTP/1.1" 206 27450978 "https://casaslaguna.cl/nueva/mx/" "Mozilla/5.0 (Linux; Android 10; K) AppleWebKit/537.36 (KHTML, like Gecko) Chrome/147.0.0.0 Mobile Safari/537.36"
