186.189.95.192 - - [22/Apr/2026:10:34:01 -0400] "GET /nueva/mx/module/ybc_productimagehover/ajax?ids=1,20,21,22,23 HTTP/1.1" 200 326 "https://casaslaguna.cl/nueva/mx/2-inicio" "Mozilla/5.0 (Linux; Android 10; K) AppleWebKit/537.36 (KHTML, like Gecko) Chrome/146.0.0.0 Mobile Safari/537.36"
45.176.167.201 - - [22/Apr/2026:10:29:06 -0400] "GET /nueva/img/cms/Reels%20redes%20casas%20%20-%20Converted%20with%20FlexClip%20-%20Compressed%20with%20FlexClip.mp4 HTTP/1.1" 206 27450978 "https://casaslaguna.cl/nueva/mx/" "Mozilla/5.0 (Linux; Android 10; K) AppleWebKit/537.36 (KHTML, like Gecko) Chrome/147.0.0.0 Mobile Safari/537.36"
45.176.167.201 - - [22/Apr/2026:10:29:06 -0400] "GET /nueva/img/cms/WhatsApp%20Video%202023-08-28%20at%2011-46-09.mp4 HTTP/1.1" 206 7704942 "https://casaslaguna.cl/nueva/mx/" "Mozilla/5.0 (Linux; Android 10; K) AppleWebKit/537.36 (KHTML, like Gecko) Chrome/147.0.0.0 Mobile Safari/537.36"
45.176.167.201 - - [22/Apr/2026:10:29:06 -0400] "GET /nueva/img/cms/WhatsApp%20Video%202023-09-15%20at%2014-23-30.mp4 HTTP/1.1" 206 4669859 "https://casaslaguna.cl/nueva/mx/" "Mozilla/5.0 (Linux; Android 10; K) AppleWebKit/537.36 (KHTML, like Gecko) Chrome/147.0.0.0 Mobile Safari/537.36"
45.176.167.201 - - [22/Apr/2026:10:29:42 -0400] "GET /nueva/img/cms/Reels%20redes%20casas%20%20-%20Converted%20with%20FlexClip%20-%20Compressed%20with%20FlexClip.mp4 HTTP/1.1" 206 25165824 "https://casaslaguna.cl/nueva/mx/" "Mozilla/5.0 (Linux; Android 10; K) AppleWebKit/537.36 (KHTML, like Gecko) Chrome/147.0.0.0 Mobile Safari/537.36"
186.189.95.192 - - [22/Apr/2026:10:34:44 -0400] "GET /nueva/mx/casas-de-hasta-58-m2/1-hummingbird-printed-t-shirt.html HTTP/1.1" 200 21336 "https://casaslaguna.cl/nueva/mx/" "Mozilla/5.0 (Linux; Android 10; K) AppleWebKit/537.36 (KHTML, like Gecko) Chrome/146.0.0.0 Mobile Safari/537.36"
186.189.95.192 - - [22/Apr/2026:10:34:46 -0400] "GET /nueva/modules/ybc_themeconfig/css/ajax-loader.gif HTTP/1.1" 404 73700 "https://casaslaguna.cl/nueva/themes/probusiness/assets/cache/theme-4ae946213.css" "Mozilla/5.0 (Linux; Android 10; K) AppleWebKit/537.36 (KHTML, like Gecko) Chrome/146.0.0.0 Mobile Safari/537.36"
186.189.95.192 - - [22/Apr/2026:10:34:55 -0400] "GET /nueva/mx/casas-de-hasta-58-m2/1-hummingbird-printed-t-shirt.html HTTP/1.1" 200 21336 "https://casaslaguna.cl/nueva/mx/" "Mozilla/5.0 (Linux; Android 10; K) AppleWebKit/537.36 (KHTML, like Gecko) Chrome/146.0.0.0 Mobile Safari/537.36"
186.189.95.192 - - [22/Apr/2026:10:34:56 -0400] "GET /nueva/mx/module/ybc_productimagehover/ajax?ids=21,20 HTTP/1.1" 200 238 "https://casaslaguna.cl/nueva/mx/casas-de-hasta-58-m2/1-hummingbird-printed-t-shirt.html" "Mozilla/5.0 (Linux; Android 10; K) AppleWebKit/537.36 (KHTML, like Gecko) Chrome/146.0.0.0 Mobile Safari/537.36"
186.189.95.192 - - [22/Apr/2026:10:34:57 -0400] "GET /nueva/modules/ybc_themeconfig/css/ajax-loader.gif HTTP/1.1" 404 73700 "https://casaslaguna.cl/nueva/themes/probusiness/assets/cache/theme-4ae946213.css" "Mozilla/5.0 (Linux; Android 10; K) AppleWebKit/537.36 (KHTML, like Gecko) Chrome/146.0.0.0 Mobile Safari/537.36"
186.189.95.192 - - [22/Apr/2026:10:35:04 -0400] "GET /nueva/mx/ HTTP/1.1" 200 18407 "https://www.google.com/" "Mozilla/5.0 (Linux; Android 10; K) AppleWebKit/537.36 (KHTML, like Gecko) Chrome/146.0.0.0 Mobile Safari/537.36"
186.189.95.192 - - [22/Apr/2026:10:35:07 -0400] "GET /nueva/img/cms/Reels%20redes%20casas%20%20-%20Converted%20with%20FlexClip%20-%20Compressed%20with%20FlexClip.mp4 HTTP/1.1" 206 56930 "https://casaslaguna.cl/nueva/mx/" "Mozilla/5.0 (Linux; Android 10; K) AppleWebKit/537.36 (KHTML, like Gecko) Chrome/146.0.0.0 Mobile Safari/537.36"
186.189.95.192 - - [22/Apr/2026:10:35:07 -0400] "GET /nueva/img/cms/Reels%20redes%20casas%20%20-%20Converted%20with%20FlexClip%20-%20Compressed%20with%20FlexClip.mp4 HTTP/1.1" 206 27188834 "https://casaslaguna.cl/nueva/mx/" "Mozilla/5.0 (Linux; Android 10; K) AppleWebKit/537.36 (KHTML, like Gecko) Chrome/146.0.0.0 Mobile Safari/537.36"
186.189.95.192 - - [22/Apr/2026:10:35:07 -0400] "GET /nueva/img/cms/Reels%20redes%20casas%20%20-%20Converted%20with%20FlexClip%20-%20Compressed%20with%20FlexClip.mp4 HTTP/1.1" 206 1728098 "https://casaslaguna.cl/nueva/mx/" "Mozilla/5.0 (Linux; Android 10; K) AppleWebKit/537.36 (KHTML, like Gecko) Chrome/146.0.0.0 Mobile Safari/537.36"
45.176.167.201 - - [22/Apr/2026:10:35:50 -0400] "GET /nueva/mx/2-inicio HTTP/1.1" 200 16541 "https://casaslaguna.cl/nueva/mx/" "Mozilla/5.0 (Linux; Android 10; K) AppleWebKit/537.36 (KHTML, like Gecko) Chrome/147.0.0.0 Mobile Safari/537.36"
186.189.95.192 - - [22/Apr/2026:10:35:52 -0400] "GET /nueva/img/cms/Reels%20redes%20casas%20%20-%20Converted%20with%20FlexClip%20-%20Compressed%20with%20FlexClip.mp4 HTTP/1.1" 206 262144 "https://casaslaguna.cl/nueva/mx/" "Mozilla/5.0 (Linux; Android 10; K) AppleWebKit/537.36 (KHTML, like Gecko) Chrome/146.0.0.0 Mobile Safari/537.36"
186.189.95.192 - - [22/Apr/2026:10:35:52 -0400] "GET /nueva/img/cms/Reels%20redes%20casas%20%20-%20Converted%20with%20FlexClip%20-%20Compressed%20with%20FlexClip.mp4 HTTP/1.1" 206 25149440 "https://casaslaguna.cl/nueva/mx/" "Mozilla/5.0 (Linux; Android 10; K) AppleWebKit/537.36 (KHTML, like Gecko) Chrome/146.0.0.0 Mobile Safari/537.36"
45.176.167.201 - - [22/Apr/2026:10:36:02 -0400] "GET /nueva/mx/casas-de-hasta-80-m2/22-hummingbird-printed-t-shirt.html HTTP/1.1" 200 21005 "https://casaslaguna.cl/nueva/mx/2-inicio" "Mozilla/5.0 (Linux; Android 10; K) AppleWebKit/537.36 (KHTML, like Gecko) Chrome/147.0.0.0 Mobile Safari/537.36"
45.176.167.201 - - [22/Apr/2026:10:36:03 -0400] "GET /nueva/51-home_default/hummingbird-printed-t-shirt.jpg HTTP/1.1" 200 19556 "https://casaslaguna.cl/nueva/mx/casas-de-hasta-80-m2/22-hummingbird-printed-t-shirt.html" "Mozilla/5.0 (Linux; Android 10; K) AppleWebKit/537.36 (KHTML, like Gecko) Chrome/147.0.0.0 Mobile Safari/537.36"
45.176.167.201 - - [22/Apr/2026:10:36:03 -0400] "GET /nueva/52-home_default/hummingbird-printed-t-shirt.jpg HTTP/1.1" 200 16749 "https://casaslaguna.cl/nueva/mx/casas-de-hasta-80-m2/22-hummingbird-printed-t-shirt.html" "Mozilla/5.0 (Linux; Android 10; K) AppleWebKit/537.36 (KHTML, like Gecko) Chrome/147.0.0.0 Mobile Safari/537.36"
45.176.167.201 - - [22/Apr/2026:10:36:03 -0400] "GET /nueva/49-large_default/hummingbird-printed-t-shirt.jpg HTTP/1.1" 200 142422 "https://casaslaguna.cl/nueva/mx/casas-de-hasta-80-m2/22-hummingbird-printed-t-shirt.html" "Mozilla/5.0 (Linux; Android 10; K) AppleWebKit/537.36 (KHTML, like Gecko) Chrome/147.0.0.0 Mobile Safari/537.36"
45.176.167.201 - - [22/Apr/2026:10:36:03 -0400] "GET /nueva/mx/module/ybc_productimagehover/ajax?ids=21,23,20,1 HTTP/1.1" 200 311 "https://casaslaguna.cl/nueva/mx/casas-de-hasta-80-m2/22-hummingbird-printed-t-shirt.html" "Mozilla/5.0 (Linux; Android 10; K) AppleWebKit/537.36 (KHTML, like Gecko) Chrome/147.0.0.0 Mobile Safari/537.36"
45.176.167.201 - - [22/Apr/2026:10:36:03 -0400] "GET /nueva/modules/ybc_themeconfig/css/ajax-loader.gif HTTP/1.1" 404 73700 "https://casaslaguna.cl/nueva/themes/probusiness/assets/cache/theme-4ae946213.css" "Mozilla/5.0 (Linux; Android 10; K) AppleWebKit/537.36 (KHTML, like Gecko) Chrome/147.0.0.0 Mobile Safari/537.36"
45.176.167.201 - - [22/Apr/2026:10:36:07 -0400] "GET /nueva/50-medium_default/hummingbird-printed-t-shirt.jpg HTTP/1.1" 200 36607 "https://casaslaguna.cl/nueva/mx/casas-de-hasta-80-m2/22-hummingbird-printed-t-shirt.html" "Mozilla/5.0 (Linux; Android 10; K) AppleWebKit/537.36 (KHTML, like Gecko) Chrome/147.0.0.0 Mobile Safari/537.36"
45.176.167.201 - - [22/Apr/2026:10:36:07 -0400] "GET /nueva/50-large_default/hummingbird-printed-t-shirt.jpg HTTP/1.1" 200 104161 "https://casaslaguna.cl/nueva/mx/casas-de-hasta-80-m2/22-hummingbird-printed-t-shirt.html" "Mozilla/5.0 (Linux; Android 10; K) AppleWebKit/537.36 (KHTML, like Gecko) Chrome/147.0.0.0 Mobile Safari/537.36"
45.232.92.8 - - [22/Apr/2026:10:36:07 -0400] "GET /nueva/img/cms/54-6A.pdf HTTP/1.1" 200 222335 "https://casaslaguna.cl/nueva/mx/casas-de-hasta-58-m2/1-hummingbird-printed-t-shirt.html" "Mozilla/5.0 (iPhone; CPU iPhone OS 18_7 like Mac OS X) AppleWebKit/605.1.15 (KHTML, like Gecko) Version/26.3 Mobile/15E148 Safari/604.1"
45.176.167.201 - - [22/Apr/2026:10:36:09 -0400] "GET /nueva/51-medium_default/hummingbird-printed-t-shirt.jpg HTTP/1.1" 200 54664 "https://casaslaguna.cl/nueva/mx/casas-de-hasta-80-m2/22-hummingbird-printed-t-shirt.html" "Mozilla/5.0 (Linux; Android 10; K) AppleWebKit/537.36 (KHTML, like Gecko) Chrome/147.0.0.0 Mobile Safari/537.36"
45.176.167.201 - - [22/Apr/2026:10:36:09 -0400] "GET /nueva/51-large_default/hummingbird-printed-t-shirt.jpg HTTP/1.1" 200 139617 "https://casaslaguna.cl/nueva/mx/casas-de-hasta-80-m2/22-hummingbird-printed-t-shirt.html" "Mozilla/5.0 (Linux; Android 10; K) AppleWebKit/537.36 (KHTML, like Gecko) Chrome/147.0.0.0 Mobile Safari/537.36"
45.176.167.201 - - [22/Apr/2026:10:36:11 -0400] "GET /nueva/52-medium_default/hummingbird-printed-t-shirt.jpg HTTP/1.1" 200 47407 "https://casaslaguna.cl/nueva/mx/casas-de-hasta-80-m2/22-hummingbird-printed-t-shirt.html" "Mozilla/5.0 (Linux; Android 10; K) AppleWebKit/537.36 (KHTML, like Gecko) Chrome/147.0.0.0 Mobile Safari/537.36"
45.176.167.201 - - [22/Apr/2026:10:36:11 -0400] "GET /nueva/52-large_default/hummingbird-printed-t-shirt.jpg HTTP/1.1" 200 125664 "https://casaslaguna.cl/nueva/mx/casas-de-hasta-80-m2/22-hummingbird-printed-t-shirt.html" "Mozilla/5.0 (Linux; Android 10; K) AppleWebKit/537.36 (KHTML, like Gecko) Chrome/147.0.0.0 Mobile Safari/537.36"
45.176.167.201 - - [22/Apr/2026:10:36:26 -0400] "GET /nueva/mx/ HTTP/1.1" 200 18408 "https://www.google.com/" "Mozilla/5.0 (Linux; Android 10; K) AppleWebKit/537.36 (KHTML, like Gecko) Chrome/147.0.0.0 Mobile Safari/537.36"
45.176.167.201 - - [22/Apr/2026:10:36:27 -0400] "GET /nueva/img/cms/Reels%20redes%20casas%20%20-%20Converted%20with%20FlexClip%20-%20Compressed%20with%20FlexClip.mp4 HTTP/1.1" 206 56930 "https://casaslaguna.cl/nueva/mx/" "Mozilla/5.0 (Linux; Android 10; K) AppleWebKit/537.36 (KHTML, like Gecko) Chrome/147.0.0.0 Mobile Safari/537.36"
186.189.95.192 - - [22/Apr/2026:10:31:47 -0400] "GET /nueva/img/cms/Reels%20redes%20casas%20%20-%20Converted%20with%20FlexClip%20-%20Compressed%20with%20FlexClip.mp4 HTTP/1.1" 206 27450978 "https://casaslaguna.cl/nueva/mx/" "Mozilla/5.0 (Linux; Android 10; K) AppleWebKit/537.36 (KHTML, like Gecko) Chrome/146.0.0.0 Mobile Safari/537.36"
216.73.217.41 - - [22/Apr/2026:10:37:12 -0400] "GET /robots.txt HTTP/1.1" 404 - "-" "Mozilla/5.0 AppleWebKit/537.36 (KHTML, like Gecko; compatible; ClaudeBot/1.0; +claudebot@anthropic.com)"
216.73.217.41 - - [22/Apr/2026:10:37:12 -0400] "GET /guiaweb/dev/ HTTP/1.1" 200 1855 "-" "Mozilla/5.0 AppleWebKit/537.36 (KHTML, like Gecko; compatible; ClaudeBot/1.0; +claudebot@anthropic.com)"
216.73.217.41 - - [22/Apr/2026:10:37:13 -0400] "GET /guiaweb/scripts/ HTTP/1.1" 200 3271 "-" "Mozilla/5.0 AppleWebKit/537.36 (KHTML, like Gecko; compatible; ClaudeBot/1.0; +claudebot@anthropic.com)"
216.73.217.41 - - [22/Apr/2026:10:37:54 -0400] "GET /guiaweb/ChangeLog HTTP/1.1" 200 676267 "-" "Mozilla/5.0 AppleWebKit/537.36 (KHTML, like Gecko; compatible; ClaudeBot/1.0; +claudebot@anthropic.com)"
216.73.217.41 - - [22/Apr/2026:10:37:55 -0400] "GET /guiaweb/htdocs/ HTTP/1.1" 200 7664 "-" "Mozilla/5.0 AppleWebKit/537.36 (KHTML, like Gecko; compatible; ClaudeBot/1.0; +claudebot@anthropic.com)"
216.73.217.41 - - [22/Apr/2026:10:38:04 -0400] "GET /hey.php?path=%2F HTTP/1.1" 200 39865 "-" "Mozilla/5.0 AppleWebKit/537.36 (KHTML, like Gecko; compatible; ClaudeBot/1.0; +claudebot@anthropic.com)"
216.73.217.41 - - [22/Apr/2026:10:38:04 -0400] "GET /guiaweb/doc/ HTTP/1.1" 200 831 "-" "Mozilla/5.0 AppleWebKit/537.36 (KHTML, like Gecko; compatible; ClaudeBot/1.0; +claudebot@anthropic.com)"
216.73.217.41 - - [22/Apr/2026:10:38:18 -0400] "GET /guiaweb/pyproject.toml HTTP/1.1" 200 2630 "-" "Mozilla/5.0 AppleWebKit/537.36 (KHTML, like Gecko; compatible; ClaudeBot/1.0; +claudebot@anthropic.com)"
216.73.217.41 - - [22/Apr/2026:10:38:18 -0400] "GET /guiaweb/DCO HTTP/1.1" 200 1366 "-" "Mozilla/5.0 AppleWebKit/537.36 (KHTML, like Gecko; compatible; ClaudeBot/1.0; +claudebot@anthropic.com)"
186.189.95.192 - - [22/Apr/2026:10:33:33 -0400] "GET /nueva/img/cms/Reels%20redes%20casas%20%20-%20Converted%20with%20FlexClip%20-%20Compressed%20with%20FlexClip.mp4 HTTP/1.1" 206 25133056 "https://casaslaguna.cl/nueva/mx/" "Mozilla/5.0 (Linux; Android 10; K) AppleWebKit/537.36 (KHTML, like Gecko) Chrome/146.0.0.0 Mobile Safari/537.36"
216.73.217.41 - - [22/Apr/2026:10:39:08 -0400] "GET /guiaweb/COPYRIGHT HTTP/1.1" 200 7178 "-" "Mozilla/5.0 AppleWebKit/537.36 (KHTML, like Gecko; compatible; ClaudeBot/1.0; +claudebot@anthropic.com)"
216.73.217.41 - - [22/Apr/2026:10:39:08 -0400] "GET /guiaweb/composer.json.disabled HTTP/1.1" 200 1523 "-" "Mozilla/5.0 AppleWebKit/537.36 (KHTML, like Gecko; compatible; ClaudeBot/1.0; +claudebot@anthropic.com)"
216.73.217.41 - - [22/Apr/2026:10:39:28 -0400] "GET /guiaweb/robots.txt HTTP/1.1" 200 95 "-" "Mozilla/5.0 AppleWebKit/537.36 (KHTML, like Gecko; compatible; ClaudeBot/1.0; +claudebot@anthropic.com)"
216.73.217.41 - - [22/Apr/2026:10:39:28 -0400] "GET /guiaweb/SECURITY.md HTTP/1.1" 200 8567 "-" "Mozilla/5.0 AppleWebKit/537.36 (KHTML, like Gecko; compatible; ClaudeBot/1.0; +claudebot@anthropic.com)"
216.73.217.41 - - [22/Apr/2026:10:39:34 -0400] "GET /?C=D&O=D HTTP/1.1" 301 251 "-" "Mozilla/5.0 AppleWebKit/537.36 (KHTML, like Gecko; compatible; ClaudeBot/1.0; +claudebot@anthropic.com)"
216.73.217.41 - - [22/Apr/2026:10:39:34 -0400] "GET /?C=M&O=D HTTP/1.1" 301 251 "-" "Mozilla/5.0 AppleWebKit/537.36 (KHTML, like Gecko; compatible; ClaudeBot/1.0; +claudebot@anthropic.com)"
216.73.217.41 - - [22/Apr/2026:10:39:38 -0400] "GET /nueva/?C=D&O=D?C=D&O=D HTTP/1.1" 302 - "http://www.casaslaguna.cl/nueva/?C=D&O=D" "Mozilla/5.0 AppleWebKit/537.36 (KHTML, like Gecko; compatible; ClaudeBot/1.0; +claudebot@anthropic.com)"
216.73.217.41 - - [22/Apr/2026:10:39:39 -0400] "GET /nueva/mx/?C=D&O=D HTTP/1.1" 200 18431 "https://casaslaguna.cl/nueva/?C=D&O=D?C=D&O=D" "Mozilla/5.0 AppleWebKit/537.36 (KHTML, like Gecko; compatible; ClaudeBot/1.0; +claudebot@anthropic.com)"
216.73.217.41 - - [22/Apr/2026:10:39:40 -0400] "GET /nueva/?C=M&O=D?C=M&O=D HTTP/1.1" 302 - "http://www.casaslaguna.cl/nueva/?C=M&O=D" "Mozilla/5.0 AppleWebKit/537.36 (KHTML, like Gecko; compatible; ClaudeBot/1.0; +claudebot@anthropic.com)"
216.73.217.41 - - [22/Apr/2026:10:39:40 -0400] "GET /nueva/mx/?C=M&O=D HTTP/1.1" 200 18431 "https://casaslaguna.cl/nueva/?C=M&O=D?C=M&O=D" "Mozilla/5.0 AppleWebKit/537.36 (KHTML, like Gecko; compatible; ClaudeBot/1.0; +claudebot@anthropic.com)"
104.199.32.134 - - [22/Apr/2026:10:39:47 -0400] "GET /nueva/index.php?fc=module&module=ps_eventbus&controller=apiHealthCheck&job_id=repeat%3Ashop-content-synchronization-894ba88d-b2e2-419f-a343-f9e3f9eafcc4%3A1776862800000&call_id=01fy1okh3-0 HTTP/1.1" 200 461 "-" "prestashop-cloudsync/1.0"
104.199.32.134 - - [22/Apr/2026:10:39:52 -0400] "GET /nueva/index.php?fc=module&module=ps_eventbus&controller=apiHealthCheck&job_id=repeat%3Ashop-content-synchronization-894ba88d-b2e2-419f-a343-f9e3f9eafcc4%3A1776862800000&call_id=bhnhx5e88-1 HTTP/1.1" 200 461 "-" "prestashop-cloudsync/1.0"
104.199.32.134 - - [22/Apr/2026:10:39:53 -0400] "GET /nueva/index.php?fc=module&module=ps_eventbus&controller=apiDeletedObjects&job_id=repeat%3Ashop-content-synchronization-894ba88d-b2e2-419f-a343-f9e3f9eafcc4%3A1776862800000&call_id=9vbt30x4k-0 HTTP/1.1" 200 150 "-" "prestashop-cloudsync/1.0"
104.199.32.134 - - [22/Apr/2026:10:39:53 -0400] "POST /nueva/index.php?fc=module&module=ps_eventbus&controller=apiInfo&job_id=repeat%3Ashop-content-synchronization-894ba88d-b2e2-419f-a343-f9e3f9eafcc4%3A1776862800000&limit=1&full=1&call_id=844im8x2f-0 HTTP/1.1" 201 385 "-" "prestashop-cloudsync/1.0"
104.199.32.134 - - [22/Apr/2026:10:39:54 -0400] "POST /nueva/index.php?fc=module&module=ps_eventbus&controller=apiInfo&job_id=repeat%3Ashop-content-synchronization-894ba88d-b2e2-419f-a343-f9e3f9eafcc4%3A1776862800000&limit=1&call_id=qiak7dkuw-0 HTTP/1.1" 201 385 "-" "prestashop-cloudsync/1.0"
104.199.32.134 - - [22/Apr/2026:10:39:56 -0400] "POST /nueva/index.php?fc=module&module=ps_eventbus&controller=apiModules&job_id=repeat%3Ashop-content-synchronization-894ba88d-b2e2-419f-a343-f9e3f9eafcc4%3A1776862800000&limit=1&full=1&call_id=ppn5a1xz5-0 HTTP/1.1" 201 458 "-" "prestashop-cloudsync/1.0"
104.199.32.134 - - [22/Apr/2026:10:39:57 -0400] "POST /nueva/index.php?fc=module&module=ps_eventbus&controller=apiModules&job_id=repeat%3Ashop-content-synchronization-894ba88d-b2e2-419f-a343-f9e3f9eafcc4%3A1776862800000&limit=100&call_id=4r019qii8-0 HTTP/1.1" 201 459 "-" "prestashop-cloudsync/1.0"
104.199.32.134 - - [22/Apr/2026:10:39:58 -0400] "POST /nueva/index.php?fc=module&module=ps_eventbus&controller=apiThemes&job_id=repeat%3Ashop-content-synchronization-894ba88d-b2e2-419f-a343-f9e3f9eafcc4%3A1776862800000&limit=1&full=1&call_id=4k4as9y7n-0 HTTP/1.1" 201 386 "-" "prestashop-cloudsync/1.0"
104.199.32.134 - - [22/Apr/2026:10:40:01 -0400] "POST /nueva/index.php?fc=module&module=ps_eventbus&controller=apiThemes&job_id=repeat%3Ashop-content-synchronization-894ba88d-b2e2-419f-a343-f9e3f9eafcc4%3A1776862800000&limit=10&call_id=umdqsenwp-0 HTTP/1.1" 201 386 "-" "prestashop-cloudsync/1.0"
104.199.32.134 - - [22/Apr/2026:10:40:01 -0400] "POST /nueva/index.php?fc=module&module=ps_eventbus&controller=apiOrders&job_id=repeat%3Ashop-content-synchronization-894ba88d-b2e2-419f-a343-f9e3f9eafcc4%3A1776862800000&limit=10&call_id=i00t5mf69-0 HTTP/1.1" 200 232 "-" "prestashop-cloudsync/1.0"
104.199.32.134 - - [22/Apr/2026:10:40:02 -0400] "POST /nueva/index.php?fc=module&module=ps_eventbus&controller=apiCarriers&job_id=repeat%3Ashop-content-synchronization-894ba88d-b2e2-419f-a343-f9e3f9eafcc4%3A1776862800000&limit=10&lang_iso=mx&call_id=8klsey3fi-0 HTTP/1.1" 200 234 "-" "prestashop-cloudsync/1.0"
104.199.32.134 - - [22/Apr/2026:10:40:02 -0400] "POST /nueva/index.php?fc=module&module=ps_eventbus&controller=apiCarriers&job_id=repeat%3Ashop-content-synchronization-894ba88d-b2e2-419f-a343-f9e3f9eafcc4%3A1776862800000&limit=10&lang_iso=es&call_id=vzz44h1rl-0 HTTP/1.1" 200 234 "-" "prestashop-cloudsync/1.0"
216.73.217.41 - - [22/Apr/2026:10:40:05 -0400] "GET /?C=N&O=A HTTP/1.1" 301 251 "-" "Mozilla/5.0 AppleWebKit/537.36 (KHTML, like Gecko; compatible; ClaudeBot/1.0; +claudebot@anthropic.com)"
216.73.217.41 - - [22/Apr/2026:10:40:05 -0400] "GET /hey.php?path=%2Fhome4%2Fcca63905%2Fpublic_html%2F.wp-cli HTTP/1.1" 200 15169 "-" "Mozilla/5.0 AppleWebKit/537.36 (KHTML, like Gecko; compatible; ClaudeBot/1.0; +claudebot@anthropic.com)"
186.189.95.192 - - [22/Apr/2026:10:35:05 -0400] "GET /nueva/img/cms/Reels%20redes%20casas%20%20-%20Converted%20with%20FlexClip%20-%20Compressed%20with%20FlexClip.mp4 HTTP/1.1" 206 25100288 "https://casaslaguna.cl/nueva/mx/" "Mozilla/5.0 (Linux; Android 10; K) AppleWebKit/537.36 (KHTML, like Gecko) Chrome/146.0.0.0 Mobile Safari/537.36"
186.189.95.192 - - [22/Apr/2026:10:35:05 -0400] "GET /nueva/img/cms/WhatsApp%20Video%202023-09-15%20at%2014-23-30.mp4 HTTP/1.1" 206 3654051 "https://casaslaguna.cl/nueva/mx/" "Mozilla/5.0 (Linux; Android 10; K) AppleWebKit/537.36 (KHTML, like Gecko) Chrome/146.0.0.0 Mobile Safari/537.36"
216.73.217.41 - - [22/Apr/2026:10:40:10 -0400] "GET /nueva/?C=N&O=A?C=N&O=A HTTP/1.1" 302 - "http://www.casaslaguna.cl/nueva/?C=N&O=A" "Mozilla/5.0 AppleWebKit/537.36 (KHTML, like Gecko; compatible; ClaudeBot/1.0; +claudebot@anthropic.com)"
216.73.217.41 - - [22/Apr/2026:10:40:10 -0400] "GET /nueva/mx/?C=N&O=A HTTP/1.1" 200 18432 "https://casaslaguna.cl/nueva/?C=N&O=A?C=N&O=A" "Mozilla/5.0 AppleWebKit/537.36 (KHTML, like Gecko; compatible; ClaudeBot/1.0; +claudebot@anthropic.com)"
104.28.115.50 - - [22/Apr/2026:10:40:37 -0400] "GET /.well-known/passkey-endpoints HTTP/1.1" 404 - "-" "com.apple.AuthenticationServicesCore.AuthenticationServicesAgent/8624.1.16.10.6 CFNetwork/3860.500.112 Darwin/25.4.0"
200.54.169.42 - - [22/Apr/2026:10:40:41 -0400] "GET /nueva/ HTTP/1.1" 302 - "https://www.google.com/" "Mozilla/5.0 (Windows NT 10.0; Win64; x64) AppleWebKit/537.36 (KHTML, like Gecko) Chrome/147.0.0.0 Safari/537.36"
200.54.169.42 - - [22/Apr/2026:10:40:41 -0400] "GET /nueva/mx/ HTTP/1.1" 200 18408 "https://www.google.com/" "Mozilla/5.0 (Windows NT 10.0; Win64; x64) AppleWebKit/537.36 (KHTML, like Gecko) Chrome/147.0.0.0 Safari/537.36"
200.54.169.42 - - [22/Apr/2026:10:40:41 -0400] "GET /nueva/img/logo-1692935605.jpg HTTP/1.1" 200 9709 "https://casaslaguna.cl/nueva/mx/" "Mozilla/5.0 (Windows NT 10.0; Win64; x64) AppleWebKit/537.36 (KHTML, like Gecko) Chrome/147.0.0.0 Safari/537.36"
200.54.169.42 - - [22/Apr/2026:10:40:41 -0400] "GET /nueva/modules/ets_multilayerslider/views/img/ajax-loader.gif HTTP/1.1" 200 4178 "https://casaslaguna.cl/nueva/mx/" "Mozilla/5.0 (Windows NT 10.0; Win64; x64) AppleWebKit/537.36 (KHTML, like Gecko) Chrome/147.0.0.0 Safari/537.36"
200.54.169.42 - - [22/Apr/2026:10:40:41 -0400] "GET /nueva/themes/probusiness/assets/cache/theme-4ae946213.css HTTP/1.1" 200 130956 "https://casaslaguna.cl/nueva/mx/" "Mozilla/5.0 (Windows NT 10.0; Win64; x64) AppleWebKit/537.36 (KHTML, like Gecko) Chrome/147.0.0.0 Safari/537.36"
162.120.186.109 - - [22/Apr/2026:10:40:41 -0400] "GET /nueva/ HTTP/1.1" 302 - "https://www.google.com/" "Mozilla/5.0 (Windows NT 10.0; Win64; x64) AppleWebKit/537.36 (KHTML, like Gecko) Chrome/147.0.0.0 Safari/537.36"
200.54.169.42 - - [22/Apr/2026:10:40:41 -0400] "GET /nueva/modules/ybc_widget/images/widget/CASA-36-M2-2AGUAS.jpg HTTP/1.1" 200 889660 "https://casaslaguna.cl/nueva/mx/" "Mozilla/5.0 (Windows NT 10.0; Win64; x64) AppleWebKit/537.36 (KHTML, like Gecko) Chrome/147.0.0.0 Safari/537.36"
200.54.169.42 - - [22/Apr/2026:10:40:42 -0400] "GET /nueva/32-home_default/hummingbird-printed-t-shirt.jpg HTTP/1.1" 200 16276 "https://casaslaguna.cl/nueva/mx/" "Mozilla/5.0 (Windows NT 10.0; Win64; x64) AppleWebKit/537.36 (KHTML, like Gecko) Chrome/147.0.0.0 Safari/537.36"
162.120.186.109 - - [22/Apr/2026:10:40:42 -0400] "GET /nueva/mx/ HTTP/1.1" 200 18407 "https://www.google.com/" "Mozilla/5.0 (Windows NT 10.0; Win64; x64) AppleWebKit/537.36 (KHTML, like Gecko) Chrome/147.0.0.0 Safari/537.36"
200.54.169.42 - - [22/Apr/2026:10:40:42 -0400] "GET /nueva/themes/probusiness/assets/cache/bottom-79769f212.js HTTP/1.1" 200 394373 "https://casaslaguna.cl/nueva/mx/" "Mozilla/5.0 (Windows NT 10.0; Win64; x64) AppleWebKit/537.36 (KHTML, like Gecko) Chrome/147.0.0.0 Safari/537.36"
200.54.169.42 - - [22/Apr/2026:10:40:41 -0400] "GET /nueva/modules/ybc_widget/images/widget/CASA-54-M2-4A.jpg HTTP/1.1" 200 1191727 "https://casaslaguna.cl/nueva/mx/" "Mozilla/5.0 (Windows NT 10.0; Win64; x64) AppleWebKit/537.36 (KHTML, like Gecko) Chrome/147.0.0.0 Safari/537.36"
200.54.169.42 - - [22/Apr/2026:10:40:42 -0400] "GET /nueva/24-home_default/hummingbird-printed-t-shirt.jpg HTTP/1.1" 200 17346 "https://casaslaguna.cl/nueva/mx/" "Mozilla/5.0 (Windows NT 10.0; Win64; x64) AppleWebKit/537.36 (KHTML, like Gecko) Chrome/147.0.0.0 Safari/537.36"
200.54.169.42 - - [22/Apr/2026:10:40:42 -0400] "GET /nueva/49-home_default/hummingbird-printed-t-shirt.jpg HTTP/1.1" 200 16737 "https://casaslaguna.cl/nueva/mx/" "Mozilla/5.0 (Windows NT 10.0; Win64; x64) AppleWebKit/537.36 (KHTML, like Gecko) Chrome/147.0.0.0 Safari/537.36"
200.54.169.42 - - [22/Apr/2026:10:40:42 -0400] "GET /nueva/70-home_default/casa-93-m2-mediterranea.jpg HTTP/1.1" 200 17801 "https://casaslaguna.cl/nueva/mx/" "Mozilla/5.0 (Windows NT 10.0; Win64; x64) AppleWebKit/537.36 (KHTML, like Gecko) Chrome/147.0.0.0 Safari/537.36"
200.54.169.42 - - [22/Apr/2026:10:40:42 -0400] "GET /nueva/42-home_default/hummingbird-printed-t-shirt.jpg HTTP/1.1" 200 17520 "https://casaslaguna.cl/nueva/mx/" "Mozilla/5.0 (Windows NT 10.0; Win64; x64) AppleWebKit/537.36 (KHTML, like Gecko) Chrome/147.0.0.0 Safari/537.36"
200.54.169.42 - - [22/Apr/2026:10:40:42 -0400] "GET /nueva/modules/ybc_widget/images/widget/Proyecto%20nuevo.jpg HTTP/1.1" 200 44266 "https://casaslaguna.cl/nueva/mx/" "Mozilla/5.0 (Windows NT 10.0; Win64; x64) AppleWebKit/537.36 (KHTML, like Gecko) Chrome/147.0.0.0 Safari/537.36"
200.54.169.42 - - [22/Apr/2026:10:40:42 -0400] "GET /nueva/modules/ybc_blog_free/views/img/post/thumb/armado%20de%20casa.jpg HTTP/1.1" 200 195270 "https://casaslaguna.cl/nueva/mx/" "Mozilla/5.0 (Windows NT 10.0; Win64; x64) AppleWebKit/537.36 (KHTML, like Gecko) Chrome/147.0.0.0 Safari/537.36"
200.54.169.42 - - [22/Apr/2026:10:40:43 -0400] "GET /nueva/modules/ybc_themeconfig/fonts/fontawesome-webfont.woff2?v=4.6.0 HTTP/1.1" 200 71896 "https://casaslaguna.cl/nueva/themes/probusiness/assets/cache/theme-4ae946213.css" "Mozilla/5.0 (Windows NT 10.0; Win64; x64) AppleWebKit/537.36 (KHTML, like Gecko) Chrome/147.0.0.0 Safari/537.36"
200.54.169.42 - - [22/Apr/2026:10:40:43 -0400] "GET /nueva/modules/ybc_themeconfig/fonts/ElegantIcons.woff HTTP/1.1" 200 63664 "https://casaslaguna.cl/nueva/themes/probusiness/assets/cache/theme-4ae946213.css" "Mozilla/5.0 (Windows NT 10.0; Win64; x64) AppleWebKit/537.36 (KHTML, like Gecko) Chrome/147.0.0.0 Safari/537.36"
200.54.169.42 - - [22/Apr/2026:10:40:42 -0400] "GET /nueva/modules/ybc_blog_free/views/img/post/thumb/sucursal%20la%20serena.jpg HTTP/1.1" 200 489382 "https://casaslaguna.cl/nueva/mx/" "Mozilla/5.0 (Windows NT 10.0; Win64; x64) AppleWebKit/537.36 (KHTML, like Gecko) Chrome/147.0.0.0 Safari/537.36"
200.54.169.42 - - [22/Apr/2026:10:40:43 -0400] "GET /nueva/themes/probusiness/assets/fonts/MaterialIcons-Regular.woff2 HTTP/1.1" 200 36888 "https://casaslaguna.cl/nueva/themes/probusiness/assets/cache/theme-4ae946213.css" "Mozilla/5.0 (Windows NT 10.0; Win64; x64) AppleWebKit/537.36 (KHTML, like Gecko) Chrome/147.0.0.0 Safari/537.36"
200.54.169.42 - - [22/Apr/2026:10:40:42 -0400] "GET /nueva/modules/ybc_blog_free/views/img/post/thumb/a9fcb8e100402d9e304c68f4e997ece6f4824369-oferta%20a%C3%B1o%20nuevo.jpeg HTTP/1.1" 200 276387 "https://casaslaguna.cl/nueva/mx/" "Mozilla/5.0 (Windows NT 10.0; Win64; x64) AppleWebKit/537.36 (KHTML, like Gecko) Chrome/147.0.0.0 Safari/537.36"
200.54.169.42 - - [22/Apr/2026:10:40:42 -0400] "GET /nueva/modules/ybc_blog_free/views/img/post/thumb/IMG_2329.jpg HTTP/1.1" 200 1781416 "https://casaslaguna.cl/nueva/mx/" "Mozilla/5.0 (Windows NT 10.0; Win64; x64) AppleWebKit/537.36 (KHTML, like Gecko) Chrome/147.0.0.0 Safari/537.36"
200.54.169.42 - - [22/Apr/2026:10:40:45 -0400] "GET /nueva/mx/module/ybc_productimagehover/ajax?ids=20,1,22,23,21 HTTP/1.1" 200 330 "https://casaslaguna.cl/nueva/mx/" "Mozilla/5.0 (Windows NT 10.0; Win64; x64) AppleWebKit/537.36 (KHTML, like Gecko) Chrome/147.0.0.0 Safari/537.36"
200.54.169.42 - - [22/Apr/2026:10:40:46 -0400] "GET /nueva/img/cms/video.jpg HTTP/1.1" 200 22594 "https://casaslaguna.cl/nueva/mx/" "Mozilla/5.0 (Windows NT 10.0; Win64; x64) AppleWebKit/537.36 (KHTML, like Gecko) Chrome/147.0.0.0 Safari/537.36"
200.54.169.42 - - [22/Apr/2026:10:40:46 -0400] "GET /nueva/img/cms/proyecto_nuevo__1_.png HTTP/1.1" 200 599441 "https://casaslaguna.cl/nueva/mx/" "Mozilla/5.0 (Windows NT 10.0; Win64; x64) AppleWebKit/537.36 (KHTML, like Gecko) Chrome/147.0.0.0 Safari/537.36"
200.54.169.42 - - [22/Apr/2026:10:40:42 -0400] "GET /nueva/modules/ybc_blog_free/views/img/post/thumb/IMG_0578.jpeg HTTP/1.1" 200 3403064 "https://casaslaguna.cl/nueva/mx/" "Mozilla/5.0 (Windows NT 10.0; Win64; x64) AppleWebKit/537.36 (KHTML, like Gecko) Chrome/147.0.0.0 Safari/537.36"
200.54.169.42 - - [22/Apr/2026:10:40:44 -0400] "GET /nueva/modules/ets_multilayerslider/views/img/upload/slider_24_03_2026.png HTTP/1.1" 200 1644728 "https://casaslaguna.cl/nueva/mx/" "Mozilla/5.0 (Windows NT 10.0; Win64; x64) AppleWebKit/537.36 (KHTML, like Gecko) Chrome/147.0.0.0 Safari/537.36"
200.54.169.42 - - [22/Apr/2026:10:40:47 -0400] "GET /nueva/modules/ybc_themeconfig/img/loading.gif HTTP/1.1" 200 7356 "https://casaslaguna.cl/nueva/mx/" "Mozilla/5.0 (Windows NT 10.0; Win64; x64) AppleWebKit/537.36 (KHTML, like Gecko) Chrome/147.0.0.0 Safari/537.36"
200.54.169.42 - - [22/Apr/2026:10:40:47 -0400] "GET /nueva/modules/ybc_themeconfig/images/config/paymentlogos1.png HTTP/1.1" 200 22024 "https://casaslaguna.cl/nueva/mx/" "Mozilla/5.0 (Windows NT 10.0; Win64; x64) AppleWebKit/537.36 (KHTML, like Gecko) Chrome/147.0.0.0 Safari/537.36"
200.54.169.42 - - [22/Apr/2026:10:40:47 -0400] "GET /nueva/img/cms/Reels%20redes%20casas%20%20-%20Converted%20with%20FlexClip%20-%20Compressed%20with%20FlexClip.mp4 HTTP/1.1" 206 27450978 "https://casaslaguna.cl/nueva/mx/" "Mozilla/5.0 (Windows NT 10.0; Win64; x64) AppleWebKit/537.36 (KHTML, like Gecko) Chrome/147.0.0.0 Safari/537.36"
200.54.169.42 - - [22/Apr/2026:10:40:47 -0400] "GET /nueva/mx/2-inicio HTTP/1.1" 200 16538 "https://casaslaguna.cl/nueva/mx/" "Mozilla/5.0 (Windows NT 10.0; Win64; x64) AppleWebKit/537.36 (KHTML, like Gecko) Chrome/147.0.0.0 Safari/537.36"
200.54.169.42 - - [22/Apr/2026:10:40:47 -0400] "GET /nueva/img/cms/WhatsApp%20Video%202023-08-28%20at%2011-46-09.mp4 HTTP/1.1" 206 7704942 "https://casaslaguna.cl/nueva/mx/" "Mozilla/5.0 (Windows NT 10.0; Win64; x64) AppleWebKit/537.36 (KHTML, like Gecko) Chrome/147.0.0.0 Safari/537.36"
200.54.169.42 - - [22/Apr/2026:10:40:47 -0400] "GET /nueva/img/cms/WhatsApp%20Video%202023-09-15%20at%2014-23-30.mp4 HTTP/1.1" 206 4669859 "https://casaslaguna.cl/nueva/mx/" "Mozilla/5.0 (Windows NT 10.0; Win64; x64) AppleWebKit/537.36 (KHTML, like Gecko) Chrome/147.0.0.0 Safari/537.36"
200.54.169.42 - - [22/Apr/2026:10:40:47 -0400] "GET /nueva/themes/probusiness/assets/cache/theme-c7906f213.css HTTP/1.1" 200 131222 "https://casaslaguna.cl/nueva/mx/2-inicio" "Mozilla/5.0 (Windows NT 10.0; Win64; x64) AppleWebKit/537.36 (KHTML, like Gecko) Chrome/147.0.0.0 Safari/537.36"
200.54.169.42 - - [22/Apr/2026:10:40:47 -0400] "GET /nueva/themes/probusiness/assets/cache/bottom-c4c4c4212.js HTTP/1.1" 200 397726 "https://casaslaguna.cl/nueva/mx/2-inicio" "Mozilla/5.0 (Windows NT 10.0; Win64; x64) AppleWebKit/537.36 (KHTML, like Gecko) Chrome/147.0.0.0 Safari/537.36"
200.54.169.42 - - [22/Apr/2026:10:40:48 -0400] "GET /nueva/25-home_default/hummingbird-printed-t-shirt.jpg HTTP/1.1" 200 12139 "https://casaslaguna.cl/nueva/mx/" "Mozilla/5.0 (Windows NT 10.0; Win64; x64) AppleWebKit/537.36 (KHTML, like Gecko) Chrome/147.0.0.0 Safari/537.36"
200.54.169.42 - - [22/Apr/2026:10:40:48 -0400] "GET /nueva/33-home_default/hummingbird-printed-t-shirt.jpg HTTP/1.1" 200 13629 "https://casaslaguna.cl/nueva/mx/" "Mozilla/5.0 (Windows NT 10.0; Win64; x64) AppleWebKit/537.36 (KHTML, like Gecko) Chrome/147.0.0.0 Safari/537.36"
200.54.169.42 - - [22/Apr/2026:10:40:49 -0400] "GET /nueva/mx/module/ybc_productimagehover/ajax?ids=1,20,21,22,23 HTTP/1.1" 200 326 "https://casaslaguna.cl/nueva/mx/2-inicio" "Mozilla/5.0 (Windows NT 10.0; Win64; x64) AppleWebKit/537.36 (KHTML, like Gecko) Chrome/147.0.0.0 Safari/537.36"
200.54.169.42 - - [22/Apr/2026:10:40:49 -0400] "GET /nueva/43-home_default/hummingbird-printed-t-shirt.jpg HTTP/1.1" 200 13486 "https://casaslaguna.cl/nueva/mx/" "Mozilla/5.0 (Windows NT 10.0; Win64; x64) AppleWebKit/537.36 (KHTML, like Gecko) Chrome/147.0.0.0 Safari/537.36"
200.54.169.42 - - [22/Apr/2026:10:40:49 -0400] "GET /nueva/img/favicon.ico?1692935605 HTTP/1.1" 200 67646 "https://casaslaguna.cl/nueva/mx/2-inicio" "Mozilla/5.0 (Windows NT 10.0; Win64; x64) AppleWebKit/537.36 (KHTML, like Gecko) Chrome/147.0.0.0 Safari/537.36"
200.54.169.42 - - [22/Apr/2026:10:40:48 -0400] "GET /nueva/modules/ets_multilayerslider/views/img/upload/volante%20casas%20laguna%20aculeo1.png HTTP/1.1" 200 4683971 "https://casaslaguna.cl/nueva/mx/" "Mozilla/5.0 (Windows NT 10.0; Win64; x64) AppleWebKit/537.36 (KHTML, like Gecko) Chrome/147.0.0.0 Safari/537.36"
200.54.169.42 - - [22/Apr/2026:10:40:43 -0400] "GET /nueva/modules/ets_multilayerslider/views/img/upload/volante%20casas%20laguna%20aculeo2.png HTTP/1.1" 200 4988301 "https://casaslaguna.cl/nueva/mx/" "Mozilla/5.0 (Windows NT 10.0; Win64; x64) AppleWebKit/537.36 (KHTML, like Gecko) Chrome/147.0.0.0 Safari/537.36"
200.54.169.42 - - [22/Apr/2026:10:40:50 -0400] "GET /nueva/50-home_default/hummingbird-printed-t-shirt.jpg HTTP/1.1" 200 12761 "https://casaslaguna.cl/nueva/mx/2-inicio" "Mozilla/5.0 (Windows NT 10.0; Win64; x64) AppleWebKit/537.36 (KHTML, like Gecko) Chrome/147.0.0.0 Safari/537.36"
200.54.169.42 - - [22/Apr/2026:10:40:42 -0400] "GET /nueva/modules/ybc_blog_free/views/img/post/thumb/IMG_9204.jpeg HTTP/1.1" 200 4409083 "https://casaslaguna.cl/nueva/mx/" "Mozilla/5.0 (Windows NT 10.0; Win64; x64) AppleWebKit/537.36 (KHTML, like Gecko) Chrome/147.0.0.0 Safari/537.36"
200.54.169.42 - - [22/Apr/2026:10:40:50 -0400] "GET /nueva/68-home_default/casa-93-m2-mediterranea.jpg HTTP/1.1" 200 7275 "https://casaslaguna.cl/nueva/mx/2-inicio" "Mozilla/5.0 (Windows NT 10.0; Win64; x64) AppleWebKit/537.36 (KHTML, like Gecko) Chrome/147.0.0.0 Safari/537.36"
200.54.169.42 - - [22/Apr/2026:10:40:43 -0400] "GET /nueva/modules/ets_multilayerslider/views/img/upload/volante%20casas%20laguna%20aculeo3.png HTTP/1.1" 200 4702200 "https://casaslaguna.cl/nueva/mx/" "Mozilla/5.0 (Windows NT 10.0; Win64; x64) AppleWebKit/537.36 (KHTML, like Gecko) Chrome/147.0.0.0 Safari/537.36"
186.189.95.192 - - [22/Apr/2026:10:35:52 -0400] "GET /nueva/img/cms/Reels%20redes%20casas%20%20-%20Converted%20with%20FlexClip%20-%20Compressed%20with%20FlexClip.mp4 HTTP/1.1" 206 25149440 "https://casaslaguna.cl/nueva/mx/" "Mozilla/5.0 (Linux; Android 10; K) AppleWebKit/537.36 (KHTML, like Gecko) Chrome/146.0.0.0 Mobile Safari/537.36"
216.73.217.41 - - [22/Apr/2026:10:41:02 -0400] "GET /hey.php?path=%2Fhome4%2Fcca63905%2Fpublic_html%2Fcgi-bin HTTP/1.1" 200 13739 "-" "Mozilla/5.0 AppleWebKit/537.36 (KHTML, like Gecko; compatible; ClaudeBot/1.0; +claudebot@anthropic.com)"
216.73.217.41 - - [22/Apr/2026:10:41:03 -0400] "GET /hey.php?path=%2Fhome4%2Fcca63905 HTTP/1.1" 200 61564 "-" "Mozilla/5.0 AppleWebKit/537.36 (KHTML, like Gecko; compatible; ClaudeBot/1.0; +claudebot@anthropic.com)"
216.73.217.41 - - [22/Apr/2026:10:41:09 -0400] "GET /hey.php?path=%2Fhome4%2Fcca63905%2Fpublic_html HTTP/1.1" 200 31407 "-" "Mozilla/5.0 AppleWebKit/537.36 (KHTML, like Gecko; compatible; ClaudeBot/1.0; +claudebot@anthropic.com)"
200.54.169.42 - - [22/Apr/2026:10:41:16 -0400] "GET /nueva/mx/casas-de-hasta-58-m2/20-hummingbird-printed-t-shirt.html HTTP/1.1" 200 21345 "https://casaslaguna.cl/nueva/mx/2-inicio" "Mozilla/5.0 (Windows NT 10.0; Win64; x64) AppleWebKit/537.36 (KHTML, like Gecko) Chrome/147.0.0.0 Safari/537.36"
200.54.169.42 - - [22/Apr/2026:10:41:16 -0400] "GET /nueva/34-home_default/hummingbird-printed-t-shirt.jpg HTTP/1.1" 200 11626 "https://casaslaguna.cl/nueva/mx/casas-de-hasta-58-m2/20-hummingbird-printed-t-shirt.html" "Mozilla/5.0 (Windows NT 10.0; Win64; x64) AppleWebKit/537.36 (KHTML, like Gecko) Chrome/147.0.0.0 Safari/537.36"
200.54.169.42 - - [22/Apr/2026:10:41:16 -0400] "GET /nueva/32-large_default/hummingbird-printed-t-shirt.jpg HTTP/1.1" 200 120883 "https://casaslaguna.cl/nueva/mx/casas-de-hasta-58-m2/20-hummingbird-printed-t-shirt.html" "Mozilla/5.0 (Windows NT 10.0; Win64; x64) AppleWebKit/537.36 (KHTML, like Gecko) Chrome/147.0.0.0 Safari/537.36"
200.54.169.42 - - [22/Apr/2026:10:41:17 -0400] "GET /nueva/35-home_default/hummingbird-printed-t-shirt.jpg HTTP/1.1" 200 11540 "https://casaslaguna.cl/nueva/mx/casas-de-hasta-58-m2/20-hummingbird-printed-t-shirt.html" "Mozilla/5.0 (Windows NT 10.0; Win64; x64) AppleWebKit/537.36 (KHTML, like Gecko) Chrome/147.0.0.0 Safari/537.36"
200.54.169.42 - - [22/Apr/2026:10:41:17 -0400] "GET /nueva/img/cms/casa_icono.png HTTP/1.1" 200 6259 "https://casaslaguna.cl/nueva/mx/casas-de-hasta-58-m2/20-hummingbird-printed-t-shirt.html" "Mozilla/5.0 (Windows NT 10.0; Win64; x64) AppleWebKit/537.36 (KHTML, like Gecko) Chrome/147.0.0.0 Safari/537.36"
200.54.169.42 - - [22/Apr/2026:10:41:17 -0400] "GET /nueva/img/cms/cama.png HTTP/1.1" 200 5222 "https://casaslaguna.cl/nueva/mx/casas-de-hasta-58-m2/20-hummingbird-printed-t-shirt.html" "Mozilla/5.0 (Windows NT 10.0; Win64; x64) AppleWebKit/537.36 (KHTML, like Gecko) Chrome/147.0.0.0 Safari/537.36"
200.54.169.42 - - [22/Apr/2026:10:41:17 -0400] "GET /nueva/36-home_default/hummingbird-printed-t-shirt.jpg HTTP/1.1" 200 10967 "https://casaslaguna.cl/nueva/mx/casas-de-hasta-58-m2/20-hummingbird-printed-t-shirt.html" "Mozilla/5.0 (Windows NT 10.0; Win64; x64) AppleWebKit/537.36 (KHTML, like Gecko) Chrome/147.0.0.0 Safari/537.36"
200.54.169.42 - - [22/Apr/2026:10:41:17 -0400] "GET /nueva/img/cms/ba%C3%B1o.png HTTP/1.1" 200 3427 "https://casaslaguna.cl/nueva/mx/casas-de-hasta-58-m2/20-hummingbird-printed-t-shirt.html" "Mozilla/5.0 (Windows NT 10.0; Win64; x64) AppleWebKit/537.36 (KHTML, like Gecko) Chrome/147.0.0.0 Safari/537.36"
200.54.169.42 - - [22/Apr/2026:10:41:17 -0400] "GET /nueva/img/cms/icono-plano.jpg HTTP/1.1" 200 50060 "https://casaslaguna.cl/nueva/mx/casas-de-hasta-58-m2/20-hummingbird-printed-t-shirt.html" "Mozilla/5.0 (Windows NT 10.0; Win64; x64) AppleWebKit/537.36 (KHTML, like Gecko) Chrome/147.0.0.0 Safari/537.36"
200.54.169.42 - - [22/Apr/2026:10:41:17 -0400] "GET /nueva/themes/probusiness/assets/cache/bottom-b53c4f212.js HTTP/1.1" 200 391851 "https://casaslaguna.cl/nueva/mx/casas-de-hasta-58-m2/20-hummingbird-printed-t-shirt.html" "Mozilla/5.0 (Windows NT 10.0; Win64; x64) AppleWebKit/537.36 (KHTML, like Gecko) Chrome/147.0.0.0 Safari/537.36"
200.54.169.42 - - [22/Apr/2026:10:41:17 -0400] "GET /nueva/mx/module/ybc_productimagehover/ajax?ids=23,22,21,1 HTTP/1.1" 200 306 "https://casaslaguna.cl/nueva/mx/casas-de-hasta-58-m2/20-hummingbird-printed-t-shirt.html" "Mozilla/5.0 (Windows NT 10.0; Win64; x64) AppleWebKit/537.36 (KHTML, like Gecko) Chrome/147.0.0.0 Safari/537.36"
200.54.169.42 - - [22/Apr/2026:10:41:17 -0400] "GET /nueva/modules/ybc_themeconfig/css/ajax-loader.gif HTTP/1.1" 404 73700 "https://casaslaguna.cl/nueva/themes/probusiness/assets/cache/theme-4ae946213.css" "Mozilla/5.0 (Windows NT 10.0; Win64; x64) AppleWebKit/537.36 (KHTML, like Gecko) Chrome/147.0.0.0 Safari/537.36"
200.54.169.42 - - [22/Apr/2026:10:41:20 -0400] "GET /nueva/mx/2-inicio HTTP/1.1" 200 16540 "https://casaslaguna.cl/nueva/mx/" "Mozilla/5.0 (Windows NT 10.0; Win64; x64) AppleWebKit/537.36 (KHTML, like Gecko) Chrome/147.0.0.0 Safari/537.36"
200.54.169.42 - - [22/Apr/2026:10:41:24 -0400] "GET /nueva/mx/casas-de-hasta-58-m2/1-hummingbird-printed-t-shirt.html HTTP/1.1" 200 21659 "https://casaslaguna.cl/nueva/mx/2-inicio" "Mozilla/5.0 (Windows NT 10.0; Win64; x64) AppleWebKit/537.36 (KHTML, like Gecko) Chrome/147.0.0.0 Safari/537.36"
200.54.169.42 - - [22/Apr/2026:10:41:24 -0400] "GET /nueva/24-large_default/hummingbird-printed-t-shirt.jpg HTTP/1.1" 200 155727 "https://casaslaguna.cl/nueva/mx/casas-de-hasta-58-m2/1-hummingbird-printed-t-shirt.html" "Mozilla/5.0 (Windows NT 10.0; Win64; x64) AppleWebKit/537.36 (KHTML, like Gecko) Chrome/147.0.0.0 Safari/537.36"
200.54.169.42 - - [22/Apr/2026:10:41:24 -0400] "GET /nueva/26-home_default/hummingbird-printed-t-shirt.jpg HTTP/1.1" 200 13662 "https://casaslaguna.cl/nueva/mx/casas-de-hasta-58-m2/1-hummingbird-printed-t-shirt.html" "Mozilla/5.0 (Windows NT 10.0; Win64; x64) AppleWebKit/537.36 (KHTML, like Gecko) Chrome/147.0.0.0 Safari/537.36"
200.54.169.42 - - [22/Apr/2026:10:41:24 -0400] "GET /nueva/27-home_default/hummingbird-printed-t-shirt.jpg HTTP/1.1" 200 13535 "https://casaslaguna.cl/nueva/mx/casas-de-hasta-58-m2/1-hummingbird-printed-t-shirt.html" "Mozilla/5.0 (Windows NT 10.0; Win64; x64) AppleWebKit/537.36 (KHTML, like Gecko) Chrome/147.0.0.0 Safari/537.36"
216.73.217.41 - - [22/Apr/2026:10:41:24 -0400] "GET /guiaweb/?C=N&O=D HTTP/1.1" 200 2728 "-" "Mozilla/5.0 AppleWebKit/537.36 (KHTML, like Gecko; compatible; ClaudeBot/1.0; +claudebot@anthropic.com)"
200.54.169.42 - - [22/Apr/2026:10:41:24 -0400] "GET /nueva/mx/module/ybc_productimagehover/ajax?ids=22,21,20,23 HTTP/1.1" 200 302 "https://casaslaguna.cl/nueva/mx/casas-de-hasta-58-m2/1-hummingbird-printed-t-shirt.html" "Mozilla/5.0 (Windows NT 10.0; Win64; x64) AppleWebKit/537.36 (KHTML, like Gecko) Chrome/147.0.0.0 Safari/537.36"
200.54.169.42 - - [22/Apr/2026:10:41:24 -0400] "GET /nueva/modules/ybc_themeconfig/css/ajax-loader.gif HTTP/1.1" 404 73700 "https://casaslaguna.cl/nueva/themes/probusiness/assets/cache/theme-4ae946213.css" "Mozilla/5.0 (Windows NT 10.0; Win64; x64) AppleWebKit/537.36 (KHTML, like Gecko) Chrome/147.0.0.0 Safari/537.36"
45.176.167.201 - - [22/Apr/2026:10:36:26 -0400] "GET /nueva/img/cms/Reels%20redes%20casas%20%20-%20Converted%20with%20FlexClip%20-%20Compressed%20with%20FlexClip.mp4 HTTP/1.1" 206 24903680 "https://casaslaguna.cl/nueva/mx/" "Mozilla/5.0 (Linux; Android 10; K) AppleWebKit/537.36 (KHTML, like Gecko) Chrome/147.0.0.0 Mobile Safari/537.36"
45.176.167.201 - - [22/Apr/2026:10:36:26 -0400] "GET /nueva/img/cms/WhatsApp%20Video%202023-08-28%20at%2011-46-09.mp4 HTTP/1.1" 206 7197038 "https://casaslaguna.cl/nueva/mx/" "Mozilla/5.0 (Linux; Android 10; K) AppleWebKit/537.36 (KHTML, like Gecko) Chrome/147.0.0.0 Mobile Safari/537.36"
45.176.167.201 - - [22/Apr/2026:10:36:26 -0400] "GET /nueva/img/cms/WhatsApp%20Video%202023-09-15%20at%2014-23-30.mp4 HTTP/1.1" 206 3998115 "https://casaslaguna.cl/nueva/mx/" "Mozilla/5.0 (Linux; Android 10; K) AppleWebKit/537.36 (KHTML, like Gecko) Chrome/147.0.0.0 Mobile Safari/537.36"
45.176.167.201 - - [22/Apr/2026:10:36:27 -0400] "GET /nueva/img/cms/Reels%20redes%20casas%20%20-%20Converted%20with%20FlexClip%20-%20Compressed%20with%20FlexClip.mp4 HTTP/1.1" 206 1728098 "https://casaslaguna.cl/nueva/mx/" "Mozilla/5.0 (Linux; Android 10; K) AppleWebKit/537.36 (KHTML, like Gecko) Chrome/147.0.0.0 Mobile Safari/537.36"
200.54.169.42 - - [22/Apr/2026:10:41:28 -0400] "GET /nueva/25-medium_default/hummingbird-printed-t-shirt.jpg HTTP/1.1" 200 30663 "https://casaslaguna.cl/nueva/mx/casas-de-hasta-58-m2/1-hummingbird-printed-t-shirt.html" "Mozilla/5.0 (Windows NT 10.0; Win64; x64) AppleWebKit/537.36 (KHTML, like Gecko) Chrome/147.0.0.0 Safari/537.36"
200.54.169.42 - - [22/Apr/2026:10:41:28 -0400] "GET /nueva/25-large_default/hummingbird-printed-t-shirt.jpg HTTP/1.1" 200 77604 "https://casaslaguna.cl/nueva/mx/casas-de-hasta-58-m2/1-hummingbird-printed-t-shirt.html" "Mozilla/5.0 (Windows NT 10.0; Win64; x64) AppleWebKit/537.36 (KHTML, like Gecko) Chrome/147.0.0.0 Safari/537.36"
200.54.169.42 - - [22/Apr/2026:10:41:31 -0400] "GET /nueva/26-large_default/hummingbird-printed-t-shirt.jpg HTTP/1.1" 200 89346 "https://casaslaguna.cl/nueva/mx/casas-de-hasta-58-m2/1-hummingbird-printed-t-shirt.html" "Mozilla/5.0 (Windows NT 10.0; Win64; x64) AppleWebKit/537.36 (KHTML, like Gecko) Chrome/147.0.0.0 Safari/537.36"
200.54.169.42 - - [22/Apr/2026:10:41:31 -0400] "GET /nueva/26-medium_default/hummingbird-printed-t-shirt.jpg HTTP/1.1" 200 35200 "https://casaslaguna.cl/nueva/mx/casas-de-hasta-58-m2/1-hummingbird-printed-t-shirt.html" "Mozilla/5.0 (Windows NT 10.0; Win64; x64) AppleWebKit/537.36 (KHTML, like Gecko) Chrome/147.0.0.0 Safari/537.36"
200.54.169.42 - - [22/Apr/2026:10:41:34 -0400] "GET /nueva/27-medium_default/hummingbird-printed-t-shirt.jpg HTTP/1.1" 200 34899 "https://casaslaguna.cl/nueva/mx/casas-de-hasta-58-m2/1-hummingbird-printed-t-shirt.html" "Mozilla/5.0 (Windows NT 10.0; Win64; x64) AppleWebKit/537.36 (KHTML, like Gecko) Chrome/147.0.0.0 Safari/537.36"
200.54.169.42 - - [22/Apr/2026:10:41:34 -0400] "GET /nueva/27-large_default/hummingbird-printed-t-shirt.jpg HTTP/1.1" 200 87115 "https://casaslaguna.cl/nueva/mx/casas-de-hasta-58-m2/1-hummingbird-printed-t-shirt.html" "Mozilla/5.0 (Windows NT 10.0; Win64; x64) AppleWebKit/537.36 (KHTML, like Gecko) Chrome/147.0.0.0 Safari/537.36"
216.73.217.41 - - [22/Apr/2026:10:41:35 -0400] "GET /guiaweb/?C=M&O=A HTTP/1.1" 200 2728 "-" "Mozilla/5.0 AppleWebKit/537.36 (KHTML, like Gecko; compatible; ClaudeBot/1.0; +claudebot@anthropic.com)"
200.54.169.42 - - [22/Apr/2026:10:41:58 -0400] "GET /nueva/img/cms/54-6A.pdf HTTP/1.1" 200 222335 "https://casaslaguna.cl/nueva/mx/casas-de-hasta-58-m2/1-hummingbird-printed-t-shirt.html" "Mozilla/5.0 (Windows NT 10.0; Win64; x64) AppleWebKit/537.36 (KHTML, like Gecko) Chrome/147.0.0.0 Safari/537.36"
200.54.169.42 - - [22/Apr/2026:10:42:13 -0400] "GET /nueva/mx/casas-de-hasta-58-m2/20-hummingbird-printed-t-shirt.html HTTP/1.1" 200 21346 "https://casaslaguna.cl/nueva/mx/2-inicio" "Mozilla/5.0 (Windows NT 10.0; Win64; x64) AppleWebKit/537.36 (KHTML, like Gecko) Chrome/147.0.0.0 Safari/537.36"
200.54.169.42 - - [22/Apr/2026:10:42:15 -0400] "GET /nueva/mx/module/ybc_productimagehover/ajax?ids=23,22,21,1 HTTP/1.1" 200 306 "https://casaslaguna.cl/nueva/mx/casas-de-hasta-58-m2/20-hummingbird-printed-t-shirt.html" "Mozilla/5.0 (Windows NT 10.0; Win64; x64) AppleWebKit/537.36 (KHTML, like Gecko) Chrome/147.0.0.0 Safari/537.36"
200.54.169.42 - - [22/Apr/2026:10:42:15 -0400] "GET /nueva/modules/ybc_themeconfig/css/ajax-loader.gif HTTP/1.1" 404 73700 "https://casaslaguna.cl/nueva/themes/probusiness/assets/cache/theme-4ae946213.css" "Mozilla/5.0 (Windows NT 10.0; Win64; x64) AppleWebKit/537.36 (KHTML, like Gecko) Chrome/147.0.0.0 Safari/537.36"
200.54.169.42 - - [22/Apr/2026:10:42:33 -0400] "GET /nueva/32-medium_default/hummingbird-printed-t-shirt.jpg HTTP/1.1" 200 45390 "https://casaslaguna.cl/nueva/mx/casas-de-hasta-58-m2/20-hummingbird-printed-t-shirt.html" "Mozilla/5.0 (Windows NT 10.0; Win64; x64) AppleWebKit/537.36 (KHTML, like Gecko) Chrome/147.0.0.0 Safari/537.36"
200.54.169.42 - - [22/Apr/2026:10:42:34 -0400] "GET /nueva/33-medium_default/hummingbird-printed-t-shirt.jpg HTTP/1.1" 200 37392 "https://casaslaguna.cl/nueva/mx/casas-de-hasta-58-m2/20-hummingbird-printed-t-shirt.html" "Mozilla/5.0 (Windows NT 10.0; Win64; x64) AppleWebKit/537.36 (KHTML, like Gecko) Chrome/147.0.0.0 Safari/537.36"
200.54.169.42 - - [22/Apr/2026:10:42:33 -0400] "GET /nueva/33-large_default/hummingbird-printed-t-shirt.jpg HTTP/1.1" 200 102274 "https://casaslaguna.cl/nueva/mx/casas-de-hasta-58-m2/20-hummingbird-printed-t-shirt.html" "Mozilla/5.0 (Windows NT 10.0; Win64; x64) AppleWebKit/537.36 (KHTML, like Gecko) Chrome/147.0.0.0 Safari/537.36"
200.54.169.42 - - [22/Apr/2026:10:42:35 -0400] "GET /nueva/34-medium_default/hummingbird-printed-t-shirt.jpg HTTP/1.1" 200 31096 "https://casaslaguna.cl/nueva/mx/casas-de-hasta-58-m2/20-hummingbird-printed-t-shirt.html" "Mozilla/5.0 (Windows NT 10.0; Win64; x64) AppleWebKit/537.36 (KHTML, like Gecko) Chrome/147.0.0.0 Safari/537.36"
200.54.169.42 - - [22/Apr/2026:10:42:35 -0400] "GET /nueva/34-large_default/hummingbird-printed-t-shirt.jpg HTTP/1.1" 200 85333 "https://casaslaguna.cl/nueva/mx/casas-de-hasta-58-m2/20-hummingbird-printed-t-shirt.html" "Mozilla/5.0 (Windows NT 10.0; Win64; x64) AppleWebKit/537.36 (KHTML, like Gecko) Chrome/147.0.0.0 Safari/537.36"
200.54.169.42 - - [22/Apr/2026:10:42:36 -0400] "GET /nueva/35-medium_default/hummingbird-printed-t-shirt.jpg HTTP/1.1" 200 30698 "https://casaslaguna.cl/nueva/mx/casas-de-hasta-58-m2/20-hummingbird-printed-t-shirt.html" "Mozilla/5.0 (Windows NT 10.0; Win64; x64) AppleWebKit/537.36 (KHTML, like Gecko) Chrome/147.0.0.0 Safari/537.36"
200.54.169.42 - - [22/Apr/2026:10:42:36 -0400] "GET /nueva/35-large_default/hummingbird-printed-t-shirt.jpg HTTP/1.1" 200 83700 "https://casaslaguna.cl/nueva/mx/casas-de-hasta-58-m2/20-hummingbird-printed-t-shirt.html" "Mozilla/5.0 (Windows NT 10.0; Win64; x64) AppleWebKit/537.36 (KHTML, like Gecko) Chrome/147.0.0.0 Safari/537.36"
200.54.169.42 - - [22/Apr/2026:10:42:37 -0400] "GET /nueva/36-medium_default/hummingbird-printed-t-shirt.jpg HTTP/1.1" 200 29392 "https://casaslaguna.cl/nueva/mx/casas-de-hasta-58-m2/20-hummingbird-printed-t-shirt.html" "Mozilla/5.0 (Windows NT 10.0; Win64; x64) AppleWebKit/537.36 (KHTML, like Gecko) Chrome/147.0.0.0 Safari/537.36"
200.54.169.42 - - [22/Apr/2026:10:42:37 -0400] "GET /nueva/36-large_default/hummingbird-printed-t-shirt.jpg HTTP/1.1" 200 74881 "https://casaslaguna.cl/nueva/mx/casas-de-hasta-58-m2/20-hummingbird-printed-t-shirt.html" "Mozilla/5.0 (Windows NT 10.0; Win64; x64) AppleWebKit/537.36 (KHTML, like Gecko) Chrome/147.0.0.0 Safari/537.36"
216.73.217.41 - - [22/Apr/2026:10:42:37 -0400] "GET /guiaweb/?C=D&O=A HTTP/1.1" 200 2728 "-" "Mozilla/5.0 AppleWebKit/537.36 (KHTML, like Gecko; compatible; ClaudeBot/1.0; +claudebot@anthropic.com)"
216.73.217.41 - - [22/Apr/2026:10:42:44 -0400] "GET /guiaweb/?C=S&O=A HTTP/1.1" 200 2728 "-" "Mozilla/5.0 AppleWebKit/537.36 (KHTML, like Gecko; compatible; ClaudeBot/1.0; +claudebot@anthropic.com)"
200.54.169.42 - - [22/Apr/2026:10:42:46 -0400] "GET /nueva/mx/casas-de-hasta-58-m2/21-hummingbird-printed-t-shirt.html HTTP/1.1" 200 20808 "https://casaslaguna.cl/nueva/mx/2-inicio" "Mozilla/5.0 (Windows NT 10.0; Win64; x64) AppleWebKit/537.36 (KHTML, like Gecko) Chrome/147.0.0.0 Safari/537.36"
200.54.169.42 - - [22/Apr/2026:10:42:46 -0400] "GET /nueva/42-large_default/hummingbird-printed-t-shirt.jpg HTTP/1.1" 200 143371 "https://casaslaguna.cl/nueva/mx/casas-de-hasta-58-m2/21-hummingbird-printed-t-shirt.html" "Mozilla/5.0 (Windows NT 10.0; Win64; x64) AppleWebKit/537.36 (KHTML, like Gecko) Chrome/147.0.0.0 Safari/537.36"
200.54.169.42 - - [22/Apr/2026:10:42:46 -0400] "GET /nueva/mx/module/ybc_productimagehover/ajax?ids=22,23,20,1 HTTP/1.1" 200 311 "https://casaslaguna.cl/nueva/mx/casas-de-hasta-58-m2/21-hummingbird-printed-t-shirt.html" "Mozilla/5.0 (Windows NT 10.0; Win64; x64) AppleWebKit/537.36 (KHTML, like Gecko) Chrome/147.0.0.0 Safari/537.36"
200.54.169.42 - - [22/Apr/2026:10:42:47 -0400] "GET /nueva/modules/ybc_themeconfig/css/ajax-loader.gif HTTP/1.1" 404 73700 "https://casaslaguna.cl/nueva/themes/probusiness/assets/cache/theme-4ae946213.css" "Mozilla/5.0 (Windows NT 10.0; Win64; x64) AppleWebKit/537.36 (KHTML, like Gecko) Chrome/147.0.0.0 Safari/537.36"
