186.189.75.234 - - [22/Apr/2026:10:44:43 -0400] "GET /nueva/modules/ybc_themeconfig/img/loading.gif HTTP/1.1" 200 7356 "https://casaslaguna.cl/nueva/mx/?fbclid=PAZXh0bgNhZW0CMTEAc3J0YwZhcHBfaWQPNTY3MDY3MzQzMzUyNDI3AAGnLjRLwUuYy6zIzYsyL-WsjGAnG7f6u_6-epQMXTr2mH8Z5cpyiC6GUXiU9k0_aem_jsRwEqeoO5V_8OxJpUmT_g%3Ffbclid%3DPAZXh0bgNhZW0CMTEAc3J0YwZhcHBfaWQPNTY3MDY3MzQzMzUyNDI3AAGnLjRLwUuYy6zIzYsyL-WsjGAnG7f6u_6-epQMXTr2mH8Z5cpyiC6GUXiU9k0_aem_jsRwEqeoO5V_8OxJpUmT_g" "Mozilla/5.0 (Linux; Android 14; SM-A536E Build/UP1A.231005.007; wv) AppleWebKit/537.36 (KHTML, like Gecko) Version/4.0 Chrome/147.0.7727.88 Mobile Safari/537.36 Instagram 425.0.0.47.61 Android (34/14; 450dpi; 1080x2400; samsung; SM-A536E; a53x; s5e8825; es_US; 938256838; IABMV/1)"
191.125.176.111 - - [22/Apr/2026:10:44:43 -0400] "GET /nueva/img/cms/proyecto_nuevo__1_.png HTTP/1.1" 200 599441 "https://casaslaguna.cl/nueva/mx/" "Mozilla/5.0 (Linux; Android 10; K) AppleWebKit/537.36 (KHTML, like Gecko) Chrome/147.0.0.0 Mobile Safari/537.36"
186.189.75.234 - - [22/Apr/2026:10:44:37 -0400] "GET /nueva/modules/ets_multilayerslider/views/img/upload/volante%20casas%20laguna%20aculeo2.png HTTP/1.1" 200 4988301 "https://casaslaguna.cl/nueva/mx/?fbclid=PAZXh0bgNhZW0CMTEAc3J0YwZhcHBfaWQPNTY3MDY3MzQzMzUyNDI3AAGnLjRLwUuYy6zIzYsyL-WsjGAnG7f6u_6-epQMXTr2mH8Z5cpyiC6GUXiU9k0_aem_jsRwEqeoO5V_8OxJpUmT_g%3Ffbclid%3DPAZXh0bgNhZW0CMTEAc3J0YwZhcHBfaWQPNTY3MDY3MzQzMzUyNDI3AAGnLjRLwUuYy6zIzYsyL-WsjGAnG7f6u_6-epQMXTr2mH8Z5cpyiC6GUXiU9k0_aem_jsRwEqeoO5V_8OxJpUmT_g" "Mozilla/5.0 (Linux; Android 14; SM-A536E Build/UP1A.231005.007; wv) AppleWebKit/537.36 (KHTML, like Gecko) Version/4.0 Chrome/147.0.7727.88 Mobile Safari/537.36 Instagram 425.0.0.47.61 Android (34/14; 450dpi; 1080x2400; samsung; SM-A536E; a53x; s5e8825; es_US; 938256838; IABMV/1)"
186.189.75.234 - - [22/Apr/2026:10:44:44 -0400] "GET /nueva/modules/ybc_themeconfig/images/config/paymentlogos1.png HTTP/1.1" 200 22024 "https://casaslaguna.cl/nueva/mx/?fbclid=PAZXh0bgNhZW0CMTEAc3J0YwZhcHBfaWQPNTY3MDY3MzQzMzUyNDI3AAGnLjRLwUuYy6zIzYsyL-WsjGAnG7f6u_6-epQMXTr2mH8Z5cpyiC6GUXiU9k0_aem_jsRwEqeoO5V_8OxJpUmT_g%3Ffbclid%3DPAZXh0bgNhZW0CMTEAc3J0YwZhcHBfaWQPNTY3MDY3MzQzMzUyNDI3AAGnLjRLwUuYy6zIzYsyL-WsjGAnG7f6u_6-epQMXTr2mH8Z5cpyiC6GUXiU9k0_aem_jsRwEqeoO5V_8OxJpUmT_g" "Mozilla/5.0 (Linux; Android 14; SM-A536E Build/UP1A.231005.007; wv) AppleWebKit/537.36 (KHTML, like Gecko) Version/4.0 Chrome/147.0.7727.88 Mobile Safari/537.36 Instagram 425.0.0.47.61 Android (34/14; 450dpi; 1080x2400; samsung; SM-A536E; a53x; s5e8825; es_US; 938256838; IABMV/1)"
191.125.176.111 - - [22/Apr/2026:10:44:43 -0400] "GET /nueva/img/cms/WhatsApp%20Video%202023-08-28%20at%2011-46-09.mp4 HTTP/1.1" 206 7704942 "https://casaslaguna.cl/nueva/mx/" "Mozilla/5.0 (Linux; Android 10; K) AppleWebKit/537.36 (KHTML, like Gecko) Chrome/147.0.0.0 Mobile Safari/537.36"
191.125.176.111 - - [22/Apr/2026:10:44:43 -0400] "GET /nueva/img/cms/WhatsApp%20Video%202023-09-15%20at%2014-23-30.mp4 HTTP/1.1" 206 4669859 "https://casaslaguna.cl/nueva/mx/" "Mozilla/5.0 (Linux; Android 10; K) AppleWebKit/537.36 (KHTML, like Gecko) Chrome/147.0.0.0 Mobile Safari/537.36"
191.125.176.111 - - [22/Apr/2026:10:44:44 -0400] "GET /nueva/33-home_default/hummingbird-printed-t-shirt.jpg HTTP/1.1" 200 13629 "https://casaslaguna.cl/nueva/mx/" "Mozilla/5.0 (Linux; Android 10; K) AppleWebKit/537.36 (KHTML, like Gecko) Chrome/147.0.0.0 Mobile Safari/537.36"
186.189.75.234 - - [22/Apr/2026:10:44:44 -0400] "GET /nueva/50-home_default/hummingbird-printed-t-shirt.jpg HTTP/1.1" 200 12761 "https://casaslaguna.cl/nueva/mx/?fbclid=PAZXh0bgNhZW0CMTEAc3J0YwZhcHBfaWQPNTY3MDY3MzQzMzUyNDI3AAGnLjRLwUuYy6zIzYsyL-WsjGAnG7f6u_6-epQMXTr2mH8Z5cpyiC6GUXiU9k0_aem_jsRwEqeoO5V_8OxJpUmT_g%3Ffbclid%3DPAZXh0bgNhZW0CMTEAc3J0YwZhcHBfaWQPNTY3MDY3MzQzMzUyNDI3AAGnLjRLwUuYy6zIzYsyL-WsjGAnG7f6u_6-epQMXTr2mH8Z5cpyiC6GUXiU9k0_aem_jsRwEqeoO5V_8OxJpUmT_g" "Mozilla/5.0 (Linux; Android 14; SM-A536E Build/UP1A.231005.007; wv) AppleWebKit/537.36 (KHTML, like Gecko) Version/4.0 Chrome/147.0.7727.88 Mobile Safari/537.36 Instagram 425.0.0.47.61 Android (34/14; 450dpi; 1080x2400; samsung; SM-A536E; a53x; s5e8825; es_US; 938256838; IABMV/1)"
191.125.176.111 - - [22/Apr/2026:10:44:44 -0400] "GET /nueva/43-home_default/hummingbird-printed-t-shirt.jpg HTTP/1.1" 200 13486 "https://casaslaguna.cl/nueva/mx/" "Mozilla/5.0 (Linux; Android 10; K) AppleWebKit/537.36 (KHTML, like Gecko) Chrome/147.0.0.0 Mobile Safari/537.36"
186.189.75.234 - - [22/Apr/2026:10:44:43 -0400] "GET /nueva/img/cms/proyecto_nuevo__1_.png HTTP/1.1" 200 599441 "https://casaslaguna.cl/nueva/mx/?fbclid=PAZXh0bgNhZW0CMTEAc3J0YwZhcHBfaWQPNTY3MDY3MzQzMzUyNDI3AAGnLjRLwUuYy6zIzYsyL-WsjGAnG7f6u_6-epQMXTr2mH8Z5cpyiC6GUXiU9k0_aem_jsRwEqeoO5V_8OxJpUmT_g%3Ffbclid%3DPAZXh0bgNhZW0CMTEAc3J0YwZhcHBfaWQPNTY3MDY3MzQzMzUyNDI3AAGnLjRLwUuYy6zIzYsyL-WsjGAnG7f6u_6-epQMXTr2mH8Z5cpyiC6GUXiU9k0_aem_jsRwEqeoO5V_8OxJpUmT_g" "Mozilla/5.0 (Linux; Android 14; SM-A536E Build/UP1A.231005.007; wv) AppleWebKit/537.36 (KHTML, like Gecko) Version/4.0 Chrome/147.0.7727.88 Mobile Safari/537.36 Instagram 425.0.0.47.61 Android (34/14; 450dpi; 1080x2400; samsung; SM-A536E; a53x; s5e8825; es_US; 938256838; IABMV/1)"
191.125.176.111 - - [22/Apr/2026:10:44:44 -0400] "GET /nueva/68-home_default/casa-93-m2-mediterranea.jpg HTTP/1.1" 200 7275 "https://casaslaguna.cl/nueva/mx/" "Mozilla/5.0 (Linux; Android 10; K) AppleWebKit/537.36 (KHTML, like Gecko) Chrome/147.0.0.0 Mobile Safari/537.36"
191.125.176.111 - - [22/Apr/2026:10:44:44 -0400] "GET /nueva/img/cms/Reels%20redes%20casas%20%20-%20Converted%20with%20FlexClip%20-%20Compressed%20with%20FlexClip.mp4 HTTP/1.1" 206 56930 "https://casaslaguna.cl/nueva/mx/" "Mozilla/5.0 (Linux; Android 10; K) AppleWebKit/537.36 (KHTML, like Gecko) Chrome/147.0.0.0 Mobile Safari/537.36"
186.189.75.234 - - [22/Apr/2026:10:44:38 -0400] "GET /nueva/modules/ybc_blog_free/views/img/post/thumb/IMG_0578.jpeg HTTP/1.1" 200 3403064 "https://casaslaguna.cl/nueva/mx/?fbclid=PAZXh0bgNhZW0CMTEAc3J0YwZhcHBfaWQPNTY3MDY3MzQzMzUyNDI3AAGnLjRLwUuYy6zIzYsyL-WsjGAnG7f6u_6-epQMXTr2mH8Z5cpyiC6GUXiU9k0_aem_jsRwEqeoO5V_8OxJpUmT_g%3Ffbclid%3DPAZXh0bgNhZW0CMTEAc3J0YwZhcHBfaWQPNTY3MDY3MzQzMzUyNDI3AAGnLjRLwUuYy6zIzYsyL-WsjGAnG7f6u_6-epQMXTr2mH8Z5cpyiC6GUXiU9k0_aem_jsRwEqeoO5V_8OxJpUmT_g" "Mozilla/5.0 (Linux; Android 14; SM-A536E Build/UP1A.231005.007; wv) AppleWebKit/537.36 (KHTML, like Gecko) Version/4.0 Chrome/147.0.7727.88 Mobile Safari/537.36 Instagram 425.0.0.47.61 Android (34/14; 450dpi; 1080x2400; samsung; SM-A536E; a53x; s5e8825; es_US; 938256838; IABMV/1)"
186.189.75.234 - - [22/Apr/2026:10:44:45 -0400] "GET /nueva/img/cms/WhatsApp%20Video%202023-09-15%20at%2014-23-30.mp4 HTTP/1.1" 206 4669859 "https://casaslaguna.cl/nueva/mx/?fbclid=PAZXh0bgNhZW0CMTEAc3J0YwZhcHBfaWQPNTY3MDY3MzQzMzUyNDI3AAGnLjRLwUuYy6zIzYsyL-WsjGAnG7f6u_6-epQMXTr2mH8Z5cpyiC6GUXiU9k0_aem_jsRwEqeoO5V_8OxJpUmT_g%3Ffbclid%3DPAZXh0bgNhZW0CMTEAc3J0YwZhcHBfaWQPNTY3MDY3MzQzMzUyNDI3AAGnLjRLwUuYy6zIzYsyL-WsjGAnG7f6u_6-epQMXTr2mH8Z5cpyiC6GUXiU9k0_aem_jsRwEqeoO5V_8OxJpUmT_g" "Mozilla/5.0 (Linux; Android 14; SM-A536E Build/UP1A.231005.007; wv) AppleWebKit/537.36 (KHTML, like Gecko) Version/4.0 Chrome/147.0.7727.88 Mobile Safari/537.36 Instagram 425.0.0.47.61 Android (34/14; 450dpi; 1080x2400; samsung; SM-A536E; a53x; s5e8825; es_US; 938256838; IABMV/1)"
186.189.75.234 - - [22/Apr/2026:10:44:45 -0400] "GET /nueva/25-home_default/hummingbird-printed-t-shirt.jpg HTTP/1.1" 200 12139 "https://casaslaguna.cl/nueva/mx/?fbclid=PAZXh0bgNhZW0CMTEAc3J0YwZhcHBfaWQPNTY3MDY3MzQzMzUyNDI3AAGnLjRLwUuYy6zIzYsyL-WsjGAnG7f6u_6-epQMXTr2mH8Z5cpyiC6GUXiU9k0_aem_jsRwEqeoO5V_8OxJpUmT_g%3Ffbclid%3DPAZXh0bgNhZW0CMTEAc3J0YwZhcHBfaWQPNTY3MDY3MzQzMzUyNDI3AAGnLjRLwUuYy6zIzYsyL-WsjGAnG7f6u_6-epQMXTr2mH8Z5cpyiC6GUXiU9k0_aem_jsRwEqeoO5V_8OxJpUmT_g" "Mozilla/5.0 (Linux; Android 14; SM-A536E Build/UP1A.231005.007; wv) AppleWebKit/537.36 (KHTML, like Gecko) Version/4.0 Chrome/147.0.7727.88 Mobile Safari/537.36 Instagram 425.0.0.47.61 Android (34/14; 450dpi; 1080x2400; samsung; SM-A536E; a53x; s5e8825; es_US; 938256838; IABMV/1)"
186.189.75.234 - - [22/Apr/2026:10:44:44 -0400] "GET /nueva/img/cms/WhatsApp%20Video%202023-08-28%20at%2011-46-09.mp4 HTTP/1.1" 206 7704942 "https://casaslaguna.cl/nueva/mx/?fbclid=PAZXh0bgNhZW0CMTEAc3J0YwZhcHBfaWQPNTY3MDY3MzQzMzUyNDI3AAGnLjRLwUuYy6zIzYsyL-WsjGAnG7f6u_6-epQMXTr2mH8Z5cpyiC6GUXiU9k0_aem_jsRwEqeoO5V_8OxJpUmT_g%3Ffbclid%3DPAZXh0bgNhZW0CMTEAc3J0YwZhcHBfaWQPNTY3MDY3MzQzMzUyNDI3AAGnLjRLwUuYy6zIzYsyL-WsjGAnG7f6u_6-epQMXTr2mH8Z5cpyiC6GUXiU9k0_aem_jsRwEqeoO5V_8OxJpUmT_g" "Mozilla/5.0 (Linux; Android 14; SM-A536E Build/UP1A.231005.007; wv) AppleWebKit/537.36 (KHTML, like Gecko) Version/4.0 Chrome/147.0.7727.88 Mobile Safari/537.36 Instagram 425.0.0.47.61 Android (34/14; 450dpi; 1080x2400; samsung; SM-A536E; a53x; s5e8825; es_US; 938256838; IABMV/1)"
186.189.75.234 - - [22/Apr/2026:10:44:45 -0400] "GET /nueva/33-home_default/hummingbird-printed-t-shirt.jpg HTTP/1.1" 200 13629 "https://casaslaguna.cl/nueva/mx/?fbclid=PAZXh0bgNhZW0CMTEAc3J0YwZhcHBfaWQPNTY3MDY3MzQzMzUyNDI3AAGnLjRLwUuYy6zIzYsyL-WsjGAnG7f6u_6-epQMXTr2mH8Z5cpyiC6GUXiU9k0_aem_jsRwEqeoO5V_8OxJpUmT_g%3Ffbclid%3DPAZXh0bgNhZW0CMTEAc3J0YwZhcHBfaWQPNTY3MDY3MzQzMzUyNDI3AAGnLjRLwUuYy6zIzYsyL-WsjGAnG7f6u_6-epQMXTr2mH8Z5cpyiC6GUXiU9k0_aem_jsRwEqeoO5V_8OxJpUmT_g" "Mozilla/5.0 (Linux; Android 14; SM-A536E Build/UP1A.231005.007; wv) AppleWebKit/537.36 (KHTML, like Gecko) Version/4.0 Chrome/147.0.7727.88 Mobile Safari/537.36 Instagram 425.0.0.47.61 Android (34/14; 450dpi; 1080x2400; samsung; SM-A536E; a53x; s5e8825; es_US; 938256838; IABMV/1)"
186.189.75.234 - - [22/Apr/2026:10:44:45 -0400] "GET /nueva/43-home_default/hummingbird-printed-t-shirt.jpg HTTP/1.1" 200 13486 "https://casaslaguna.cl/nueva/mx/?fbclid=PAZXh0bgNhZW0CMTEAc3J0YwZhcHBfaWQPNTY3MDY3MzQzMzUyNDI3AAGnLjRLwUuYy6zIzYsyL-WsjGAnG7f6u_6-epQMXTr2mH8Z5cpyiC6GUXiU9k0_aem_jsRwEqeoO5V_8OxJpUmT_g%3Ffbclid%3DPAZXh0bgNhZW0CMTEAc3J0YwZhcHBfaWQPNTY3MDY3MzQzMzUyNDI3AAGnLjRLwUuYy6zIzYsyL-WsjGAnG7f6u_6-epQMXTr2mH8Z5cpyiC6GUXiU9k0_aem_jsRwEqeoO5V_8OxJpUmT_g" "Mozilla/5.0 (Linux; Android 14; SM-A536E Build/UP1A.231005.007; wv) AppleWebKit/537.36 (KHTML, like Gecko) Version/4.0 Chrome/147.0.7727.88 Mobile Safari/537.36 Instagram 425.0.0.47.61 Android (34/14; 450dpi; 1080x2400; samsung; SM-A536E; a53x; s5e8825; es_US; 938256838; IABMV/1)"
191.125.176.111 - - [22/Apr/2026:10:44:45 -0400] "GET /nueva/img/cms/Reels%20redes%20casas%20%20-%20Converted%20with%20FlexClip%20-%20Compressed%20with%20FlexClip.mp4 HTTP/1.1" 206 27344896 "https://casaslaguna.cl/nueva/mx/" "Mozilla/5.0 (Linux; Android 10; K) AppleWebKit/537.36 (KHTML, like Gecko) Chrome/147.0.0.0 Mobile Safari/537.36"
186.189.75.234 - - [22/Apr/2026:10:44:45 -0400] "GET /nueva/68-home_default/casa-93-m2-mediterranea.jpg HTTP/1.1" 200 7275 "https://casaslaguna.cl/nueva/mx/?fbclid=PAZXh0bgNhZW0CMTEAc3J0YwZhcHBfaWQPNTY3MDY3MzQzMzUyNDI3AAGnLjRLwUuYy6zIzYsyL-WsjGAnG7f6u_6-epQMXTr2mH8Z5cpyiC6GUXiU9k0_aem_jsRwEqeoO5V_8OxJpUmT_g%3Ffbclid%3DPAZXh0bgNhZW0CMTEAc3J0YwZhcHBfaWQPNTY3MDY3MzQzMzUyNDI3AAGnLjRLwUuYy6zIzYsyL-WsjGAnG7f6u_6-epQMXTr2mH8Z5cpyiC6GUXiU9k0_aem_jsRwEqeoO5V_8OxJpUmT_g" "Mozilla/5.0 (Linux; Android 14; SM-A536E Build/UP1A.231005.007; wv) AppleWebKit/537.36 (KHTML, like Gecko) Version/4.0 Chrome/147.0.7727.88 Mobile Safari/537.36 Instagram 425.0.0.47.61 Android (34/14; 450dpi; 1080x2400; samsung; SM-A536E; a53x; s5e8825; es_US; 938256838; IABMV/1)"
186.189.75.234 - - [22/Apr/2026:10:44:45 -0400] "GET /nueva/img/cms/Reels%20redes%20casas%20%20-%20Converted%20with%20FlexClip%20-%20Compressed%20with%20FlexClip.mp4 HTTP/1.1" 206 56930 "https://casaslaguna.cl/nueva/mx/?fbclid=PAZXh0bgNhZW0CMTEAc3J0YwZhcHBfaWQPNTY3MDY3MzQzMzUyNDI3AAGnLjRLwUuYy6zIzYsyL-WsjGAnG7f6u_6-epQMXTr2mH8Z5cpyiC6GUXiU9k0_aem_jsRwEqeoO5V_8OxJpUmT_g%3Ffbclid%3DPAZXh0bgNhZW0CMTEAc3J0YwZhcHBfaWQPNTY3MDY3MzQzMzUyNDI3AAGnLjRLwUuYy6zIzYsyL-WsjGAnG7f6u_6-epQMXTr2mH8Z5cpyiC6GUXiU9k0_aem_jsRwEqeoO5V_8OxJpUmT_g" "Mozilla/5.0 (Linux; Android 14; SM-A536E Build/UP1A.231005.007; wv) AppleWebKit/537.36 (KHTML, like Gecko) Version/4.0 Chrome/147.0.7727.88 Mobile Safari/537.36 Instagram 425.0.0.47.61 Android (34/14; 450dpi; 1080x2400; samsung; SM-A536E; a53x; s5e8825; es_US; 938256838; IABMV/1)"
216.73.217.41 - - [22/Apr/2026:10:44:46 -0400] "GET /hey.php?fileloc=%2Fhome4%2Fcca63905%2Fpublic_html%2Fwp-den.php&path=%2Fhome4%2Fcca63905%2Fpublic_html HTTP/1.1" 200 14121 "-" "Mozilla/5.0 AppleWebKit/537.36 (KHTML, like Gecko; compatible; ClaudeBot/1.0; +claudebot@anthropic.com)"
191.125.176.111 - - [22/Apr/2026:10:44:40 -0400] "GET /nueva/modules/ybc_blog_free/views/img/post/thumb/IMG_9204.jpeg HTTP/1.1" 200 4409083 "https://casaslaguna.cl/nueva/mx/" "Mozilla/5.0 (Linux; Android 10; K) AppleWebKit/537.36 (KHTML, like Gecko) Chrome/147.0.0.0 Mobile Safari/537.36"
191.125.176.111 - - [22/Apr/2026:10:44:45 -0400] "GET /nueva/img/cms/Reels%20redes%20casas%20%20-%20Converted%20with%20FlexClip%20-%20Compressed%20with%20FlexClip.mp4 HTTP/1.1" 206 1671168 "https://casaslaguna.cl/nueva/mx/" "Mozilla/5.0 (Linux; Android 10; K) AppleWebKit/537.36 (KHTML, like Gecko) Chrome/147.0.0.0 Mobile Safari/537.36"
191.125.176.111 - - [22/Apr/2026:10:44:38 -0400] "GET /nueva/modules/ets_multilayerslider/views/img/upload/volante%20casas%20laguna%20aculeo3.png HTTP/1.1" 200 4702200 "https://casaslaguna.cl/nueva/mx/" "Mozilla/5.0 (Linux; Android 10; K) AppleWebKit/537.36 (KHTML, like Gecko) Chrome/147.0.0.0 Mobile Safari/537.36"
186.189.75.234 - - [22/Apr/2026:10:44:37 -0400] "GET /nueva/modules/ets_multilayerslider/views/img/upload/volante%20casas%20laguna%20aculeo3.png HTTP/1.1" 200 4702200 "https://casaslaguna.cl/nueva/mx/?fbclid=PAZXh0bgNhZW0CMTEAc3J0YwZhcHBfaWQPNTY3MDY3MzQzMzUyNDI3AAGnLjRLwUuYy6zIzYsyL-WsjGAnG7f6u_6-epQMXTr2mH8Z5cpyiC6GUXiU9k0_aem_jsRwEqeoO5V_8OxJpUmT_g%3Ffbclid%3DPAZXh0bgNhZW0CMTEAc3J0YwZhcHBfaWQPNTY3MDY3MzQzMzUyNDI3AAGnLjRLwUuYy6zIzYsyL-WsjGAnG7f6u_6-epQMXTr2mH8Z5cpyiC6GUXiU9k0_aem_jsRwEqeoO5V_8OxJpUmT_g" "Mozilla/5.0 (Linux; Android 14; SM-A536E Build/UP1A.231005.007; wv) AppleWebKit/537.36 (KHTML, like Gecko) Version/4.0 Chrome/147.0.7727.88 Mobile Safari/537.36 Instagram 425.0.0.47.61 Android (34/14; 450dpi; 1080x2400; samsung; SM-A536E; a53x; s5e8825; es_US; 938256838; IABMV/1)"
191.125.176.111 - - [22/Apr/2026:10:44:39 -0400] "GET /nueva/modules/ets_multilayerslider/views/img/upload/volante%20casas%20laguna%20aculeo2.png HTTP/1.1" 200 4988301 "https://casaslaguna.cl/nueva/mx/" "Mozilla/5.0 (Linux; Android 10; K) AppleWebKit/537.36 (KHTML, like Gecko) Chrome/147.0.0.0 Mobile Safari/537.36"
191.125.176.111 - - [22/Apr/2026:10:44:46 -0400] "GET /nueva/img/cms/WhatsApp%20Video%202023-09-15%20at%2014-23-30.mp4 HTTP/1.1" 206 4374947 "https://casaslaguna.cl/nueva/mx/" "Mozilla/5.0 (Linux; Android 10; K) AppleWebKit/537.36 (KHTML, like Gecko) Chrome/147.0.0.0 Mobile Safari/537.36"
191.125.176.111 - - [22/Apr/2026:10:44:46 -0400] "GET /nueva/img/cms/WhatsApp%20Video%202023-08-28%20at%2011-46-09.mp4 HTTP/1.1" 206 7246190 "https://casaslaguna.cl/nueva/mx/" "Mozilla/5.0 (Linux; Android 10; K) AppleWebKit/537.36 (KHTML, like Gecko) Chrome/147.0.0.0 Mobile Safari/537.36"
186.189.75.234 - - [22/Apr/2026:10:44:38 -0400] "GET /nueva/modules/ybc_blog_free/views/img/post/thumb/IMG_9204.jpeg HTTP/1.1" 200 4409083 "https://casaslaguna.cl/nueva/mx/?fbclid=PAZXh0bgNhZW0CMTEAc3J0YwZhcHBfaWQPNTY3MDY3MzQzMzUyNDI3AAGnLjRLwUuYy6zIzYsyL-WsjGAnG7f6u_6-epQMXTr2mH8Z5cpyiC6GUXiU9k0_aem_jsRwEqeoO5V_8OxJpUmT_g%3Ffbclid%3DPAZXh0bgNhZW0CMTEAc3J0YwZhcHBfaWQPNTY3MDY3MzQzMzUyNDI3AAGnLjRLwUuYy6zIzYsyL-WsjGAnG7f6u_6-epQMXTr2mH8Z5cpyiC6GUXiU9k0_aem_jsRwEqeoO5V_8OxJpUmT_g" "Mozilla/5.0 (Linux; Android 14; SM-A536E Build/UP1A.231005.007; wv) AppleWebKit/537.36 (KHTML, like Gecko) Version/4.0 Chrome/147.0.7727.88 Mobile Safari/537.36 Instagram 425.0.0.47.61 Android (34/14; 450dpi; 1080x2400; samsung; SM-A536E; a53x; s5e8825; es_US; 938256838; IABMV/1)"
191.125.176.111 - - [22/Apr/2026:10:44:46 -0400] "GET /nueva/img/cms/WhatsApp%20Video%202023-09-15%20at%2014-23-30.mp4 HTTP/1.1" 206 4374947 "https://casaslaguna.cl/nueva/mx/" "Mozilla/5.0 (Linux; Android 10; K) AppleWebKit/537.36 (KHTML, like Gecko) Chrome/147.0.0.0 Mobile Safari/537.36"
191.125.176.111 - - [22/Apr/2026:10:44:46 -0400] "GET /nueva/img/cms/Reels%20redes%20casas%20%20-%20Converted%20with%20FlexClip%20-%20Compressed%20with%20FlexClip.mp4 HTTP/1.1" 206 25165824 "https://casaslaguna.cl/nueva/mx/" "Mozilla/5.0 (Linux; Android 10; K) AppleWebKit/537.36 (KHTML, like Gecko) Chrome/147.0.0.0 Mobile Safari/537.36"
191.125.176.111 - - [22/Apr/2026:10:44:47 -0400] "GET /nueva/img/cms/WhatsApp%20Video%202023-08-28%20at%2011-46-09.mp4 HTTP/1.1" 206 7049582 "https://casaslaguna.cl/nueva/mx/" "Mozilla/5.0 (Linux; Android 10; K) AppleWebKit/537.36 (KHTML, like Gecko) Chrome/147.0.0.0 Mobile Safari/537.36"
191.125.176.111 - - [22/Apr/2026:10:44:47 -0400] "GET /nueva/img/cms/WhatsApp%20Video%202023-09-15%20at%2014-23-30.mp4 HTTP/1.1" 206 4260259 "https://casaslaguna.cl/nueva/mx/" "Mozilla/5.0 (Linux; Android 10; K) AppleWebKit/537.36 (KHTML, like Gecko) Chrome/147.0.0.0 Mobile Safari/537.36"
191.125.176.111 - - [22/Apr/2026:10:44:47 -0400] "GET /nueva/img/cms/Reels%20redes%20casas%20%20-%20Converted%20with%20FlexClip%20-%20Compressed%20with%20FlexClip.mp4 HTTP/1.1" 206 24870912 "https://casaslaguna.cl/nueva/mx/" "Mozilla/5.0 (Linux; Android 10; K) AppleWebKit/537.36 (KHTML, like Gecko) Chrome/147.0.0.0 Mobile Safari/537.36"
191.125.176.111 - - [22/Apr/2026:10:44:44 -0400] "GET /nueva/modules/ets_multilayerslider/views/img/upload/volante%20casas%20laguna%20aculeo1.png HTTP/1.1" 200 4683971 "https://casaslaguna.cl/nueva/mx/" "Mozilla/5.0 (Linux; Android 10; K) AppleWebKit/537.36 (KHTML, like Gecko) Chrome/147.0.0.0 Mobile Safari/537.36"
191.125.176.111 - - [22/Apr/2026:10:44:48 -0400] "GET /nueva/img/favicon.ico?1692935605 HTTP/1.1" 200 67646 "https://casaslaguna.cl/nueva/mx/" "Mozilla/5.0 (Linux; Android 10; K) AppleWebKit/537.36 (KHTML, like Gecko) Chrome/147.0.0.0 Mobile Safari/537.36"
186.189.75.234 - - [22/Apr/2026:10:44:45 -0400] "GET /nueva/modules/ets_multilayerslider/views/img/upload/volante%20casas%20laguna%20aculeo1.png HTTP/1.1" 200 4683971 "https://casaslaguna.cl/nueva/mx/?fbclid=PAZXh0bgNhZW0CMTEAc3J0YwZhcHBfaWQPNTY3MDY3MzQzMzUyNDI3AAGnLjRLwUuYy6zIzYsyL-WsjGAnG7f6u_6-epQMXTr2mH8Z5cpyiC6GUXiU9k0_aem_jsRwEqeoO5V_8OxJpUmT_g%3Ffbclid%3DPAZXh0bgNhZW0CMTEAc3J0YwZhcHBfaWQPNTY3MDY3MzQzMzUyNDI3AAGnLjRLwUuYy6zIzYsyL-WsjGAnG7f6u_6-epQMXTr2mH8Z5cpyiC6GUXiU9k0_aem_jsRwEqeoO5V_8OxJpUmT_g" "Mozilla/5.0 (Linux; Android 14; SM-A536E Build/UP1A.231005.007; wv) AppleWebKit/537.36 (KHTML, like Gecko) Version/4.0 Chrome/147.0.7727.88 Mobile Safari/537.36 Instagram 425.0.0.47.61 Android (34/14; 450dpi; 1080x2400; samsung; SM-A536E; a53x; s5e8825; es_US; 938256838; IABMV/1)"
186.189.75.234 - - [22/Apr/2026:10:44:49 -0400] "GET /nueva/img/favicon.ico?1692935605 HTTP/1.1" 200 67646 "https://casaslaguna.cl/nueva/mx/?fbclid=PAZXh0bgNhZW0CMTEAc3J0YwZhcHBfaWQPNTY3MDY3MzQzMzUyNDI3AAGnLjRLwUuYy6zIzYsyL-WsjGAnG7f6u_6-epQMXTr2mH8Z5cpyiC6GUXiU9k0_aem_jsRwEqeoO5V_8OxJpUmT_g%3Ffbclid%3DPAZXh0bgNhZW0CMTEAc3J0YwZhcHBfaWQPNTY3MDY3MzQzMzUyNDI3AAGnLjRLwUuYy6zIzYsyL-WsjGAnG7f6u_6-epQMXTr2mH8Z5cpyiC6GUXiU9k0_aem_jsRwEqeoO5V_8OxJpUmT_g" "Mozilla/5.0 (Linux; Android 14; SM-A536E Build/UP1A.231005.007; wv) AppleWebKit/537.36 (KHTML, like Gecko) Version/4.0 Chrome/147.0.7727.88 Mobile Safari/537.36 Instagram 425.0.0.47.61 Android (34/14; 450dpi; 1080x2400; samsung; SM-A536E; a53x; s5e8825; es_US; 938256838; IABMV/1)"
216.73.217.41 - - [22/Apr/2026:10:44:50 -0400] "GET /hey.php?fileloc=%2Fhome4%2Fcca63905%2Fpublic_html%2Fhey.php&path=%2Fhome4%2Fcca63905%2Fpublic_html HTTP/1.1" 200 45418 "-" "Mozilla/5.0 AppleWebKit/537.36 (KHTML, like Gecko; compatible; ClaudeBot/1.0; +claudebot@anthropic.com)"
186.189.75.234 - - [22/Apr/2026:10:44:44 -0400] "GET /nueva/img/cms/Reels%20redes%20casas%20%20-%20Converted%20with%20FlexClip%20-%20Compressed%20with%20FlexClip.mp4 HTTP/1.1" 206 27450978 "https://casaslaguna.cl/nueva/mx/?fbclid=PAZXh0bgNhZW0CMTEAc3J0YwZhcHBfaWQPNTY3MDY3MzQzMzUyNDI3AAGnLjRLwUuYy6zIzYsyL-WsjGAnG7f6u_6-epQMXTr2mH8Z5cpyiC6GUXiU9k0_aem_jsRwEqeoO5V_8OxJpUmT_g%3Ffbclid%3DPAZXh0bgNhZW0CMTEAc3J0YwZhcHBfaWQPNTY3MDY3MzQzMzUyNDI3AAGnLjRLwUuYy6zIzYsyL-WsjGAnG7f6u_6-epQMXTr2mH8Z5cpyiC6GUXiU9k0_aem_jsRwEqeoO5V_8OxJpUmT_g" "Mozilla/5.0 (Linux; Android 14; SM-A536E Build/UP1A.231005.007; wv) AppleWebKit/537.36 (KHTML, like Gecko) Version/4.0 Chrome/147.0.7727.88 Mobile Safari/537.36 Instagram 425.0.0.47.61 Android (34/14; 450dpi; 1080x2400; samsung; SM-A536E; a53x; s5e8825; es_US; 938256838; IABMV/1)"
186.189.75.234 - - [22/Apr/2026:10:45:27 -0400] "GET /nueva/mx/casas-de-hasta-58-m2/21-hummingbird-printed-t-shirt.html HTTP/1.1" 200 20475 "https://casaslaguna.cl/nueva/mx/?fbclid=PAZXh0bgNhZW0CMTEAc3J0YwZhcHBfaWQPNTY3MDY3MzQzMzUyNDI3AAGnLjRLwUuYy6zIzYsyL-WsjGAnG7f6u_6-epQMXTr2mH8Z5cpyiC6GUXiU9k0_aem_jsRwEqeoO5V_8OxJpUmT_g%3Ffbclid%3DPAZXh0bgNhZW0CMTEAc3J0YwZhcHBfaWQPNTY3MDY3MzQzMzUyNDI3AAGnLjRLwUuYy6zIzYsyL-WsjGAnG7f6u_6-epQMXTr2mH8Z5cpyiC6GUXiU9k0_aem_jsRwEqeoO5V_8OxJpUmT_g" "Mozilla/5.0 (Linux; Android 14; SM-A536E Build/UP1A.231005.007; wv) AppleWebKit/537.36 (KHTML, like Gecko) Version/4.0 Chrome/147.0.7727.88 Mobile Safari/537.36 Instagram 425.0.0.47.61 Android (34/14; 450dpi; 1080x2400; samsung; SM-A536E; a53x; s5e8825; es_US; 938256838; IABMV/1)"
186.189.75.234 - - [22/Apr/2026:10:44:46 -0400] "GET /nueva/img/cms/Reels%20redes%20casas%20%20-%20Converted%20with%20FlexClip%20-%20Compressed%20with%20FlexClip.mp4 HTTP/1.1" 206 27344896 "https://casaslaguna.cl/nueva/mx/?fbclid=PAZXh0bgNhZW0CMTEAc3J0YwZhcHBfaWQPNTY3MDY3MzQzMzUyNDI3AAGnLjRLwUuYy6zIzYsyL-WsjGAnG7f6u_6-epQMXTr2mH8Z5cpyiC6GUXiU9k0_aem_jsRwEqeoO5V_8OxJpUmT_g%3Ffbclid%3DPAZXh0bgNhZW0CMTEAc3J0YwZhcHBfaWQPNTY3MDY3MzQzMzUyNDI3AAGnLjRLwUuYy6zIzYsyL-WsjGAnG7f6u_6-epQMXTr2mH8Z5cpyiC6GUXiU9k0_aem_jsRwEqeoO5V_8OxJpUmT_g" "Mozilla/5.0 (Linux; Android 14; SM-A536E Build/UP1A.231005.007; wv) AppleWebKit/537.36 (KHTML, like Gecko) Version/4.0 Chrome/147.0.7727.88 Mobile Safari/537.36 Instagram 425.0.0.47.61 Android (34/14; 450dpi; 1080x2400; samsung; SM-A536E; a53x; s5e8825; es_US; 938256838; IABMV/1)"
186.189.75.234 - - [22/Apr/2026:10:45:28 -0400] "GET /nueva/themes/probusiness/assets/cache/theme-4ae946213.css HTTP/1.1" 200 130956 "https://casaslaguna.cl/nueva/mx/casas-de-hasta-58-m2/21-hummingbird-printed-t-shirt.html" "Mozilla/5.0 (Linux; Android 14; SM-A536E Build/UP1A.231005.007; wv) AppleWebKit/537.36 (KHTML, like Gecko) Version/4.0 Chrome/147.0.7727.88 Mobile Safari/537.36 Instagram 425.0.0.47.61 Android (34/14; 450dpi; 1080x2400; samsung; SM-A536E; a53x; s5e8825; es_US; 938256838; IABMV/1)"
186.189.75.234 - - [22/Apr/2026:10:45:29 -0400] "GET /nueva/themes/probusiness/assets/cache/bottom-b53c4f212.js HTTP/1.1" 200 391851 "https://casaslaguna.cl/nueva/mx/casas-de-hasta-58-m2/21-hummingbird-printed-t-shirt.html" "Mozilla/5.0 (Linux; Android 14; SM-A536E Build/UP1A.231005.007; wv) AppleWebKit/537.36 (KHTML, like Gecko) Version/4.0 Chrome/147.0.7727.88 Mobile Safari/537.36 Instagram 425.0.0.47.61 Android (34/14; 450dpi; 1080x2400; samsung; SM-A536E; a53x; s5e8825; es_US; 938256838; IABMV/1)"
186.189.75.234 - - [22/Apr/2026:10:45:28 -0400] "GET /nueva/42-large_default/hummingbird-printed-t-shirt.jpg HTTP/1.1" 200 143371 "https://casaslaguna.cl/nueva/mx/casas-de-hasta-58-m2/21-hummingbird-printed-t-shirt.html" "Mozilla/5.0 (Linux; Android 14; SM-A536E Build/UP1A.231005.007; wv) AppleWebKit/537.36 (KHTML, like Gecko) Version/4.0 Chrome/147.0.7727.88 Mobile Safari/537.36 Instagram 425.0.0.47.61 Android (34/14; 450dpi; 1080x2400; samsung; SM-A536E; a53x; s5e8825; es_US; 938256838; IABMV/1)"
186.189.75.234 - - [22/Apr/2026:10:45:29 -0400] "GET /nueva/img/cms/casa_icono.png HTTP/1.1" 200 6259 "https://casaslaguna.cl/nueva/mx/casas-de-hasta-58-m2/21-hummingbird-printed-t-shirt.html" "Mozilla/5.0 (Linux; Android 14; SM-A536E Build/UP1A.231005.007; wv) AppleWebKit/537.36 (KHTML, like Gecko) Version/4.0 Chrome/147.0.7727.88 Mobile Safari/537.36 Instagram 425.0.0.47.61 Android (34/14; 450dpi; 1080x2400; samsung; SM-A536E; a53x; s5e8825; es_US; 938256838; IABMV/1)"
186.189.75.234 - - [22/Apr/2026:10:44:46 -0400] "GET /nueva/img/cms/Reels%20redes%20casas%20%20-%20Converted%20with%20FlexClip%20-%20Compressed%20with%20FlexClip.mp4 HTTP/1.1" 206 1671168 "https://casaslaguna.cl/nueva/mx/?fbclid=PAZXh0bgNhZW0CMTEAc3J0YwZhcHBfaWQPNTY3MDY3MzQzMzUyNDI3AAGnLjRLwUuYy6zIzYsyL-WsjGAnG7f6u_6-epQMXTr2mH8Z5cpyiC6GUXiU9k0_aem_jsRwEqeoO5V_8OxJpUmT_g%3Ffbclid%3DPAZXh0bgNhZW0CMTEAc3J0YwZhcHBfaWQPNTY3MDY3MzQzMzUyNDI3AAGnLjRLwUuYy6zIzYsyL-WsjGAnG7f6u_6-epQMXTr2mH8Z5cpyiC6GUXiU9k0_aem_jsRwEqeoO5V_8OxJpUmT_g" "Mozilla/5.0 (Linux; Android 14; SM-A536E Build/UP1A.231005.007; wv) AppleWebKit/537.36 (KHTML, like Gecko) Version/4.0 Chrome/147.0.7727.88 Mobile Safari/537.36 Instagram 425.0.0.47.61 Android (34/14; 450dpi; 1080x2400; samsung; SM-A536E; a53x; s5e8825; es_US; 938256838; IABMV/1)"
186.189.75.234 - - [22/Apr/2026:10:45:29 -0400] "GET /nueva/img/cms/cama.png HTTP/1.1" 200 5222 "https://casaslaguna.cl/nueva/mx/casas-de-hasta-58-m2/21-hummingbird-printed-t-shirt.html" "Mozilla/5.0 (Linux; Android 14; SM-A536E Build/UP1A.231005.007; wv) AppleWebKit/537.36 (KHTML, like Gecko) Version/4.0 Chrome/147.0.7727.88 Mobile Safari/537.36 Instagram 425.0.0.47.61 Android (34/14; 450dpi; 1080x2400; samsung; SM-A536E; a53x; s5e8825; es_US; 938256838; IABMV/1)"
186.189.75.234 - - [22/Apr/2026:10:45:29 -0400] "GET /nueva/img/cms/ba%C3%B1o.png HTTP/1.1" 200 3427 "https://casaslaguna.cl/nueva/mx/casas-de-hasta-58-m2/21-hummingbird-printed-t-shirt.html" "Mozilla/5.0 (Linux; Android 14; SM-A536E Build/UP1A.231005.007; wv) AppleWebKit/537.36 (KHTML, like Gecko) Version/4.0 Chrome/147.0.7727.88 Mobile Safari/537.36 Instagram 425.0.0.47.61 Android (34/14; 450dpi; 1080x2400; samsung; SM-A536E; a53x; s5e8825; es_US; 938256838; IABMV/1)"
186.189.75.234 - - [22/Apr/2026:10:45:29 -0400] "GET /nueva/img/cms/icono-plano.jpg HTTP/1.1" 200 50060 "https://casaslaguna.cl/nueva/mx/casas-de-hasta-58-m2/21-hummingbird-printed-t-shirt.html" "Mozilla/5.0 (Linux; Android 14; SM-A536E Build/UP1A.231005.007; wv) AppleWebKit/537.36 (KHTML, like Gecko) Version/4.0 Chrome/147.0.7727.88 Mobile Safari/537.36 Instagram 425.0.0.47.61 Android (34/14; 450dpi; 1080x2400; samsung; SM-A536E; a53x; s5e8825; es_US; 938256838; IABMV/1)"
186.189.75.234 - - [22/Apr/2026:10:45:29 -0400] "GET /nueva/mx/module/ybc_productimagehover/ajax?ids=20,1 HTTP/1.1" 200 242 "https://casaslaguna.cl/nueva/mx/casas-de-hasta-58-m2/21-hummingbird-printed-t-shirt.html" "Mozilla/5.0 (Linux; Android 14; SM-A536E Build/UP1A.231005.007; wv) AppleWebKit/537.36 (KHTML, like Gecko) Version/4.0 Chrome/147.0.7727.88 Mobile Safari/537.36 Instagram 425.0.0.47.61 Android (34/14; 450dpi; 1080x2400; samsung; SM-A536E; a53x; s5e8825; es_US; 938256838; IABMV/1)"
186.189.75.234 - - [22/Apr/2026:10:45:29 -0400] "GET /nueva/modules/ybc_themeconfig/css/ajax-loader.gif HTTP/1.1" 404 73700 "https://casaslaguna.cl/nueva/themes/probusiness/assets/cache/theme-4ae946213.css" "Mozilla/5.0 (Linux; Android 14; SM-A536E Build/UP1A.231005.007; wv) AppleWebKit/537.36 (KHTML, like Gecko) Version/4.0 Chrome/147.0.7727.88 Mobile Safari/537.36 Instagram 425.0.0.47.61 Android (34/14; 450dpi; 1080x2400; samsung; SM-A536E; a53x; s5e8825; es_US; 938256838; IABMV/1)"
186.189.75.234 - - [22/Apr/2026:10:45:31 -0400] "GET /nueva/43-medium_default/hummingbird-printed-t-shirt.jpg HTTP/1.1" 200 35364 "https://casaslaguna.cl/nueva/mx/casas-de-hasta-58-m2/21-hummingbird-printed-t-shirt.html" "Mozilla/5.0 (Linux; Android 14; SM-A536E Build/UP1A.231005.007; wv) AppleWebKit/537.36 (KHTML, like Gecko) Version/4.0 Chrome/147.0.7727.88 Mobile Safari/537.36 Instagram 425.0.0.47.61 Android (34/14; 450dpi; 1080x2400; samsung; SM-A536E; a53x; s5e8825; es_US; 938256838; IABMV/1)"
186.189.75.234 - - [22/Apr/2026:10:45:31 -0400] "GET /nueva/43-large_default/hummingbird-printed-t-shirt.jpg HTTP/1.1" 200 90570 "https://casaslaguna.cl/nueva/mx/casas-de-hasta-58-m2/21-hummingbird-printed-t-shirt.html" "Mozilla/5.0 (Linux; Android 14; SM-A536E Build/UP1A.231005.007; wv) AppleWebKit/537.36 (KHTML, like Gecko) Version/4.0 Chrome/147.0.7727.88 Mobile Safari/537.36 Instagram 425.0.0.47.61 Android (34/14; 450dpi; 1080x2400; samsung; SM-A536E; a53x; s5e8825; es_US; 938256838; IABMV/1)"
186.189.75.234 - - [22/Apr/2026:10:45:33 -0400] "GET /nueva/42-medium_default/hummingbird-printed-t-shirt.jpg HTTP/1.1" 200 50242 "https://casaslaguna.cl/nueva/mx/casas-de-hasta-58-m2/21-hummingbird-printed-t-shirt.html" "Mozilla/5.0 (Linux; Android 14; SM-A536E Build/UP1A.231005.007; wv) AppleWebKit/537.36 (KHTML, like Gecko) Version/4.0 Chrome/147.0.7727.88 Mobile Safari/537.36 Instagram 425.0.0.47.61 Android (34/14; 450dpi; 1080x2400; samsung; SM-A536E; a53x; s5e8825; es_US; 938256838; IABMV/1)"
186.189.95.192 - - [22/Apr/2026:10:45:36 -0400] "GET /nueva/mx/2-inicio HTTP/1.1" 200 16540 "https://casaslaguna.cl/nueva/mx/" "Mozilla/5.0 (Linux; Android 10; K) AppleWebKit/537.36 (KHTML, like Gecko) Chrome/146.0.0.0 Mobile Safari/537.36"
186.189.75.234 - - [22/Apr/2026:10:45:36 -0400] "GET /nueva/img/cms/PLANO%2036N%202A%20(1).pdf HTTP/1.1" 200 89670 "https://casaslaguna.cl/nueva/mx/casas-de-hasta-58-m2/21-hummingbird-printed-t-shirt.html" "Mozilla/5.0 (Linux; Android 14; SM-A536E Build/UP1A.231005.007; wv) AppleWebKit/537.36 (KHTML, like Gecko) Version/4.0 Chrome/147.0.7727.88 Mobile Safari/537.36 Instagram 425.0.0.47.61 Android (34/14; 450dpi; 1080x2400; samsung; SM-A536E; a53x; s5e8825; es_US; 938256838; IABMV/1)"
186.189.95.192 - - [22/Apr/2026:10:45:37 -0400] "GET /nueva/mx/module/ybc_productimagehover/ajax?ids=1,20,21,22,23 HTTP/1.1" 200 326 "https://casaslaguna.cl/nueva/mx/2-inicio" "Mozilla/5.0 (Linux; Android 10; K) AppleWebKit/537.36 (KHTML, like Gecko) Chrome/146.0.0.0 Mobile Safari/537.36"
186.189.75.234 - - [22/Apr/2026:10:45:42 -0400] "GET /nueva/img/cms/PLANO%2036N%202A%20(1).pdf HTTP/1.1" 200 89670 "-" "Mozilla/5.0 (Linux; Android 10; K) AppleWebKit/537.36 (KHTML, like Gecko) SamsungBrowser/29.0 Chrome/136.0.0.0 Mobile Safari/537.36"
186.189.95.192 - - [22/Apr/2026:10:45:43 -0400] "GET /nueva/mx/2-inicio?q=Categor%C3%ADas-Casas+de+hasta+58+M2&from-xhr HTTP/1.1" 200 134537 "https://casaslaguna.cl/nueva/mx/2-inicio" "Mozilla/5.0 (Linux; Android 10; K) AppleWebKit/537.36 (KHTML, like Gecko) Chrome/146.0.0.0 Mobile Safari/537.36"
186.189.95.192 - - [22/Apr/2026:10:45:43 -0400] "GET /nueva/mx/module/ybc_productimagehover/ajax?ids=1,20,21 HTTP/1.1" 200 263 "https://casaslaguna.cl/nueva/mx/2-inicio?q=Categor%C3%ADas-Casas+de+hasta+58+M2" "Mozilla/5.0 (Linux; Android 10; K) AppleWebKit/537.36 (KHTML, like Gecko) Chrome/146.0.0.0 Mobile Safari/537.36"
216.73.217.41 - - [22/Apr/2026:10:45:53 -0400] "GET /www.casaslaguna.cl/?C=N&O=D HTTP/1.1" 200 626 "-" "Mozilla/5.0 AppleWebKit/537.36 (KHTML, like Gecko; compatible; ClaudeBot/1.0; +claudebot@anthropic.com)"
216.73.217.41 - - [22/Apr/2026:10:46:02 -0400] "GET /www.casaslaguna.cl/?C=M&O=A HTTP/1.1" 200 626 "-" "Mozilla/5.0 AppleWebKit/537.36 (KHTML, like Gecko; compatible; ClaudeBot/1.0; +claudebot@anthropic.com)"
186.189.75.234 - - [22/Apr/2026:10:46:30 -0400] "GET /nueva/mx/?fbclid=PAZXh0bgNhZW0CMTEAc3J0YwZhcHBfaWQPNTY3MDY3MzQzMzUyNDI3AAGnLjRLwUuYy6zIzYsyL-WsjGAnG7f6u_6-epQMXTr2mH8Z5cpyiC6GUXiU9k0_aem_jsRwEqeoO5V_8OxJpUmT_g%3Ffbclid%3DPAZXh0bgNhZW0CMTEAc3J0YwZhcHBfaWQPNTY3MDY3MzQzMzUyNDI3AAGnLjRLwUuYy6zIzYsyL-WsjGAnG7f6u_6-epQMXTr2mH8Z5cpyiC6GUXiU9k0_aem_jsRwEqeoO5V_8OxJpUmT_g HTTP/1.1" 200 18764 "https://l.instagram.com/" "Mozilla/5.0 (Linux; Android 14; SM-A536E Build/UP1A.231005.007; wv) AppleWebKit/537.36 (KHTML, like Gecko) Version/4.0 Chrome/147.0.7727.88 Mobile Safari/537.36 Instagram 425.0.0.47.61 Android (34/14; 450dpi; 1080x2400; samsung; SM-A536E; a53x; s5e8825; es_US; 938256838; IABMV/1)"
186.189.75.234 - - [22/Apr/2026:10:46:32 -0400] "GET /nueva/modules/ybc_themeconfig/img/loading.gif HTTP/1.1" 200 7356 "-" "Instagram 425.0.0.47.61 Android (34/14; 450dpi; 1080x2400; samsung; SM-A536E; a53x; s5e8825; es_US; 938256838)"
186.189.75.234 - - [22/Apr/2026:10:46:32 -0400] "GET /nueva/modules/ybc_themeconfig/images/config/paymentlogos1.png HTTP/1.1" 200 22024 "-" "Instagram 425.0.0.47.61 Android (34/14; 450dpi; 1080x2400; samsung; SM-A536E; a53x; s5e8825; es_US; 938256838)"
186.189.75.234 - - [22/Apr/2026:10:46:32 -0400] "GET /nueva/img/logo-1692935605.jpg HTTP/1.1" 200 9709 "-" "Instagram 425.0.0.47.61 Android (34/14; 450dpi; 1080x2400; samsung; SM-A536E; a53x; s5e8825; es_US; 938256838)"
186.189.75.234 - - [22/Apr/2026:10:46:32 -0400] "GET /nueva/33-home_default/hummingbird-printed-t-shirt.jpg HTTP/1.1" 200 13629 "-" "Instagram 425.0.0.47.61 Android (34/14; 450dpi; 1080x2400; samsung; SM-A536E; a53x; s5e8825; es_US; 938256838)"
186.189.75.234 - - [22/Apr/2026:10:46:32 -0400] "GET /nueva/img/cms/ba%C3%B1o.png HTTP/1.1" 200 3427 "-" "Instagram 425.0.0.47.61 Android (34/14; 450dpi; 1080x2400; samsung; SM-A536E; a53x; s5e8825; es_US; 938256838)"
186.189.75.234 - - [22/Apr/2026:10:46:32 -0400] "GET /nueva/43-home_default/hummingbird-printed-t-shirt.jpg HTTP/1.1" 200 13486 "-" "Instagram 425.0.0.47.61 Android (34/14; 450dpi; 1080x2400; samsung; SM-A536E; a53x; s5e8825; es_US; 938256838)"
186.189.75.234 - - [22/Apr/2026:10:46:32 -0400] "GET /nueva/24-home_default/hummingbird-printed-t-shirt.jpg HTTP/1.1" 200 17346 "-" "Instagram 425.0.0.47.61 Android (34/14; 450dpi; 1080x2400; samsung; SM-A536E; a53x; s5e8825; es_US; 938256838)"
186.189.75.234 - - [22/Apr/2026:10:46:32 -0400] "GET /nueva/25-home_default/hummingbird-printed-t-shirt.jpg HTTP/1.1" 200 12139 "-" "Instagram 425.0.0.47.61 Android (34/14; 450dpi; 1080x2400; samsung; SM-A536E; a53x; s5e8825; es_US; 938256838)"
186.189.75.234 - - [22/Apr/2026:10:46:32 -0400] "GET /nueva/42-home_default/hummingbird-printed-t-shirt.jpg HTTP/1.1" 200 17520 "-" "Instagram 425.0.0.47.61 Android (34/14; 450dpi; 1080x2400; samsung; SM-A536E; a53x; s5e8825; es_US; 938256838)"
186.189.75.234 - - [22/Apr/2026:10:46:32 -0400] "GET /nueva/32-home_default/hummingbird-printed-t-shirt.jpg HTTP/1.1" 200 16276 "-" "Instagram 425.0.0.47.61 Android (34/14; 450dpi; 1080x2400; samsung; SM-A536E; a53x; s5e8825; es_US; 938256838)"
186.189.75.234 - - [22/Apr/2026:10:46:32 -0400] "GET /nueva/themes/probusiness/assets/cache/bottom-79769f212.js HTTP/1.1" 200 394373 "https://casaslaguna.cl/nueva/mx/?fbclid=PAZXh0bgNhZW0CMTEAc3J0YwZhcHBfaWQPNTY3MDY3MzQzMzUyNDI3AAGnLjRLwUuYy6zIzYsyL-WsjGAnG7f6u_6-epQMXTr2mH8Z5cpyiC6GUXiU9k0_aem_jsRwEqeoO5V_8OxJpUmT_g%3Ffbclid%3DPAZXh0bgNhZW0CMTEAc3J0YwZhcHBfaWQPNTY3MDY3MzQzMzUyNDI3AAGnLjRLwUuYy6zIzYsyL-WsjGAnG7f6u_6-epQMXTr2mH8Z5cpyiC6GUXiU9k0_aem_jsRwEqeoO5V_8OxJpUmT_g" "Mozilla/5.0 (Linux; Android 14; SM-A536E Build/UP1A.231005.007; wv) AppleWebKit/537.36 (KHTML, like Gecko) Version/4.0 Chrome/147.0.7727.88 Mobile Safari/537.36 Instagram 425.0.0.47.61 Android (34/14; 450dpi; 1080x2400; samsung; SM-A536E; a53x; s5e8825; es_US; 938256838; IABMV/1)"
186.189.75.234 - - [22/Apr/2026:10:46:32 -0400] "GET /nueva/modules/ybc_widget/images/widget/CASA-54-M2-4A.jpg HTTP/1.1" 200 1191727 "https://casaslaguna.cl/nueva/mx/?fbclid=PAZXh0bgNhZW0CMTEAc3J0YwZhcHBfaWQPNTY3MDY3MzQzMzUyNDI3AAGnLjRLwUuYy6zIzYsyL-WsjGAnG7f6u_6-epQMXTr2mH8Z5cpyiC6GUXiU9k0_aem_jsRwEqeoO5V_8OxJpUmT_g%3Ffbclid%3DPAZXh0bgNhZW0CMTEAc3J0YwZhcHBfaWQPNTY3MDY3MzQzMzUyNDI3AAGnLjRLwUuYy6zIzYsyL-WsjGAnG7f6u_6-epQMXTr2mH8Z5cpyiC6GUXiU9k0_aem_jsRwEqeoO5V_8OxJpUmT_g" "Mozilla/5.0 (Linux; Android 14; SM-A536E Build/UP1A.231005.007; wv) AppleWebKit/537.36 (KHTML, like Gecko) Version/4.0 Chrome/147.0.7727.88 Mobile Safari/537.36 Instagram 425.0.0.47.61 Android (34/14; 450dpi; 1080x2400; samsung; SM-A536E; a53x; s5e8825; es_US; 938256838; IABMV/1)"
186.189.75.234 - - [22/Apr/2026:10:46:36 -0400] "GET /nueva/?fbclid=PAZXh0bgNhZW0CMTEAc3J0YwZhcHBfaWQPNTY3MDY3MzQzMzUyNDI3AAGnLjRLwUuYy6zIzYsyL-WsjGAnG7f6u_6-epQMXTr2mH8Z5cpyiC6GUXiU9k0_aem_jsRwEqeoO5V_8OxJpUmT_g?fbclid=PAZXh0bgNhZW0CMTEAc3J0YwZhcHBfaWQPNTY3MDY3MzQzMzUyNDI3AAGnLjRLwUuYy6zIzYsyL-WsjGAnG7f6u_6-epQMXTr2mH8Z5cpyiC6GUXiU9k0_aem_jsRwEqeoO5V_8OxJpUmT_g HTTP/1.1" 302 - "https://l.instagram.com/" "Mozilla/5.0 (Linux; Android 14; SM-A536E Build/UP1A.231005.007; wv) AppleWebKit/537.36 (KHTML, like Gecko) Version/4.0 Chrome/147.0.7727.88 Mobile Safari/537.36 Instagram 425.0.0.47.61 Android (34/14; 450dpi; 1080x2400; samsung; SM-A536E; a53x; s5e8825; es_US; 938256838; IABMV/1)"
186.189.75.234 - - [22/Apr/2026:10:46:36 -0400] "GET /nueva/mx/?fbclid=PAZXh0bgNhZW0CMTEAc3J0YwZhcHBfaWQPNTY3MDY3MzQzMzUyNDI3AAGnLjRLwUuYy6zIzYsyL-WsjGAnG7f6u_6-epQMXTr2mH8Z5cpyiC6GUXiU9k0_aem_jsRwEqeoO5V_8OxJpUmT_g%3Ffbclid%3DPAZXh0bgNhZW0CMTEAc3J0YwZhcHBfaWQPNTY3MDY3MzQzMzUyNDI3AAGnLjRLwUuYy6zIzYsyL-WsjGAnG7f6u_6-epQMXTr2mH8Z5cpyiC6GUXiU9k0_aem_jsRwEqeoO5V_8OxJpUmT_g HTTP/1.1" 200 18764 "https://l.instagram.com/" "Mozilla/5.0 (Linux; Android 14; SM-A536E Build/UP1A.231005.007; wv) AppleWebKit/537.36 (KHTML, like Gecko) Version/4.0 Chrome/147.0.7727.88 Mobile Safari/537.36 Instagram 425.0.0.47.61 Android (34/14; 450dpi; 1080x2400; samsung; SM-A536E; a53x; s5e8825; es_US; 938256838; IABMV/1)"
186.189.75.234 - - [22/Apr/2026:10:46:37 -0400] "GET /nueva/modules/ybc_widget/images/widget/CASA-36-M2-2AGUAS.jpg HTTP/1.1" 206 1 "https://casaslaguna.cl/nueva/mx/?fbclid=PAZXh0bgNhZW0CMTEAc3J0YwZhcHBfaWQPNTY3MDY3MzQzMzUyNDI3AAGnLjRLwUuYy6zIzYsyL-WsjGAnG7f6u_6-epQMXTr2mH8Z5cpyiC6GUXiU9k0_aem_jsRwEqeoO5V_8OxJpUmT_g%3Ffbclid%3DPAZXh0bgNhZW0CMTEAc3J0YwZhcHBfaWQPNTY3MDY3MzQzMzUyNDI3AAGnLjRLwUuYy6zIzYsyL-WsjGAnG7f6u_6-epQMXTr2mH8Z5cpyiC6GUXiU9k0_aem_jsRwEqeoO5V_8OxJpUmT_g" "Mozilla/5.0 (Linux; Android 14; SM-A536E Build/UP1A.231005.007; wv) AppleWebKit/537.36 (KHTML, like Gecko) Version/4.0 Chrome/147.0.7727.88 Mobile Safari/537.36 Instagram 425.0.0.47.61 Android (34/14; 450dpi; 1080x2400; samsung; SM-A536E; a53x; s5e8825; es_US; 938256838; IABMV/1)"
186.189.75.234 - - [22/Apr/2026:10:46:37 -0400] "GET /nueva/modules/ybc_widget/images/widget/CASA-36-M2-2AGUAS.jpg HTTP/1.1" 206 267068 "https://casaslaguna.cl/nueva/mx/?fbclid=PAZXh0bgNhZW0CMTEAc3J0YwZhcHBfaWQPNTY3MDY3MzQzMzUyNDI3AAGnLjRLwUuYy6zIzYsyL-WsjGAnG7f6u_6-epQMXTr2mH8Z5cpyiC6GUXiU9k0_aem_jsRwEqeoO5V_8OxJpUmT_g%3Ffbclid%3DPAZXh0bgNhZW0CMTEAc3J0YwZhcHBfaWQPNTY3MDY3MzQzMzUyNDI3AAGnLjRLwUuYy6zIzYsyL-WsjGAnG7f6u_6-epQMXTr2mH8Z5cpyiC6GUXiU9k0_aem_jsRwEqeoO5V_8OxJpUmT_g" "Mozilla/5.0 (Linux; Android 14; SM-A536E Build/UP1A.231005.007; wv) AppleWebKit/537.36 (KHTML, like Gecko) Version/4.0 Chrome/147.0.7727.88 Mobile Safari/537.36 Instagram 425.0.0.47.61 Android (34/14; 450dpi; 1080x2400; samsung; SM-A536E; a53x; s5e8825; es_US; 938256838; IABMV/1)"
186.189.75.234 - - [22/Apr/2026:10:46:37 -0400] "GET /nueva/modules/ets_multilayerslider/views/img/upload/volante%20casas%20laguna%20aculeo3.png HTTP/1.1" 206 1 "https://casaslaguna.cl/nueva/mx/?fbclid=PAZXh0bgNhZW0CMTEAc3J0YwZhcHBfaWQPNTY3MDY3MzQzMzUyNDI3AAGnLjRLwUuYy6zIzYsyL-WsjGAnG7f6u_6-epQMXTr2mH8Z5cpyiC6GUXiU9k0_aem_jsRwEqeoO5V_8OxJpUmT_g%3Ffbclid%3DPAZXh0bgNhZW0CMTEAc3J0YwZhcHBfaWQPNTY3MDY3MzQzMzUyNDI3AAGnLjRLwUuYy6zIzYsyL-WsjGAnG7f6u_6-epQMXTr2mH8Z5cpyiC6GUXiU9k0_aem_jsRwEqeoO5V_8OxJpUmT_g" "Mozilla/5.0 (Linux; Android 14; SM-A536E Build/UP1A.231005.007; wv) AppleWebKit/537.36 (KHTML, like Gecko) Version/4.0 Chrome/147.0.7727.88 Mobile Safari/537.36 Instagram 425.0.0.47.61 Android (34/14; 450dpi; 1080x2400; samsung; SM-A536E; a53x; s5e8825; es_US; 938256838; IABMV/1)"
186.189.75.234 - - [22/Apr/2026:10:46:37 -0400] "GET /nueva/modules/ets_multilayerslider/views/img/upload/slider_24_03_2026.png HTTP/1.1" 206 1 "https://casaslaguna.cl/nueva/mx/?fbclid=PAZXh0bgNhZW0CMTEAc3J0YwZhcHBfaWQPNTY3MDY3MzQzMzUyNDI3AAGnLjRLwUuYy6zIzYsyL-WsjGAnG7f6u_6-epQMXTr2mH8Z5cpyiC6GUXiU9k0_aem_jsRwEqeoO5V_8OxJpUmT_g%3Ffbclid%3DPAZXh0bgNhZW0CMTEAc3J0YwZhcHBfaWQPNTY3MDY3MzQzMzUyNDI3AAGnLjRLwUuYy6zIzYsyL-WsjGAnG7f6u_6-epQMXTr2mH8Z5cpyiC6GUXiU9k0_aem_jsRwEqeoO5V_8OxJpUmT_g" "Mozilla/5.0 (Linux; Android 14; SM-A536E Build/UP1A.231005.007; wv) AppleWebKit/537.36 (KHTML, like Gecko) Version/4.0 Chrome/147.0.7727.88 Mobile Safari/537.36 Instagram 425.0.0.47.61 Android (34/14; 450dpi; 1080x2400; samsung; SM-A536E; a53x; s5e8825; es_US; 938256838; IABMV/1)"
186.189.75.234 - - [22/Apr/2026:10:46:37 -0400] "GET /nueva/modules/ets_multilayerslider/views/img/upload/volante%20casas%20laguna%20aculeo2.png HTTP/1.1" 206 1 "https://casaslaguna.cl/nueva/mx/?fbclid=PAZXh0bgNhZW0CMTEAc3J0YwZhcHBfaWQPNTY3MDY3MzQzMzUyNDI3AAGnLjRLwUuYy6zIzYsyL-WsjGAnG7f6u_6-epQMXTr2mH8Z5cpyiC6GUXiU9k0_aem_jsRwEqeoO5V_8OxJpUmT_g%3Ffbclid%3DPAZXh0bgNhZW0CMTEAc3J0YwZhcHBfaWQPNTY3MDY3MzQzMzUyNDI3AAGnLjRLwUuYy6zIzYsyL-WsjGAnG7f6u_6-epQMXTr2mH8Z5cpyiC6GUXiU9k0_aem_jsRwEqeoO5V_8OxJpUmT_g" "Mozilla/5.0 (Linux; Android 14; SM-A536E Build/UP1A.231005.007; wv) AppleWebKit/537.36 (KHTML, like Gecko) Version/4.0 Chrome/147.0.7727.88 Mobile Safari/537.36 Instagram 425.0.0.47.61 Android (34/14; 450dpi; 1080x2400; samsung; SM-A536E; a53x; s5e8825; es_US; 938256838; IABMV/1)"
216.73.217.41 - - [22/Apr/2026:10:46:39 -0400] "GET /www.casaslaguna.cl/?C=D&O=A HTTP/1.1" 200 626 "-" "Mozilla/5.0 AppleWebKit/537.36 (KHTML, like Gecko; compatible; ClaudeBot/1.0; +claudebot@anthropic.com)"
186.189.75.234 - - [22/Apr/2026:10:46:39 -0400] "GET /nueva/mx/module/ybc_productimagehover/ajax?ids=20,1,22,23,21 HTTP/1.1" 200 330 "https://casaslaguna.cl/nueva/mx/?fbclid=PAZXh0bgNhZW0CMTEAc3J0YwZhcHBfaWQPNTY3MDY3MzQzMzUyNDI3AAGnLjRLwUuYy6zIzYsyL-WsjGAnG7f6u_6-epQMXTr2mH8Z5cpyiC6GUXiU9k0_aem_jsRwEqeoO5V_8OxJpUmT_g%3Ffbclid%3DPAZXh0bgNhZW0CMTEAc3J0YwZhcHBfaWQPNTY3MDY3MzQzMzUyNDI3AAGnLjRLwUuYy6zIzYsyL-WsjGAnG7f6u_6-epQMXTr2mH8Z5cpyiC6GUXiU9k0_aem_jsRwEqeoO5V_8OxJpUmT_g" "Mozilla/5.0 (Linux; Android 14; SM-A536E Build/UP1A.231005.007; wv) AppleWebKit/537.36 (KHTML, like Gecko) Version/4.0 Chrome/147.0.7727.88 Mobile Safari/537.36 Instagram 425.0.0.47.61 Android (34/14; 450dpi; 1080x2400; samsung; SM-A536E; a53x; s5e8825; es_US; 938256838; IABMV/1)"
186.189.75.234 - - [22/Apr/2026:10:46:39 -0400] "GET /nueva/img/cms/Reels%20redes%20casas%20%20-%20Converted%20with%20FlexClip%20-%20Compressed%20with%20FlexClip.mp4 HTTP/1.1" 206 27450978 "https://casaslaguna.cl/nueva/mx/?fbclid=PAZXh0bgNhZW0CMTEAc3J0YwZhcHBfaWQPNTY3MDY3MzQzMzUyNDI3AAGnLjRLwUuYy6zIzYsyL-WsjGAnG7f6u_6-epQMXTr2mH8Z5cpyiC6GUXiU9k0_aem_jsRwEqeoO5V_8OxJpUmT_g%3Ffbclid%3DPAZXh0bgNhZW0CMTEAc3J0YwZhcHBfaWQPNTY3MDY3MzQzMzUyNDI3AAGnLjRLwUuYy6zIzYsyL-WsjGAnG7f6u_6-epQMXTr2mH8Z5cpyiC6GUXiU9k0_aem_jsRwEqeoO5V_8OxJpUmT_g" "Mozilla/5.0 (Linux; Android 14; SM-A536E Build/UP1A.231005.007; wv) AppleWebKit/537.36 (KHTML, like Gecko) Version/4.0 Chrome/147.0.7727.88 Mobile Safari/537.36 Instagram 425.0.0.47.61 Android (34/14; 450dpi; 1080x2400; samsung; SM-A536E; a53x; s5e8825; es_US; 938256838; IABMV/1)"
186.189.75.234 - - [22/Apr/2026:10:46:38 -0400] "GET /nueva/modules/ets_multilayerslider/views/img/upload/slider_24_03_2026.png HTTP/1.1" 206 1235128 "https://casaslaguna.cl/nueva/mx/?fbclid=PAZXh0bgNhZW0CMTEAc3J0YwZhcHBfaWQPNTY3MDY3MzQzMzUyNDI3AAGnLjRLwUuYy6zIzYsyL-WsjGAnG7f6u_6-epQMXTr2mH8Z5cpyiC6GUXiU9k0_aem_jsRwEqeoO5V_8OxJpUmT_g%3Ffbclid%3DPAZXh0bgNhZW0CMTEAc3J0YwZhcHBfaWQPNTY3MDY3MzQzMzUyNDI3AAGnLjRLwUuYy6zIzYsyL-WsjGAnG7f6u_6-epQMXTr2mH8Z5cpyiC6GUXiU9k0_aem_jsRwEqeoO5V_8OxJpUmT_g" "Mozilla/5.0 (Linux; Android 14; SM-A536E Build/UP1A.231005.007; wv) AppleWebKit/537.36 (KHTML, like Gecko) Version/4.0 Chrome/147.0.7727.88 Mobile Safari/537.36 Instagram 425.0.0.47.61 Android (34/14; 450dpi; 1080x2400; samsung; SM-A536E; a53x; s5e8825; es_US; 938256838; IABMV/1)"
186.189.75.234 - - [22/Apr/2026:10:46:37 -0400] "GET /nueva/modules/ybc_blog_free/views/img/post/thumb/IMG_2329.jpg HTTP/1.1" 200 1781416 "https://casaslaguna.cl/nueva/mx/?fbclid=PAZXh0bgNhZW0CMTEAc3J0YwZhcHBfaWQPNTY3MDY3MzQzMzUyNDI3AAGnLjRLwUuYy6zIzYsyL-WsjGAnG7f6u_6-epQMXTr2mH8Z5cpyiC6GUXiU9k0_aem_jsRwEqeoO5V_8OxJpUmT_g%3Ffbclid%3DPAZXh0bgNhZW0CMTEAc3J0YwZhcHBfaWQPNTY3MDY3MzQzMzUyNDI3AAGnLjRLwUuYy6zIzYsyL-WsjGAnG7f6u_6-epQMXTr2mH8Z5cpyiC6GUXiU9k0_aem_jsRwEqeoO5V_8OxJpUmT_g" "Mozilla/5.0 (Linux; Android 14; SM-A536E Build/UP1A.231005.007; wv) AppleWebKit/537.36 (KHTML, like Gecko) Version/4.0 Chrome/147.0.7727.88 Mobile Safari/537.36 Instagram 425.0.0.47.61 Android (34/14; 450dpi; 1080x2400; samsung; SM-A536E; a53x; s5e8825; es_US; 938256838; IABMV/1)"
186.189.75.234 - - [22/Apr/2026:10:46:37 -0400] "GET /nueva/modules/ybc_blog_free/views/img/post/thumb/IMG_0578.jpeg HTTP/1.1" 200 3403064 "https://casaslaguna.cl/nueva/mx/?fbclid=PAZXh0bgNhZW0CMTEAc3J0YwZhcHBfaWQPNTY3MDY3MzQzMzUyNDI3AAGnLjRLwUuYy6zIzYsyL-WsjGAnG7f6u_6-epQMXTr2mH8Z5cpyiC6GUXiU9k0_aem_jsRwEqeoO5V_8OxJpUmT_g%3Ffbclid%3DPAZXh0bgNhZW0CMTEAc3J0YwZhcHBfaWQPNTY3MDY3MzQzMzUyNDI3AAGnLjRLwUuYy6zIzYsyL-WsjGAnG7f6u_6-epQMXTr2mH8Z5cpyiC6GUXiU9k0_aem_jsRwEqeoO5V_8OxJpUmT_g" "Mozilla/5.0 (Linux; Android 14; SM-A536E Build/UP1A.231005.007; wv) AppleWebKit/537.36 (KHTML, like Gecko) Version/4.0 Chrome/147.0.7727.88 Mobile Safari/537.36 Instagram 425.0.0.47.61 Android (34/14; 450dpi; 1080x2400; samsung; SM-A536E; a53x; s5e8825; es_US; 938256838; IABMV/1)"
186.189.75.234 - - [22/Apr/2026:10:46:40 -0400] "GET /nueva/img/cms/WhatsApp%20Video%202023-09-15%20at%2014-23-30.mp4 HTTP/1.1" 206 4669859 "https://casaslaguna.cl/nueva/mx/?fbclid=PAZXh0bgNhZW0CMTEAc3J0YwZhcHBfaWQPNTY3MDY3MzQzMzUyNDI3AAGnLjRLwUuYy6zIzYsyL-WsjGAnG7f6u_6-epQMXTr2mH8Z5cpyiC6GUXiU9k0_aem_jsRwEqeoO5V_8OxJpUmT_g%3Ffbclid%3DPAZXh0bgNhZW0CMTEAc3J0YwZhcHBfaWQPNTY3MDY3MzQzMzUyNDI3AAGnLjRLwUuYy6zIzYsyL-WsjGAnG7f6u_6-epQMXTr2mH8Z5cpyiC6GUXiU9k0_aem_jsRwEqeoO5V_8OxJpUmT_g" "Mozilla/5.0 (Linux; Android 14; SM-A536E Build/UP1A.231005.007; wv) AppleWebKit/537.36 (KHTML, like Gecko) Version/4.0 Chrome/147.0.7727.88 Mobile Safari/537.36 Instagram 425.0.0.47.61 Android (34/14; 450dpi; 1080x2400; samsung; SM-A536E; a53x; s5e8825; es_US; 938256838; IABMV/1)"
186.189.75.234 - - [22/Apr/2026:10:46:41 -0400] "GET /nueva/img/cms/Reels%20redes%20casas%20%20-%20Converted%20with%20FlexClip%20-%20Compressed%20with%20FlexClip.mp4 HTTP/1.1" 206 56930 "https://casaslaguna.cl/nueva/mx/?fbclid=PAZXh0bgNhZW0CMTEAc3J0YwZhcHBfaWQPNTY3MDY3MzQzMzUyNDI3AAGnLjRLwUuYy6zIzYsyL-WsjGAnG7f6u_6-epQMXTr2mH8Z5cpyiC6GUXiU9k0_aem_jsRwEqeoO5V_8OxJpUmT_g%3Ffbclid%3DPAZXh0bgNhZW0CMTEAc3J0YwZhcHBfaWQPNTY3MDY3MzQzMzUyNDI3AAGnLjRLwUuYy6zIzYsyL-WsjGAnG7f6u_6-epQMXTr2mH8Z5cpyiC6GUXiU9k0_aem_jsRwEqeoO5V_8OxJpUmT_g" "Mozilla/5.0 (Linux; Android 14; SM-A536E Build/UP1A.231005.007; wv) AppleWebKit/537.36 (KHTML, like Gecko) Version/4.0 Chrome/147.0.7727.88 Mobile Safari/537.36 Instagram 425.0.0.47.61 Android (34/14; 450dpi; 1080x2400; samsung; SM-A536E; a53x; s5e8825; es_US; 938256838; IABMV/1)"
186.189.75.234 - - [22/Apr/2026:10:46:37 -0400] "GET /nueva/modules/ets_multilayerslider/views/img/upload/volante%20casas%20laguna%20aculeo3.png HTTP/1.1" 206 4341752 "https://casaslaguna.cl/nueva/mx/?fbclid=PAZXh0bgNhZW0CMTEAc3J0YwZhcHBfaWQPNTY3MDY3MzQzMzUyNDI3AAGnLjRLwUuYy6zIzYsyL-WsjGAnG7f6u_6-epQMXTr2mH8Z5cpyiC6GUXiU9k0_aem_jsRwEqeoO5V_8OxJpUmT_g%3Ffbclid%3DPAZXh0bgNhZW0CMTEAc3J0YwZhcHBfaWQPNTY3MDY3MzQzMzUyNDI3AAGnLjRLwUuYy6zIzYsyL-WsjGAnG7f6u_6-epQMXTr2mH8Z5cpyiC6GUXiU9k0_aem_jsRwEqeoO5V_8OxJpUmT_g" "Mozilla/5.0 (Linux; Android 14; SM-A536E Build/UP1A.231005.007; wv) AppleWebKit/537.36 (KHTML, like Gecko) Version/4.0 Chrome/147.0.7727.88 Mobile Safari/537.36 Instagram 425.0.0.47.61 Android (34/14; 450dpi; 1080x2400; samsung; SM-A536E; a53x; s5e8825; es_US; 938256838; IABMV/1)"
186.189.75.234 - - [22/Apr/2026:10:46:41 -0400] "GET /nueva/mx/casas-de-hasta-58-m2/20-hummingbird-printed-t-shirt.html HTTP/1.1" 200 20902 "https://casaslaguna.cl/nueva/mx/?fbclid=PAZXh0bgNhZW0CMTEAc3J0YwZhcHBfaWQPNTY3MDY3MzQzMzUyNDI3AAGnLjRLwUuYy6zIzYsyL-WsjGAnG7f6u_6-epQMXTr2mH8Z5cpyiC6GUXiU9k0_aem_jsRwEqeoO5V_8OxJpUmT_g%3Ffbclid%3DPAZXh0bgNhZW0CMTEAc3J0YwZhcHBfaWQPNTY3MDY3MzQzMzUyNDI3AAGnLjRLwUuYy6zIzYsyL-WsjGAnG7f6u_6-epQMXTr2mH8Z5cpyiC6GUXiU9k0_aem_jsRwEqeoO5V_8OxJpUmT_g" "Mozilla/5.0 (Linux; Android 14; SM-A536E Build/UP1A.231005.007; wv) AppleWebKit/537.36 (KHTML, like Gecko) Version/4.0 Chrome/147.0.7727.88 Mobile Safari/537.36 Instagram 425.0.0.47.61 Android (34/14; 450dpi; 1080x2400; samsung; SM-A536E; a53x; s5e8825; es_US; 938256838; IABMV/1)"
186.189.75.234 - - [22/Apr/2026:10:46:41 -0400] "GET /nueva/32-large_default/hummingbird-printed-t-shirt.jpg HTTP/1.1" 200 120883 "https://casaslaguna.cl/nueva/mx/casas-de-hasta-58-m2/20-hummingbird-printed-t-shirt.html" "Mozilla/5.0 (Linux; Android 14; SM-A536E Build/UP1A.231005.007; wv) AppleWebKit/537.36 (KHTML, like Gecko) Version/4.0 Chrome/147.0.7727.88 Mobile Safari/537.36 Instagram 425.0.0.47.61 Android (34/14; 450dpi; 1080x2400; samsung; SM-A536E; a53x; s5e8825; es_US; 938256838; IABMV/1)"
186.189.75.234 - - [22/Apr/2026:10:46:41 -0400] "GET /nueva/34-home_default/hummingbird-printed-t-shirt.jpg HTTP/1.1" 200 11626 "https://casaslaguna.cl/nueva/mx/casas-de-hasta-58-m2/20-hummingbird-printed-t-shirt.html" "Mozilla/5.0 (Linux; Android 14; SM-A536E Build/UP1A.231005.007; wv) AppleWebKit/537.36 (KHTML, like Gecko) Version/4.0 Chrome/147.0.7727.88 Mobile Safari/537.36 Instagram 425.0.0.47.61 Android (34/14; 450dpi; 1080x2400; samsung; SM-A536E; a53x; s5e8825; es_US; 938256838; IABMV/1)"
186.189.95.192 - - [22/Apr/2026:10:46:41 -0400] "GET /nueva/mx/2-inicio HTTP/1.1" 200 16538 "https://casaslaguna.cl/nueva/mx/2-inicio" "Mozilla/5.0 (Linux; Android 10; K) AppleWebKit/537.36 (KHTML, like Gecko) Chrome/146.0.0.0 Mobile Safari/537.36"
